47.128.120.192 - - [15/Sep/2025:12:05:12 -0400] "GET /wp-content/uploads/2022/03/FB_IMG_1647115207559-360x200.jpg HTTP/1.1" 206 500 "https://day-new.com/" "Mozilla/5.0 (Linux; Android 5.0) AppleWebKit/537.36 (KHTML, like Gecko) Mobile Safari/537.36 (compatible; Bytespider; spider-feedback@bytedance.com)"
47.128.120.192 - - [15/Sep/2025:12:05:13 -0400] "GET /wp-content/uploads/2022/02/E4o025nX0AEvV8x-360x200.jpg HTTP/1.1" 206 500 "https://day-new.com/" "Mozilla/5.0 (Linux; Android 5.0) AppleWebKit/537.36 (KHTML, like Gecko) Mobile Safari/537.36 (compatible; Bytespider; spider-feedback@bytedance.com)"
47.128.120.192 - - [15/Sep/2025:12:05:13 -0400] "GET /wp-content/uploads/2022/01/4752cfeb4a-360x200.jpg HTTP/1.1" 206 500 "https://day-new.com/" "Mozilla/5.0 (Linux; Android 5.0) AppleWebKit/537.36 (KHTML, like Gecko) Mobile Safari/537.36 (compatible; Bytespider; spider-feedback@bytedance.com)"
47.128.120.192 - - [15/Sep/2025:12:05:13 -0400] "GET /wp-content/uploads/2021/12/%D9%A2%D9%A0%D9%A2%D9%A1%D9%A1%D9%A2%D9%A1%D9%A9_%D9%A2%D9%A3%D9%A4%D9%A7%D9%A2%D9%A4-360x200.jpg HTTP/1.1" 206 500 "https://day-new.com/" "Mozilla/5.0 (Linux; Android 5.0) AppleWebKit/537.36 (KHTML, like Gecko) Mobile Safari/537.36 (compatible; Bytespider; spider-feedback@bytedance.com)"
47.128.120.192 - - [15/Sep/2025:12:05:13 -0400] "GET /wp-content/uploads/2022/03/Aramcoooo-360x200.jpg HTTP/1.1" 206 500 "https://day-new.com/" "Mozilla/5.0 (Linux; Android 5.0) AppleWebKit/537.36 (KHTML, like Gecko) Mobile Safari/537.36 (compatible; Bytespider; spider-feedback@bytedance.com)"
47.128.120.192 - - [15/Sep/2025:12:05:13 -0400] "GET /wp-content/uploads/2021/07/3903A-360x200.jpeg HTTP/1.1" 206 500 "https://day-new.com/" "Mozilla/5.0 (Linux; Android 5.0) AppleWebKit/537.36 (KHTML, like Gecko) Mobile Safari/537.36 (compatible; Bytespider; spider-feedback@bytedance.com)"
47.128.120.192 - - [15/Sep/2025:12:05:13 -0400] "GET /wp-content/uploads/2021/07/arabstoday-%D9%88%D8%B2%D8%A7%D8%B1%D8%A9-%D8%A7%D9%84%D8%AF%D8%A7%D8%AE%D9%84%D9%8A%D8%A9-%D8%A7%D9%84%D9%8A%D9%85%D9%86%D9%8A%D8%A9-360x200.jpg HTTP/1.1" 206 500 "https://day-new.com/" "Mozilla/5.0 (Linux; Android 5.0) AppleWebKit/537.36 (KHTML, like Gecko) Mobile Safari/537.36 (compatible; Bytespider; spider-feedback@bytedance.com)"
47.128.120.192 - - [15/Sep/2025:12:05:13 -0400] "GET /wp-content/uploads/2021/07/%D8%AD%D8%B1%D8%A8-%D9%83%D9%85%D9%8A%D9%86-%D9%84%D9%84%D8%AC%D9%8A%D8%B4-%D8%A7%D9%84%D9%8A%D9%85%D9%86%D9%8A-%D8%A7%D8%B3%D8%AA%D9%87%D8%AF%D9%81-%D9%85%D8%AC%D9%85%D9%88%D8%B9%D8%A9-%D9%85%D9%86-%D8%B9%D9%86%D8%A7%D8%B5%D8%B1-%D9%85%D9%8A%D9%84%D9%8A%D8%B4%D9%8A%D8%A7_%D8%A7%D9%84%D8%AD%D9%88%D8%AB%D9%8A-%D8%BA%D8%B1%D8%A8-%D9%85%D8%A7%D8%B1%D8%A8-1024x576-1-360x200.jpg HTTP/1.1" 206 500 "https://day-new.com/" "Mozilla/5.0 (Linux; Android 5.0) AppleWebKit/537.36 (KHTML, like Gecko) Mobile Safari/537.36 (compatible; Bytespider; spider-feedback@bytedance.com)"
47.128.120.192 - - [15/Sep/2025:12:05:13 -0400] "GET /wp-content/uploads/2022/01/large_19h7eNo3JXxeWqTY-360x200.jpg HTTP/1.1" 206 500 "https://day-new.com/" "Mozilla/5.0 (Linux; Android 5.0) AppleWebKit/537.36 (KHTML, like Gecko) Mobile Safari/537.36 (compatible; Bytespider; spider-feedback@bytedance.com)"
47.128.120.192 - - [15/Sep/2025:12:05:13 -0400] "GET /wp-content/uploads/2021/07/Img_4567883641-360x200.png HTTP/1.1" 206 500 "https://day-new.com/" "Mozilla/5.0 (Linux; Android 5.0) AppleWebKit/537.36 (KHTML, like Gecko) Mobile Safari/537.36 (compatible; Bytespider; spider-feedback@bytedance.com)"
5.175.147.8 - - [15/Sep/2025:12:05:13 -0400] "GET /wp-content/themes/newsplus/assets/img/logo.png HTTP/1.1" 200 43754 "https://day-new.com/?p=1076&fbclid=IwZXh0bgNhZW0CMTEAAR5AlmqT24pn7_HBS1g7tV3rM1CJCJi32EuoXMap9A5A5LsedL4tmgwLSvFXYw_aem_R0PjsQDwB-CwPkxFQT3YEQ" "Mozilla/5.0 (iPhone; CPU iPhone OS 18_5 like Mac OS X) AppleWebKit/605.1.15 (KHTML, like Gecko) Mobile/15E148 [FBAN/FBIOS;FBAV/518.0.0.36.107;FBBV/769778401;FBDV/iPhone15,3;FBMD/iPhone;FBSN/iOS;FBSV/18.5;FBSS/3;FBCR/;FBID/phone;FBLC/en_US;FBOP/80]"
47.128.120.192 - - [15/Sep/2025:12:05:13 -0400] "GET /wp-content/uploads/2021/07/000000000-1-360x200.jpg HTTP/1.1" 206 500 "https://day-new.com/" "Mozilla/5.0 (Linux; Android 5.0) AppleWebKit/537.36 (KHTML, like Gecko) Mobile Safari/537.36 (compatible; Bytespider; spider-feedback@bytedance.com)"
47.128.120.192 - - [15/Sep/2025:12:05:13 -0400] "GET /wp-content/uploads/2021/09/fb_img_1628500355899.webp HTTP/1.1" 206 500 "https://day-new.com/" "Mozilla/5.0 (Linux; Android 5.0) AppleWebKit/537.36 (KHTML, like Gecko) Mobile Safari/537.36 (compatible; Bytespider; spider-feedback@bytedance.com)"
47.128.120.192 - - [15/Sep/2025:12:05:13 -0400] "GET /wp-content/uploads/2022/05/%D9%A2%D9%A0%D9%A2%D9%A2%D9%A0%D9%A4%D9%A2%D9%A4_%D9%A0%D9%A3%D9%A0%D9%A0%D9%A5%D9%A4-360x200.jpg HTTP/1.1" 206 500 "https://day-new.com/" "Mozilla/5.0 (Linux; Android 5.0) AppleWebKit/537.36 (KHTML, like Gecko) Mobile Safari/537.36 (compatible; Bytespider; spider-feedback@bytedance.com)"
47.128.120.192 - - [15/Sep/2025:12:05:13 -0400] "GET /wp-content/uploads/2022/08/%D9%A2%D9%A0%D9%A2%D9%A2%D9%A0%D9%A8%D9%A1%D9%A7_%D9%A1%D9%A0%D9%A2%D9%A4%D9%A0%D9%A0-360x200.jpg HTTP/1.1" 206 500 "https://day-new.com/" "Mozilla/5.0 (Linux; Android 5.0) AppleWebKit/537.36 (KHTML, like Gecko) Mobile Safari/537.36 (compatible; Bytespider; spider-feedback@bytedance.com)"
47.128.120.192 - - [15/Sep/2025:12:05:13 -0400] "GET /wp-content/uploads/2022/06/%D9%A2%D9%A0%D9%A2%D9%A2%D9%A0%D9%A4%D9%A2%D9%A4_%D9%A0%D9%A3%D9%A0%D9%A0%D9%A5%D9%A4-360x200.jpg HTTP/1.1" 206 500 "https://day-new.com/" "Mozilla/5.0 (Linux; Android 5.0) AppleWebKit/537.36 (KHTML, like Gecko) Mobile Safari/537.36 (compatible; Bytespider; spider-feedback@bytedance.com)"
47.128.120.192 - - [15/Sep/2025:12:05:13 -0400] "GET /wp-content/uploads/2021/07/25-07-21-11767624-360x200.jpg HTTP/1.1" 206 500 "https://day-new.com/" "Mozilla/5.0 (Linux; Android 5.0) AppleWebKit/537.36 (KHTML, like Gecko) Mobile Safari/537.36 (compatible; Bytespider; spider-feedback@bytedance.com)"
47.128.120.192 - - [15/Sep/2025:12:05:13 -0400] "GET /wp-content/uploads/2021/07/2019_4_29_16_1_57_955.jpg HTTP/1.1" 206 500 "https://day-new.com/" "Mozilla/5.0 (Linux; Android 5.0) AppleWebKit/537.36 (KHTML, like Gecko) Mobile Safari/537.36 (compatible; Bytespider; spider-feedback@bytedance.com)"
5.175.147.8 - - [15/Sep/2025:12:05:13 -0400] "GET /wp-content/uploads/2023/09/8TYPHUBvPvnYqdPLGzkoERChUow-360x200.webp HTTP/1.1" 200 7398 "https://day-new.com/?p=1076&fbclid=IwZXh0bgNhZW0CMTEAAR5AlmqT24pn7_HBS1g7tV3rM1CJCJi32EuoXMap9A5A5LsedL4tmgwLSvFXYw_aem_R0PjsQDwB-CwPkxFQT3YEQ" "Mozilla/5.0 (iPhone; CPU iPhone OS 18_5 like Mac OS X) AppleWebKit/605.1.15 (KHTML, like Gecko) Mobile/15E148 [FBAN/FBIOS;FBAV/518.0.0.36.107;FBBV/769778401;FBDV/iPhone15,3;FBMD/iPhone;FBSN/iOS;FBSV/18.5;FBSS/3;FBCR/;FBID/phone;FBLC/en_US;FBOP/80]"
5.175.147.8 - - [15/Sep/2025:12:05:13 -0400] "GET /wp-content/uploads/2024/07/%D8%A7%D9%86%D8%AA%D8%AF%D8%A7%D8%A8-1-360x200.jpg HTTP/1.1" 200 5698 "https://day-new.com/?p=1076&fbclid=IwZXh0bgNhZW0CMTEAAR5AlmqT24pn7_HBS1g7tV3rM1CJCJi32EuoXMap9A5A5LsedL4tmgwLSvFXYw_aem_R0PjsQDwB-CwPkxFQT3YEQ" "Mozilla/5.0 (iPhone; CPU iPhone OS 18_5 like Mac OS X) AppleWebKit/605.1.15 (KHTML, like Gecko) Mobile/15E148 [FBAN/FBIOS;FBAV/518.0.0.36.107;FBBV/769778401;FBDV/iPhone15,3;FBMD/iPhone;FBSN/iOS;FBSV/18.5;FBSS/3;FBCR/;FBID/phone;FBLC/en_US;FBOP/80]"
47.128.120.192 - - [15/Sep/2025:12:05:13 -0400] "GET /wp-content/uploads/2021/07/5955676-1860787529-%D9%A1-360x200.jpg HTTP/1.1" 206 500 "https://day-new.com/" "Mozilla/5.0 (Linux; Android 5.0) AppleWebKit/537.36 (KHTML, like Gecko) Mobile Safari/537.36 (compatible; Bytespider; spider-feedback@bytedance.com)"
5.175.147.8 - - [15/Sep/2025:12:05:13 -0400] "GET /wp-content/uploads/2024/07/%D9%A2%D9%A0%D9%A2%D9%A4%D9%A0%D9%A7%D9%A0%D9%A5_%D9%A2%D9%A1%D9%A1%D9%A2%D9%A4%D9%A7-360x200.jpg HTTP/1.1" 200 18487 "https://day-new.com/?p=1076&fbclid=IwZXh0bgNhZW0CMTEAAR5AlmqT24pn7_HBS1g7tV3rM1CJCJi32EuoXMap9A5A5LsedL4tmgwLSvFXYw_aem_R0PjsQDwB-CwPkxFQT3YEQ" "Mozilla/5.0 (iPhone; CPU iPhone OS 18_5 like Mac OS X) AppleWebKit/605.1.15 (KHTML, like Gecko) Mobile/15E148 [FBAN/FBIOS;FBAV/518.0.0.36.107;FBBV/769778401;FBDV/iPhone15,3;FBMD/iPhone;FBSN/iOS;FBSV/18.5;FBSS/3;FBCR/;FBID/phone;FBLC/en_US;FBOP/80]"
5.175.147.8 - - [15/Sep/2025:12:05:14 -0400] "GET /wp-content/uploads/2023/11/FB_IMG_1741214396310-360x200.jpg HTTP/1.1" 200 19209 "https://day-new.com/?p=1076&fbclid=IwZXh0bgNhZW0CMTEAAR5AlmqT24pn7_HBS1g7tV3rM1CJCJi32EuoXMap9A5A5LsedL4tmgwLSvFXYw_aem_R0PjsQDwB-CwPkxFQT3YEQ" "Mozilla/5.0 (iPhone; CPU iPhone OS 18_5 like Mac OS X) AppleWebKit/605.1.15 (KHTML, like Gecko) Mobile/15E148 [FBAN/FBIOS;FBAV/518.0.0.36.107;FBBV/769778401;FBDV/iPhone15,3;FBMD/iPhone;FBSN/iOS;FBSV/18.5;FBSS/3;FBCR/;FBID/phone;FBLC/en_US;FBOP/80]"
47.128.120.192 - - [15/Sep/2025:12:05:14 -0400] "GET /wp-content/uploads/2023/06/59474_remastered-360x200.jpg HTTP/1.1" 206 500 "https://day-new.com/" "Mozilla/5.0 (Linux; Android 5.0) AppleWebKit/537.36 (KHTML, like Gecko) Mobile Safari/537.36 (compatible; Bytespider; spider-feedback@bytedance.com)"
47.128.120.192 - - [15/Sep/2025:12:05:14 -0400] "GET /wp-content/uploads/2022/03/618eaa524c59b76c8d5fec21-360x200.jpg HTTP/1.1" 206 500 "https://day-new.com/" "Mozilla/5.0 (Linux; Android 5.0) AppleWebKit/537.36 (KHTML, like Gecko) Mobile Safari/537.36 (compatible; Bytespider; spider-feedback@bytedance.com)"
47.128.120.192 - - [15/Sep/2025:12:05:14 -0400] "GET /wp-content/uploads/2022/07/av2w4613_copy_0-1-360x200.jpg HTTP/1.1" 206 500 "https://day-new.com/" "Mozilla/5.0 (Linux; Android 5.0) AppleWebKit/537.36 (KHTML, like Gecko) Mobile Safari/537.36 (compatible; Bytespider; spider-feedback@bytedance.com)"
47.128.120.192 - - [15/Sep/2025:12:05:14 -0400] "GET /wp-content/uploads/2021/03/2017_10_14_16_7_31_800.jpg HTTP/1.1" 206 500 "https://day-new.com/" "Mozilla/5.0 (Linux; Android 5.0) AppleWebKit/537.36 (KHTML, like Gecko) Mobile Safari/537.36 (compatible; Bytespider; spider-feedback@bytedance.com)"
47.128.120.192 - - [15/Sep/2025:12:05:14 -0400] "GET /wp-content/uploads/2022/05/Screenshot_%D9%A2%D9%A0%D9%A2%D9%A2%D9%A0%D9%A5%D9%A0%D9%A2-%D9%A1%D9%A8%D9%A0%D9%A6%D9%A5%D9%A4_Facebook-360x200.jpg HTTP/1.1" 206 500 "https://day-new.com/" "Mozilla/5.0 (Linux; Android 5.0) AppleWebKit/537.36 (KHTML, like Gecko) Mobile Safari/537.36 (compatible; Bytespider; spider-feedback@bytedance.com)"
47.128.120.192 - - [15/Sep/2025:12:05:14 -0400] "GET /wp-content/uploads/2022/11/IMG-20221126-WA0000-360x200.jpg HTTP/1.1" 206 500 "https://day-new.com/" "Mozilla/5.0 (Linux; Android 5.0) AppleWebKit/537.36 (KHTML, like Gecko) Mobile Safari/537.36 (compatible; Bytespider; spider-feedback@bytedance.com)"
47.128.120.192 - - [15/Sep/2025:12:05:14 -0400] "GET /wp-content/uploads/2021/03/5ee40a0a4236041519339080.jpg HTTP/1.1" 206 500 "https://day-new.com/" "Mozilla/5.0 (Linux; Android 5.0) AppleWebKit/537.36 (KHTML, like Gecko) Mobile Safari/537.36 (compatible; Bytespider; spider-feedback@bytedance.com)"
5.175.147.8 - - [15/Sep/2025:12:05:14 -0400] "GET /wp-content/uploads/2023/10/FB_IMG_1697056870482-360x200.jpg HTTP/1.1" 200 11022 "https://day-new.com/?p=1076&fbclid=IwZXh0bgNhZW0CMTEAAR5AlmqT24pn7_HBS1g7tV3rM1CJCJi32EuoXMap9A5A5LsedL4tmgwLSvFXYw_aem_R0PjsQDwB-CwPkxFQT3YEQ" "Mozilla/5.0 (iPhone; CPU iPhone OS 18_5 like Mac OS X) AppleWebKit/605.1.15 (KHTML, like Gecko) Mobile/15E148 [FBAN/FBIOS;FBAV/518.0.0.36.107;FBBV/769778401;FBDV/iPhone15,3;FBMD/iPhone;FBSN/iOS;FBSV/18.5;FBSS/3;FBCR/;FBID/phone;FBLC/en_US;FBOP/80]"
5.175.147.8 - - [15/Sep/2025:12:05:14 -0400] "GET /wp-content/uploads/2023/08/maxresdefault-56-27-01-360x200.jpeg HTTP/1.1" 200 19685 "https://day-new.com/?p=1076&fbclid=IwZXh0bgNhZW0CMTEAAR5AlmqT24pn7_HBS1g7tV3rM1CJCJi32EuoXMap9A5A5LsedL4tmgwLSvFXYw_aem_R0PjsQDwB-CwPkxFQT3YEQ" "Mozilla/5.0 (iPhone; CPU iPhone OS 18_5 like Mac OS X) AppleWebKit/605.1.15 (KHTML, like Gecko) Mobile/15E148 [FBAN/FBIOS;FBAV/518.0.0.36.107;FBBV/769778401;FBDV/iPhone15,3;FBMD/iPhone;FBSN/iOS;FBSV/18.5;FBSS/3;FBCR/;FBID/phone;FBLC/en_US;FBOP/80]"
5.175.147.8 - - [15/Sep/2025:12:05:14 -0400] "GET /wp-content/uploads/2023/08/Screenshot_%D9%A2%D9%A0%D9%A2%D9%A3%D9%A0%D9%A8%D9%A0%D9%A5-%D9%A1%D9%A4%D9%A4%D9%A4%D9%A3%D9%A5_Gallery-360x200.jpg HTTP/1.1" 200 14544 "https://day-new.com/?p=1076&fbclid=IwZXh0bgNhZW0CMTEAAR5AlmqT24pn7_HBS1g7tV3rM1CJCJi32EuoXMap9A5A5LsedL4tmgwLSvFXYw_aem_R0PjsQDwB-CwPkxFQT3YEQ" "Mozilla/5.0 (iPhone; CPU iPhone OS 18_5 like Mac OS X) AppleWebKit/605.1.15 (KHTML, like Gecko) Mobile/15E148 [FBAN/FBIOS;FBAV/518.0.0.36.107;FBBV/769778401;FBDV/iPhone15,3;FBMD/iPhone;FBSN/iOS;FBSV/18.5;FBSS/3;FBCR/;FBID/phone;FBLC/en_US;FBOP/80]"
5.175.147.8 - - [15/Sep/2025:12:05:14 -0400] "GET /wp-content/uploads/2023/06/59474_remastered-360x200.jpg HTTP/1.1" 200 14723 "https://day-new.com/?p=1076&fbclid=IwZXh0bgNhZW0CMTEAAR5AlmqT24pn7_HBS1g7tV3rM1CJCJi32EuoXMap9A5A5LsedL4tmgwLSvFXYw_aem_R0PjsQDwB-CwPkxFQT3YEQ" "Mozilla/5.0 (iPhone; CPU iPhone OS 18_5 like Mac OS X) AppleWebKit/605.1.15 (KHTML, like Gecko) Mobile/15E148 [FBAN/FBIOS;FBAV/518.0.0.36.107;FBBV/769778401;FBDV/iPhone15,3;FBMD/iPhone;FBSN/iOS;FBSV/18.5;FBSS/3;FBCR/;FBID/phone;FBLC/en_US;FBOP/80]"
5.175.147.8 - - [15/Sep/2025:12:05:14 -0400] "GET /wp-content/uploads/2023/04/Screenshot_%D9%A2%D9%A0%D9%A2%D9%A3%D9%A0%D9%A4%D9%A2%D9%A9-%D9%A0%D9%A3%D9%A1%D9%A0%D9%A2%D9%A0_Instagram-360x200.jpg HTTP/1.1" 200 10542 "https://day-new.com/?p=1076&fbclid=IwZXh0bgNhZW0CMTEAAR5AlmqT24pn7_HBS1g7tV3rM1CJCJi32EuoXMap9A5A5LsedL4tmgwLSvFXYw_aem_R0PjsQDwB-CwPkxFQT3YEQ" "Mozilla/5.0 (iPhone; CPU iPhone OS 18_5 like Mac OS X) AppleWebKit/605.1.15 (KHTML, like Gecko) Mobile/15E148 [FBAN/FBIOS;FBAV/518.0.0.36.107;FBBV/769778401;FBDV/iPhone15,3;FBMD/iPhone;FBSN/iOS;FBSV/18.5;FBSS/3;FBCR/;FBID/phone;FBLC/en_US;FBOP/80]"
5.175.147.8 - - [15/Sep/2025:12:05:14 -0400] "GET /wp-content/uploads/2023/01/IMG_4808535701-360x200.jpg HTTP/1.1" 200 19888 "https://day-new.com/?p=1076&fbclid=IwZXh0bgNhZW0CMTEAAR5AlmqT24pn7_HBS1g7tV3rM1CJCJi32EuoXMap9A5A5LsedL4tmgwLSvFXYw_aem_R0PjsQDwB-CwPkxFQT3YEQ" "Mozilla/5.0 (iPhone; CPU iPhone OS 18_5 like Mac OS X) AppleWebKit/605.1.15 (KHTML, like Gecko) Mobile/15E148 [FBAN/FBIOS;FBAV/518.0.0.36.107;FBBV/769778401;FBDV/iPhone15,3;FBMD/iPhone;FBSN/iOS;FBSV/18.5;FBSS/3;FBCR/;FBID/phone;FBLC/en_US;FBOP/80]"
47.128.120.192 - - [15/Sep/2025:12:05:14 -0400] "GET /wp-content/uploads/2022/05/07-10-20-104985565-360x200.jpg HTTP/1.1" 206 500 "https://day-new.com/" "Mozilla/5.0 (Linux; Android 5.0) AppleWebKit/537.36 (KHTML, like Gecko) Mobile Safari/537.36 (compatible; Bytespider; spider-feedback@bytedance.com)"
47.128.120.192 - - [15/Sep/2025:12:05:14 -0400] "GET /wp-content/uploads/2023/01/IMG_4808535701-360x200.jpg HTTP/1.1" 206 500 "https://day-new.com/" "Mozilla/5.0 (Linux; Android 5.0) AppleWebKit/537.36 (KHTML, like Gecko) Mobile Safari/537.36 (compatible; Bytespider; spider-feedback@bytedance.com)"
47.128.120.192 - - [15/Sep/2025:12:05:14 -0400] "GET /wp-content/uploads/2021/08/received_522965552343762-360x200.jpeg HTTP/1.1" 206 500 "https://day-new.com/" "Mozilla/5.0 (Linux; Android 5.0) AppleWebKit/537.36 (KHTML, like Gecko) Mobile Safari/537.36 (compatible; Bytespider; spider-feedback@bytedance.com)"
47.128.120.192 - - [15/Sep/2025:12:05:14 -0400] "GET /wp-content/uploads/2021/04/9969222_1615284232.jpg HTTP/1.1" 206 500 "https://day-new.com/" "Mozilla/5.0 (Linux; Android 5.0) AppleWebKit/537.36 (KHTML, like Gecko) Mobile Safari/537.36 (compatible; Bytespider; spider-feedback@bytedance.com)"
47.128.120.192 - - [15/Sep/2025:12:05:14 -0400] "GET /wp-content/uploads/2021/04/1769870_1618308063.jpg HTTP/1.1" 206 500 "https://day-new.com/" "Mozilla/5.0 (Linux; Android 5.0) AppleWebKit/537.36 (KHTML, like Gecko) Mobile Safari/537.36 (compatible; Bytespider; spider-feedback@bytedance.com)"
47.128.120.192 - - [15/Sep/2025:12:05:14 -0400] "GET /wp-content/uploads/2022/01/IMG-20220112-WA0000-360x200.jpg HTTP/1.1" 206 500 "https://day-new.com/" "Mozilla/5.0 (Linux; Android 5.0) AppleWebKit/537.36 (KHTML, like Gecko) Mobile Safari/537.36 (compatible; Bytespider; spider-feedback@bytedance.com)"
47.128.120.192 - - [15/Sep/2025:12:05:14 -0400] "GET /wp-content/uploads/2021/04/2maTZNVCLx0n.jpg HTTP/1.1" 206 500 "https://day-new.com/" "Mozilla/5.0 (Linux; Android 5.0) AppleWebKit/537.36 (KHTML, like Gecko) Mobile Safari/537.36 (compatible; Bytespider; spider-feedback@bytedance.com)"
47.128.120.192 - - [15/Sep/2025:12:05:14 -0400] "GET /wp-content/uploads/2022/03/IMG-20220211-WA0001-360x200.jpg HTTP/1.1" 206 500 "https://day-new.com/" "Mozilla/5.0 (Linux; Android 5.0) AppleWebKit/537.36 (KHTML, like Gecko) Mobile Safari/537.36 (compatible; Bytespider; spider-feedback@bytedance.com)"
91.206.14.75 - - [15/Sep/2025:12:05:53 -0400] "GET /?p=1004 HTTP/1.0" 200 53046 "https://day-new.com/?p=1004" "Mozilla/5.0 (Windows NT 6.3; Win64; x64) AppleWebKit/537.36 (KHTML, like Gecko) Chrome/103.0.5060.53 Safari/537.36"
162.0.235.180 - - [15/Sep/2025:12:05:55 -0400] "POST /wp-cron.php?doing_wp_cron=1757952355.2629070281982421875000 HTTP/1.1" 200 0 "-" "WordPress/6.8.2; https://day-new.com"
91.206.14.75 - - [15/Sep/2025:12:05:54 -0400] "POST /wp-comments-post.php HTTP/1.0" 302 0 "https://day-new.com/?p=1004" "Mozilla/5.0 (Windows NT 6.3; Win64; x64) AppleWebKit/537.36 (KHTML, like Gecko) Chrome/103.0.5060.53 Safari/537.36"
162.0.235.180 - - [15/Sep/2025:12:05:55 -0400] "POST /wp-admin/admin-ajax.php?action=async_litespeed&nonce=b231cf5b7f&litespeed_type=imgoptm HTTP/1.1" 200 21 "-" "WordPress/6.8.2; https://day-new.com"
91.206.14.75 - - [15/Sep/2025:12:05:56 -0400] "GET /?p=1004 HTTP/1.0" 200 59112 "https://day-new.com/?p=1004#comment-14171" "Mozilla/5.0 (Windows NT 6.3; Win64; x64) AppleWebKit/537.36 (KHTML, like Gecko) Chrome/103.0.5060.53 Safari/537.36"
52.167.144.210 - - [15/Sep/2025:12:05:57 -0400] "GET /?s= HTTP/1.1" 200 9327 "-" "Mozilla/5.0 AppleWebKit/537.36 (KHTML, like Gecko; compatible; bingbot/2.0; +http://www.bing.com/bingbot.htm) Chrome/116.0.1938.76 Safari/537.36"
37.237.183.142 - - [15/Sep/2025:12:07:12 -0400] "GET /?p=1076 HTTP/1.1" 200 13352 "http://m.facebook.com/" "Mozilla/5.0 (Linux; Android 11; TECNO LE7 Build/RP1A.200720.011; wv) AppleWebKit/537.36 (KHTML, like Gecko) Version/4.0 Chrome/139.0.7258.158 Mobile Safari/537.36 [FB_IAB/FB4A;FBAV/524.0.0.44.109;]"
37.237.183.142 - - [15/Sep/2025:12:07:12 -0400] "GET /wp-includes/css/dist/block-library/style-rtl.min.css?ver=6.8.2 HTTP/1.1" 200 14312 "https://day-new.com/?p=1076" "Mozilla/5.0 (Linux; Android 11; TECNO LE7 Build/RP1A.200720.011; wv) AppleWebKit/537.36 (KHTML, like Gecko) Version/4.0 Chrome/139.0.7258.158 Mobile Safari/537.36 [FB_IAB/FB4A;FBAV/524.0.0.44.109;]"
37.237.183.142 - - [15/Sep/2025:12:07:12 -0400] "GET /wp-content/plugins/contact-form-7/includes/css/styles.css?ver=5.8 HTTP/1.1" 200 878 "https://day-new.com/?p=1076" "Mozilla/5.0 (Linux; Android 11; TECNO LE7 Build/RP1A.200720.011; wv) AppleWebKit/537.36 (KHTML, like Gecko) Version/4.0 Chrome/139.0.7258.158 Mobile Safari/537.36 [FB_IAB/FB4A;FBAV/524.0.0.44.109;]"
37.237.183.142 - - [15/Sep/2025:12:07:12 -0400] "GET /wp-content/plugins/contact-form-7/includes/css/styles-rtl.css?ver=5.8 HTTP/1.1" 200 152 "https://day-new.com/?p=1076" "Mozilla/5.0 (Linux; Android 11; TECNO LE7 Build/RP1A.200720.011; wv) AppleWebKit/537.36 (KHTML, like Gecko) Version/4.0 Chrome/139.0.7258.158 Mobile Safari/537.36 [FB_IAB/FB4A;FBAV/524.0.0.44.109;]"
37.237.183.142 - - [15/Sep/2025:12:07:12 -0400] "GET /wp-content/themes/newsplus/assets/css/bootstrap.min.css?ver=37.00 HTTP/1.1" 200 17696 "https://day-new.com/?p=1076" "Mozilla/5.0 (Linux; Android 11; TECNO LE7 Build/RP1A.200720.011; wv) AppleWebKit/537.36 (KHTML, like Gecko) Version/4.0 Chrome/139.0.7258.158 Mobile Safari/537.36 [FB_IAB/FB4A;FBAV/524.0.0.44.109;]"
37.237.183.142 - - [15/Sep/2025:12:07:12 -0400] "GET /wp-content/themes/newsplus/assets/fonts/fonts.css?ver=37.00 HTTP/1.1" 200 335 "https://day-new.com/?p=1076" "Mozilla/5.0 (Linux; Android 11; TECNO LE7 Build/RP1A.200720.011; wv) AppleWebKit/537.36 (KHTML, like Gecko) Version/4.0 Chrome/139.0.7258.158 Mobile Safari/537.36 [FB_IAB/FB4A;FBAV/524.0.0.44.109;]"
37.237.183.142 - - [15/Sep/2025:12:07:12 -0400] "GET /wp-content/themes/newsplus/style.css?ver=37.00 HTTP/1.1" 200 7414 "https://day-new.com/?p=1076" "Mozilla/5.0 (Linux; Android 11; TECNO LE7 Build/RP1A.200720.011; wv) AppleWebKit/537.36 (KHTML, like Gecko) Version/4.0 Chrome/139.0.7258.158 Mobile Safari/537.36 [FB_IAB/FB4A;FBAV/524.0.0.44.109;]"
37.237.183.142 - - [15/Sep/2025:12:07:12 -0400] "GET /wp-includes/js/jquery/jquery.min.js?ver=3.7.1 HTTP/1.1" 200 29744 "https://day-new.com/?p=1076" "Mozilla/5.0 (Linux; Android 11; TECNO LE7 Build/RP1A.200720.011; wv) AppleWebKit/537.36 (KHTML, like Gecko) Version/4.0 Chrome/139.0.7258.158 Mobile Safari/537.36 [FB_IAB/FB4A;FBAV/524.0.0.44.109;]"
37.237.183.142 - - [15/Sep/2025:12:07:12 -0400] "GET /wp-includes/js/jquery/jquery-migrate.min.js?ver=3.4.1 HTTP/1.1" 200 4678 "https://day-new.com/?p=1076" "Mozilla/5.0 (Linux; Android 11; TECNO LE7 Build/RP1A.200720.011; wv) AppleWebKit/537.36 (KHTML, like Gecko) Version/4.0 Chrome/139.0.7258.158 Mobile Safari/537.36 [FB_IAB/FB4A;FBAV/524.0.0.44.109;]"
37.237.183.142 - - [15/Sep/2025:12:07:12 -0400] "GET /wp-content/uploads/2023/09/8TYPHUBvPvnYqdPLGzkoERChUow.webp HTTP/1.1" 200 14162 "https://day-new.com/?p=1076" "Mozilla/5.0 (Linux; Android 11; TECNO LE7 Build/RP1A.200720.011; wv) AppleWebKit/537.36 (KHTML, like Gecko) Version/4.0 Chrome/139.0.7258.158 Mobile Safari/537.36 [FB_IAB/FB4A;FBAV/524.0.0.44.109;]"
37.237.183.142 - - [15/Sep/2025:12:07:12 -0400] "GET /wp-content/themes/newsplus/assets/img/logo.png HTTP/1.1" 200 43754 "https://day-new.com/?p=1076" "Mozilla/5.0 (Linux; Android 11; TECNO LE7 Build/RP1A.200720.011; wv) AppleWebKit/537.36 (KHTML, like Gecko) Version/4.0 Chrome/139.0.7258.158 Mobile Safari/537.36 [FB_IAB/FB4A;FBAV/524.0.0.44.109;]"
37.237.183.142 - - [15/Sep/2025:12:07:12 -0400] "GET /wp-content/plugins/contact-form-7/includes/swv/js/index.js?ver=5.8 HTTP/1.1" 200 3061 "https://day-new.com/?p=1076" "Mozilla/5.0 (Linux; Android 11; TECNO LE7 Build/RP1A.200720.011; wv) AppleWebKit/537.36 (KHTML, like Gecko) Version/4.0 Chrome/139.0.7258.158 Mobile Safari/537.36 [FB_IAB/FB4A;FBAV/524.0.0.44.109;]"
37.237.183.142 - - [15/Sep/2025:12:07:13 -0400] "GET /wp-content/plugins/contact-form-7/includes/js/index.js?ver=5.8 HTTP/1.1" 200 3918 "https://day-new.com/?p=1076" "Mozilla/5.0 (Linux; Android 11; TECNO LE7 Build/RP1A.200720.011; wv) AppleWebKit/537.36 (KHTML, like Gecko) Version/4.0 Chrome/139.0.7258.158 Mobile Safari/537.36 [FB_IAB/FB4A;FBAV/524.0.0.44.109;]"
37.237.183.142 - - [15/Sep/2025:12:07:13 -0400] "GET /wp-content/themes/newsplus/assets/js/main.js?ver=37.00 HTTP/1.1" 200 1317 "https://day-new.com/?p=1076" "Mozilla/5.0 (Linux; Android 11; TECNO LE7 Build/RP1A.200720.011; wv) AppleWebKit/537.36 (KHTML, like Gecko) Version/4.0 Chrome/139.0.7258.158 Mobile Safari/537.36 [FB_IAB/FB4A;FBAV/524.0.0.44.109;]"
37.237.183.142 - - [15/Sep/2025:12:07:13 -0400] "GET /wp-includes/js/comment-reply.min.js?ver=6.8.2 HTTP/1.1" 200 1247 "https://day-new.com/?p=1076" "Mozilla/5.0 (Linux; Android 11; TECNO LE7 Build/RP1A.200720.011; wv) AppleWebKit/537.36 (KHTML, like Gecko) Version/4.0 Chrome/139.0.7258.158 Mobile Safari/537.36 [FB_IAB/FB4A;FBAV/524.0.0.44.109;]"
37.237.183.142 - - [15/Sep/2025:12:07:13 -0400] "GET /wp-content/uploads/2023/09/8TYPHUBvPvnYqdPLGzkoERChUow-360x200.webp HTTP/1.1" 200 7398 "https://day-new.com/?p=1076" "Mozilla/5.0 (Linux; Android 11; TECNO LE7 Build/RP1A.200720.011; wv) AppleWebKit/537.36 (KHTML, like Gecko) Version/4.0 Chrome/139.0.7258.158 Mobile Safari/537.36 [FB_IAB/FB4A;FBAV/524.0.0.44.109;]"
37.237.183.142 - - [15/Sep/2025:12:07:14 -0400] "GET /wp-content/uploads/2024/07/%D8%A7%D9%86%D8%AA%D8%AF%D8%A7%D8%A8-1-360x200.jpg HTTP/1.1" 200 5698 "https://day-new.com/?p=1076" "Mozilla/5.0 (Linux; Android 11; TECNO LE7 Build/RP1A.200720.011; wv) AppleWebKit/537.36 (KHTML, like Gecko) Version/4.0 Chrome/139.0.7258.158 Mobile Safari/537.36 [FB_IAB/FB4A;FBAV/524.0.0.44.109;]"
37.237.183.142 - - [15/Sep/2025:12:07:14 -0400] "GET /wp-content/uploads/2023/11/FB_IMG_1741214396310-360x200.jpg HTTP/1.1" 200 19209 "https://day-new.com/?p=1076" "Mozilla/5.0 (Linux; Android 11; TECNO LE7 Build/RP1A.200720.011; wv) AppleWebKit/537.36 (KHTML, like Gecko) Version/4.0 Chrome/139.0.7258.158 Mobile Safari/537.36 [FB_IAB/FB4A;FBAV/524.0.0.44.109;]"
37.237.183.142 - - [15/Sep/2025:12:07:14 -0400] "GET /wp-content/uploads/2023/10/FB_IMG_1697056870482-360x200.jpg HTTP/1.1" 200 11022 "https://day-new.com/?p=1076" "Mozilla/5.0 (Linux; Android 11; TECNO LE7 Build/RP1A.200720.011; wv) AppleWebKit/537.36 (KHTML, like Gecko) Version/4.0 Chrome/139.0.7258.158 Mobile Safari/537.36 [FB_IAB/FB4A;FBAV/524.0.0.44.109;]"
37.237.183.142 - - [15/Sep/2025:12:07:14 -0400] "GET /wp-content/uploads/2024/07/%D9%A2%D9%A0%D9%A2%D9%A4%D9%A0%D9%A7%D9%A0%D9%A5_%D9%A2%D9%A1%D9%A1%D9%A2%D9%A4%D9%A7-360x200.jpg HTTP/1.1" 200 18487 "https://day-new.com/?p=1076" "Mozilla/5.0 (Linux; Android 11; TECNO LE7 Build/RP1A.200720.011; wv) AppleWebKit/537.36 (KHTML, like Gecko) Version/4.0 Chrome/139.0.7258.158 Mobile Safari/537.36 [FB_IAB/FB4A;FBAV/524.0.0.44.109;]"
37.237.183.142 - - [15/Sep/2025:12:07:14 -0400] "GET /wp-content/uploads/2023/08/maxresdefault-56-27-01-360x200.jpeg HTTP/1.1" 200 19685 "https://day-new.com/?p=1076" "Mozilla/5.0 (Linux; Android 11; TECNO LE7 Build/RP1A.200720.011; wv) AppleWebKit/537.36 (KHTML, like Gecko) Version/4.0 Chrome/139.0.7258.158 Mobile Safari/537.36 [FB_IAB/FB4A;FBAV/524.0.0.44.109;]"
37.237.183.142 - - [15/Sep/2025:12:07:14 -0400] "GET /wp-content/uploads/2023/08/Screenshot_%D9%A2%D9%A0%D9%A2%D9%A3%D9%A0%D9%A8%D9%A0%D9%A5-%D9%A1%D9%A4%D9%A4%D9%A4%D9%A3%D9%A5_Gallery-360x200.jpg HTTP/1.1" 200 14544 "https://day-new.com/?p=1076" "Mozilla/5.0 (Linux; Android 11; TECNO LE7 Build/RP1A.200720.011; wv) AppleWebKit/537.36 (KHTML, like Gecko) Version/4.0 Chrome/139.0.7258.158 Mobile Safari/537.36 [FB_IAB/FB4A;FBAV/524.0.0.44.109;]"
37.237.183.142 - - [15/Sep/2025:12:07:14 -0400] "GET /wp-content/uploads/2023/06/59474_remastered-360x200.jpg HTTP/1.1" 200 14723 "https://day-new.com/?p=1076" "Mozilla/5.0 (Linux; Android 11; TECNO LE7 Build/RP1A.200720.011; wv) AppleWebKit/537.36 (KHTML, like Gecko) Version/4.0 Chrome/139.0.7258.158 Mobile Safari/537.36 [FB_IAB/FB4A;FBAV/524.0.0.44.109;]"
37.237.183.142 - - [15/Sep/2025:12:07:14 -0400] "GET /wp-content/uploads/2023/04/Screenshot_%D9%A2%D9%A0%D9%A2%D9%A3%D9%A0%D9%A4%D9%A2%D9%A9-%D9%A0%D9%A3%D9%A1%D9%A0%D9%A2%D9%A0_Instagram-360x200.jpg HTTP/1.1" 200 10542 "https://day-new.com/?p=1076" "Mozilla/5.0 (Linux; Android 11; TECNO LE7 Build/RP1A.200720.011; wv) AppleWebKit/537.36 (KHTML, like Gecko) Version/4.0 Chrome/139.0.7258.158 Mobile Safari/537.36 [FB_IAB/FB4A;FBAV/524.0.0.44.109;]"
37.237.183.142 - - [15/Sep/2025:12:07:14 -0400] "GET /wp-content/uploads/2023/01/IMG_4808535701-360x200.jpg HTTP/1.1" 200 19888 "https://day-new.com/?p=1076" "Mozilla/5.0 (Linux; Android 11; TECNO LE7 Build/RP1A.200720.011; wv) AppleWebKit/537.36 (KHTML, like Gecko) Version/4.0 Chrome/139.0.7258.158 Mobile Safari/537.36 [FB_IAB/FB4A;FBAV/524.0.0.44.109;]"
37.237.183.142 - - [15/Sep/2025:12:07:14 -0400] "GET /wp-includes/js/wp-emoji-release.min.js?ver=6.8.2 HTTP/1.1" 200 4769 "https://day-new.com/?p=1076" "Mozilla/5.0 (Linux; Android 11; TECNO LE7 Build/RP1A.200720.011; wv) AppleWebKit/537.36 (KHTML, like Gecko) Version/4.0 Chrome/139.0.7258.158 Mobile Safari/537.36 [FB_IAB/FB4A;FBAV/524.0.0.44.109;]"
162.0.235.180 - - [15/Sep/2025:12:07:29 -0400] "POST /wp-admin/admin-ajax.php?action=async_litespeed&nonce=b231cf5b7f&litespeed_type=imgoptm HTTP/1.1" 200 21 "-" "WordPress/6.8.2; https://day-new.com"
37.237.183.142 - - [15/Sep/2025:12:07:30 -0400] "GET /favicon.ico HTTP/1.1" 404 1251 "https://day-new.com/?p=1076" "Mozilla/5.0 (Linux; Android 11; TECNO LE7 Build/RP1A.200720.011; wv) AppleWebKit/537.36 (KHTML, like Gecko) Version/4.0 Chrome/139.0.7258.158 Mobile Safari/537.36 [FB_IAB/FB4A;FBAV/524.0.0.44.109;]"
37.237.183.142 - - [15/Sep/2025:12:09:05 -0400] "GET /?p=1076 HTTP/1.1" 304 0 "https://day-new.com/?p=1076" "Mozilla/5.0 (Linux; Android 11; TECNO LE7 Build/RP1A.200720.011; wv) AppleWebKit/537.36 (KHTML, like Gecko) Version/4.0 Chrome/139.0.7258.158 Mobile Safari/537.36 [FB_IAB/FB4A;FBAV/524.0.0.44.109;]"
37.237.183.142 - - [15/Sep/2025:12:09:38 -0400] "GET /wp-content/uploads/2023/09/8TYPHUBvPvnYqdPLGzkoERChUow.webp HTTP/1.1" 200 14162 "fbapp://256002347743983/unknown" "Dalvik/2.1.0 (Linux; U; Android 11; TECNO LE7 Build/RP1A.200720.011) [FBAN/Orca-Android;FBAV/524.0.0.44.109;FBPN/com.facebook.orca;FBLC/ar_EG;FBBV/788948174;FBCR/Zain;FBMF/TECNO MOBILE LIMITED;FBBD/TECNO;FBDV/TECNO LE7;FBSV/11;FBCA/arm64-v8a:null;FBDM/{density=3.0,width=1080,height=2208};FB_FW/1;]"
37.237.183.142 - - [15/Sep/2025:12:09:38 -0400] "GET /wp-content/themes/newsplus/assets/img/logo.png HTTP/1.1" 200 43754 "fbapp://256002347743983/unknown" "Dalvik/2.1.0 (Linux; U; Android 11; TECNO LE7 Build/RP1A.200720.011) [FBAN/Orca-Android;FBAV/524.0.0.44.109;FBPN/com.facebook.orca;FBLC/ar_EG;FBBV/788948174;FBCR/Zain;FBMF/TECNO MOBILE LIMITED;FBBD/TECNO;FBDV/TECNO LE7;FBSV/11;FBCA/arm64-v8a:null;FBDM/{density=3.0,width=1080,height=2208};FB_FW/1;]"
41.254.56.159 - - [15/Sep/2025:12:11:29 -0400] "GET /?p=1120&fbclid=IwY2xjawM1GgBleHRuA2FlbQIxMQABHtR2nmYUIZM1YCrtytk6UQeSh4hPue0mZfQljehkfclcyWxl9AkkeqiHz4Vx_aem_OTxGRv6P2hg2mBzxPf4vyw HTTP/1.1" 200 13273 "https://l.facebook.com/" "Mozilla/5.0 (Linux; Android 15; SM-A165F Build/AP3A.240905.015.A2; wv) AppleWebKit/537.36 (KHTML, like Gecko) Version/4.0 Chrome/140.0.7339.119 Mobile Safari/537.36 [FB_IAB/FB4A;FBAV/530.0.0.48.74;IABMV/1;]"
114.119.130.178 - - [15/Sep/2025:12:11:29 -0400] "GET /wp-content/uploads/2021/09/989093.jpeg HTTP/1.1" 200 52135 "https://day-new.com/?p=537" "Mozilla/5.0 (Linux; Android 7.0;) AppleWebKit/537.36 (KHTML, like Gecko) Mobile Safari/537.36 (compatible; PetalBot;+https://webmaster.petalsearch.com/site/petalbot)"
41.254.56.159 - - [15/Sep/2025:12:11:29 -0400] "GET /wp-includes/css/dist/block-library/style-rtl.min.css?ver=6.8.2 HTTP/1.1" 200 14312 "https://day-new.com/?p=1120&fbclid=IwY2xjawM1GgBleHRuA2FlbQIxMQABHtR2nmYUIZM1YCrtytk6UQeSh4hPue0mZfQljehkfclcyWxl9AkkeqiHz4Vx_aem_OTxGRv6P2hg2mBzxPf4vyw" "Mozilla/5.0 (Linux; Android 15; SM-A165F Build/AP3A.240905.015.A2; wv) AppleWebKit/537.36 (KHTML, like Gecko) Version/4.0 Chrome/140.0.7339.119 Mobile Safari/537.36 [FB_IAB/FB4A;FBAV/530.0.0.48.74;IABMV/1;]"
41.254.56.159 - - [15/Sep/2025:12:11:29 -0400] "GET /wp-content/plugins/contact-form-7/includes/css/styles.css?ver=5.8 HTTP/1.1" 200 878 "https://day-new.com/?p=1120&fbclid=IwY2xjawM1GgBleHRuA2FlbQIxMQABHtR2nmYUIZM1YCrtytk6UQeSh4hPue0mZfQljehkfclcyWxl9AkkeqiHz4Vx_aem_OTxGRv6P2hg2mBzxPf4vyw" "Mozilla/5.0 (Linux; Android 15; SM-A165F Build/AP3A.240905.015.A2; wv) AppleWebKit/537.36 (KHTML, like Gecko) Version/4.0 Chrome/140.0.7339.119 Mobile Safari/537.36 [FB_IAB/FB4A;FBAV/530.0.0.48.74;IABMV/1;]"
41.254.56.159 - - [15/Sep/2025:12:11:29 -0400] "GET /wp-content/plugins/contact-form-7/includes/css/styles-rtl.css?ver=5.8 HTTP/1.1" 200 152 "https://day-new.com/?p=1120&fbclid=IwY2xjawM1GgBleHRuA2FlbQIxMQABHtR2nmYUIZM1YCrtytk6UQeSh4hPue0mZfQljehkfclcyWxl9AkkeqiHz4Vx_aem_OTxGRv6P2hg2mBzxPf4vyw" "Mozilla/5.0 (Linux; Android 15; SM-A165F Build/AP3A.240905.015.A2; wv) AppleWebKit/537.36 (KHTML, like Gecko) Version/4.0 Chrome/140.0.7339.119 Mobile Safari/537.36 [FB_IAB/FB4A;FBAV/530.0.0.48.74;IABMV/1;]"
41.254.56.159 - - [15/Sep/2025:12:11:29 -0400] "GET /wp-content/themes/newsplus/assets/css/bootstrap.min.css?ver=37.00 HTTP/1.1" 200 17696 "https://day-new.com/?p=1120&fbclid=IwY2xjawM1GgBleHRuA2FlbQIxMQABHtR2nmYUIZM1YCrtytk6UQeSh4hPue0mZfQljehkfclcyWxl9AkkeqiHz4Vx_aem_OTxGRv6P2hg2mBzxPf4vyw" "Mozilla/5.0 (Linux; Android 15; SM-A165F Build/AP3A.240905.015.A2; wv) AppleWebKit/537.36 (KHTML, like Gecko) Version/4.0 Chrome/140.0.7339.119 Mobile Safari/537.36 [FB_IAB/FB4A;FBAV/530.0.0.48.74;IABMV/1;]"
41.254.56.159 - - [15/Sep/2025:12:11:29 -0400] "GET /wp-content/themes/newsplus/assets/fonts/fonts.css?ver=37.00 HTTP/1.1" 200 335 "https://day-new.com/?p=1120&fbclid=IwY2xjawM1GgBleHRuA2FlbQIxMQABHtR2nmYUIZM1YCrtytk6UQeSh4hPue0mZfQljehkfclcyWxl9AkkeqiHz4Vx_aem_OTxGRv6P2hg2mBzxPf4vyw" "Mozilla/5.0 (Linux; Android 15; SM-A165F Build/AP3A.240905.015.A2; wv) AppleWebKit/537.36 (KHTML, like Gecko) Version/4.0 Chrome/140.0.7339.119 Mobile Safari/537.36 [FB_IAB/FB4A;FBAV/530.0.0.48.74;IABMV/1;]"
41.254.56.159 - - [15/Sep/2025:12:11:29 -0400] "GET /wp-content/themes/newsplus/style.css?ver=37.00 HTTP/1.1" 200 7414 "https://day-new.com/?p=1120&fbclid=IwY2xjawM1GgBleHRuA2FlbQIxMQABHtR2nmYUIZM1YCrtytk6UQeSh4hPue0mZfQljehkfclcyWxl9AkkeqiHz4Vx_aem_OTxGRv6P2hg2mBzxPf4vyw" "Mozilla/5.0 (Linux; Android 15; SM-A165F Build/AP3A.240905.015.A2; wv) AppleWebKit/537.36 (KHTML, like Gecko) Version/4.0 Chrome/140.0.7339.119 Mobile Safari/537.36 [FB_IAB/FB4A;FBAV/530.0.0.48.74;IABMV/1;]"
41.254.56.159 - - [15/Sep/2025:12:11:29 -0400] "GET /wp-includes/js/jquery/jquery.min.js?ver=3.7.1 HTTP/1.1" 200 29744 "https://day-new.com/?p=1120&fbclid=IwY2xjawM1GgBleHRuA2FlbQIxMQABHtR2nmYUIZM1YCrtytk6UQeSh4hPue0mZfQljehkfclcyWxl9AkkeqiHz4Vx_aem_OTxGRv6P2hg2mBzxPf4vyw" "Mozilla/5.0 (Linux; Android 15; SM-A165F Build/AP3A.240905.015.A2; wv) AppleWebKit/537.36 (KHTML, like Gecko) Version/4.0 Chrome/140.0.7339.119 Mobile Safari/537.36 [FB_IAB/FB4A;FBAV/530.0.0.48.74;IABMV/1;]"
41.254.56.159 - - [15/Sep/2025:12:11:29 -0400] "GET /wp-includes/js/jquery/jquery-migrate.min.js?ver=3.4.1 HTTP/1.1" 200 4678 "https://day-new.com/?p=1120&fbclid=IwY2xjawM1GgBleHRuA2FlbQIxMQABHtR2nmYUIZM1YCrtytk6UQeSh4hPue0mZfQljehkfclcyWxl9AkkeqiHz4Vx_aem_OTxGRv6P2hg2mBzxPf4vyw" "Mozilla/5.0 (Linux; Android 15; SM-A165F Build/AP3A.240905.015.A2; wv) AppleWebKit/537.36 (KHTML, like Gecko) Version/4.0 Chrome/140.0.7339.119 Mobile Safari/537.36 [FB_IAB/FB4A;FBAV/530.0.0.48.74;IABMV/1;]"
41.254.56.159 - - [15/Sep/2025:12:11:29 -0400] "GET /wp-content/uploads/2023/11/FB_IMG_1741214396310.jpg HTTP/1.1" 200 28444 "https://day-new.com/?p=1120&fbclid=IwY2xjawM1GgBleHRuA2FlbQIxMQABHtR2nmYUIZM1YCrtytk6UQeSh4hPue0mZfQljehkfclcyWxl9AkkeqiHz4Vx_aem_OTxGRv6P2hg2mBzxPf4vyw" "Mozilla/5.0 (Linux; Android 15; SM-A165F Build/AP3A.240905.015.A2; wv) AppleWebKit/537.36 (KHTML, like Gecko) Version/4.0 Chrome/140.0.7339.119 Mobile Safari/537.36 [FB_IAB/FB4A;FBAV/530.0.0.48.74;IABMV/1;]"
41.254.56.159 - - [15/Sep/2025:12:11:33 -0400] "GET /wp-content/themes/newsplus/assets/img/logo.png HTTP/1.1" 200 43754 "https://day-new.com/?p=1120&fbclid=IwY2xjawM1GgBleHRuA2FlbQIxMQABHtR2nmYUIZM1YCrtytk6UQeSh4hPue0mZfQljehkfclcyWxl9AkkeqiHz4Vx_aem_OTxGRv6P2hg2mBzxPf4vyw" "Mozilla/5.0 (Linux; Android 15; SM-A165F Build/AP3A.240905.015.A2; wv) AppleWebKit/537.36 (KHTML, like Gecko) Version/4.0 Chrome/140.0.7339.119 Mobile Safari/537.36 [FB_IAB/FB4A;FBAV/530.0.0.48.74;IABMV/1;]"
41.254.56.159 - - [15/Sep/2025:12:11:33 -0400] "GET /wp-content/plugins/contact-form-7/includes/swv/js/index.js?ver=5.8 HTTP/1.1" 200 3061 "https://day-new.com/?p=1120&fbclid=IwY2xjawM1GgBleHRuA2FlbQIxMQABHtR2nmYUIZM1YCrtytk6UQeSh4hPue0mZfQljehkfclcyWxl9AkkeqiHz4Vx_aem_OTxGRv6P2hg2mBzxPf4vyw" "Mozilla/5.0 (Linux; Android 15; SM-A165F Build/AP3A.240905.015.A2; wv) AppleWebKit/537.36 (KHTML, like Gecko) Version/4.0 Chrome/140.0.7339.119 Mobile Safari/537.36 [FB_IAB/FB4A;FBAV/530.0.0.48.74;IABMV/1;]"
41.254.56.159 - - [15/Sep/2025:12:11:34 -0400] "GET /wp-content/plugins/contact-form-7/includes/js/index.js?ver=5.8 HTTP/1.1" 200 3918 "https://day-new.com/?p=1120&fbclid=IwY2xjawM1GgBleHRuA2FlbQIxMQABHtR2nmYUIZM1YCrtytk6UQeSh4hPue0mZfQljehkfclcyWxl9AkkeqiHz4Vx_aem_OTxGRv6P2hg2mBzxPf4vyw" "Mozilla/5.0 (Linux; Android 15; SM-A165F Build/AP3A.240905.015.A2; wv) AppleWebKit/537.36 (KHTML, like Gecko) Version/4.0 Chrome/140.0.7339.119 Mobile Safari/537.36 [FB_IAB/FB4A;FBAV/530.0.0.48.74;IABMV/1;]"
41.254.56.159 - - [15/Sep/2025:12:11:34 -0400] "GET /wp-content/themes/newsplus/assets/js/main.js?ver=37.00 HTTP/1.1" 200 1317 "https://day-new.com/?p=1120&fbclid=IwY2xjawM1GgBleHRuA2FlbQIxMQABHtR2nmYUIZM1YCrtytk6UQeSh4hPue0mZfQljehkfclcyWxl9AkkeqiHz4Vx_aem_OTxGRv6P2hg2mBzxPf4vyw" "Mozilla/5.0 (Linux; Android 15; SM-A165F Build/AP3A.240905.015.A2; wv) AppleWebKit/537.36 (KHTML, like Gecko) Version/4.0 Chrome/140.0.7339.119 Mobile Safari/537.36 [FB_IAB/FB4A;FBAV/530.0.0.48.74;IABMV/1;]"
41.254.56.159 - - [15/Sep/2025:12:11:34 -0400] "GET /wp-includes/js/comment-reply.min.js?ver=6.8.2 HTTP/1.1" 200 1247 "https://day-new.com/?p=1120&fbclid=IwY2xjawM1GgBleHRuA2FlbQIxMQABHtR2nmYUIZM1YCrtytk6UQeSh4hPue0mZfQljehkfclcyWxl9AkkeqiHz4Vx_aem_OTxGRv6P2hg2mBzxPf4vyw" "Mozilla/5.0 (Linux; Android 15; SM-A165F Build/AP3A.240905.015.A2; wv) AppleWebKit/537.36 (KHTML, like Gecko) Version/4.0 Chrome/140.0.7339.119 Mobile Safari/537.36 [FB_IAB/FB4A;FBAV/530.0.0.48.74;IABMV/1;]"
41.254.56.159 - - [15/Sep/2025:12:11:34 -0400] "GET /wp-content/uploads/2023/11/FB_IMG_1741214396310-360x200.jpg HTTP/1.1" 200 19209 "https://day-new.com/?p=1120&fbclid=IwY2xjawM1GgBleHRuA2FlbQIxMQABHtR2nmYUIZM1YCrtytk6UQeSh4hPue0mZfQljehkfclcyWxl9AkkeqiHz4Vx_aem_OTxGRv6P2hg2mBzxPf4vyw" "Mozilla/5.0 (Linux; Android 15; SM-A165F Build/AP3A.240905.015.A2; wv) AppleWebKit/537.36 (KHTML, like Gecko) Version/4.0 Chrome/140.0.7339.119 Mobile Safari/537.36 [FB_IAB/FB4A;FBAV/530.0.0.48.74;IABMV/1;]"
41.254.56.159 - - [15/Sep/2025:12:11:35 -0400] "GET /wp-content/uploads/2024/07/%D8%A7%D9%86%D8%AA%D8%AF%D8%A7%D8%A8-1-360x200.jpg HTTP/1.1" 200 5698 "https://day-new.com/?p=1120&fbclid=IwY2xjawM1GgBleHRuA2FlbQIxMQABHtR2nmYUIZM1YCrtytk6UQeSh4hPue0mZfQljehkfclcyWxl9AkkeqiHz4Vx_aem_OTxGRv6P2hg2mBzxPf4vyw" "Mozilla/5.0 (Linux; Android 15; SM-A165F Build/AP3A.240905.015.A2; wv) AppleWebKit/537.36 (KHTML, like Gecko) Version/4.0 Chrome/140.0.7339.119 Mobile Safari/537.36 [FB_IAB/FB4A;FBAV/530.0.0.48.74;IABMV/1;]"
41.254.56.159 - - [15/Sep/2025:12:11:35 -0400] "GET /wp-content/uploads/2024/07/%D9%A2%D9%A0%D9%A2%D9%A4%D9%A0%D9%A7%D9%A0%D9%A5_%D9%A2%D9%A1%D9%A1%D9%A2%D9%A4%D9%A7-360x200.jpg HTTP/1.1" 200 18487 "https://day-new.com/?p=1120&fbclid=IwY2xjawM1GgBleHRuA2FlbQIxMQABHtR2nmYUIZM1YCrtytk6UQeSh4hPue0mZfQljehkfclcyWxl9AkkeqiHz4Vx_aem_OTxGRv6P2hg2mBzxPf4vyw" "Mozilla/5.0 (Linux; Android 15; SM-A165F Build/AP3A.240905.015.A2; wv) AppleWebKit/537.36 (KHTML, like Gecko) Version/4.0 Chrome/140.0.7339.119 Mobile Safari/537.36 [FB_IAB/FB4A;FBAV/530.0.0.48.74;IABMV/1;]"
41.254.56.159 - - [15/Sep/2025:12:11:35 -0400] "GET /wp-content/uploads/2023/09/8TYPHUBvPvnYqdPLGzkoERChUow-360x200.webp HTTP/1.1" 200 7398 "https://day-new.com/?p=1120&fbclid=IwY2xjawM1GgBleHRuA2FlbQIxMQABHtR2nmYUIZM1YCrtytk6UQeSh4hPue0mZfQljehkfclcyWxl9AkkeqiHz4Vx_aem_OTxGRv6P2hg2mBzxPf4vyw" "Mozilla/5.0 (Linux; Android 15; SM-A165F Build/AP3A.240905.015.A2; wv) AppleWebKit/537.36 (KHTML, like Gecko) Version/4.0 Chrome/140.0.7339.119 Mobile Safari/537.36 [FB_IAB/FB4A;FBAV/530.0.0.48.74;IABMV/1;]"
41.254.56.159 - - [15/Sep/2025:12:11:35 -0400] "GET /wp-content/uploads/2023/10/FB_IMG_1697056870482-360x200.jpg HTTP/1.1" 200 11022 "https://day-new.com/?p=1120&fbclid=IwY2xjawM1GgBleHRuA2FlbQIxMQABHtR2nmYUIZM1YCrtytk6UQeSh4hPue0mZfQljehkfclcyWxl9AkkeqiHz4Vx_aem_OTxGRv6P2hg2mBzxPf4vyw" "Mozilla/5.0 (Linux; Android 15; SM-A165F Build/AP3A.240905.015.A2; wv) AppleWebKit/537.36 (KHTML, like Gecko) Version/4.0 Chrome/140.0.7339.119 Mobile Safari/537.36 [FB_IAB/FB4A;FBAV/530.0.0.48.74;IABMV/1;]"
41.254.56.159 - - [15/Sep/2025:12:11:35 -0400] "GET /wp-content/uploads/2023/08/maxresdefault-56-27-01-360x200.jpeg HTTP/1.1" 200 19685 "https://day-new.com/?p=1120&fbclid=IwY2xjawM1GgBleHRuA2FlbQIxMQABHtR2nmYUIZM1YCrtytk6UQeSh4hPue0mZfQljehkfclcyWxl9AkkeqiHz4Vx_aem_OTxGRv6P2hg2mBzxPf4vyw" "Mozilla/5.0 (Linux; Android 15; SM-A165F Build/AP3A.240905.015.A2; wv) AppleWebKit/537.36 (KHTML, like Gecko) Version/4.0 Chrome/140.0.7339.119 Mobile Safari/537.36 [FB_IAB/FB4A;FBAV/530.0.0.48.74;IABMV/1;]"
41.254.56.159 - - [15/Sep/2025:12:11:36 -0400] "GET /wp-content/uploads/2023/08/Screenshot_%D9%A2%D9%A0%D9%A2%D9%A3%D9%A0%D9%A8%D9%A0%D9%A5-%D9%A1%D9%A4%D9%A4%D9%A4%D9%A3%D9%A5_Gallery-360x200.jpg HTTP/1.1" 200 14544 "https://day-new.com/?p=1120&fbclid=IwY2xjawM1GgBleHRuA2FlbQIxMQABHtR2nmYUIZM1YCrtytk6UQeSh4hPue0mZfQljehkfclcyWxl9AkkeqiHz4Vx_aem_OTxGRv6P2hg2mBzxPf4vyw" "Mozilla/5.0 (Linux; Android 15; SM-A165F Build/AP3A.240905.015.A2; wv) AppleWebKit/537.36 (KHTML, like Gecko) Version/4.0 Chrome/140.0.7339.119 Mobile Safari/537.36 [FB_IAB/FB4A;FBAV/530.0.0.48.74;IABMV/1;]"
41.254.56.159 - - [15/Sep/2025:12:11:36 -0400] "GET /wp-content/uploads/2023/06/59474_remastered-360x200.jpg HTTP/1.1" 200 14723 "https://day-new.com/?p=1120&fbclid=IwY2xjawM1GgBleHRuA2FlbQIxMQABHtR2nmYUIZM1YCrtytk6UQeSh4hPue0mZfQljehkfclcyWxl9AkkeqiHz4Vx_aem_OTxGRv6P2hg2mBzxPf4vyw" "Mozilla/5.0 (Linux; Android 15; SM-A165F Build/AP3A.240905.015.A2; wv) AppleWebKit/537.36 (KHTML, like Gecko) Version/4.0 Chrome/140.0.7339.119 Mobile Safari/537.36 [FB_IAB/FB4A;FBAV/530.0.0.48.74;IABMV/1;]"
41.254.56.159 - - [15/Sep/2025:12:11:36 -0400] "GET /wp-content/uploads/2023/04/Screenshot_%D9%A2%D9%A0%D9%A2%D9%A3%D9%A0%D9%A4%D9%A2%D9%A9-%D9%A0%D9%A3%D9%A1%D9%A0%D9%A2%D9%A0_Instagram-360x200.jpg HTTP/1.1" 200 10542 "https://day-new.com/?p=1120&fbclid=IwY2xjawM1GgBleHRuA2FlbQIxMQABHtR2nmYUIZM1YCrtytk6UQeSh4hPue0mZfQljehkfclcyWxl9AkkeqiHz4Vx_aem_OTxGRv6P2hg2mBzxPf4vyw" "Mozilla/5.0 (Linux; Android 15; SM-A165F Build/AP3A.240905.015.A2; wv) AppleWebKit/537.36 (KHTML, like Gecko) Version/4.0 Chrome/140.0.7339.119 Mobile Safari/537.36 [FB_IAB/FB4A;FBAV/530.0.0.48.74;IABMV/1;]"
41.254.56.159 - - [15/Sep/2025:12:11:38 -0400] "GET /wp-content/uploads/2023/01/IMG_4808535701-360x200.jpg HTTP/1.1" 200 19888 "https://day-new.com/?p=1120&fbclid=IwY2xjawM1GgBleHRuA2FlbQIxMQABHtR2nmYUIZM1YCrtytk6UQeSh4hPue0mZfQljehkfclcyWxl9AkkeqiHz4Vx_aem_OTxGRv6P2hg2mBzxPf4vyw" "Mozilla/5.0 (Linux; Android 15; SM-A165F Build/AP3A.240905.015.A2; wv) AppleWebKit/537.36 (KHTML, like Gecko) Version/4.0 Chrome/140.0.7339.119 Mobile Safari/537.36 [FB_IAB/FB4A;FBAV/530.0.0.48.74;IABMV/1;]"
41.254.56.159 - - [15/Sep/2025:12:11:46 -0400] "GET /?p=1120&fbclid=IwY2xjawM1GgBleHRuA2FlbQIxMQABHtR2nmYUIZM1YCrtytk6UQeSh4hPue0mZfQljehkfclcyWxl9AkkeqiHz4Vx_aem_OTxGRv6P2hg2mBzxPf4vyw HTTP/1.1" 200 13273 "https://l.facebook.com/" "Mozilla/5.0 (Linux; Android 15; SM-A165F Build/AP3A.240905.015.A2; wv) AppleWebKit/537.36 (KHTML, like Gecko) Version/4.0 Chrome/140.0.7339.119 Mobile Safari/537.36 [FB_IAB/FB4A;FBAV/530.0.0.48.74;IABMV/1;] FBNV/500"
41.254.56.159 - - [15/Sep/2025:12:11:46 -0400] "GET /wp-includes/css/dist/block-library/style-rtl.min.css?ver=6.8.2 HTTP/1.1" 200 14312 "https://day-new.com/?p=1120&fbclid=IwY2xjawM1GgBleHRuA2FlbQIxMQABHtR2nmYUIZM1YCrtytk6UQeSh4hPue0mZfQljehkfclcyWxl9AkkeqiHz4Vx_aem_OTxGRv6P2hg2mBzxPf4vyw" "Mozilla/5.0 (Linux; Android 15; SM-A165F Build/AP3A.240905.015.A2; wv) AppleWebKit/537.36 (KHTML, like Gecko) Version/4.0 Chrome/140.0.7339.119 Mobile Safari/537.36 [FB_IAB/FB4A;FBAV/530.0.0.48.74;IABMV/1;] FBNV/500"
41.254.56.159 - - [15/Sep/2025:12:11:46 -0400] "GET /wp-content/plugins/contact-form-7/includes/css/styles.css?ver=5.8 HTTP/1.1" 200 878 "https://day-new.com/?p=1120&fbclid=IwY2xjawM1GgBleHRuA2FlbQIxMQABHtR2nmYUIZM1YCrtytk6UQeSh4hPue0mZfQljehkfclcyWxl9AkkeqiHz4Vx_aem_OTxGRv6P2hg2mBzxPf4vyw" "Mozilla/5.0 (Linux; Android 15; SM-A165F Build/AP3A.240905.015.A2; wv) AppleWebKit/537.36 (KHTML, like Gecko) Version/4.0 Chrome/140.0.7339.119 Mobile Safari/537.36 [FB_IAB/FB4A;FBAV/530.0.0.48.74;IABMV/1;] FBNV/500"
41.254.56.159 - - [15/Sep/2025:12:11:46 -0400] "GET /wp-content/plugins/contact-form-7/includes/css/styles-rtl.css?ver=5.8 HTTP/1.1" 200 152 "https://day-new.com/?p=1120&fbclid=IwY2xjawM1GgBleHRuA2FlbQIxMQABHtR2nmYUIZM1YCrtytk6UQeSh4hPue0mZfQljehkfclcyWxl9AkkeqiHz4Vx_aem_OTxGRv6P2hg2mBzxPf4vyw" "Mozilla/5.0 (Linux; Android 15; SM-A165F Build/AP3A.240905.015.A2; wv) AppleWebKit/537.36 (KHTML, like Gecko) Version/4.0 Chrome/140.0.7339.119 Mobile Safari/537.36 [FB_IAB/FB4A;FBAV/530.0.0.48.74;IABMV/1;] FBNV/500"
41.254.56.159 - - [15/Sep/2025:12:11:47 -0400] "GET /wp-content/themes/newsplus/assets/css/bootstrap.min.css?ver=37.00 HTTP/1.1" 200 17696 "https://day-new.com/?p=1120&fbclid=IwY2xjawM1GgBleHRuA2FlbQIxMQABHtR2nmYUIZM1YCrtytk6UQeSh4hPue0mZfQljehkfclcyWxl9AkkeqiHz4Vx_aem_OTxGRv6P2hg2mBzxPf4vyw" "Mozilla/5.0 (Linux; Android 15; SM-A165F Build/AP3A.240905.015.A2; wv) AppleWebKit/537.36 (KHTML, like Gecko) Version/4.0 Chrome/140.0.7339.119 Mobile Safari/537.36 [FB_IAB/FB4A;FBAV/530.0.0.48.74;IABMV/1;] FBNV/500"
41.254.56.159 - - [15/Sep/2025:12:11:47 -0400] "GET /wp-content/themes/newsplus/assets/fonts/fonts.css?ver=37.00 HTTP/1.1" 200 335 "https://day-new.com/?p=1120&fbclid=IwY2xjawM1GgBleHRuA2FlbQIxMQABHtR2nmYUIZM1YCrtytk6UQeSh4hPue0mZfQljehkfclcyWxl9AkkeqiHz4Vx_aem_OTxGRv6P2hg2mBzxPf4vyw" "Mozilla/5.0 (Linux; Android 15; SM-A165F Build/AP3A.240905.015.A2; wv) AppleWebKit/537.36 (KHTML, like Gecko) Version/4.0 Chrome/140.0.7339.119 Mobile Safari/537.36 [FB_IAB/FB4A;FBAV/530.0.0.48.74;IABMV/1;] FBNV/500"
41.254.56.159 - - [15/Sep/2025:12:11:47 -0400] "GET /wp-content/themes/newsplus/style.css?ver=37.00 HTTP/1.1" 200 7414 "https://day-new.com/?p=1120&fbclid=IwY2xjawM1GgBleHRuA2FlbQIxMQABHtR2nmYUIZM1YCrtytk6UQeSh4hPue0mZfQljehkfclcyWxl9AkkeqiHz4Vx_aem_OTxGRv6P2hg2mBzxPf4vyw" "Mozilla/5.0 (Linux; Android 15; SM-A165F Build/AP3A.240905.015.A2; wv) AppleWebKit/537.36 (KHTML, like Gecko) Version/4.0 Chrome/140.0.7339.119 Mobile Safari/537.36 [FB_IAB/FB4A;FBAV/530.0.0.48.74;IABMV/1;] FBNV/500"
41.254.56.159 - - [15/Sep/2025:12:11:47 -0400] "GET /wp-includes/js/jquery/jquery.min.js?ver=3.7.1 HTTP/1.1" 200 29744 "https://day-new.com/?p=1120&fbclid=IwY2xjawM1GgBleHRuA2FlbQIxMQABHtR2nmYUIZM1YCrtytk6UQeSh4hPue0mZfQljehkfclcyWxl9AkkeqiHz4Vx_aem_OTxGRv6P2hg2mBzxPf4vyw" "Mozilla/5.0 (Linux; Android 15; SM-A165F Build/AP3A.240905.015.A2; wv) AppleWebKit/537.36 (KHTML, like Gecko) Version/4.0 Chrome/140.0.7339.119 Mobile Safari/537.36 [FB_IAB/FB4A;FBAV/530.0.0.48.74;IABMV/1;] FBNV/500"
41.254.56.159 - - [15/Sep/2025:12:11:48 -0400] "GET /wp-includes/js/jquery/jquery-migrate.min.js?ver=3.4.1 HTTP/1.1" 200 4678 "https://day-new.com/?p=1120&fbclid=IwY2xjawM1GgBleHRuA2FlbQIxMQABHtR2nmYUIZM1YCrtytk6UQeSh4hPue0mZfQljehkfclcyWxl9AkkeqiHz4Vx_aem_OTxGRv6P2hg2mBzxPf4vyw" "Mozilla/5.0 (Linux; Android 15; SM-A165F Build/AP3A.240905.015.A2; wv) AppleWebKit/537.36 (KHTML, like Gecko) Version/4.0 Chrome/140.0.7339.119 Mobile Safari/537.36 [FB_IAB/FB4A;FBAV/530.0.0.48.74;IABMV/1;] FBNV/500"
41.254.56.159 - - [15/Sep/2025:12:11:48 -0400] "GET /wp-content/uploads/2023/11/FB_IMG_1741214396310.jpg HTTP/1.1" 200 28444 "https://day-new.com/?p=1120&fbclid=IwY2xjawM1GgBleHRuA2FlbQIxMQABHtR2nmYUIZM1YCrtytk6UQeSh4hPue0mZfQljehkfclcyWxl9AkkeqiHz4Vx_aem_OTxGRv6P2hg2mBzxPf4vyw" "Mozilla/5.0 (Linux; Android 15; SM-A165F Build/AP3A.240905.015.A2; wv) AppleWebKit/537.36 (KHTML, like Gecko) Version/4.0 Chrome/140.0.7339.119 Mobile Safari/537.36 [FB_IAB/FB4A;FBAV/530.0.0.48.74;IABMV/1;] FBNV/500"
41.254.56.159 - - [15/Sep/2025:12:11:48 -0400] "GET /wp-content/themes/newsplus/assets/img/logo.png HTTP/1.1" 200 43754 "https://day-new.com/?p=1120&fbclid=IwY2xjawM1GgBleHRuA2FlbQIxMQABHtR2nmYUIZM1YCrtytk6UQeSh4hPue0mZfQljehkfclcyWxl9AkkeqiHz4Vx_aem_OTxGRv6P2hg2mBzxPf4vyw" "Mozilla/5.0 (Linux; Android 15; SM-A165F Build/AP3A.240905.015.A2; wv) AppleWebKit/537.36 (KHTML, like Gecko) Version/4.0 Chrome/140.0.7339.119 Mobile Safari/537.36 [FB_IAB/FB4A;FBAV/530.0.0.48.74;IABMV/1;] FBNV/500"
41.254.56.159 - - [15/Sep/2025:12:11:48 -0400] "GET /wp-content/plugins/contact-form-7/includes/swv/js/index.js?ver=5.8 HTTP/1.1" 200 3061 "https://day-new.com/?p=1120&fbclid=IwY2xjawM1GgBleHRuA2FlbQIxMQABHtR2nmYUIZM1YCrtytk6UQeSh4hPue0mZfQljehkfclcyWxl9AkkeqiHz4Vx_aem_OTxGRv6P2hg2mBzxPf4vyw" "Mozilla/5.0 (Linux; Android 15; SM-A165F Build/AP3A.240905.015.A2; wv) AppleWebKit/537.36 (KHTML, like Gecko) Version/4.0 Chrome/140.0.7339.119 Mobile Safari/537.36 [FB_IAB/FB4A;FBAV/530.0.0.48.74;IABMV/1;] FBNV/500"
41.254.56.159 - - [15/Sep/2025:12:11:50 -0400] "GET /wp-content/plugins/contact-form-7/includes/js/index.js?ver=5.8 HTTP/1.1" 200 3918 "https://day-new.com/?p=1120&fbclid=IwY2xjawM1GgBleHRuA2FlbQIxMQABHtR2nmYUIZM1YCrtytk6UQeSh4hPue0mZfQljehkfclcyWxl9AkkeqiHz4Vx_aem_OTxGRv6P2hg2mBzxPf4vyw" "Mozilla/5.0 (Linux; Android 15; SM-A165F Build/AP3A.240905.015.A2; wv) AppleWebKit/537.36 (KHTML, like Gecko) Version/4.0 Chrome/140.0.7339.119 Mobile Safari/537.36 [FB_IAB/FB4A;FBAV/530.0.0.48.74;IABMV/1;] FBNV/500"
41.254.56.159 - - [15/Sep/2025:12:11:50 -0400] "GET /wp-content/themes/newsplus/assets/js/main.js?ver=37.00 HTTP/1.1" 200 1317 "https://day-new.com/?p=1120&fbclid=IwY2xjawM1GgBleHRuA2FlbQIxMQABHtR2nmYUIZM1YCrtytk6UQeSh4hPue0mZfQljehkfclcyWxl9AkkeqiHz4Vx_aem_OTxGRv6P2hg2mBzxPf4vyw" "Mozilla/5.0 (Linux; Android 15; SM-A165F Build/AP3A.240905.015.A2; wv) AppleWebKit/537.36 (KHTML, like Gecko) Version/4.0 Chrome/140.0.7339.119 Mobile Safari/537.36 [FB_IAB/FB4A;FBAV/530.0.0.48.74;IABMV/1;] FBNV/500"
114.119.154.207 - - [15/Sep/2025:12:13:01 -0400] "GET /?p=720 HTTP/1.1" 200 14950 "https://day-new.com/?p=720" "Mozilla/5.0 (Linux; Android 7.0;) AppleWebKit/537.36 (KHTML, like Gecko) Mobile Safari/537.36 (compatible; PetalBot;+https://webmaster.petalsearch.com/site/petalbot)"
162.0.235.180 - - [15/Sep/2025:12:14:22 -0400] "POST /wp-cron.php?doing_wp_cron=1757952862.3434920310974121093750 HTTP/1.1" 200 0 "-" "WordPress/6.8.2; https://day-new.com"
