156.38.55.2 - - [15/Sep/2025:11:22:36 -0400] "GET /wp-content/uploads/2024/07/%D9%A2%D9%A0%D9%A2%D9%A4%D9%A0%D9%A7%D9%A0%D9%A5_%D9%A2%D9%A1%D9%A1%D9%A2%D9%A4%D9%A7-360x200.jpg HTTP/1.1" 200 18487 "https://day-new.com/?p=1120" "Mozilla/5.0 (iPhone; CPU iPhone OS 18_0 like Mac OS X) AppleWebKit/605.1.15 (KHTML, like Gecko) Mobile/22A3354 [FBAN/FBIOS;FBAV/493.0.0.55.216;FBBV/672970693;FBDV/iPhone14,2;FBMD/iPhone;FBSN/iOS;FBSV/18.0;FBSS/3;FBID/phone;FBLC/ar_AR;FBOP/5;FBRV/675526923;IABMV/1]"
156.38.55.2 - - [15/Sep/2025:11:22:36 -0400] "GET /wp-content/uploads/2023/10/FB_IMG_1697056870482-360x200.jpg HTTP/1.1" 200 11022 "https://day-new.com/?p=1120" "Mozilla/5.0 (iPhone; CPU iPhone OS 18_0 like Mac OS X) AppleWebKit/605.1.15 (KHTML, like Gecko) Mobile/22A3354 [FBAN/FBIOS;FBAV/493.0.0.55.216;FBBV/672970693;FBDV/iPhone14,2;FBMD/iPhone;FBSN/iOS;FBSV/18.0;FBSS/3;FBID/phone;FBLC/ar_AR;FBOP/5;FBRV/675526923;IABMV/1]"
156.38.55.2 - - [15/Sep/2025:11:22:36 -0400] "GET /wp-content/uploads/2023/09/8TYPHUBvPvnYqdPLGzkoERChUow-360x200.webp HTTP/1.1" 200 7398 "https://day-new.com/?p=1120" "Mozilla/5.0 (iPhone; CPU iPhone OS 18_0 like Mac OS X) AppleWebKit/605.1.15 (KHTML, like Gecko) Mobile/22A3354 [FBAN/FBIOS;FBAV/493.0.0.55.216;FBBV/672970693;FBDV/iPhone14,2;FBMD/iPhone;FBSN/iOS;FBSV/18.0;FBSS/3;FBID/phone;FBLC/ar_AR;FBOP/5;FBRV/675526923;IABMV/1]"
156.38.55.2 - - [15/Sep/2025:11:22:36 -0400] "GET /wp-content/uploads/2023/08/maxresdefault-56-27-01-360x200.jpeg HTTP/1.1" 200 19685 "https://day-new.com/?p=1120" "Mozilla/5.0 (iPhone; CPU iPhone OS 18_0 like Mac OS X) AppleWebKit/605.1.15 (KHTML, like Gecko) Mobile/22A3354 [FBAN/FBIOS;FBAV/493.0.0.55.216;FBBV/672970693;FBDV/iPhone14,2;FBMD/iPhone;FBSN/iOS;FBSV/18.0;FBSS/3;FBID/phone;FBLC/ar_AR;FBOP/5;FBRV/675526923;IABMV/1]"
156.38.55.2 - - [15/Sep/2025:11:22:36 -0400] "GET /wp-content/uploads/2023/08/Screenshot_%D9%A2%D9%A0%D9%A2%D9%A3%D9%A0%D9%A8%D9%A0%D9%A5-%D9%A1%D9%A4%D9%A4%D9%A4%D9%A3%D9%A5_Gallery-360x200.jpg HTTP/1.1" 200 14544 "https://day-new.com/?p=1120" "Mozilla/5.0 (iPhone; CPU iPhone OS 18_0 like Mac OS X) AppleWebKit/605.1.15 (KHTML, like Gecko) Mobile/22A3354 [FBAN/FBIOS;FBAV/493.0.0.55.216;FBBV/672970693;FBDV/iPhone14,2;FBMD/iPhone;FBSN/iOS;FBSV/18.0;FBSS/3;FBID/phone;FBLC/ar_AR;FBOP/5;FBRV/675526923;IABMV/1]"
156.38.55.2 - - [15/Sep/2025:11:22:36 -0400] "GET /wp-content/uploads/2023/06/59474_remastered-360x200.jpg HTTP/1.1" 200 14723 "https://day-new.com/?p=1120" "Mozilla/5.0 (iPhone; CPU iPhone OS 18_0 like Mac OS X) AppleWebKit/605.1.15 (KHTML, like Gecko) Mobile/22A3354 [FBAN/FBIOS;FBAV/493.0.0.55.216;FBBV/672970693;FBDV/iPhone14,2;FBMD/iPhone;FBSN/iOS;FBSV/18.0;FBSS/3;FBID/phone;FBLC/ar_AR;FBOP/5;FBRV/675526923;IABMV/1]"
156.38.55.2 - - [15/Sep/2025:11:22:36 -0400] "GET /wp-content/uploads/2023/04/Screenshot_%D9%A2%D9%A0%D9%A2%D9%A3%D9%A0%D9%A4%D9%A2%D9%A9-%D9%A0%D9%A3%D9%A1%D9%A0%D9%A2%D9%A0_Instagram-360x200.jpg HTTP/1.1" 200 10542 "https://day-new.com/?p=1120" "Mozilla/5.0 (iPhone; CPU iPhone OS 18_0 like Mac OS X) AppleWebKit/605.1.15 (KHTML, like Gecko) Mobile/22A3354 [FBAN/FBIOS;FBAV/493.0.0.55.216;FBBV/672970693;FBDV/iPhone14,2;FBMD/iPhone;FBSN/iOS;FBSV/18.0;FBSS/3;FBID/phone;FBLC/ar_AR;FBOP/5;FBRV/675526923;IABMV/1]"
156.38.55.2 - - [15/Sep/2025:11:22:36 -0400] "GET /wp-content/uploads/2023/01/IMG_4808535701-360x200.jpg HTTP/1.1" 200 19888 "https://day-new.com/?p=1120" "Mozilla/5.0 (iPhone; CPU iPhone OS 18_0 like Mac OS X) AppleWebKit/605.1.15 (KHTML, like Gecko) Mobile/22A3354 [FBAN/FBIOS;FBAV/493.0.0.55.216;FBBV/672970693;FBDV/iPhone14,2;FBMD/iPhone;FBSN/iOS;FBSV/18.0;FBSS/3;FBID/phone;FBLC/ar_AR;FBOP/5;FBRV/675526923;IABMV/1]"
105.235.137.162 - - [15/Sep/2025:11:22:37 -0400] "GET /favicon.ico HTTP/1.1" 404 1251 "https://day-new.com/?p=1076&fbclid=IwY2xjawM1DoJleHRuA2FlbQIxMQABHoCxFGQ3wWcwsjTR-0Th5ZWzhuoSwiZt3MS9ZL1UC46WJd4c78utAQuOudkx_aem_sam2vGg-VqdDjIUE4OIZqw" "Mozilla/5.0 (Linux; Android 11; CPH2269 Build/RP1A.200720.011; wv) AppleWebKit/537.36 (KHTML, like Gecko) Version/4.0 Chrome/139.0.7258.158 Mobile Safari/537.36 [FB_IAB/FB4A;FBAV/529.0.0.44.73;IABMV/1;]"
47.128.45.7 - - [15/Sep/2025:11:22:45 -0400] "GET / HTTP/1.1" 200 11483 "-" "Mozilla/5.0 (Linux; Android 5.0) AppleWebKit/537.36 (KHTML, like Gecko) Mobile Safari/537.36 (compatible; Bytespider; spider-feedback@bytedance.com)"
196.153.40.126 - - [15/Sep/2025:11:22:45 -0400] "GET /wp-content/uploads/2023/09/8TYPHUBvPvnYqdPLGzkoERChUow.webp HTTP/1.1" 200 14162 "fbapp://350685531728/unknown" "[FBAN/FB4A;FBAV/528.0.0.62.74;FBBV/784418772;FBDM/{density=2.75,width=1080,height=2177};FBLC/ar_AR;FBRV/787186678;FBCR/Vodafone;FBMF/Xiaomi;FBBD/Redmi;FBPN/com.facebook.katana;FBDV/M2101K7BG;FBSV/13;FBOP/1;FBCA/arm64-v8a:;]"
196.153.40.126 - - [15/Sep/2025:11:22:45 -0400] "GET /wp-content/themes/newsplus/assets/img/logo.png HTTP/1.1" 200 43754 "fbapp://350685531728/unknown" "[FBAN/FB4A;FBAV/528.0.0.62.74;FBBV/784418772;FBDM/{density=2.75,width=1080,height=2177};FBLC/ar_AR;FBRV/787186678;FBCR/Vodafone;FBMF/Xiaomi;FBBD/Redmi;FBPN/com.facebook.katana;FBDV/M2101K7BG;FBSV/13;FBOP/1;FBCA/arm64-v8a:;]"
47.128.45.7 - - [15/Sep/2025:11:22:45 -0400] "GET /wp-content/plugins/contact-form-7/includes/css/styles-rtl.css?ver=5.8 HTTP/1.1" 200 152 "https://day-new.com/" "Mozilla/5.0 (Linux; Android 5.0) AppleWebKit/537.36 (KHTML, like Gecko) Mobile Safari/537.36 (compatible; Bytespider; spider-feedback@bytedance.com)"
47.128.45.7 - - [15/Sep/2025:11:22:45 -0400] "GET /wp-content/plugins/contact-form-7/includes/css/styles.css?ver=5.8 HTTP/1.1" 200 878 "https://day-new.com/" "Mozilla/5.0 (Linux; Android 5.0) AppleWebKit/537.36 (KHTML, like Gecko) Mobile Safari/537.36 (compatible; Bytespider; spider-feedback@bytedance.com)"
47.128.45.7 - - [15/Sep/2025:11:22:45 -0400] "GET /wp-includes/css/dist/block-library/style-rtl.min.css?ver=6.8.2 HTTP/1.1" 200 14312 "https://day-new.com/" "Mozilla/5.0 (Linux; Android 5.0) AppleWebKit/537.36 (KHTML, like Gecko) Mobile Safari/537.36 (compatible; Bytespider; spider-feedback@bytedance.com)"
47.128.45.7 - - [15/Sep/2025:11:22:45 -0400] "GET /wp-content/themes/newsplus/assets/fonts/fonts.css?ver=37.00 HTTP/1.1" 200 335 "https://day-new.com/" "Mozilla/5.0 (Linux; Android 5.0) AppleWebKit/537.36 (KHTML, like Gecko) Mobile Safari/537.36 (compatible; Bytespider; spider-feedback@bytedance.com)"
47.128.45.7 - - [15/Sep/2025:11:22:45 -0400] "GET /wp-content/themes/newsplus/style.css?ver=37.00 HTTP/1.1" 200 7414 "https://day-new.com/" "Mozilla/5.0 (Linux; Android 5.0) AppleWebKit/537.36 (KHTML, like Gecko) Mobile Safari/537.36 (compatible; Bytespider; spider-feedback@bytedance.com)"
47.128.45.7 - - [15/Sep/2025:11:22:45 -0400] "GET /wp-content/themes/newsplus/assets/css/bootstrap.min.css?ver=37.00 HTTP/1.1" 200 17696 "https://day-new.com/" "Mozilla/5.0 (Linux; Android 5.0) AppleWebKit/537.36 (KHTML, like Gecko) Mobile Safari/537.36 (compatible; Bytespider; spider-feedback@bytedance.com)"
47.128.45.7 - - [15/Sep/2025:11:22:46 -0400] "GET /wp-content/themes/newsplus/assets/img/logo.png HTTP/1.1" 206 500 "https://day-new.com/" "Mozilla/5.0 (Linux; Android 5.0) AppleWebKit/537.36 (KHTML, like Gecko) Mobile Safari/537.36 (compatible; Bytespider; spider-feedback@bytedance.com)"
47.128.45.7 - - [15/Sep/2025:11:22:46 -0400] "GET /wp-content/uploads/2023/04/Screenshot_%D9%A2%D9%A0%D9%A2%D9%A3%D9%A0%D9%A4%D9%A2%D9%A9-%D9%A0%D9%A3%D9%A1%D9%A0%D9%A2%D9%A0_Instagram-360x200.jpg HTTP/1.1" 206 500 "https://day-new.com/" "Mozilla/5.0 (Linux; Android 5.0) AppleWebKit/537.36 (KHTML, like Gecko) Mobile Safari/537.36 (compatible; Bytespider; spider-feedback@bytedance.com)"
47.128.45.7 - - [15/Sep/2025:11:22:46 -0400] "GET /wp-content/uploads/2023/11/FB_IMG_1741214396310-360x200.jpg HTTP/1.1" 206 500 "https://day-new.com/" "Mozilla/5.0 (Linux; Android 5.0) AppleWebKit/537.36 (KHTML, like Gecko) Mobile Safari/537.36 (compatible; Bytespider; spider-feedback@bytedance.com)"
47.128.45.7 - - [15/Sep/2025:11:22:46 -0400] "GET /wp-content/uploads/2022/03/FB_IMG_1647115207559-360x200.jpg HTTP/1.1" 206 500 "https://day-new.com/" "Mozilla/5.0 (Linux; Android 5.0) AppleWebKit/537.36 (KHTML, like Gecko) Mobile Safari/537.36 (compatible; Bytespider; spider-feedback@bytedance.com)"
105.235.137.162 - - [15/Sep/2025:11:22:47 -0400] "GET /?cat=11 HTTP/1.1" 200 9222 "https://day-new.com/?p=1076&fbclid=IwY2xjawM1DoJleHRuA2FlbQIxMQABHoCxFGQ3wWcwsjTR-0Th5ZWzhuoSwiZt3MS9ZL1UC46WJd4c78utAQuOudkx_aem_sam2vGg-VqdDjIUE4OIZqw" "Mozilla/5.0 (Linux; Android 11; CPH2269 Build/RP1A.200720.011; wv) AppleWebKit/537.36 (KHTML, like Gecko) Version/4.0 Chrome/139.0.7258.158 Mobile Safari/537.36 [FB_IAB/FB4A;FBAV/529.0.0.44.73;IABMV/1;]"
47.128.45.7 - - [15/Sep/2025:11:22:47 -0400] "GET /wp-content/uploads/2022/03/express-360x200.png HTTP/1.1" 206 500 "https://day-new.com/" "Mozilla/5.0 (Linux; Android 5.0) AppleWebKit/537.36 (KHTML, like Gecko) Mobile Safari/537.36 (compatible; Bytespider; spider-feedback@bytedance.com)"
47.128.45.7 - - [15/Sep/2025:11:22:47 -0400] "GET /wp-content/uploads/2022/02/E4o025nX0AEvV8x-360x200.jpg HTTP/1.1" 206 500 "https://day-new.com/" "Mozilla/5.0 (Linux; Android 5.0) AppleWebKit/537.36 (KHTML, like Gecko) Mobile Safari/537.36 (compatible; Bytespider; spider-feedback@bytedance.com)"
47.128.45.7 - - [15/Sep/2025:11:22:47 -0400] "GET /wp-content/uploads/2022/01/large_19h7eNo3JXxeWqTY-360x200.jpg HTTP/1.1" 206 500 "https://day-new.com/" "Mozilla/5.0 (Linux; Android 5.0) AppleWebKit/537.36 (KHTML, like Gecko) Mobile Safari/537.36 (compatible; Bytespider; spider-feedback@bytedance.com)"
47.128.45.7 - - [15/Sep/2025:11:22:47 -0400] "GET /wp-content/uploads/2022/01/4752cfeb4a-360x200.jpg HTTP/1.1" 206 500 "https://day-new.com/" "Mozilla/5.0 (Linux; Android 5.0) AppleWebKit/537.36 (KHTML, like Gecko) Mobile Safari/537.36 (compatible; Bytespider; spider-feedback@bytedance.com)"
47.128.45.7 - - [15/Sep/2025:11:22:47 -0400] "GET /wp-content/uploads/2021/07/Img_4567883641-360x200.png HTTP/1.1" 206 500 "https://day-new.com/" "Mozilla/5.0 (Linux; Android 5.0) AppleWebKit/537.36 (KHTML, like Gecko) Mobile Safari/537.36 (compatible; Bytespider; spider-feedback@bytedance.com)"
47.128.45.7 - - [15/Sep/2025:11:22:47 -0400] "GET /wp-content/uploads/2021/07/arabstoday-%D9%88%D8%B2%D8%A7%D8%B1%D8%A9-%D8%A7%D9%84%D8%AF%D8%A7%D8%AE%D9%84%D9%8A%D8%A9-%D8%A7%D9%84%D9%8A%D9%85%D9%86%D9%8A%D8%A9-360x200.jpg HTTP/1.1" 206 500 "https://day-new.com/" "Mozilla/5.0 (Linux; Android 5.0) AppleWebKit/537.36 (KHTML, like Gecko) Mobile Safari/537.36 (compatible; Bytespider; spider-feedback@bytedance.com)"
47.128.45.7 - - [15/Sep/2025:11:22:47 -0400] "GET /wp-content/uploads/2021/12/%D9%A2%D9%A0%D9%A2%D9%A1%D9%A1%D9%A2%D9%A1%D9%A9_%D9%A2%D9%A3%D9%A4%D9%A7%D9%A2%D9%A4-360x200.jpg HTTP/1.1" 206 500 "https://day-new.com/" "Mozilla/5.0 (Linux; Android 5.0) AppleWebKit/537.36 (KHTML, like Gecko) Mobile Safari/537.36 (compatible; Bytespider; spider-feedback@bytedance.com)"
47.128.45.7 - - [15/Sep/2025:11:22:47 -0400] "GET /wp-content/uploads/2021/09/fb_img_1628500355899.webp HTTP/1.1" 206 500 "https://day-new.com/" "Mozilla/5.0 (Linux; Android 5.0) AppleWebKit/537.36 (KHTML, like Gecko) Mobile Safari/537.36 (compatible; Bytespider; spider-feedback@bytedance.com)"
47.128.45.7 - - [15/Sep/2025:11:22:47 -0400] "GET /wp-content/uploads/2021/07/3903A-360x200.jpeg HTTP/1.1" 206 500 "https://day-new.com/" "Mozilla/5.0 (Linux; Android 5.0) AppleWebKit/537.36 (KHTML, like Gecko) Mobile Safari/537.36 (compatible; Bytespider; spider-feedback@bytedance.com)"
47.128.45.7 - - [15/Sep/2025:11:22:47 -0400] "GET /wp-content/uploads/2022/03/Aramcoooo-360x200.jpg HTTP/1.1" 206 500 "https://day-new.com/" "Mozilla/5.0 (Linux; Android 5.0) AppleWebKit/537.36 (KHTML, like Gecko) Mobile Safari/537.36 (compatible; Bytespider; spider-feedback@bytedance.com)"
47.128.45.7 - - [15/Sep/2025:11:22:47 -0400] "GET /wp-content/uploads/2021/07/25-07-21-11767624-360x200.jpg HTTP/1.1" 206 500 "https://day-new.com/" "Mozilla/5.0 (Linux; Android 5.0) AppleWebKit/537.36 (KHTML, like Gecko) Mobile Safari/537.36 (compatible; Bytespider; spider-feedback@bytedance.com)"
47.128.45.7 - - [15/Sep/2025:11:22:47 -0400] "GET /wp-content/uploads/2021/07/000000000-1-360x200.jpg HTTP/1.1" 206 500 "https://day-new.com/" "Mozilla/5.0 (Linux; Android 5.0) AppleWebKit/537.36 (KHTML, like Gecko) Mobile Safari/537.36 (compatible; Bytespider; spider-feedback@bytedance.com)"
47.128.45.7 - - [15/Sep/2025:11:22:47 -0400] "GET /wp-content/uploads/2022/06/%D9%A2%D9%A0%D9%A2%D9%A2%D9%A0%D9%A4%D9%A2%D9%A4_%D9%A0%D9%A3%D9%A0%D9%A0%D9%A5%D9%A4-360x200.jpg HTTP/1.1" 206 500 "https://day-new.com/" "Mozilla/5.0 (Linux; Android 5.0) AppleWebKit/537.36 (KHTML, like Gecko) Mobile Safari/537.36 (compatible; Bytespider; spider-feedback@bytedance.com)"
47.128.45.7 - - [15/Sep/2025:11:22:47 -0400] "GET /wp-content/uploads/2021/07/5955676-1860787529-%D9%A1-360x200.jpg HTTP/1.1" 206 500 "https://day-new.com/" "Mozilla/5.0 (Linux; Android 5.0) AppleWebKit/537.36 (KHTML, like Gecko) Mobile Safari/537.36 (compatible; Bytespider; spider-feedback@bytedance.com)"
47.128.45.7 - - [15/Sep/2025:11:22:47 -0400] "GET /wp-content/uploads/2021/07/%D8%AD%D8%B1%D8%A8-%D9%83%D9%85%D9%8A%D9%86-%D9%84%D9%84%D8%AC%D9%8A%D8%B4-%D8%A7%D9%84%D9%8A%D9%85%D9%86%D9%8A-%D8%A7%D8%B3%D8%AA%D9%87%D8%AF%D9%81-%D9%85%D8%AC%D9%85%D9%88%D8%B9%D8%A9-%D9%85%D9%86-%D8%B9%D9%86%D8%A7%D8%B5%D8%B1-%D9%85%D9%8A%D9%84%D9%8A%D8%B4%D9%8A%D8%A7_%D8%A7%D9%84%D8%AD%D9%88%D8%AB%D9%8A-%D8%BA%D8%B1%D8%A8-%D9%85%D8%A7%D8%B1%D8%A8-1024x576-1-360x200.jpg HTTP/1.1" 206 500 "https://day-new.com/" "Mozilla/5.0 (Linux; Android 5.0) AppleWebKit/537.36 (KHTML, like Gecko) Mobile Safari/537.36 (compatible; Bytespider; spider-feedback@bytedance.com)"
47.128.45.7 - - [15/Sep/2025:11:22:47 -0400] "GET /wp-content/uploads/2022/03/618eaa524c59b76c8d5fec21-360x200.jpg HTTP/1.1" 206 500 "https://day-new.com/" "Mozilla/5.0 (Linux; Android 5.0) AppleWebKit/537.36 (KHTML, like Gecko) Mobile Safari/537.36 (compatible; Bytespider; spider-feedback@bytedance.com)"
105.235.137.162 - - [15/Sep/2025:11:22:48 -0400] "GET /wp-content/uploads/2022/03/FB_IMG_1647115207559-360x200.jpg HTTP/1.1" 200 15680 "https://day-new.com/?cat=11" "Mozilla/5.0 (Linux; Android 11; CPH2269 Build/RP1A.200720.011; wv) AppleWebKit/537.36 (KHTML, like Gecko) Version/4.0 Chrome/139.0.7258.158 Mobile Safari/537.36 [FB_IAB/FB4A;FBAV/529.0.0.44.73;IABMV/1;]"
47.128.45.7 - - [15/Sep/2025:11:22:48 -0400] "GET /wp-content/uploads/2022/05/%D9%A2%D9%A0%D9%A2%D9%A2%D9%A0%D9%A4%D9%A2%D9%A4_%D9%A0%D9%A3%D9%A0%D9%A0%D9%A5%D9%A4-360x200.jpg HTTP/1.1" 206 500 "https://day-new.com/" "Mozilla/5.0 (Linux; Android 5.0) AppleWebKit/537.36 (KHTML, like Gecko) Mobile Safari/537.36 (compatible; Bytespider; spider-feedback@bytedance.com)"
105.235.137.162 - - [15/Sep/2025:11:22:48 -0400] "GET /wp-content/uploads/2023/01/b978a94ed3237670537fd06d6f07bff9-360x200.jpg HTTP/1.1" 200 5274 "https://day-new.com/?cat=11" "Mozilla/5.0 (Linux; Android 11; CPH2269 Build/RP1A.200720.011; wv) AppleWebKit/537.36 (KHTML, like Gecko) Version/4.0 Chrome/139.0.7258.158 Mobile Safari/537.36 [FB_IAB/FB4A;FBAV/529.0.0.44.73;IABMV/1;]"
105.235.137.162 - - [15/Sep/2025:11:22:48 -0400] "GET /wp-content/uploads/2022/03/FB_IMG_1647103623274-360x200.jpg HTTP/1.1" 200 15742 "https://day-new.com/?cat=11" "Mozilla/5.0 (Linux; Android 11; CPH2269 Build/RP1A.200720.011; wv) AppleWebKit/537.36 (KHTML, like Gecko) Version/4.0 Chrome/139.0.7258.158 Mobile Safari/537.36 [FB_IAB/FB4A;FBAV/529.0.0.44.73;IABMV/1;]"
105.235.137.162 - - [15/Sep/2025:11:22:48 -0400] "GET /wp-content/uploads/2022/03/Screenshot_%D9%A2%D9%A0%D9%A2%D9%A2%D9%A0%D9%A3%D9%A0%D9%A8-%D9%A2%D9%A3%D9%A5%D9%A9%D9%A3%D9%A7_Facebook-360x200.jpg HTTP/1.1" 200 16648 "https://day-new.com/?cat=11" "Mozilla/5.0 (Linux; Android 11; CPH2269 Build/RP1A.200720.011; wv) AppleWebKit/537.36 (KHTML, like Gecko) Version/4.0 Chrome/139.0.7258.158 Mobile Safari/537.36 [FB_IAB/FB4A;FBAV/529.0.0.44.73;IABMV/1;]"
105.235.137.162 - - [15/Sep/2025:11:22:48 -0400] "GET /wp-content/uploads/2022/03/DrfGMSZk_400x400-321x200.jpg HTTP/1.1" 200 14453 "https://day-new.com/?cat=11" "Mozilla/5.0 (Linux; Android 11; CPH2269 Build/RP1A.200720.011; wv) AppleWebKit/537.36 (KHTML, like Gecko) Version/4.0 Chrome/139.0.7258.158 Mobile Safari/537.36 [FB_IAB/FB4A;FBAV/529.0.0.44.73;IABMV/1;]"
47.128.45.7 - - [15/Sep/2025:11:22:48 -0400] "GET /wp-content/uploads/2023/06/59474_remastered-360x200.jpg HTTP/1.1" 206 500 "https://day-new.com/" "Mozilla/5.0 (Linux; Android 5.0) AppleWebKit/537.36 (KHTML, like Gecko) Mobile Safari/537.36 (compatible; Bytespider; spider-feedback@bytedance.com)"
47.128.45.7 - - [15/Sep/2025:11:22:48 -0400] "GET /wp-content/uploads/2021/07/2019_4_29_16_1_57_955.jpg HTTP/1.1" 206 500 "https://day-new.com/" "Mozilla/5.0 (Linux; Android 5.0) AppleWebKit/537.36 (KHTML, like Gecko) Mobile Safari/537.36 (compatible; Bytespider; spider-feedback@bytedance.com)"
47.128.45.7 - - [15/Sep/2025:11:22:48 -0400] "GET /wp-content/uploads/2022/08/%D9%A2%D9%A0%D9%A2%D9%A2%D9%A0%D9%A8%D9%A1%D9%A7_%D9%A1%D9%A0%D9%A2%D9%A4%D9%A0%D9%A0-360x200.jpg HTTP/1.1" 206 500 "https://day-new.com/" "Mozilla/5.0 (Linux; Android 5.0) AppleWebKit/537.36 (KHTML, like Gecko) Mobile Safari/537.36 (compatible; Bytespider; spider-feedback@bytedance.com)"
47.128.45.7 - - [15/Sep/2025:11:22:48 -0400] "GET /wp-content/uploads/2021/03/5ee40a0a4236041519339080.jpg HTTP/1.1" 206 500 "https://day-new.com/" "Mozilla/5.0 (Linux; Android 5.0) AppleWebKit/537.36 (KHTML, like Gecko) Mobile Safari/537.36 (compatible; Bytespider; spider-feedback@bytedance.com)"
47.128.45.7 - - [15/Sep/2025:11:22:48 -0400] "GET /wp-content/uploads/2022/01/IMG-20220112-WA0000-360x200.jpg HTTP/1.1" 206 500 "https://day-new.com/" "Mozilla/5.0 (Linux; Android 5.0) AppleWebKit/537.36 (KHTML, like Gecko) Mobile Safari/537.36 (compatible; Bytespider; spider-feedback@bytedance.com)"
47.128.45.7 - - [15/Sep/2025:11:22:48 -0400] "GET /wp-content/uploads/2022/05/07-10-20-104985565-360x200.jpg HTTP/1.1" 206 500 "https://day-new.com/" "Mozilla/5.0 (Linux; Android 5.0) AppleWebKit/537.36 (KHTML, like Gecko) Mobile Safari/537.36 (compatible; Bytespider; spider-feedback@bytedance.com)"
47.128.45.7 - - [15/Sep/2025:11:22:48 -0400] "GET /wp-content/uploads/2021/03/2017_10_14_16_7_31_800.jpg HTTP/1.1" 206 500 "https://day-new.com/" "Mozilla/5.0 (Linux; Android 5.0) AppleWebKit/537.36 (KHTML, like Gecko) Mobile Safari/537.36 (compatible; Bytespider; spider-feedback@bytedance.com)"
47.128.45.7 - - [15/Sep/2025:11:22:48 -0400] "GET /wp-content/uploads/2022/05/Screenshot_%D9%A2%D9%A0%D9%A2%D9%A2%D9%A0%D9%A5%D9%A0%D9%A2-%D9%A1%D9%A8%D9%A0%D9%A6%D9%A5%D9%A4_Facebook-360x200.jpg HTTP/1.1" 206 500 "https://day-new.com/" "Mozilla/5.0 (Linux; Android 5.0) AppleWebKit/537.36 (KHTML, like Gecko) Mobile Safari/537.36 (compatible; Bytespider; spider-feedback@bytedance.com)"
47.128.45.7 - - [15/Sep/2025:11:22:48 -0400] "GET /wp-content/uploads/2023/01/IMG_4808535701-360x200.jpg HTTP/1.1" 206 500 "https://day-new.com/" "Mozilla/5.0 (Linux; Android 5.0) AppleWebKit/537.36 (KHTML, like Gecko) Mobile Safari/537.36 (compatible; Bytespider; spider-feedback@bytedance.com)"
47.128.45.7 - - [15/Sep/2025:11:22:48 -0400] "GET /wp-content/uploads/2022/07/av2w4613_copy_0-1-360x200.jpg HTTP/1.1" 206 500 "https://day-new.com/" "Mozilla/5.0 (Linux; Android 5.0) AppleWebKit/537.36 (KHTML, like Gecko) Mobile Safari/537.36 (compatible; Bytespider; spider-feedback@bytedance.com)"
47.128.45.7 - - [15/Sep/2025:11:22:48 -0400] "GET /wp-content/uploads/2022/03/IMG-20220211-WA0001-360x200.jpg HTTP/1.1" 206 500 "https://day-new.com/" "Mozilla/5.0 (Linux; Android 5.0) AppleWebKit/537.36 (KHTML, like Gecko) Mobile Safari/537.36 (compatible; Bytespider; spider-feedback@bytedance.com)"
47.128.45.7 - - [15/Sep/2025:11:22:48 -0400] "GET /wp-content/uploads/2021/04/2maTZNVCLx0n.jpg HTTP/1.1" 206 500 "https://day-new.com/" "Mozilla/5.0 (Linux; Android 5.0) AppleWebKit/537.36 (KHTML, like Gecko) Mobile Safari/537.36 (compatible; Bytespider; spider-feedback@bytedance.com)"
47.128.45.7 - - [15/Sep/2025:11:22:48 -0400] "GET /wp-content/uploads/2021/04/9969222_1615284232.jpg HTTP/1.1" 206 500 "https://day-new.com/" "Mozilla/5.0 (Linux; Android 5.0) AppleWebKit/537.36 (KHTML, like Gecko) Mobile Safari/537.36 (compatible; Bytespider; spider-feedback@bytedance.com)"
47.128.45.7 - - [15/Sep/2025:11:22:48 -0400] "GET /wp-content/uploads/2021/08/received_522965552343762-360x200.jpeg HTTP/1.1" 206 500 "https://day-new.com/" "Mozilla/5.0 (Linux; Android 5.0) AppleWebKit/537.36 (KHTML, like Gecko) Mobile Safari/537.36 (compatible; Bytespider; spider-feedback@bytedance.com)"
47.128.45.7 - - [15/Sep/2025:11:22:48 -0400] "GET /wp-content/uploads/2022/11/IMG-20221126-WA0000-360x200.jpg HTTP/1.1" 206 500 "https://day-new.com/" "Mozilla/5.0 (Linux; Android 5.0) AppleWebKit/537.36 (KHTML, like Gecko) Mobile Safari/537.36 (compatible; Bytespider; spider-feedback@bytedance.com)"
47.128.45.7 - - [15/Sep/2025:11:22:48 -0400] "GET /wp-content/uploads/2021/04/1769870_1618308063.jpg HTTP/1.1" 206 500 "https://day-new.com/" "Mozilla/5.0 (Linux; Android 5.0) AppleWebKit/537.36 (KHTML, like Gecko) Mobile Safari/537.36 (compatible; Bytespider; spider-feedback@bytedance.com)"
162.0.235.180 - - [15/Sep/2025:11:22:49 -0400] "POST /wp-admin/admin-ajax.php?action=async_litespeed&nonce=b231cf5b7f&litespeed_type=imgoptm HTTP/1.1" 200 21 "-" "WordPress/6.8.2; https://day-new.com"
196.153.40.126 - - [15/Sep/2025:11:22:56 -0400] "GET /?cat=11 HTTP/1.1" 200 9222 "https://day-new.com/?p=1076&fbclid=IwY2xjawM1DoNleHRuA2FlbQIxMQABHj_QYxePDUO_baM3wF0tch8Lgi80RTqVSKrMW2N7bMi7V4vUEKH4cihkIbp__aem_zPMzj0CRy0bfDpgGq5lkfQ" "Mozilla/5.0 (Linux; Android 13; M2101K7BG Build/TP1A.220624.014; wv) AppleWebKit/537.36 (KHTML, like Gecko) Version/4.0 Chrome/139.0.7258.160 Mobile Safari/537.36 [FB_IAB/FB4A;FBAV/528.0.0.62.74;IABMV/1;]"
196.153.40.126 - - [15/Sep/2025:11:22:56 -0400] "GET /?cat=11 HTTP/1.1" 200 9222 "https://day-new.com/?p=1076&fbclid=IwY2xjawM1DoNleHRuA2FlbQIxMQABHj_QYxePDUO_baM3wF0tch8Lgi80RTqVSKrMW2N7bMi7V4vUEKH4cihkIbp__aem_zPMzj0CRy0bfDpgGq5lkfQ" "Mozilla/5.0 (Linux; Android 13; M2101K7BG Build/TP1A.220624.014; wv) AppleWebKit/537.36 (KHTML, like Gecko) Version/4.0 Chrome/139.0.7258.160 Mobile Safari/537.36 [FB_IAB/FB4A;FBAV/528.0.0.62.74;IABMV/1;]"
196.153.40.126 - - [15/Sep/2025:11:22:57 -0400] "GET /wp-content/uploads/2023/01/b978a94ed3237670537fd06d6f07bff9-360x200.jpg HTTP/1.1" 200 5274 "https://day-new.com/?cat=11" "Mozilla/5.0 (Linux; Android 13; M2101K7BG Build/TP1A.220624.014; wv) AppleWebKit/537.36 (KHTML, like Gecko) Version/4.0 Chrome/139.0.7258.160 Mobile Safari/537.36 [FB_IAB/FB4A;FBAV/528.0.0.62.74;IABMV/1;]"
196.153.40.126 - - [15/Sep/2025:11:22:57 -0400] "GET /wp-content/uploads/2022/03/FB_IMG_1647115207559-360x200.jpg HTTP/1.1" 200 15680 "https://day-new.com/?cat=11" "Mozilla/5.0 (Linux; Android 13; M2101K7BG Build/TP1A.220624.014; wv) AppleWebKit/537.36 (KHTML, like Gecko) Version/4.0 Chrome/139.0.7258.160 Mobile Safari/537.36 [FB_IAB/FB4A;FBAV/528.0.0.62.74;IABMV/1;]"
196.153.40.126 - - [15/Sep/2025:11:22:57 -0400] "GET /wp-content/uploads/2022/03/FB_IMG_1647103623274-360x200.jpg HTTP/1.1" 200 15742 "https://day-new.com/?cat=11" "Mozilla/5.0 (Linux; Android 13; M2101K7BG Build/TP1A.220624.014; wv) AppleWebKit/537.36 (KHTML, like Gecko) Version/4.0 Chrome/139.0.7258.160 Mobile Safari/537.36 [FB_IAB/FB4A;FBAV/528.0.0.62.74;IABMV/1;]"
196.153.40.126 - - [15/Sep/2025:11:22:57 -0400] "GET /wp-content/uploads/2022/03/Screenshot_%D9%A2%D9%A0%D9%A2%D9%A2%D9%A0%D9%A3%D9%A0%D9%A8-%D9%A2%D9%A3%D9%A5%D9%A9%D9%A3%D9%A7_Facebook-360x200.jpg HTTP/1.1" 200 16648 "https://day-new.com/?cat=11" "Mozilla/5.0 (Linux; Android 13; M2101K7BG Build/TP1A.220624.014; wv) AppleWebKit/537.36 (KHTML, like Gecko) Version/4.0 Chrome/139.0.7258.160 Mobile Safari/537.36 [FB_IAB/FB4A;FBAV/528.0.0.62.74;IABMV/1;]"
196.153.40.126 - - [15/Sep/2025:11:22:57 -0400] "GET /wp-content/uploads/2022/03/DrfGMSZk_400x400-321x200.jpg HTTP/1.1" 200 14453 "https://day-new.com/?cat=11" "Mozilla/5.0 (Linux; Android 13; M2101K7BG Build/TP1A.220624.014; wv) AppleWebKit/537.36 (KHTML, like Gecko) Version/4.0 Chrome/139.0.7258.160 Mobile Safari/537.36 [FB_IAB/FB4A;FBAV/528.0.0.62.74;IABMV/1;]"
105.235.137.162 - - [15/Sep/2025:11:23:15 -0400] "GET /?p=1076 HTTP/1.1" 200 13352 "https://day-new.com/?cat=11" "Mozilla/5.0 (Linux; Android 11; CPH2269 Build/RP1A.200720.011; wv) AppleWebKit/537.36 (KHTML, like Gecko) Version/4.0 Chrome/139.0.7258.158 Mobile Safari/537.36 [FB_IAB/FB4A;FBAV/529.0.0.44.73;IABMV/1;]"
196.153.40.126 - - [15/Sep/2025:11:23:20 -0400] "GET /?p=1076 HTTP/1.1" 200 13352 "https://day-new.com/?cat=11" "Mozilla/5.0 (Linux; Android 13; M2101K7BG Build/TP1A.220624.014; wv) AppleWebKit/537.36 (KHTML, like Gecko) Version/4.0 Chrome/139.0.7258.160 Mobile Safari/537.36 [FB_IAB/FB4A;FBAV/528.0.0.62.74;IABMV/1;]"
196.153.40.126 - - [15/Sep/2025:11:23:39 -0400] "GET /?p=1130 HTTP/1.1" 200 12952 "https://day-new.com/?p=1076" "Mozilla/5.0 (Linux; Android 13; M2101K7BG Build/TP1A.220624.014; wv) AppleWebKit/537.36 (KHTML, like Gecko) Version/4.0 Chrome/139.0.7258.160 Mobile Safari/537.36 [FB_IAB/FB4A;FBAV/528.0.0.62.74;IABMV/1;]"
196.153.40.126 - - [15/Sep/2025:11:23:40 -0400] "GET /wp-content/uploads/2024/07/%D9%A2%D9%A0%D9%A2%D9%A4%D9%A0%D9%A7%D9%A0%D9%A5_%D9%A2%D9%A1%D9%A1%D9%A2%D9%A4%D9%A7-1536x1536.jpg HTTP/1.1" 200 264274 "https://day-new.com/?p=1130" "Mozilla/5.0 (Linux; Android 13; M2101K7BG Build/TP1A.220624.014; wv) AppleWebKit/537.36 (KHTML, like Gecko) Version/4.0 Chrome/139.0.7258.160 Mobile Safari/537.36 [FB_IAB/FB4A;FBAV/528.0.0.62.74;IABMV/1;]"
57.141.4.30 - - [15/Sep/2025:11:23:41 -0400] "GET / HTTP/1.1" 200 53953 "-" "meta-externalagent/1.1 (+https://developers.facebook.com/docs/sharing/webmasters/crawler)"
196.65.138.80 - - [15/Sep/2025:11:23:48 -0400] "GET /?p=1076&fbclid=IwY2xjawM1DtNleHRuA2FlbQIxMQABHhbALvbwAjgGYVTX_tmgUrvQwfgQ0mlPE8SXv83LDVeHgc13wdWjzAzeErmc_aem_KCTgIQQgi7uXRLQFE-UFdg HTTP/1.1" 200 13476 "https://lm.facebook.com/" "Mozilla/5.0 (Linux; Android 15; V2310 Build/AP3A.240905.015.A2_NONFC; wv) AppleWebKit/537.36 (KHTML, like Gecko) Version/4.0 Chrome/140.0.7339.119 Mobile Safari/537.36 [FB_IAB/FB4A;FBAV/530.0.0.48.74;IABMV/1;]"
196.65.138.80 - - [15/Sep/2025:11:23:49 -0400] "GET /wp-includes/css/dist/block-library/style-rtl.min.css?ver=6.8.2 HTTP/1.1" 200 14312 "https://day-new.com/?p=1076&fbclid=IwY2xjawM1DtNleHRuA2FlbQIxMQABHhbALvbwAjgGYVTX_tmgUrvQwfgQ0mlPE8SXv83LDVeHgc13wdWjzAzeErmc_aem_KCTgIQQgi7uXRLQFE-UFdg" "Mozilla/5.0 (Linux; Android 15; V2310 Build/AP3A.240905.015.A2_NONFC; wv) AppleWebKit/537.36 (KHTML, like Gecko) Version/4.0 Chrome/140.0.7339.119 Mobile Safari/537.36 [FB_IAB/FB4A;FBAV/530.0.0.48.74;IABMV/1;]"
196.65.138.80 - - [15/Sep/2025:11:23:49 -0400] "GET /wp-content/plugins/contact-form-7/includes/css/styles.css?ver=5.8 HTTP/1.1" 200 878 "https://day-new.com/?p=1076&fbclid=IwY2xjawM1DtNleHRuA2FlbQIxMQABHhbALvbwAjgGYVTX_tmgUrvQwfgQ0mlPE8SXv83LDVeHgc13wdWjzAzeErmc_aem_KCTgIQQgi7uXRLQFE-UFdg" "Mozilla/5.0 (Linux; Android 15; V2310 Build/AP3A.240905.015.A2_NONFC; wv) AppleWebKit/537.36 (KHTML, like Gecko) Version/4.0 Chrome/140.0.7339.119 Mobile Safari/537.36 [FB_IAB/FB4A;FBAV/530.0.0.48.74;IABMV/1;]"
196.65.138.80 - - [15/Sep/2025:11:23:49 -0400] "GET /wp-content/plugins/contact-form-7/includes/css/styles-rtl.css?ver=5.8 HTTP/1.1" 200 152 "https://day-new.com/?p=1076&fbclid=IwY2xjawM1DtNleHRuA2FlbQIxMQABHhbALvbwAjgGYVTX_tmgUrvQwfgQ0mlPE8SXv83LDVeHgc13wdWjzAzeErmc_aem_KCTgIQQgi7uXRLQFE-UFdg" "Mozilla/5.0 (Linux; Android 15; V2310 Build/AP3A.240905.015.A2_NONFC; wv) AppleWebKit/537.36 (KHTML, like Gecko) Version/4.0 Chrome/140.0.7339.119 Mobile Safari/537.36 [FB_IAB/FB4A;FBAV/530.0.0.48.74;IABMV/1;]"
196.65.138.80 - - [15/Sep/2025:11:23:49 -0400] "GET /wp-content/themes/newsplus/assets/css/bootstrap.min.css?ver=37.00 HTTP/1.1" 200 17696 "https://day-new.com/?p=1076&fbclid=IwY2xjawM1DtNleHRuA2FlbQIxMQABHhbALvbwAjgGYVTX_tmgUrvQwfgQ0mlPE8SXv83LDVeHgc13wdWjzAzeErmc_aem_KCTgIQQgi7uXRLQFE-UFdg" "Mozilla/5.0 (Linux; Android 15; V2310 Build/AP3A.240905.015.A2_NONFC; wv) AppleWebKit/537.36 (KHTML, like Gecko) Version/4.0 Chrome/140.0.7339.119 Mobile Safari/537.36 [FB_IAB/FB4A;FBAV/530.0.0.48.74;IABMV/1;]"
196.65.138.80 - - [15/Sep/2025:11:23:49 -0400] "GET /wp-content/themes/newsplus/assets/fonts/fonts.css?ver=37.00 HTTP/1.1" 200 335 "https://day-new.com/?p=1076&fbclid=IwY2xjawM1DtNleHRuA2FlbQIxMQABHhbALvbwAjgGYVTX_tmgUrvQwfgQ0mlPE8SXv83LDVeHgc13wdWjzAzeErmc_aem_KCTgIQQgi7uXRLQFE-UFdg" "Mozilla/5.0 (Linux; Android 15; V2310 Build/AP3A.240905.015.A2_NONFC; wv) AppleWebKit/537.36 (KHTML, like Gecko) Version/4.0 Chrome/140.0.7339.119 Mobile Safari/537.36 [FB_IAB/FB4A;FBAV/530.0.0.48.74;IABMV/1;]"
196.65.138.80 - - [15/Sep/2025:11:23:49 -0400] "GET /wp-content/themes/newsplus/style.css?ver=37.00 HTTP/1.1" 200 7414 "https://day-new.com/?p=1076&fbclid=IwY2xjawM1DtNleHRuA2FlbQIxMQABHhbALvbwAjgGYVTX_tmgUrvQwfgQ0mlPE8SXv83LDVeHgc13wdWjzAzeErmc_aem_KCTgIQQgi7uXRLQFE-UFdg" "Mozilla/5.0 (Linux; Android 15; V2310 Build/AP3A.240905.015.A2_NONFC; wv) AppleWebKit/537.36 (KHTML, like Gecko) Version/4.0 Chrome/140.0.7339.119 Mobile Safari/537.36 [FB_IAB/FB4A;FBAV/530.0.0.48.74;IABMV/1;]"
196.65.138.80 - - [15/Sep/2025:11:23:49 -0400] "GET /wp-includes/js/jquery/jquery.min.js?ver=3.7.1 HTTP/1.1" 200 29744 "https://day-new.com/?p=1076&fbclid=IwY2xjawM1DtNleHRuA2FlbQIxMQABHhbALvbwAjgGYVTX_tmgUrvQwfgQ0mlPE8SXv83LDVeHgc13wdWjzAzeErmc_aem_KCTgIQQgi7uXRLQFE-UFdg" "Mozilla/5.0 (Linux; Android 15; V2310 Build/AP3A.240905.015.A2_NONFC; wv) AppleWebKit/537.36 (KHTML, like Gecko) Version/4.0 Chrome/140.0.7339.119 Mobile Safari/537.36 [FB_IAB/FB4A;FBAV/530.0.0.48.74;IABMV/1;]"
196.65.138.80 - - [15/Sep/2025:11:23:49 -0400] "GET /wp-includes/js/jquery/jquery-migrate.min.js?ver=3.4.1 HTTP/1.1" 200 4678 "https://day-new.com/?p=1076&fbclid=IwY2xjawM1DtNleHRuA2FlbQIxMQABHhbALvbwAjgGYVTX_tmgUrvQwfgQ0mlPE8SXv83LDVeHgc13wdWjzAzeErmc_aem_KCTgIQQgi7uXRLQFE-UFdg" "Mozilla/5.0 (Linux; Android 15; V2310 Build/AP3A.240905.015.A2_NONFC; wv) AppleWebKit/537.36 (KHTML, like Gecko) Version/4.0 Chrome/140.0.7339.119 Mobile Safari/537.36 [FB_IAB/FB4A;FBAV/530.0.0.48.74;IABMV/1;]"
196.65.138.80 - - [15/Sep/2025:11:23:49 -0400] "GET /wp-content/uploads/2023/09/8TYPHUBvPvnYqdPLGzkoERChUow.webp HTTP/1.1" 200 14162 "https://day-new.com/?p=1076&fbclid=IwY2xjawM1DtNleHRuA2FlbQIxMQABHhbALvbwAjgGYVTX_tmgUrvQwfgQ0mlPE8SXv83LDVeHgc13wdWjzAzeErmc_aem_KCTgIQQgi7uXRLQFE-UFdg" "Mozilla/5.0 (Linux; Android 15; V2310 Build/AP3A.240905.015.A2_NONFC; wv) AppleWebKit/537.36 (KHTML, like Gecko) Version/4.0 Chrome/140.0.7339.119 Mobile Safari/537.36 [FB_IAB/FB4A;FBAV/530.0.0.48.74;IABMV/1;]"
196.65.138.80 - - [15/Sep/2025:11:23:49 -0400] "GET /wp-content/themes/newsplus/assets/img/logo.png HTTP/1.1" 200 43754 "https://day-new.com/?p=1076&fbclid=IwY2xjawM1DtNleHRuA2FlbQIxMQABHhbALvbwAjgGYVTX_tmgUrvQwfgQ0mlPE8SXv83LDVeHgc13wdWjzAzeErmc_aem_KCTgIQQgi7uXRLQFE-UFdg" "Mozilla/5.0 (Linux; Android 15; V2310 Build/AP3A.240905.015.A2_NONFC; wv) AppleWebKit/537.36 (KHTML, like Gecko) Version/4.0 Chrome/140.0.7339.119 Mobile Safari/537.36 [FB_IAB/FB4A;FBAV/530.0.0.48.74;IABMV/1;]"
196.65.138.80 - - [15/Sep/2025:11:23:49 -0400] "GET /wp-content/plugins/contact-form-7/includes/swv/js/index.js?ver=5.8 HTTP/1.1" 200 3061 "https://day-new.com/?p=1076&fbclid=IwY2xjawM1DtNleHRuA2FlbQIxMQABHhbALvbwAjgGYVTX_tmgUrvQwfgQ0mlPE8SXv83LDVeHgc13wdWjzAzeErmc_aem_KCTgIQQgi7uXRLQFE-UFdg" "Mozilla/5.0 (Linux; Android 15; V2310 Build/AP3A.240905.015.A2_NONFC; wv) AppleWebKit/537.36 (KHTML, like Gecko) Version/4.0 Chrome/140.0.7339.119 Mobile Safari/537.36 [FB_IAB/FB4A;FBAV/530.0.0.48.74;IABMV/1;]"
196.65.138.80 - - [15/Sep/2025:11:23:50 -0400] "GET /wp-content/plugins/contact-form-7/includes/js/index.js?ver=5.8 HTTP/1.1" 200 3918 "https://day-new.com/?p=1076&fbclid=IwY2xjawM1DtNleHRuA2FlbQIxMQABHhbALvbwAjgGYVTX_tmgUrvQwfgQ0mlPE8SXv83LDVeHgc13wdWjzAzeErmc_aem_KCTgIQQgi7uXRLQFE-UFdg" "Mozilla/5.0 (Linux; Android 15; V2310 Build/AP3A.240905.015.A2_NONFC; wv) AppleWebKit/537.36 (KHTML, like Gecko) Version/4.0 Chrome/140.0.7339.119 Mobile Safari/537.36 [FB_IAB/FB4A;FBAV/530.0.0.48.74;IABMV/1;]"
196.65.138.80 - - [15/Sep/2025:11:23:50 -0400] "GET /wp-content/themes/newsplus/assets/js/main.js?ver=37.00 HTTP/1.1" 200 1317 "https://day-new.com/?p=1076&fbclid=IwY2xjawM1DtNleHRuA2FlbQIxMQABHhbALvbwAjgGYVTX_tmgUrvQwfgQ0mlPE8SXv83LDVeHgc13wdWjzAzeErmc_aem_KCTgIQQgi7uXRLQFE-UFdg" "Mozilla/5.0 (Linux; Android 15; V2310 Build/AP3A.240905.015.A2_NONFC; wv) AppleWebKit/537.36 (KHTML, like Gecko) Version/4.0 Chrome/140.0.7339.119 Mobile Safari/537.36 [FB_IAB/FB4A;FBAV/530.0.0.48.74;IABMV/1;]"
196.65.138.80 - - [15/Sep/2025:11:23:50 -0400] "GET /wp-includes/js/comment-reply.min.js?ver=6.8.2 HTTP/1.1" 200 1247 "https://day-new.com/?p=1076&fbclid=IwY2xjawM1DtNleHRuA2FlbQIxMQABHhbALvbwAjgGYVTX_tmgUrvQwfgQ0mlPE8SXv83LDVeHgc13wdWjzAzeErmc_aem_KCTgIQQgi7uXRLQFE-UFdg" "Mozilla/5.0 (Linux; Android 15; V2310 Build/AP3A.240905.015.A2_NONFC; wv) AppleWebKit/537.36 (KHTML, like Gecko) Version/4.0 Chrome/140.0.7339.119 Mobile Safari/537.36 [FB_IAB/FB4A;FBAV/530.0.0.48.74;IABMV/1;]"
196.65.138.80 - - [15/Sep/2025:11:23:50 -0400] "GET /wp-content/uploads/2023/09/8TYPHUBvPvnYqdPLGzkoERChUow-360x200.webp HTTP/1.1" 200 7398 "https://day-new.com/?p=1076&fbclid=IwY2xjawM1DtNleHRuA2FlbQIxMQABHhbALvbwAjgGYVTX_tmgUrvQwfgQ0mlPE8SXv83LDVeHgc13wdWjzAzeErmc_aem_KCTgIQQgi7uXRLQFE-UFdg" "Mozilla/5.0 (Linux; Android 15; V2310 Build/AP3A.240905.015.A2_NONFC; wv) AppleWebKit/537.36 (KHTML, like Gecko) Version/4.0 Chrome/140.0.7339.119 Mobile Safari/537.36 [FB_IAB/FB4A;FBAV/530.0.0.48.74;IABMV/1;]"
196.65.138.80 - - [15/Sep/2025:11:23:50 -0400] "GET /wp-content/uploads/2024/07/%D8%A7%D9%86%D8%AA%D8%AF%D8%A7%D8%A8-1-360x200.jpg HTTP/1.1" 200 5698 "https://day-new.com/?p=1076&fbclid=IwY2xjawM1DtNleHRuA2FlbQIxMQABHhbALvbwAjgGYVTX_tmgUrvQwfgQ0mlPE8SXv83LDVeHgc13wdWjzAzeErmc_aem_KCTgIQQgi7uXRLQFE-UFdg" "Mozilla/5.0 (Linux; Android 15; V2310 Build/AP3A.240905.015.A2_NONFC; wv) AppleWebKit/537.36 (KHTML, like Gecko) Version/4.0 Chrome/140.0.7339.119 Mobile Safari/537.36 [FB_IAB/FB4A;FBAV/530.0.0.48.74;IABMV/1;]"
196.65.138.80 - - [15/Sep/2025:11:23:50 -0400] "GET /wp-content/uploads/2024/07/%D9%A2%D9%A0%D9%A2%D9%A4%D9%A0%D9%A7%D9%A0%D9%A5_%D9%A2%D9%A1%D9%A1%D9%A2%D9%A4%D9%A7-360x200.jpg HTTP/1.1" 200 18487 "https://day-new.com/?p=1076&fbclid=IwY2xjawM1DtNleHRuA2FlbQIxMQABHhbALvbwAjgGYVTX_tmgUrvQwfgQ0mlPE8SXv83LDVeHgc13wdWjzAzeErmc_aem_KCTgIQQgi7uXRLQFE-UFdg" "Mozilla/5.0 (Linux; Android 15; V2310 Build/AP3A.240905.015.A2_NONFC; wv) AppleWebKit/537.36 (KHTML, like Gecko) Version/4.0 Chrome/140.0.7339.119 Mobile Safari/537.36 [FB_IAB/FB4A;FBAV/530.0.0.48.74;IABMV/1;]"
196.65.138.80 - - [15/Sep/2025:11:23:50 -0400] "GET /wp-content/uploads/2023/11/FB_IMG_1741214396310-360x200.jpg HTTP/1.1" 200 19209 "https://day-new.com/?p=1076&fbclid=IwY2xjawM1DtNleHRuA2FlbQIxMQABHhbALvbwAjgGYVTX_tmgUrvQwfgQ0mlPE8SXv83LDVeHgc13wdWjzAzeErmc_aem_KCTgIQQgi7uXRLQFE-UFdg" "Mozilla/5.0 (Linux; Android 15; V2310 Build/AP3A.240905.015.A2_NONFC; wv) AppleWebKit/537.36 (KHTML, like Gecko) Version/4.0 Chrome/140.0.7339.119 Mobile Safari/537.36 [FB_IAB/FB4A;FBAV/530.0.0.48.74;IABMV/1;]"
196.65.138.80 - - [15/Sep/2025:11:23:50 -0400] "GET /wp-content/uploads/2023/10/FB_IMG_1697056870482-360x200.jpg HTTP/1.1" 200 11022 "https://day-new.com/?p=1076&fbclid=IwY2xjawM1DtNleHRuA2FlbQIxMQABHhbALvbwAjgGYVTX_tmgUrvQwfgQ0mlPE8SXv83LDVeHgc13wdWjzAzeErmc_aem_KCTgIQQgi7uXRLQFE-UFdg" "Mozilla/5.0 (Linux; Android 15; V2310 Build/AP3A.240905.015.A2_NONFC; wv) AppleWebKit/537.36 (KHTML, like Gecko) Version/4.0 Chrome/140.0.7339.119 Mobile Safari/537.36 [FB_IAB/FB4A;FBAV/530.0.0.48.74;IABMV/1;]"
196.65.138.80 - - [15/Sep/2025:11:23:50 -0400] "GET /wp-content/uploads/2023/08/maxresdefault-56-27-01-360x200.jpeg HTTP/1.1" 200 19685 "https://day-new.com/?p=1076&fbclid=IwY2xjawM1DtNleHRuA2FlbQIxMQABHhbALvbwAjgGYVTX_tmgUrvQwfgQ0mlPE8SXv83LDVeHgc13wdWjzAzeErmc_aem_KCTgIQQgi7uXRLQFE-UFdg" "Mozilla/5.0 (Linux; Android 15; V2310 Build/AP3A.240905.015.A2_NONFC; wv) AppleWebKit/537.36 (KHTML, like Gecko) Version/4.0 Chrome/140.0.7339.119 Mobile Safari/537.36 [FB_IAB/FB4A;FBAV/530.0.0.48.74;IABMV/1;]"
196.65.138.80 - - [15/Sep/2025:11:23:50 -0400] "GET /wp-content/uploads/2023/08/Screenshot_%D9%A2%D9%A0%D9%A2%D9%A3%D9%A0%D9%A8%D9%A0%D9%A5-%D9%A1%D9%A4%D9%A4%D9%A4%D9%A3%D9%A5_Gallery-360x200.jpg HTTP/1.1" 200 14544 "https://day-new.com/?p=1076&fbclid=IwY2xjawM1DtNleHRuA2FlbQIxMQABHhbALvbwAjgGYVTX_tmgUrvQwfgQ0mlPE8SXv83LDVeHgc13wdWjzAzeErmc_aem_KCTgIQQgi7uXRLQFE-UFdg" "Mozilla/5.0 (Linux; Android 15; V2310 Build/AP3A.240905.015.A2_NONFC; wv) AppleWebKit/537.36 (KHTML, like Gecko) Version/4.0 Chrome/140.0.7339.119 Mobile Safari/537.36 [FB_IAB/FB4A;FBAV/530.0.0.48.74;IABMV/1;]"
196.65.138.80 - - [15/Sep/2025:11:23:50 -0400] "GET /wp-content/uploads/2023/06/59474_remastered-360x200.jpg HTTP/1.1" 200 14723 "https://day-new.com/?p=1076&fbclid=IwY2xjawM1DtNleHRuA2FlbQIxMQABHhbALvbwAjgGYVTX_tmgUrvQwfgQ0mlPE8SXv83LDVeHgc13wdWjzAzeErmc_aem_KCTgIQQgi7uXRLQFE-UFdg" "Mozilla/5.0 (Linux; Android 15; V2310 Build/AP3A.240905.015.A2_NONFC; wv) AppleWebKit/537.36 (KHTML, like Gecko) Version/4.0 Chrome/140.0.7339.119 Mobile Safari/537.36 [FB_IAB/FB4A;FBAV/530.0.0.48.74;IABMV/1;]"
196.65.138.80 - - [15/Sep/2025:11:23:50 -0400] "GET /wp-content/uploads/2023/04/Screenshot_%D9%A2%D9%A0%D9%A2%D9%A3%D9%A0%D9%A4%D9%A2%D9%A9-%D9%A0%D9%A3%D9%A1%D9%A0%D9%A2%D9%A0_Instagram-360x200.jpg HTTP/1.1" 200 10542 "https://day-new.com/?p=1076&fbclid=IwY2xjawM1DtNleHRuA2FlbQIxMQABHhbALvbwAjgGYVTX_tmgUrvQwfgQ0mlPE8SXv83LDVeHgc13wdWjzAzeErmc_aem_KCTgIQQgi7uXRLQFE-UFdg" "Mozilla/5.0 (Linux; Android 15; V2310 Build/AP3A.240905.015.A2_NONFC; wv) AppleWebKit/537.36 (KHTML, like Gecko) Version/4.0 Chrome/140.0.7339.119 Mobile Safari/537.36 [FB_IAB/FB4A;FBAV/530.0.0.48.74;IABMV/1;]"
196.65.138.80 - - [15/Sep/2025:11:23:51 -0400] "GET /wp-content/uploads/2023/01/IMG_4808535701-360x200.jpg HTTP/1.1" 200 19888 "https://day-new.com/?p=1076&fbclid=IwY2xjawM1DtNleHRuA2FlbQIxMQABHhbALvbwAjgGYVTX_tmgUrvQwfgQ0mlPE8SXv83LDVeHgc13wdWjzAzeErmc_aem_KCTgIQQgi7uXRLQFE-UFdg" "Mozilla/5.0 (Linux; Android 15; V2310 Build/AP3A.240905.015.A2_NONFC; wv) AppleWebKit/537.36 (KHTML, like Gecko) Version/4.0 Chrome/140.0.7339.119 Mobile Safari/537.36 [FB_IAB/FB4A;FBAV/530.0.0.48.74;IABMV/1;]"
196.65.138.80 - - [15/Sep/2025:11:23:51 -0400] "GET /wp-includes/js/wp-emoji-release.min.js?ver=6.8.2 HTTP/1.1" 200 4769 "https://day-new.com/?p=1076&fbclid=IwY2xjawM1DtNleHRuA2FlbQIxMQABHhbALvbwAjgGYVTX_tmgUrvQwfgQ0mlPE8SXv83LDVeHgc13wdWjzAzeErmc_aem_KCTgIQQgi7uXRLQFE-UFdg" "Mozilla/5.0 (Linux; Android 15; V2310 Build/AP3A.240905.015.A2_NONFC; wv) AppleWebKit/537.36 (KHTML, like Gecko) Version/4.0 Chrome/140.0.7339.119 Mobile Safari/537.36 [FB_IAB/FB4A;FBAV/530.0.0.48.74;IABMV/1;]"
162.0.235.180 - - [15/Sep/2025:11:23:53 -0400] "POST /wp-cron.php?doing_wp_cron=1757949833.3672890663146972656250 HTTP/1.1" 200 0 "-" "WordPress/6.8.2; https://day-new.com"
101.33.55.204 - - [15/Sep/2025:11:23:52 -0400] "GET /?paged=2&author=4 HTTP/1.1" 200 10786 "-" "Mozilla/5.0 (iPhone; CPU iPhone OS 13_2_3 like Mac OS X) AppleWebKit/605.1.15 (KHTML, like Gecko) Version/13.0.3 Mobile/15E148 Safari/604.1"
162.0.235.180 - - [15/Sep/2025:11:23:54 -0400] "POST /wp-admin/admin-ajax.php?action=async_litespeed&nonce=b231cf5b7f&litespeed_type=imgoptm HTTP/1.1" 200 21 "-" "WordPress/6.8.2; https://day-new.com"
196.65.138.80 - - [15/Sep/2025:11:23:55 -0400] "GET /favicon.ico HTTP/1.1" 404 1251 "https://day-new.com/?p=1076&fbclid=IwY2xjawM1DtNleHRuA2FlbQIxMQABHhbALvbwAjgGYVTX_tmgUrvQwfgQ0mlPE8SXv83LDVeHgc13wdWjzAzeErmc_aem_KCTgIQQgi7uXRLQFE-UFdg" "Mozilla/5.0 (Linux; Android 15; V2310 Build/AP3A.240905.015.A2_NONFC; wv) AppleWebKit/537.36 (KHTML, like Gecko) Version/4.0 Chrome/140.0.7339.119 Mobile Safari/537.36 [FB_IAB/FB4A;FBAV/530.0.0.48.74;IABMV/1;]"
5.163.87.93 - - [15/Sep/2025:11:24:37 -0400] "GET /?p=1076&fbclid=IwY2xjawM1DwFleHRuA2FlbQIxMQABHuh6mddidbRU2Hhq2N9xSHIXSna81igVhEZRdWBYnPaZBSu9nYj955nD17O3_aem_uhvMW3yBs6m9VUtL0dDfUg HTTP/1.1" 200 13476 "https://lm.facebook.com/" "Mozilla/5.0 (Linux; Android 11; moto g play (2021) Build/RZAS31.Q2-146-14-9; wv) AppleWebKit/537.36 (KHTML, like Gecko) Version/4.0 Chrome/139.0.7258.94 Mobile Safari/537.36 [FB_IAB/FB4A;FBAV/511.0.0.73.36;IABMV/1;]"
5.163.87.93 - - [15/Sep/2025:11:24:39 -0400] "GET /wp-includes/css/dist/block-library/style-rtl.min.css?ver=6.8.2 HTTP/1.1" 200 14312 "https://day-new.com/?p=1076&fbclid=IwY2xjawM1DwFleHRuA2FlbQIxMQABHuh6mddidbRU2Hhq2N9xSHIXSna81igVhEZRdWBYnPaZBSu9nYj955nD17O3_aem_uhvMW3yBs6m9VUtL0dDfUg" "Mozilla/5.0 (Linux; Android 11; moto g play (2021) Build/RZAS31.Q2-146-14-9; wv) AppleWebKit/537.36 (KHTML, like Gecko) Version/4.0 Chrome/139.0.7258.94 Mobile Safari/537.36 [FB_IAB/FB4A;FBAV/511.0.0.73.36;IABMV/1;]"
5.163.87.93 - - [15/Sep/2025:11:24:39 -0400] "GET /wp-content/plugins/contact-form-7/includes/css/styles.css?ver=5.8 HTTP/1.1" 200 878 "https://day-new.com/?p=1076&fbclid=IwY2xjawM1DwFleHRuA2FlbQIxMQABHuh6mddidbRU2Hhq2N9xSHIXSna81igVhEZRdWBYnPaZBSu9nYj955nD17O3_aem_uhvMW3yBs6m9VUtL0dDfUg" "Mozilla/5.0 (Linux; Android 11; moto g play (2021) Build/RZAS31.Q2-146-14-9; wv) AppleWebKit/537.36 (KHTML, like Gecko) Version/4.0 Chrome/139.0.7258.94 Mobile Safari/537.36 [FB_IAB/FB4A;FBAV/511.0.0.73.36;IABMV/1;]"
5.163.87.93 - - [15/Sep/2025:11:24:39 -0400] "GET /wp-content/plugins/contact-form-7/includes/css/styles-rtl.css?ver=5.8 HTTP/1.1" 200 152 "https://day-new.com/?p=1076&fbclid=IwY2xjawM1DwFleHRuA2FlbQIxMQABHuh6mddidbRU2Hhq2N9xSHIXSna81igVhEZRdWBYnPaZBSu9nYj955nD17O3_aem_uhvMW3yBs6m9VUtL0dDfUg" "Mozilla/5.0 (Linux; Android 11; moto g play (2021) Build/RZAS31.Q2-146-14-9; wv) AppleWebKit/537.36 (KHTML, like Gecko) Version/4.0 Chrome/139.0.7258.94 Mobile Safari/537.36 [FB_IAB/FB4A;FBAV/511.0.0.73.36;IABMV/1;]"
5.163.87.93 - - [15/Sep/2025:11:24:39 -0400] "GET /wp-content/themes/newsplus/assets/css/bootstrap.min.css?ver=37.00 HTTP/1.1" 200 17696 "https://day-new.com/?p=1076&fbclid=IwY2xjawM1DwFleHRuA2FlbQIxMQABHuh6mddidbRU2Hhq2N9xSHIXSna81igVhEZRdWBYnPaZBSu9nYj955nD17O3_aem_uhvMW3yBs6m9VUtL0dDfUg" "Mozilla/5.0 (Linux; Android 11; moto g play (2021) Build/RZAS31.Q2-146-14-9; wv) AppleWebKit/537.36 (KHTML, like Gecko) Version/4.0 Chrome/139.0.7258.94 Mobile Safari/537.36 [FB_IAB/FB4A;FBAV/511.0.0.73.36;IABMV/1;]"
5.163.87.93 - - [15/Sep/2025:11:24:39 -0400] "GET /wp-content/themes/newsplus/assets/fonts/fonts.css?ver=37.00 HTTP/1.1" 200 335 "https://day-new.com/?p=1076&fbclid=IwY2xjawM1DwFleHRuA2FlbQIxMQABHuh6mddidbRU2Hhq2N9xSHIXSna81igVhEZRdWBYnPaZBSu9nYj955nD17O3_aem_uhvMW3yBs6m9VUtL0dDfUg" "Mozilla/5.0 (Linux; Android 11; moto g play (2021) Build/RZAS31.Q2-146-14-9; wv) AppleWebKit/537.36 (KHTML, like Gecko) Version/4.0 Chrome/139.0.7258.94 Mobile Safari/537.36 [FB_IAB/FB4A;FBAV/511.0.0.73.36;IABMV/1;]"
5.163.87.93 - - [15/Sep/2025:11:24:39 -0400] "GET /wp-content/themes/newsplus/style.css?ver=37.00 HTTP/1.1" 200 7414 "https://day-new.com/?p=1076&fbclid=IwY2xjawM1DwFleHRuA2FlbQIxMQABHuh6mddidbRU2Hhq2N9xSHIXSna81igVhEZRdWBYnPaZBSu9nYj955nD17O3_aem_uhvMW3yBs6m9VUtL0dDfUg" "Mozilla/5.0 (Linux; Android 11; moto g play (2021) Build/RZAS31.Q2-146-14-9; wv) AppleWebKit/537.36 (KHTML, like Gecko) Version/4.0 Chrome/139.0.7258.94 Mobile Safari/537.36 [FB_IAB/FB4A;FBAV/511.0.0.73.36;IABMV/1;]"
5.163.87.93 - - [15/Sep/2025:11:24:39 -0400] "GET /wp-includes/js/jquery/jquery.min.js?ver=3.7.1 HTTP/1.1" 200 29744 "https://day-new.com/?p=1076&fbclid=IwY2xjawM1DwFleHRuA2FlbQIxMQABHuh6mddidbRU2Hhq2N9xSHIXSna81igVhEZRdWBYnPaZBSu9nYj955nD17O3_aem_uhvMW3yBs6m9VUtL0dDfUg" "Mozilla/5.0 (Linux; Android 11; moto g play (2021) Build/RZAS31.Q2-146-14-9; wv) AppleWebKit/537.36 (KHTML, like Gecko) Version/4.0 Chrome/139.0.7258.94 Mobile Safari/537.36 [FB_IAB/FB4A;FBAV/511.0.0.73.36;IABMV/1;]"
5.163.87.93 - - [15/Sep/2025:11:24:39 -0400] "GET /wp-includes/js/jquery/jquery-migrate.min.js?ver=3.4.1 HTTP/1.1" 200 4678 "https://day-new.com/?p=1076&fbclid=IwY2xjawM1DwFleHRuA2FlbQIxMQABHuh6mddidbRU2Hhq2N9xSHIXSna81igVhEZRdWBYnPaZBSu9nYj955nD17O3_aem_uhvMW3yBs6m9VUtL0dDfUg" "Mozilla/5.0 (Linux; Android 11; moto g play (2021) Build/RZAS31.Q2-146-14-9; wv) AppleWebKit/537.36 (KHTML, like Gecko) Version/4.0 Chrome/139.0.7258.94 Mobile Safari/537.36 [FB_IAB/FB4A;FBAV/511.0.0.73.36;IABMV/1;]"
5.163.87.93 - - [15/Sep/2025:11:24:39 -0400] "GET /wp-content/uploads/2023/09/8TYPHUBvPvnYqdPLGzkoERChUow.webp HTTP/1.1" 200 14162 "https://day-new.com/?p=1076&fbclid=IwY2xjawM1DwFleHRuA2FlbQIxMQABHuh6mddidbRU2Hhq2N9xSHIXSna81igVhEZRdWBYnPaZBSu9nYj955nD17O3_aem_uhvMW3yBs6m9VUtL0dDfUg" "Mozilla/5.0 (Linux; Android 11; moto g play (2021) Build/RZAS31.Q2-146-14-9; wv) AppleWebKit/537.36 (KHTML, like Gecko) Version/4.0 Chrome/139.0.7258.94 Mobile Safari/537.36 [FB_IAB/FB4A;FBAV/511.0.0.73.36;IABMV/1;]"
5.163.87.93 - - [15/Sep/2025:11:24:42 -0400] "GET /wp-content/themes/newsplus/assets/img/logo.png HTTP/1.1" 200 43754 "https://day-new.com/?p=1076&fbclid=IwY2xjawM1DwFleHRuA2FlbQIxMQABHuh6mddidbRU2Hhq2N9xSHIXSna81igVhEZRdWBYnPaZBSu9nYj955nD17O3_aem_uhvMW3yBs6m9VUtL0dDfUg" "Mozilla/5.0 (Linux; Android 11; moto g play (2021) Build/RZAS31.Q2-146-14-9; wv) AppleWebKit/537.36 (KHTML, like Gecko) Version/4.0 Chrome/139.0.7258.94 Mobile Safari/537.36 [FB_IAB/FB4A;FBAV/511.0.0.73.36;IABMV/1;]"
5.163.87.93 - - [15/Sep/2025:11:24:42 -0400] "GET /wp-content/plugins/contact-form-7/includes/swv/js/index.js?ver=5.8 HTTP/1.1" 200 3061 "https://day-new.com/?p=1076&fbclid=IwY2xjawM1DwFleHRuA2FlbQIxMQABHuh6mddidbRU2Hhq2N9xSHIXSna81igVhEZRdWBYnPaZBSu9nYj955nD17O3_aem_uhvMW3yBs6m9VUtL0dDfUg" "Mozilla/5.0 (Linux; Android 11; moto g play (2021) Build/RZAS31.Q2-146-14-9; wv) AppleWebKit/537.36 (KHTML, like Gecko) Version/4.0 Chrome/139.0.7258.94 Mobile Safari/537.36 [FB_IAB/FB4A;FBAV/511.0.0.73.36;IABMV/1;]"
5.163.87.93 - - [15/Sep/2025:11:24:42 -0400] "GET /wp-content/plugins/contact-form-7/includes/js/index.js?ver=5.8 HTTP/1.1" 200 3918 "https://day-new.com/?p=1076&fbclid=IwY2xjawM1DwFleHRuA2FlbQIxMQABHuh6mddidbRU2Hhq2N9xSHIXSna81igVhEZRdWBYnPaZBSu9nYj955nD17O3_aem_uhvMW3yBs6m9VUtL0dDfUg" "Mozilla/5.0 (Linux; Android 11; moto g play (2021) Build/RZAS31.Q2-146-14-9; wv) AppleWebKit/537.36 (KHTML, like Gecko) Version/4.0 Chrome/139.0.7258.94 Mobile Safari/537.36 [FB_IAB/FB4A;FBAV/511.0.0.73.36;IABMV/1;]"
5.163.87.93 - - [15/Sep/2025:11:24:42 -0400] "GET /wp-content/themes/newsplus/assets/js/main.js?ver=37.00 HTTP/1.1" 200 1317 "https://day-new.com/?p=1076&fbclid=IwY2xjawM1DwFleHRuA2FlbQIxMQABHuh6mddidbRU2Hhq2N9xSHIXSna81igVhEZRdWBYnPaZBSu9nYj955nD17O3_aem_uhvMW3yBs6m9VUtL0dDfUg" "Mozilla/5.0 (Linux; Android 11; moto g play (2021) Build/RZAS31.Q2-146-14-9; wv) AppleWebKit/537.36 (KHTML, like Gecko) Version/4.0 Chrome/139.0.7258.94 Mobile Safari/537.36 [FB_IAB/FB4A;FBAV/511.0.0.73.36;IABMV/1;]"
5.163.87.93 - - [15/Sep/2025:11:24:44 -0400] "GET /wp-includes/js/comment-reply.min.js?ver=6.8.2 HTTP/1.1" 200 1247 "https://day-new.com/?p=1076&fbclid=IwY2xjawM1DwFleHRuA2FlbQIxMQABHuh6mddidbRU2Hhq2N9xSHIXSna81igVhEZRdWBYnPaZBSu9nYj955nD17O3_aem_uhvMW3yBs6m9VUtL0dDfUg" "Mozilla/5.0 (Linux; Android 11; moto g play (2021) Build/RZAS31.Q2-146-14-9; wv) AppleWebKit/537.36 (KHTML, like Gecko) Version/4.0 Chrome/139.0.7258.94 Mobile Safari/537.36 [FB_IAB/FB4A;FBAV/511.0.0.73.36;IABMV/1;]"
5.163.87.93 - - [15/Sep/2025:11:24:44 -0400] "GET /wp-content/uploads/2023/09/8TYPHUBvPvnYqdPLGzkoERChUow-360x200.webp HTTP/1.1" 200 7398 "https://day-new.com/?p=1076&fbclid=IwY2xjawM1DwFleHRuA2FlbQIxMQABHuh6mddidbRU2Hhq2N9xSHIXSna81igVhEZRdWBYnPaZBSu9nYj955nD17O3_aem_uhvMW3yBs6m9VUtL0dDfUg" "Mozilla/5.0 (Linux; Android 11; moto g play (2021) Build/RZAS31.Q2-146-14-9; wv) AppleWebKit/537.36 (KHTML, like Gecko) Version/4.0 Chrome/139.0.7258.94 Mobile Safari/537.36 [FB_IAB/FB4A;FBAV/511.0.0.73.36;IABMV/1;]"
5.163.87.93 - - [15/Sep/2025:11:24:47 -0400] "GET /wp-content/uploads/2024/07/%D8%A7%D9%86%D8%AA%D8%AF%D8%A7%D8%A8-1-360x200.jpg HTTP/1.1" 200 5698 "https://day-new.com/?p=1076&fbclid=IwY2xjawM1DwFleHRuA2FlbQIxMQABHuh6mddidbRU2Hhq2N9xSHIXSna81igVhEZRdWBYnPaZBSu9nYj955nD17O3_aem_uhvMW3yBs6m9VUtL0dDfUg" "Mozilla/5.0 (Linux; Android 11; moto g play (2021) Build/RZAS31.Q2-146-14-9; wv) AppleWebKit/537.36 (KHTML, like Gecko) Version/4.0 Chrome/139.0.7258.94 Mobile Safari/537.36 [FB_IAB/FB4A;FBAV/511.0.0.73.36;IABMV/1;]"
5.163.87.93 - - [15/Sep/2025:11:24:47 -0400] "GET /wp-content/uploads/2023/10/FB_IMG_1697056870482-360x200.jpg HTTP/1.1" 200 11022 "https://day-new.com/?p=1076&fbclid=IwY2xjawM1DwFleHRuA2FlbQIxMQABHuh6mddidbRU2Hhq2N9xSHIXSna81igVhEZRdWBYnPaZBSu9nYj955nD17O3_aem_uhvMW3yBs6m9VUtL0dDfUg" "Mozilla/5.0 (Linux; Android 11; moto g play (2021) Build/RZAS31.Q2-146-14-9; wv) AppleWebKit/537.36 (KHTML, like Gecko) Version/4.0 Chrome/139.0.7258.94 Mobile Safari/537.36 [FB_IAB/FB4A;FBAV/511.0.0.73.36;IABMV/1;]"
5.163.87.93 - - [15/Sep/2025:11:24:47 -0400] "GET /wp-content/uploads/2024/07/%D9%A2%D9%A0%D9%A2%D9%A4%D9%A0%D9%A7%D9%A0%D9%A5_%D9%A2%D9%A1%D9%A1%D9%A2%D9%A4%D9%A7-360x200.jpg HTTP/1.1" 200 18487 "https://day-new.com/?p=1076&fbclid=IwY2xjawM1DwFleHRuA2FlbQIxMQABHuh6mddidbRU2Hhq2N9xSHIXSna81igVhEZRdWBYnPaZBSu9nYj955nD17O3_aem_uhvMW3yBs6m9VUtL0dDfUg" "Mozilla/5.0 (Linux; Android 11; moto g play (2021) Build/RZAS31.Q2-146-14-9; wv) AppleWebKit/537.36 (KHTML, like Gecko) Version/4.0 Chrome/139.0.7258.94 Mobile Safari/537.36 [FB_IAB/FB4A;FBAV/511.0.0.73.36;IABMV/1;]"
