105.67.3.23 - - [15/Sep/2025:10:24:42 -0400] "GET /wp-content/uploads/2023/04/Screenshot_%D9%A2%D9%A0%D9%A2%D9%A3%D9%A0%D9%A4%D9%A2%D9%A9-%D9%A0%D9%A3%D9%A1%D9%A0%D9%A2%D9%A0_Instagram-360x200.jpg HTTP/1.1" 200 10542 "https://day-new.com/?p=1076&fbclid=IwY2xjawM1APZleHRuA2FlbQIxMQABHl2_upHjIhGP5Yd_7nbT0U252T7a89ATQbp5Sz783ZCM3iCQbLqnVF4Hw8qM_aem_4Q55WQeS10H141cFtnUvKQ" "Mozilla/5.0 (Linux; Android 13; 23028RNCAG Build/TP1A.220624.014; wv) AppleWebKit/537.36 (KHTML, like Gecko) Version/4.0 Chrome/139.0.7258.158 Mobile Safari/537.36 [FB_IAB/FB4A;FBAV/530.0.0.48.74;IABMV/1;]"
105.67.3.23 - - [15/Sep/2025:10:24:42 -0400] "GET /wp-content/uploads/2023/01/IMG_4808535701-360x200.jpg HTTP/1.1" 200 19888 "https://day-new.com/?p=1076&fbclid=IwY2xjawM1APZleHRuA2FlbQIxMQABHl2_upHjIhGP5Yd_7nbT0U252T7a89ATQbp5Sz783ZCM3iCQbLqnVF4Hw8qM_aem_4Q55WQeS10H141cFtnUvKQ" "Mozilla/5.0 (Linux; Android 13; 23028RNCAG Build/TP1A.220624.014; wv) AppleWebKit/537.36 (KHTML, like Gecko) Version/4.0 Chrome/139.0.7258.158 Mobile Safari/537.36 [FB_IAB/FB4A;FBAV/530.0.0.48.74;IABMV/1;]"
105.67.3.23 - - [15/Sep/2025:10:24:42 -0400] "GET /wp-includes/js/wp-emoji-release.min.js?ver=6.8.2 HTTP/1.1" 200 4769 "https://day-new.com/?p=1076&fbclid=IwY2xjawM1APZleHRuA2FlbQIxMQABHl2_upHjIhGP5Yd_7nbT0U252T7a89ATQbp5Sz783ZCM3iCQbLqnVF4Hw8qM_aem_4Q55WQeS10H141cFtnUvKQ" "Mozilla/5.0 (Linux; Android 13; 23028RNCAG Build/TP1A.220624.014; wv) AppleWebKit/537.36 (KHTML, like Gecko) Version/4.0 Chrome/139.0.7258.158 Mobile Safari/537.36 [FB_IAB/FB4A;FBAV/530.0.0.48.74;IABMV/1;]"
105.67.3.23 - - [15/Sep/2025:10:24:49 -0400] "GET /favicon.ico HTTP/1.1" 404 1251 "https://day-new.com/?p=1076&fbclid=IwY2xjawM1APZleHRuA2FlbQIxMQABHl2_upHjIhGP5Yd_7nbT0U252T7a89ATQbp5Sz783ZCM3iCQbLqnVF4Hw8qM_aem_4Q55WQeS10H141cFtnUvKQ" "Mozilla/5.0 (Linux; Android 13; 23028RNCAG Build/TP1A.220624.014; wv) AppleWebKit/537.36 (KHTML, like Gecko) Version/4.0 Chrome/139.0.7258.158 Mobile Safari/537.36 [FB_IAB/FB4A;FBAV/530.0.0.48.74;IABMV/1;]"
105.67.3.23 - - [15/Sep/2025:10:25:24 -0400] "GET /?p=1076 HTTP/1.1" 200 13352 "https://day-new.com/?p=1076&fbclid=IwY2xjawM1APZleHRuA2FlbQIxMQABHl2_upHjIhGP5Yd_7nbT0U252T7a89ATQbp5Sz783ZCM3iCQbLqnVF4Hw8qM_aem_4Q55WQeS10H141cFtnUvKQ" "Mozilla/5.0 (Linux; Android 13; 23028RNCAG Build/TP1A.220624.014; wv) AppleWebKit/537.36 (KHTML, like Gecko) Version/4.0 Chrome/139.0.7258.158 Mobile Safari/537.36 [FB_IAB/FB4A;FBAV/530.0.0.48.74;IABMV/1;]"
105.67.3.23 - - [15/Sep/2025:10:25:30 -0400] "GET /?cat=11 HTTP/1.1" 200 9222 "https://day-new.com/?p=1076" "Mozilla/5.0 (Linux; Android 13; 23028RNCAG Build/TP1A.220624.014; wv) AppleWebKit/537.36 (KHTML, like Gecko) Version/4.0 Chrome/139.0.7258.158 Mobile Safari/537.36 [FB_IAB/FB4A;FBAV/530.0.0.48.74;IABMV/1;]"
105.67.3.23 - - [15/Sep/2025:10:25:31 -0400] "GET /wp-content/uploads/2022/03/FB_IMG_1647103623274-360x200.jpg HTTP/1.1" 200 15742 "https://day-new.com/?cat=11" "Mozilla/5.0 (Linux; Android 13; 23028RNCAG Build/TP1A.220624.014; wv) AppleWebKit/537.36 (KHTML, like Gecko) Version/4.0 Chrome/139.0.7258.158 Mobile Safari/537.36 [FB_IAB/FB4A;FBAV/530.0.0.48.74;IABMV/1;]"
105.67.3.23 - - [15/Sep/2025:10:25:31 -0400] "GET /wp-content/uploads/2022/03/FB_IMG_1647115207559-360x200.jpg HTTP/1.1" 200 15680 "https://day-new.com/?cat=11" "Mozilla/5.0 (Linux; Android 13; 23028RNCAG Build/TP1A.220624.014; wv) AppleWebKit/537.36 (KHTML, like Gecko) Version/4.0 Chrome/139.0.7258.158 Mobile Safari/537.36 [FB_IAB/FB4A;FBAV/530.0.0.48.74;IABMV/1;]"
105.67.3.23 - - [15/Sep/2025:10:25:31 -0400] "GET /wp-content/uploads/2023/01/b978a94ed3237670537fd06d6f07bff9-360x200.jpg HTTP/1.1" 200 5274 "https://day-new.com/?cat=11" "Mozilla/5.0 (Linux; Android 13; 23028RNCAG Build/TP1A.220624.014; wv) AppleWebKit/537.36 (KHTML, like Gecko) Version/4.0 Chrome/139.0.7258.158 Mobile Safari/537.36 [FB_IAB/FB4A;FBAV/530.0.0.48.74;IABMV/1;]"
105.67.3.23 - - [15/Sep/2025:10:25:31 -0400] "GET /wp-content/uploads/2022/03/Screenshot_%D9%A2%D9%A0%D9%A2%D9%A2%D9%A0%D9%A3%D9%A0%D9%A8-%D9%A2%D9%A3%D9%A5%D9%A9%D9%A3%D9%A7_Facebook-360x200.jpg HTTP/1.1" 200 16648 "https://day-new.com/?cat=11" "Mozilla/5.0 (Linux; Android 13; 23028RNCAG Build/TP1A.220624.014; wv) AppleWebKit/537.36 (KHTML, like Gecko) Version/4.0 Chrome/139.0.7258.158 Mobile Safari/537.36 [FB_IAB/FB4A;FBAV/530.0.0.48.74;IABMV/1;]"
105.67.3.23 - - [15/Sep/2025:10:25:31 -0400] "GET /wp-content/uploads/2022/03/DrfGMSZk_400x400-321x200.jpg HTTP/1.1" 200 14453 "https://day-new.com/?cat=11" "Mozilla/5.0 (Linux; Android 13; 23028RNCAG Build/TP1A.220624.014; wv) AppleWebKit/537.36 (KHTML, like Gecko) Version/4.0 Chrome/139.0.7258.158 Mobile Safari/537.36 [FB_IAB/FB4A;FBAV/530.0.0.48.74;IABMV/1;]"
89.110.87.170 - - [15/Sep/2025:10:26:50 -0400] "GET /?p=1004 HTTP/1.0" 200 53046 "https://day-new.com/?p=1004" "Mozilla/5.0 (Windows NT 10.0; Win64; x64) AppleWebKit/537.36 (KHTML, like Gecko) Chrome/103.0.5060.134 Safari/537.36"
47.128.20.159 - - [15/Sep/2025:10:26:51 -0400] "GET / HTTP/1.1" 200 11483 "-" "Mozilla/5.0 (Linux; Android 5.0) AppleWebKit/537.36 (KHTML, like Gecko) Mobile Safari/537.36 (compatible; Bytespider; spider-feedback@bytedance.com)"
47.128.20.159 - - [15/Sep/2025:10:26:51 -0400] "GET /wp-content/plugins/contact-form-7/includes/css/styles-rtl.css?ver=5.8 HTTP/1.1" 200 152 "https://day-new.com/" "Mozilla/5.0 (Linux; Android 5.0) AppleWebKit/537.36 (KHTML, like Gecko) Mobile Safari/537.36 (compatible; Bytespider; spider-feedback@bytedance.com)"
47.128.20.159 - - [15/Sep/2025:10:26:51 -0400] "GET /wp-includes/css/dist/block-library/style-rtl.min.css?ver=6.8.2 HTTP/1.1" 200 14312 "https://day-new.com/" "Mozilla/5.0 (Linux; Android 5.0) AppleWebKit/537.36 (KHTML, like Gecko) Mobile Safari/537.36 (compatible; Bytespider; spider-feedback@bytedance.com)"
47.128.20.159 - - [15/Sep/2025:10:26:51 -0400] "GET /wp-content/plugins/contact-form-7/includes/css/styles.css?ver=5.8 HTTP/1.1" 200 878 "https://day-new.com/" "Mozilla/5.0 (Linux; Android 5.0) AppleWebKit/537.36 (KHTML, like Gecko) Mobile Safari/537.36 (compatible; Bytespider; spider-feedback@bytedance.com)"
47.128.20.159 - - [15/Sep/2025:10:26:51 -0400] "GET /wp-content/themes/newsplus/assets/fonts/fonts.css?ver=37.00 HTTP/1.1" 200 335 "https://day-new.com/" "Mozilla/5.0 (Linux; Android 5.0) AppleWebKit/537.36 (KHTML, like Gecko) Mobile Safari/537.36 (compatible; Bytespider; spider-feedback@bytedance.com)"
47.128.20.159 - - [15/Sep/2025:10:26:51 -0400] "GET /wp-content/themes/newsplus/style.css?ver=37.00 HTTP/1.1" 200 7414 "https://day-new.com/" "Mozilla/5.0 (Linux; Android 5.0) AppleWebKit/537.36 (KHTML, like Gecko) Mobile Safari/537.36 (compatible; Bytespider; spider-feedback@bytedance.com)"
47.128.20.159 - - [15/Sep/2025:10:26:51 -0400] "GET /wp-content/themes/newsplus/assets/css/bootstrap.min.css?ver=37.00 HTTP/1.1" 200 17696 "https://day-new.com/" "Mozilla/5.0 (Linux; Android 5.0) AppleWebKit/537.36 (KHTML, like Gecko) Mobile Safari/537.36 (compatible; Bytespider; spider-feedback@bytedance.com)"
162.0.235.180 - - [15/Sep/2025:10:26:52 -0400] "POST /wp-cron.php?doing_wp_cron=1757946412.0601420402526855468750 HTTP/1.1" 200 0 "-" "WordPress/6.8.2; https://day-new.com"
89.110.87.170 - - [15/Sep/2025:10:26:51 -0400] "POST /wp-comments-post.php HTTP/1.0" 302 0 "https://day-new.com/?p=1004" "Mozilla/5.0 (Windows NT 10.0; Win64; x64) AppleWebKit/537.36 (KHTML, like Gecko) Chrome/103.0.5060.134 Safari/537.36"
47.128.20.159 - - [15/Sep/2025:10:26:52 -0400] "GET /wp-content/themes/newsplus/assets/img/logo.png HTTP/1.1" 206 500 "https://day-new.com/" "Mozilla/5.0 (Linux; Android 5.0) AppleWebKit/537.36 (KHTML, like Gecko) Mobile Safari/537.36 (compatible; Bytespider; spider-feedback@bytedance.com)"
47.128.20.159 - - [15/Sep/2025:10:26:52 -0400] "GET /wp-content/uploads/2022/03/FB_IMG_1647115207559-360x200.jpg HTTP/1.1" 206 500 "https://day-new.com/" "Mozilla/5.0 (Linux; Android 5.0) AppleWebKit/537.36 (KHTML, like Gecko) Mobile Safari/537.36 (compatible; Bytespider; spider-feedback@bytedance.com)"
47.128.20.159 - - [15/Sep/2025:10:26:52 -0400] "GET /wp-content/uploads/2023/04/Screenshot_%D9%A2%D9%A0%D9%A2%D9%A3%D9%A0%D9%A4%D9%A2%D9%A9-%D9%A0%D9%A3%D9%A1%D9%A0%D9%A2%D9%A0_Instagram-360x200.jpg HTTP/1.1" 206 500 "https://day-new.com/" "Mozilla/5.0 (Linux; Android 5.0) AppleWebKit/537.36 (KHTML, like Gecko) Mobile Safari/537.36 (compatible; Bytespider; spider-feedback@bytedance.com)"
47.128.20.159 - - [15/Sep/2025:10:26:52 -0400] "GET /wp-content/uploads/2023/11/FB_IMG_1741214396310-360x200.jpg HTTP/1.1" 206 500 "https://day-new.com/" "Mozilla/5.0 (Linux; Android 5.0) AppleWebKit/537.36 (KHTML, like Gecko) Mobile Safari/537.36 (compatible; Bytespider; spider-feedback@bytedance.com)"
47.128.20.159 - - [15/Sep/2025:10:26:52 -0400] "GET /wp-content/uploads/2022/01/large_19h7eNo3JXxeWqTY-360x200.jpg HTTP/1.1" 206 500 "https://day-new.com/" "Mozilla/5.0 (Linux; Android 5.0) AppleWebKit/537.36 (KHTML, like Gecko) Mobile Safari/537.36 (compatible; Bytespider; spider-feedback@bytedance.com)"
162.0.235.180 - - [15/Sep/2025:10:26:52 -0400] "POST /wp-admin/admin-ajax.php?action=async_litespeed&nonce=b231cf5b7f&litespeed_type=imgoptm HTTP/1.1" 200 21 "-" "WordPress/6.8.2; https://day-new.com"
47.128.20.159 - - [15/Sep/2025:10:26:53 -0400] "GET /wp-content/uploads/2022/02/E4o025nX0AEvV8x-360x200.jpg HTTP/1.1" 206 500 "https://day-new.com/" "Mozilla/5.0 (Linux; Android 5.0) AppleWebKit/537.36 (KHTML, like Gecko) Mobile Safari/537.36 (compatible; Bytespider; spider-feedback@bytedance.com)"
47.128.20.159 - - [15/Sep/2025:10:26:53 -0400] "GET /wp-content/uploads/2022/01/4752cfeb4a-360x200.jpg HTTP/1.1" 206 500 "https://day-new.com/" "Mozilla/5.0 (Linux; Android 5.0) AppleWebKit/537.36 (KHTML, like Gecko) Mobile Safari/537.36 (compatible; Bytespider; spider-feedback@bytedance.com)"
47.128.20.159 - - [15/Sep/2025:10:26:53 -0400] "GET /wp-content/uploads/2022/03/Aramcoooo-360x200.jpg HTTP/1.1" 206 500 "https://day-new.com/" "Mozilla/5.0 (Linux; Android 5.0) AppleWebKit/537.36 (KHTML, like Gecko) Mobile Safari/537.36 (compatible; Bytespider; spider-feedback@bytedance.com)"
47.128.20.159 - - [15/Sep/2025:10:26:53 -0400] "GET /wp-content/uploads/2021/12/%D9%A2%D9%A0%D9%A2%D9%A1%D9%A1%D9%A2%D9%A1%D9%A9_%D9%A2%D9%A3%D9%A4%D9%A7%D9%A2%D9%A4-360x200.jpg HTTP/1.1" 206 500 "https://day-new.com/" "Mozilla/5.0 (Linux; Android 5.0) AppleWebKit/537.36 (KHTML, like Gecko) Mobile Safari/537.36 (compatible; Bytespider; spider-feedback@bytedance.com)"
47.128.20.159 - - [15/Sep/2025:10:26:53 -0400] "GET /wp-content/uploads/2022/03/618eaa524c59b76c8d5fec21-360x200.jpg HTTP/1.1" 206 500 "https://day-new.com/" "Mozilla/5.0 (Linux; Android 5.0) AppleWebKit/537.36 (KHTML, like Gecko) Mobile Safari/537.36 (compatible; Bytespider; spider-feedback@bytedance.com)"
47.128.20.159 - - [15/Sep/2025:10:26:53 -0400] "GET /wp-content/uploads/2022/08/%D9%A2%D9%A0%D9%A2%D9%A2%D9%A0%D9%A8%D9%A1%D9%A7_%D9%A1%D9%A0%D9%A2%D9%A4%D9%A0%D9%A0-360x200.jpg HTTP/1.1" 206 500 "https://day-new.com/" "Mozilla/5.0 (Linux; Android 5.0) AppleWebKit/537.36 (KHTML, like Gecko) Mobile Safari/537.36 (compatible; Bytespider; spider-feedback@bytedance.com)"
47.128.20.159 - - [15/Sep/2025:10:26:53 -0400] "GET /wp-content/uploads/2022/03/express-360x200.png HTTP/1.1" 206 500 "https://day-new.com/" "Mozilla/5.0 (Linux; Android 5.0) AppleWebKit/537.36 (KHTML, like Gecko) Mobile Safari/537.36 (compatible; Bytespider; spider-feedback@bytedance.com)"
47.128.20.159 - - [15/Sep/2025:10:26:53 -0400] "GET /wp-content/uploads/2021/07/%D8%AD%D8%B1%D8%A8-%D9%83%D9%85%D9%8A%D9%86-%D9%84%D9%84%D8%AC%D9%8A%D8%B4-%D8%A7%D9%84%D9%8A%D9%85%D9%86%D9%8A-%D8%A7%D8%B3%D8%AA%D9%87%D8%AF%D9%81-%D9%85%D8%AC%D9%85%D9%88%D8%B9%D8%A9-%D9%85%D9%86-%D8%B9%D9%86%D8%A7%D8%B5%D8%B1-%D9%85%D9%8A%D9%84%D9%8A%D8%B4%D9%8A%D8%A7_%D8%A7%D9%84%D8%AD%D9%88%D8%AB%D9%8A-%D8%BA%D8%B1%D8%A8-%D9%85%D8%A7%D8%B1%D8%A8-1024x576-1-360x200.jpg HTTP/1.1" 206 500 "https://day-new.com/" "Mozilla/5.0 (Linux; Android 5.0) AppleWebKit/537.36 (KHTML, like Gecko) Mobile Safari/537.36 (compatible; Bytespider; spider-feedback@bytedance.com)"
47.128.20.159 - - [15/Sep/2025:10:26:53 -0400] "GET /wp-content/uploads/2022/05/%D9%A2%D9%A0%D9%A2%D9%A2%D9%A0%D9%A4%D9%A2%D9%A4_%D9%A0%D9%A3%D9%A0%D9%A0%D9%A5%D9%A4-360x200.jpg HTTP/1.1" 206 500 "https://day-new.com/" "Mozilla/5.0 (Linux; Android 5.0) AppleWebKit/537.36 (KHTML, like Gecko) Mobile Safari/537.36 (compatible; Bytespider; spider-feedback@bytedance.com)"
47.128.20.159 - - [15/Sep/2025:10:26:53 -0400] "GET /wp-content/uploads/2021/07/000000000-1-360x200.jpg HTTP/1.1" 206 500 "https://day-new.com/" "Mozilla/5.0 (Linux; Android 5.0) AppleWebKit/537.36 (KHTML, like Gecko) Mobile Safari/537.36 (compatible; Bytespider; spider-feedback@bytedance.com)"
47.128.20.159 - - [15/Sep/2025:10:26:53 -0400] "GET /wp-content/uploads/2022/06/%D9%A2%D9%A0%D9%A2%D9%A2%D9%A0%D9%A4%D9%A2%D9%A4_%D9%A0%D9%A3%D9%A0%D9%A0%D9%A5%D9%A4-360x200.jpg HTTP/1.1" 206 500 "https://day-new.com/" "Mozilla/5.0 (Linux; Android 5.0) AppleWebKit/537.36 (KHTML, like Gecko) Mobile Safari/537.36 (compatible; Bytespider; spider-feedback@bytedance.com)"
47.128.20.159 - - [15/Sep/2025:10:26:53 -0400] "GET /wp-content/uploads/2021/07/25-07-21-11767624-360x200.jpg HTTP/1.1" 206 500 "https://day-new.com/" "Mozilla/5.0 (Linux; Android 5.0) AppleWebKit/537.36 (KHTML, like Gecko) Mobile Safari/537.36 (compatible; Bytespider; spider-feedback@bytedance.com)"
47.128.20.159 - - [15/Sep/2025:10:26:53 -0400] "GET /wp-content/uploads/2021/09/fb_img_1628500355899.webp HTTP/1.1" 206 500 "https://day-new.com/" "Mozilla/5.0 (Linux; Android 5.0) AppleWebKit/537.36 (KHTML, like Gecko) Mobile Safari/537.36 (compatible; Bytespider; spider-feedback@bytedance.com)"
47.128.20.159 - - [15/Sep/2025:10:26:53 -0400] "GET /wp-content/uploads/2021/07/arabstoday-%D9%88%D8%B2%D8%A7%D8%B1%D8%A9-%D8%A7%D9%84%D8%AF%D8%A7%D8%AE%D9%84%D9%8A%D8%A9-%D8%A7%D9%84%D9%8A%D9%85%D9%86%D9%8A%D8%A9-360x200.jpg HTTP/1.1" 206 500 "https://day-new.com/" "Mozilla/5.0 (Linux; Android 5.0) AppleWebKit/537.36 (KHTML, like Gecko) Mobile Safari/537.36 (compatible; Bytespider; spider-feedback@bytedance.com)"
47.128.20.159 - - [15/Sep/2025:10:26:53 -0400] "GET /wp-content/uploads/2021/07/Img_4567883641-360x200.png HTTP/1.1" 206 500 "https://day-new.com/" "Mozilla/5.0 (Linux; Android 5.0) AppleWebKit/537.36 (KHTML, like Gecko) Mobile Safari/537.36 (compatible; Bytespider; spider-feedback@bytedance.com)"
89.110.87.170 - - [15/Sep/2025:10:26:53 -0400] "GET /?p=1004 HTTP/1.0" 200 55002 "https://day-new.com/?p=1004#comment-14168" "Mozilla/5.0 (Windows NT 10.0; Win64; x64) AppleWebKit/537.36 (KHTML, like Gecko) Chrome/103.0.5060.134 Safari/537.36"
47.128.20.159 - - [15/Sep/2025:10:26:53 -0400] "GET /wp-content/uploads/2021/07/3903A-360x200.jpeg HTTP/1.1" 206 500 "https://day-new.com/" "Mozilla/5.0 (Linux; Android 5.0) AppleWebKit/537.36 (KHTML, like Gecko) Mobile Safari/537.36 (compatible; Bytespider; spider-feedback@bytedance.com)"
47.128.20.159 - - [15/Sep/2025:10:26:54 -0400] "GET /wp-content/uploads/2023/01/IMG_4808535701-360x200.jpg HTTP/1.1" 206 500 "https://day-new.com/" "Mozilla/5.0 (Linux; Android 5.0) AppleWebKit/537.36 (KHTML, like Gecko) Mobile Safari/537.36 (compatible; Bytespider; spider-feedback@bytedance.com)"
47.128.20.159 - - [15/Sep/2025:10:26:54 -0400] "GET /wp-content/uploads/2021/07/2019_4_29_16_1_57_955.jpg HTTP/1.1" 206 500 "https://day-new.com/" "Mozilla/5.0 (Linux; Android 5.0) AppleWebKit/537.36 (KHTML, like Gecko) Mobile Safari/537.36 (compatible; Bytespider; spider-feedback@bytedance.com)"
47.128.20.159 - - [15/Sep/2025:10:26:54 -0400] "GET /wp-content/uploads/2021/07/5955676-1860787529-%D9%A1-360x200.jpg HTTP/1.1" 206 500 "https://day-new.com/" "Mozilla/5.0 (Linux; Android 5.0) AppleWebKit/537.36 (KHTML, like Gecko) Mobile Safari/537.36 (compatible; Bytespider; spider-feedback@bytedance.com)"
47.128.20.159 - - [15/Sep/2025:10:26:54 -0400] "GET /wp-content/uploads/2021/03/5ee40a0a4236041519339080.jpg HTTP/1.1" 206 500 "https://day-new.com/" "Mozilla/5.0 (Linux; Android 5.0) AppleWebKit/537.36 (KHTML, like Gecko) Mobile Safari/537.36 (compatible; Bytespider; spider-feedback@bytedance.com)"
47.128.20.159 - - [15/Sep/2025:10:26:54 -0400] "GET /wp-content/uploads/2022/01/IMG-20220112-WA0000-360x200.jpg HTTP/1.1" 206 500 "https://day-new.com/" "Mozilla/5.0 (Linux; Android 5.0) AppleWebKit/537.36 (KHTML, like Gecko) Mobile Safari/537.36 (compatible; Bytespider; spider-feedback@bytedance.com)"
47.128.20.159 - - [15/Sep/2025:10:26:54 -0400] "GET /wp-content/uploads/2021/03/2017_10_14_16_7_31_800.jpg HTTP/1.1" 206 500 "https://day-new.com/" "Mozilla/5.0 (Linux; Android 5.0) AppleWebKit/537.36 (KHTML, like Gecko) Mobile Safari/537.36 (compatible; Bytespider; spider-feedback@bytedance.com)"
47.128.20.159 - - [15/Sep/2025:10:26:54 -0400] "GET /wp-content/uploads/2022/07/av2w4613_copy_0-1-360x200.jpg HTTP/1.1" 206 500 "https://day-new.com/" "Mozilla/5.0 (Linux; Android 5.0) AppleWebKit/537.36 (KHTML, like Gecko) Mobile Safari/537.36 (compatible; Bytespider; spider-feedback@bytedance.com)"
47.128.20.159 - - [15/Sep/2025:10:26:54 -0400] "GET /wp-content/uploads/2021/04/2maTZNVCLx0n.jpg HTTP/1.1" 206 500 "https://day-new.com/" "Mozilla/5.0 (Linux; Android 5.0) AppleWebKit/537.36 (KHTML, like Gecko) Mobile Safari/537.36 (compatible; Bytespider; spider-feedback@bytedance.com)"
47.128.20.159 - - [15/Sep/2025:10:26:54 -0400] "GET /wp-content/uploads/2023/06/59474_remastered-360x200.jpg HTTP/1.1" 206 500 "https://day-new.com/" "Mozilla/5.0 (Linux; Android 5.0) AppleWebKit/537.36 (KHTML, like Gecko) Mobile Safari/537.36 (compatible; Bytespider; spider-feedback@bytedance.com)"
47.128.20.159 - - [15/Sep/2025:10:26:54 -0400] "GET /wp-content/uploads/2021/08/received_522965552343762-360x200.jpeg HTTP/1.1" 206 500 "https://day-new.com/" "Mozilla/5.0 (Linux; Android 5.0) AppleWebKit/537.36 (KHTML, like Gecko) Mobile Safari/537.36 (compatible; Bytespider; spider-feedback@bytedance.com)"
47.128.20.159 - - [15/Sep/2025:10:26:54 -0400] "GET /wp-content/uploads/2022/05/Screenshot_%D9%A2%D9%A0%D9%A2%D9%A2%D9%A0%D9%A5%D9%A0%D9%A2-%D9%A1%D9%A8%D9%A0%D9%A6%D9%A5%D9%A4_Facebook-360x200.jpg HTTP/1.1" 206 500 "https://day-new.com/" "Mozilla/5.0 (Linux; Android 5.0) AppleWebKit/537.36 (KHTML, like Gecko) Mobile Safari/537.36 (compatible; Bytespider; spider-feedback@bytedance.com)"
47.128.20.159 - - [15/Sep/2025:10:26:54 -0400] "GET /wp-content/uploads/2022/05/07-10-20-104985565-360x200.jpg HTTP/1.1" 206 500 "https://day-new.com/" "Mozilla/5.0 (Linux; Android 5.0) AppleWebKit/537.36 (KHTML, like Gecko) Mobile Safari/537.36 (compatible; Bytespider; spider-feedback@bytedance.com)"
47.128.20.159 - - [15/Sep/2025:10:26:54 -0400] "GET /wp-content/uploads/2022/03/IMG-20220211-WA0001-360x200.jpg HTTP/1.1" 206 500 "https://day-new.com/" "Mozilla/5.0 (Linux; Android 5.0) AppleWebKit/537.36 (KHTML, like Gecko) Mobile Safari/537.36 (compatible; Bytespider; spider-feedback@bytedance.com)"
47.128.20.159 - - [15/Sep/2025:10:26:54 -0400] "GET /wp-content/uploads/2022/11/IMG-20221126-WA0000-360x200.jpg HTTP/1.1" 206 500 "https://day-new.com/" "Mozilla/5.0 (Linux; Android 5.0) AppleWebKit/537.36 (KHTML, like Gecko) Mobile Safari/537.36 (compatible; Bytespider; spider-feedback@bytedance.com)"
47.128.20.159 - - [15/Sep/2025:10:26:54 -0400] "GET /wp-content/uploads/2021/04/9969222_1615284232.jpg HTTP/1.1" 206 500 "https://day-new.com/" "Mozilla/5.0 (Linux; Android 5.0) AppleWebKit/537.36 (KHTML, like Gecko) Mobile Safari/537.36 (compatible; Bytespider; spider-feedback@bytedance.com)"
47.128.20.159 - - [15/Sep/2025:10:26:54 -0400] "GET /wp-content/uploads/2021/04/1769870_1618308063.jpg HTTP/1.1" 206 500 "https://day-new.com/" "Mozilla/5.0 (Linux; Android 5.0) AppleWebKit/537.36 (KHTML, like Gecko) Mobile Safari/537.36 (compatible; Bytespider; spider-feedback@bytedance.com)"
105.67.3.23 - - [15/Sep/2025:10:27:57 -0400] "GET /?page_id=21 HTTP/1.1" 200 8645 "https://day-new.com/?p=1076&fbclid=IwY2xjawM1APZleHRuA2FlbQIxMQABHl2_upHjIhGP5Yd_7nbT0U252T7a89ATQbp5Sz783ZCM3iCQbLqnVF4Hw8qM_aem_4Q55WQeS10H141cFtnUvKQ" "Mozilla/5.0 (Linux; Android 13; 23028RNCAG Build/TP1A.220624.014; wv) AppleWebKit/537.36 (KHTML, like Gecko) Version/4.0 Chrome/139.0.7258.158 Mobile Safari/537.36 [FB_IAB/FB4A;FBAV/530.0.0.48.74;IABMV/1;]"
105.67.3.23 - - [15/Sep/2025:10:27:59 -0400] "GET /index.php?rest_route=/contact-form-7/v1/contact-forms/8/feedback/schema HTTP/1.1" 200 687 "https://day-new.com/?page_id=21" "Mozilla/5.0 (Linux; Android 13; 23028RNCAG Build/TP1A.220624.014; wv) AppleWebKit/537.36 (KHTML, like Gecko) Version/4.0 Chrome/139.0.7258.158 Mobile Safari/537.36 [FB_IAB/FB4A;FBAV/530.0.0.48.74;IABMV/1;]"
105.67.3.23 - - [15/Sep/2025:10:27:59 -0400] "GET /index.php?rest_route=/contact-form-7/v1/contact-forms/8/refill HTTP/1.1" 200 2 "https://day-new.com/?page_id=21" "Mozilla/5.0 (Linux; Android 13; 23028RNCAG Build/TP1A.220624.014; wv) AppleWebKit/537.36 (KHTML, like Gecko) Version/4.0 Chrome/139.0.7258.158 Mobile Safari/537.36 [FB_IAB/FB4A;FBAV/530.0.0.48.74;IABMV/1;]"
105.67.3.23 - - [15/Sep/2025:10:28:22 -0400] "GET /wp-content/themes/newsplus/assets/img/logo.png HTTP/1.1" 200 43754 "fbapp://350685531728/unknown" "[FBAN/FB4A;FBAV/530.0.0.48.74;FBBV/789633429;FBDM/{density=2.0,width=720,height=1460};FBLC/fr_FR;FBRV/792042063;FBCR/Maroc Telecom;FBMF/Xiaomi;FBBD/Redmi;FBPN/com.facebook.katana;FBDV/23028RNCAG;FBSV/13;FBOP/1;FBCA/armeabi-v7a:armeabi;]"
105.67.3.23 - - [15/Sep/2025:10:28:22 -0400] "GET /wp-content/uploads/2023/09/8TYPHUBvPvnYqdPLGzkoERChUow.webp HTTP/1.1" 200 14162 "fbapp://350685531728/unknown" "[FBAN/FB4A;FBAV/530.0.0.48.74;FBBV/789633429;FBDM/{density=2.0,width=720,height=1460};FBLC/fr_FR;FBRV/792042063;FBCR/Maroc Telecom;FBMF/Xiaomi;FBBD/Redmi;FBPN/com.facebook.katana;FBDV/23028RNCAG;FBSV/13;FBOP/1;FBCA/armeabi-v7a:armeabi;]"
162.0.235.180 - - [15/Sep/2025:10:33:22 -0400] "POST /wp-cron.php?doing_wp_cron=1757946802.8490319252014160156250 HTTP/1.1" 200 0 "-" "WordPress/6.8.2; https://day-new.com"
66.249.79.32 - - [15/Sep/2025:10:33:22 -0400] "GET /?feed=rss2&p=836 HTTP/1.1" 200 569 "-" "Mozilla/5.0 (Linux; Android 6.0.1; Nexus 5X Build/MMB29P) AppleWebKit/537.36 (KHTML, like Gecko) Chrome/140.0.7339.127 Mobile Safari/537.36 (compatible; Googlebot/2.1; +http://www.google.com/bot.html)"
162.0.235.180 - - [15/Sep/2025:10:33:23 -0400] "POST /wp-admin/admin-ajax.php?action=async_litespeed&nonce=b231cf5b7f&litespeed_type=imgoptm HTTP/1.1" 200 21 "-" "WordPress/6.8.2; https://day-new.com"
66.249.79.32 - - [15/Sep/2025:10:33:30 -0400] "GET /?feed=rss2&p=244 HTTP/1.1" 200 545 "-" "Mozilla/5.0 (Linux; Android 6.0.1; Nexus 5X Build/MMB29P) AppleWebKit/537.36 (KHTML, like Gecko) Chrome/140.0.7339.127 Mobile Safari/537.36 (compatible; Googlebot/2.1; +http://www.google.com/bot.html)"
43.157.50.58 - - [15/Sep/2025:10:33:56 -0400] "GET /?author=4 HTTP/1.1" 200 10765 "-" "Mozilla/5.0 (iPhone; CPU iPhone OS 13_2_3 like Mac OS X) AppleWebKit/605.1.15 (KHTML, like Gecko) Version/13.0.3 Mobile/15E148 Safari/604.1"
57.141.4.55 - - [15/Sep/2025:10:34:14 -0400] "GET /index.html HTTP/1.1" 404 1251 "-" "meta-externalagent/1.1 (+https://developers.facebook.com/docs/sharing/webmasters/crawler)"
162.0.235.180 - - [15/Sep/2025:10:35:28 -0400] "POST /wp-cron.php?doing_wp_cron=1757946928.4044170379638671875000 HTTP/1.1" 200 0 "-" "WordPress/6.8.2; https://day-new.com"
66.249.79.33 - - [15/Sep/2025:10:35:27 -0400] "GET /?paged=5&cat=9 HTTP/1.1" 200 8768 "-" "Mozilla/5.0 (Linux; Android 6.0.1; Nexus 5X Build/MMB29P) AppleWebKit/537.36 (KHTML, like Gecko) Chrome/140.0.7339.127 Mobile Safari/537.36 (compatible; Googlebot/2.1; +http://www.google.com/bot.html)"
162.0.235.180 - - [15/Sep/2025:10:35:28 -0400] "POST /wp-admin/admin-ajax.php?action=async_litespeed&nonce=b231cf5b7f&litespeed_type=imgoptm HTTP/1.1" 200 21 "-" "WordPress/6.8.2; https://day-new.com"
66.249.79.32 - - [15/Sep/2025:10:36:03 -0400] "GET /?paged=3&cat=9 HTTP/1.1" 200 9372 "-" "Mozilla/5.0 (Linux; Android 6.0.1; Nexus 5X Build/MMB29P) AppleWebKit/537.36 (KHTML, like Gecko) Chrome/140.0.7339.127 Mobile Safari/537.36 (compatible; Googlebot/2.1; +http://www.google.com/bot.html)"
162.0.235.180 - - [15/Sep/2025:10:36:11 -0400] "POST /wp-cron.php?doing_wp_cron=1757946971.0607440471649169921875 HTTP/1.1" 200 0 "-" "WordPress/6.8.2; https://day-new.com"
66.249.79.32 - - [15/Sep/2025:10:36:10 -0400] "GET /?p=546 HTTP/1.1" 200 13635 "-" "Mozilla/5.0 (Linux; Android 6.0.1; Nexus 5X Build/MMB29P) AppleWebKit/537.36 (KHTML, like Gecko) Chrome/140.0.7339.127 Mobile Safari/537.36 (compatible; Googlebot/2.1; +http://www.google.com/bot.html)"
66.249.79.37 - - [15/Sep/2025:10:36:17 -0400] "GET /?paged=2&cat=9 HTTP/1.1" 200 9420 "-" "Mozilla/5.0 (Linux; Android 6.0.1; Nexus 5X Build/MMB29P) AppleWebKit/537.36 (KHTML, like Gecko) Chrome/140.0.7339.127 Mobile Safari/537.36 (compatible; Googlebot/2.1; +http://www.google.com/bot.html)"
66.249.79.37 - - [15/Sep/2025:10:36:18 -0400] "GET /?feed=rss2&cat=9 HTTP/1.1" 200 12434 "-" "Mozilla/5.0 (Linux; Android 6.0.1; Nexus 5X Build/MMB29P) AppleWebKit/537.36 (KHTML, like Gecko) Chrome/140.0.7339.127 Mobile Safari/537.36 (compatible; Googlebot/2.1; +http://www.google.com/bot.html)"
162.0.235.180 - - [15/Sep/2025:10:36:31 -0400] "POST /wp-cron.php?doing_wp_cron=1757946991.5466439723968505859375 HTTP/1.1" 200 0 "-" "WordPress/6.8.2; https://day-new.com"
66.249.79.37 - - [15/Sep/2025:10:36:31 -0400] "GET /?p=824 HTTP/1.1" 200 13017 "-" "Mozilla/5.0 (Linux; Android 6.0.1; Nexus 5X Build/MMB29P) AppleWebKit/537.36 (KHTML, like Gecko) Chrome/140.0.7339.127 Mobile Safari/537.36 (compatible; Googlebot/2.1; +http://www.google.com/bot.html)"
57.141.4.72 - - [15/Sep/2025:10:36:31 -0400] "GET // HTTP/1.1" 301 0 "-" "meta-externalagent/1.1 (+https://developers.facebook.com/docs/sharing/webmasters/crawler)"
162.0.235.180 - - [15/Sep/2025:10:36:31 -0400] "POST /wp-admin/admin-ajax.php?action=async_litespeed&nonce=b231cf5b7f&litespeed_type=imgoptm HTTP/1.1" 200 21 "-" "WordPress/6.8.2; https://day-new.com"
149.126.14.77 - - [15/Sep/2025:10:36:32 -0400] "GET /wp-content/uploads/2023/09/8TYPHUBvPvnYqdPLGzkoERChUow.webp HTTP/1.1" 200 14162 "fbapp://350685531728/unknown" "[FBAN/FB4A;FBAV/530.0.0.48.74;FBBV/789633439;FBDM/{density=3.0,width=1080,height=2412};FBLC/ar_AR;FBRV/791779379;FBCR/stc ksa;FBMF/HONOR;FBBD/HONOR;FBPN/com.facebook.katana;FBDV/ABR-NX1;FBSV/15;FBOP/1;FBCA/arm64-v8a:;]"
149.126.14.77 - - [15/Sep/2025:10:36:32 -0400] "GET /wp-content/themes/newsplus/assets/img/logo.png HTTP/1.1" 200 43754 "fbapp://350685531728/unknown" "[FBAN/FB4A;FBAV/530.0.0.48.74;FBBV/789633439;FBDM/{density=3.0,width=1080,height=2412};FBLC/ar_AR;FBRV/791779379;FBCR/stc ksa;FBMF/HONOR;FBBD/HONOR;FBPN/com.facebook.katana;FBDV/ABR-NX1;FBSV/15;FBOP/1;FBCA/arm64-v8a:;]"
57.141.4.57 - - [15/Sep/2025:10:36:33 -0400] "GET / HTTP/1.1" 200 53953 "-" "meta-externalagent/1.1 (+https://developers.facebook.com/docs/sharing/webmasters/crawler)"
66.249.79.37 - - [15/Sep/2025:10:36:51 -0400] "GET /?p=810 HTTP/1.1" 200 12967 "-" "Mozilla/5.0 (Linux; Android 6.0.1; Nexus 5X Build/MMB29P) AppleWebKit/537.36 (KHTML, like Gecko) Chrome/140.0.7339.127 Mobile Safari/537.36 (compatible; Googlebot/2.1; +http://www.google.com/bot.html)"
66.249.79.37 - - [15/Sep/2025:10:36:57 -0400] "GET /?p=537 HTTP/1.1" 200 13401 "-" "Mozilla/5.0 (Linux; Android 6.0.1; Nexus 5X Build/MMB29P) AppleWebKit/537.36 (KHTML, like Gecko) Chrome/140.0.7339.127 Mobile Safari/537.36 (compatible; Googlebot/2.1; +http://www.google.com/bot.html)"
66.249.79.37 - - [15/Sep/2025:10:36:57 -0400] "GET /?p=494 HTTP/1.1" 200 13626 "-" "Mozilla/5.0 (Linux; Android 6.0.1; Nexus 5X Build/MMB29P) AppleWebKit/537.36 (KHTML, like Gecko) Chrome/140.0.7339.127 Mobile Safari/537.36 (compatible; Googlebot/2.1; +http://www.google.com/bot.html)"
162.0.235.180 - - [15/Sep/2025:10:37:10 -0400] "POST /wp-cron.php?doing_wp_cron=1757947030.2023758888244628906250 HTTP/1.1" 200 0 "-" "WordPress/6.8.2; https://day-new.com"
66.249.79.37 - - [15/Sep/2025:10:37:09 -0400] "GET /?p=574 HTTP/1.1" 200 13736 "-" "Mozilla/5.0 (Linux; Android 6.0.1; Nexus 5X Build/MMB29P) AppleWebKit/537.36 (KHTML, like Gecko) Chrome/140.0.7339.127 Mobile Safari/537.36 (compatible; Googlebot/2.1; +http://www.google.com/bot.html)"
175.110.56.128 - - [15/Sep/2025:10:37:36 -0400] "GET /?p=1076 HTTP/1.1" 200 13352 "http://m.facebook.com/" "Mozilla/5.0 (Linux; Android 13; 22101316G Build/TP1A.220624.014; wv) AppleWebKit/537.36 (KHTML, like Gecko) Version/4.0 Chrome/139.0.7258.160 Mobile Safari/537.36 [FB_IAB/FB4A;FBAV/524.0.0.44.109;]"
175.110.56.128 - - [15/Sep/2025:10:37:37 -0400] "GET /wp-includes/css/dist/block-library/style-rtl.min.css?ver=6.8.2 HTTP/1.1" 200 14312 "https://day-new.com/?p=1076" "Mozilla/5.0 (Linux; Android 13; 22101316G Build/TP1A.220624.014; wv) AppleWebKit/537.36 (KHTML, like Gecko) Version/4.0 Chrome/139.0.7258.160 Mobile Safari/537.36 [FB_IAB/FB4A;FBAV/524.0.0.44.109;]"
175.110.56.128 - - [15/Sep/2025:10:37:37 -0400] "GET /wp-content/plugins/contact-form-7/includes/css/styles.css?ver=5.8 HTTP/1.1" 200 878 "https://day-new.com/?p=1076" "Mozilla/5.0 (Linux; Android 13; 22101316G Build/TP1A.220624.014; wv) AppleWebKit/537.36 (KHTML, like Gecko) Version/4.0 Chrome/139.0.7258.160 Mobile Safari/537.36 [FB_IAB/FB4A;FBAV/524.0.0.44.109;]"
175.110.56.128 - - [15/Sep/2025:10:37:37 -0400] "GET /wp-content/themes/newsplus/assets/css/bootstrap.min.css?ver=37.00 HTTP/1.1" 200 17696 "https://day-new.com/?p=1076" "Mozilla/5.0 (Linux; Android 13; 22101316G Build/TP1A.220624.014; wv) AppleWebKit/537.36 (KHTML, like Gecko) Version/4.0 Chrome/139.0.7258.160 Mobile Safari/537.36 [FB_IAB/FB4A;FBAV/524.0.0.44.109;]"
175.110.56.128 - - [15/Sep/2025:10:37:37 -0400] "GET /wp-content/plugins/contact-form-7/includes/css/styles-rtl.css?ver=5.8 HTTP/1.1" 200 152 "https://day-new.com/?p=1076" "Mozilla/5.0 (Linux; Android 13; 22101316G Build/TP1A.220624.014; wv) AppleWebKit/537.36 (KHTML, like Gecko) Version/4.0 Chrome/139.0.7258.160 Mobile Safari/537.36 [FB_IAB/FB4A;FBAV/524.0.0.44.109;]"
175.110.56.128 - - [15/Sep/2025:10:37:37 -0400] "GET /wp-content/themes/newsplus/assets/fonts/fonts.css?ver=37.00 HTTP/1.1" 200 335 "https://day-new.com/?p=1076" "Mozilla/5.0 (Linux; Android 13; 22101316G Build/TP1A.220624.014; wv) AppleWebKit/537.36 (KHTML, like Gecko) Version/4.0 Chrome/139.0.7258.160 Mobile Safari/537.36 [FB_IAB/FB4A;FBAV/524.0.0.44.109;]"
175.110.56.128 - - [15/Sep/2025:10:37:37 -0400] "GET /wp-content/themes/newsplus/style.css?ver=37.00 HTTP/1.1" 200 7414 "https://day-new.com/?p=1076" "Mozilla/5.0 (Linux; Android 13; 22101316G Build/TP1A.220624.014; wv) AppleWebKit/537.36 (KHTML, like Gecko) Version/4.0 Chrome/139.0.7258.160 Mobile Safari/537.36 [FB_IAB/FB4A;FBAV/524.0.0.44.109;]"
175.110.56.128 - - [15/Sep/2025:10:37:37 -0400] "GET /wp-includes/js/jquery/jquery.min.js?ver=3.7.1 HTTP/1.1" 200 29744 "https://day-new.com/?p=1076" "Mozilla/5.0 (Linux; Android 13; 22101316G Build/TP1A.220624.014; wv) AppleWebKit/537.36 (KHTML, like Gecko) Version/4.0 Chrome/139.0.7258.160 Mobile Safari/537.36 [FB_IAB/FB4A;FBAV/524.0.0.44.109;]"
175.110.56.128 - - [15/Sep/2025:10:37:37 -0400] "GET /wp-includes/js/jquery/jquery-migrate.min.js?ver=3.4.1 HTTP/1.1" 200 4678 "https://day-new.com/?p=1076" "Mozilla/5.0 (Linux; Android 13; 22101316G Build/TP1A.220624.014; wv) AppleWebKit/537.36 (KHTML, like Gecko) Version/4.0 Chrome/139.0.7258.160 Mobile Safari/537.36 [FB_IAB/FB4A;FBAV/524.0.0.44.109;]"
175.110.56.128 - - [15/Sep/2025:10:37:37 -0400] "GET /wp-content/uploads/2023/09/8TYPHUBvPvnYqdPLGzkoERChUow.webp HTTP/1.1" 200 14162 "https://day-new.com/?p=1076" "Mozilla/5.0 (Linux; Android 13; 22101316G Build/TP1A.220624.014; wv) AppleWebKit/537.36 (KHTML, like Gecko) Version/4.0 Chrome/139.0.7258.160 Mobile Safari/537.36 [FB_IAB/FB4A;FBAV/524.0.0.44.109;]"
175.110.56.128 - - [15/Sep/2025:10:37:52 -0400] "GET /wp-content/themes/newsplus/assets/img/logo.png HTTP/1.1" 200 43754 "https://day-new.com/?p=1076" "Mozilla/5.0 (Linux; Android 13; 22101316G Build/TP1A.220624.014; wv) AppleWebKit/537.36 (KHTML, like Gecko) Version/4.0 Chrome/139.0.7258.160 Mobile Safari/537.36 [FB_IAB/FB4A;FBAV/524.0.0.44.109;]"
175.110.56.128 - - [15/Sep/2025:10:37:53 -0400] "GET /wp-content/plugins/contact-form-7/includes/swv/js/index.js?ver=5.8 HTTP/1.1" 200 3061 "https://day-new.com/?p=1076" "Mozilla/5.0 (Linux; Android 13; 22101316G Build/TP1A.220624.014; wv) AppleWebKit/537.36 (KHTML, like Gecko) Version/4.0 Chrome/139.0.7258.160 Mobile Safari/537.36 [FB_IAB/FB4A;FBAV/524.0.0.44.109;]"
175.110.56.128 - - [15/Sep/2025:10:38:00 -0400] "GET /wp-content/themes/newsplus/assets/js/main.js?ver=37.00 HTTP/1.1" 200 1317 "https://day-new.com/?p=1076" "Mozilla/5.0 (Linux; Android 13; 22101316G Build/TP1A.220624.014; wv) AppleWebKit/537.36 (KHTML, like Gecko) Version/4.0 Chrome/139.0.7258.160 Mobile Safari/537.36 [FB_IAB/FB4A;FBAV/524.0.0.44.109;]"
175.110.56.128 - - [15/Sep/2025:10:38:00 -0400] "GET /wp-includes/js/comment-reply.min.js?ver=6.8.2 HTTP/1.1" 200 1247 "https://day-new.com/?p=1076" "Mozilla/5.0 (Linux; Android 13; 22101316G Build/TP1A.220624.014; wv) AppleWebKit/537.36 (KHTML, like Gecko) Version/4.0 Chrome/139.0.7258.160 Mobile Safari/537.36 [FB_IAB/FB4A;FBAV/524.0.0.44.109;]"
162.0.235.180 - - [15/Sep/2025:10:38:00 -0400] "POST /wp-cron.php?doing_wp_cron=1757947080.9886429309844970703125 HTTP/1.1" 200 0 "-" "WordPress/6.8.2; https://day-new.com"
66.249.79.37 - - [15/Sep/2025:10:38:00 -0400] "GET /?feed=rss2&p=950 HTTP/1.1" 200 478 "-" "Mozilla/5.0 (Linux; Android 6.0.1; Nexus 5X Build/MMB29P) AppleWebKit/537.36 (KHTML, like Gecko) Chrome/140.0.7339.127 Mobile Safari/537.36 (compatible; Googlebot/2.1; +http://www.google.com/bot.html)"
66.249.79.37 - - [15/Sep/2025:10:38:01 -0400] "GET /?feed=rss2&p=235 HTTP/1.1" 200 543 "-" "Mozilla/5.0 (Linux; Android 6.0.1; Nexus 5X Build/MMB29P) AppleWebKit/537.36 (KHTML, like Gecko) Chrome/140.0.7339.127 Mobile Safari/537.36 (compatible; Googlebot/2.1; +http://www.google.com/bot.html)"
175.110.56.128 - - [15/Sep/2025:10:38:01 -0400] "GET /wp-content/uploads/2023/09/8TYPHUBvPvnYqdPLGzkoERChUow-360x200.webp HTTP/1.1" 200 7398 "https://day-new.com/?p=1076" "Mozilla/5.0 (Linux; Android 13; 22101316G Build/TP1A.220624.014; wv) AppleWebKit/537.36 (KHTML, like Gecko) Version/4.0 Chrome/139.0.7258.160 Mobile Safari/537.36 [FB_IAB/FB4A;FBAV/524.0.0.44.109;]"
175.110.56.128 - - [15/Sep/2025:10:38:01 -0400] "GET /wp-content/plugins/contact-form-7/includes/js/index.js?ver=5.8 HTTP/1.1" 200 3918 "https://day-new.com/?p=1076" "Mozilla/5.0 (Linux; Android 13; 22101316G Build/TP1A.220624.014; wv) AppleWebKit/537.36 (KHTML, like Gecko) Version/4.0 Chrome/139.0.7258.160 Mobile Safari/537.36 [FB_IAB/FB4A;FBAV/524.0.0.44.109;]"
162.0.235.180 - - [15/Sep/2025:10:38:01 -0400] "POST /wp-admin/admin-ajax.php?action=async_litespeed&nonce=b231cf5b7f&litespeed_type=imgoptm HTTP/1.1" 200 21 "-" "WordPress/6.8.2; https://day-new.com"
175.110.56.128 - - [15/Sep/2025:10:38:15 -0400] "GET /wp-content/uploads/2024/07/%D8%A7%D9%86%D8%AA%D8%AF%D8%A7%D8%A8-1-360x200.jpg HTTP/1.1" 200 5698 "https://day-new.com/?p=1076" "Mozilla/5.0 (Linux; Android 13; 22101316G Build/TP1A.220624.014; wv) AppleWebKit/537.36 (KHTML, like Gecko) Version/4.0 Chrome/139.0.7258.160 Mobile Safari/537.36 [FB_IAB/FB4A;FBAV/524.0.0.44.109;]"
175.110.56.128 - - [15/Sep/2025:10:38:15 -0400] "GET /wp-content/uploads/2024/07/%D9%A2%D9%A0%D9%A2%D9%A4%D9%A0%D9%A7%D9%A0%D9%A5_%D9%A2%D9%A1%D9%A1%D9%A2%D9%A4%D9%A7-360x200.jpg HTTP/1.1" 200 18487 "https://day-new.com/?p=1076" "Mozilla/5.0 (Linux; Android 13; 22101316G Build/TP1A.220624.014; wv) AppleWebKit/537.36 (KHTML, like Gecko) Version/4.0 Chrome/139.0.7258.160 Mobile Safari/537.36 [FB_IAB/FB4A;FBAV/524.0.0.44.109;]"
175.110.56.128 - - [15/Sep/2025:10:38:15 -0400] "GET /wp-content/uploads/2023/10/FB_IMG_1697056870482-360x200.jpg HTTP/1.1" 200 11022 "https://day-new.com/?p=1076" "Mozilla/5.0 (Linux; Android 13; 22101316G Build/TP1A.220624.014; wv) AppleWebKit/537.36 (KHTML, like Gecko) Version/4.0 Chrome/139.0.7258.160 Mobile Safari/537.36 [FB_IAB/FB4A;FBAV/524.0.0.44.109;]"
175.110.56.128 - - [15/Sep/2025:10:38:15 -0400] "GET /wp-content/uploads/2023/11/FB_IMG_1741214396310-360x200.jpg HTTP/1.1" 200 19209 "https://day-new.com/?p=1076" "Mozilla/5.0 (Linux; Android 13; 22101316G Build/TP1A.220624.014; wv) AppleWebKit/537.36 (KHTML, like Gecko) Version/4.0 Chrome/139.0.7258.160 Mobile Safari/537.36 [FB_IAB/FB4A;FBAV/524.0.0.44.109;]"
175.110.56.128 - - [15/Sep/2025:10:38:15 -0400] "GET /wp-content/uploads/2023/08/Screenshot_%D9%A2%D9%A0%D9%A2%D9%A3%D9%A0%D9%A8%D9%A0%D9%A5-%D9%A1%D9%A4%D9%A4%D9%A4%D9%A3%D9%A5_Gallery-360x200.jpg HTTP/1.1" 200 14544 "https://day-new.com/?p=1076" "Mozilla/5.0 (Linux; Android 13; 22101316G Build/TP1A.220624.014; wv) AppleWebKit/537.36 (KHTML, like Gecko) Version/4.0 Chrome/139.0.7258.160 Mobile Safari/537.36 [FB_IAB/FB4A;FBAV/524.0.0.44.109;]"
175.110.56.128 - - [15/Sep/2025:10:38:15 -0400] "GET /wp-content/uploads/2023/08/maxresdefault-56-27-01-360x200.jpeg HTTP/1.1" 200 19685 "https://day-new.com/?p=1076" "Mozilla/5.0 (Linux; Android 13; 22101316G Build/TP1A.220624.014; wv) AppleWebKit/537.36 (KHTML, like Gecko) Version/4.0 Chrome/139.0.7258.160 Mobile Safari/537.36 [FB_IAB/FB4A;FBAV/524.0.0.44.109;]"
175.110.56.128 - - [15/Sep/2025:10:38:15 -0400] "GET /wp-content/uploads/2023/06/59474_remastered-360x200.jpg HTTP/1.1" 200 14723 "https://day-new.com/?p=1076" "Mozilla/5.0 (Linux; Android 13; 22101316G Build/TP1A.220624.014; wv) AppleWebKit/537.36 (KHTML, like Gecko) Version/4.0 Chrome/139.0.7258.160 Mobile Safari/537.36 [FB_IAB/FB4A;FBAV/524.0.0.44.109;]"
175.110.56.128 - - [15/Sep/2025:10:38:15 -0400] "GET /wp-content/uploads/2023/04/Screenshot_%D9%A2%D9%A0%D9%A2%D9%A3%D9%A0%D9%A4%D9%A2%D9%A9-%D9%A0%D9%A3%D9%A1%D9%A0%D9%A2%D9%A0_Instagram-360x200.jpg HTTP/1.1" 200 10542 "https://day-new.com/?p=1076" "Mozilla/5.0 (Linux; Android 13; 22101316G Build/TP1A.220624.014; wv) AppleWebKit/537.36 (KHTML, like Gecko) Version/4.0 Chrome/139.0.7258.160 Mobile Safari/537.36 [FB_IAB/FB4A;FBAV/524.0.0.44.109;]"
175.110.56.128 - - [15/Sep/2025:10:38:15 -0400] "GET /wp-content/uploads/2023/01/IMG_4808535701-360x200.jpg HTTP/1.1" 200 19888 "https://day-new.com/?p=1076" "Mozilla/5.0 (Linux; Android 13; 22101316G Build/TP1A.220624.014; wv) AppleWebKit/537.36 (KHTML, like Gecko) Version/4.0 Chrome/139.0.7258.160 Mobile Safari/537.36 [FB_IAB/FB4A;FBAV/524.0.0.44.109;]"
175.110.56.128 - - [15/Sep/2025:10:38:19 -0400] "GET /wp-includes/js/wp-emoji-release.min.js?ver=6.8.2 HTTP/1.1" 200 4769 "https://day-new.com/?p=1076" "Mozilla/5.0 (Linux; Android 13; 22101316G Build/TP1A.220624.014; wv) AppleWebKit/537.36 (KHTML, like Gecko) Version/4.0 Chrome/139.0.7258.160 Mobile Safari/537.36 [FB_IAB/FB4A;FBAV/524.0.0.44.109;]"
47.128.120.176 - - [15/Sep/2025:10:38:25 -0400] "GET / HTTP/1.1" 200 11483 "-" "Mozilla/5.0 (Linux; Android 5.0) AppleWebKit/537.36 (KHTML, like Gecko) Mobile Safari/537.36 (compatible; Bytespider; spider-feedback@bytedance.com)"
47.128.120.176 - - [15/Sep/2025:10:38:25 -0400] "GET /wp-content/plugins/contact-form-7/includes/css/styles.css?ver=5.8 HTTP/1.1" 200 878 "https://day-new.com/" "Mozilla/5.0 (Linux; Android 5.0) AppleWebKit/537.36 (KHTML, like Gecko) Mobile Safari/537.36 (compatible; Bytespider; spider-feedback@bytedance.com)"
47.128.120.176 - - [15/Sep/2025:10:38:25 -0400] "GET /wp-includes/css/dist/block-library/style-rtl.min.css?ver=6.8.2 HTTP/1.1" 200 14312 "https://day-new.com/" "Mozilla/5.0 (Linux; Android 5.0) AppleWebKit/537.36 (KHTML, like Gecko) Mobile Safari/537.36 (compatible; Bytespider; spider-feedback@bytedance.com)"
47.128.120.176 - - [15/Sep/2025:10:38:25 -0400] "GET /wp-content/plugins/contact-form-7/includes/css/styles-rtl.css?ver=5.8 HTTP/1.1" 200 152 "https://day-new.com/" "Mozilla/5.0 (Linux; Android 5.0) AppleWebKit/537.36 (KHTML, like Gecko) Mobile Safari/537.36 (compatible; Bytespider; spider-feedback@bytedance.com)"
47.128.120.176 - - [15/Sep/2025:10:38:25 -0400] "GET /wp-content/themes/newsplus/assets/css/bootstrap.min.css?ver=37.00 HTTP/1.1" 200 17696 "https://day-new.com/" "Mozilla/5.0 (Linux; Android 5.0) AppleWebKit/537.36 (KHTML, like Gecko) Mobile Safari/537.36 (compatible; Bytespider; spider-feedback@bytedance.com)"
47.128.120.176 - - [15/Sep/2025:10:38:25 -0400] "GET /wp-content/themes/newsplus/assets/fonts/fonts.css?ver=37.00 HTTP/1.1" 200 335 "https://day-new.com/" "Mozilla/5.0 (Linux; Android 5.0) AppleWebKit/537.36 (KHTML, like Gecko) Mobile Safari/537.36 (compatible; Bytespider; spider-feedback@bytedance.com)"
47.128.120.176 - - [15/Sep/2025:10:38:25 -0400] "GET /wp-content/themes/newsplus/style.css?ver=37.00 HTTP/1.1" 200 7414 "https://day-new.com/" "Mozilla/5.0 (Linux; Android 5.0) AppleWebKit/537.36 (KHTML, like Gecko) Mobile Safari/537.36 (compatible; Bytespider; spider-feedback@bytedance.com)"
47.128.120.176 - - [15/Sep/2025:10:38:26 -0400] "GET /wp-content/themes/newsplus/assets/img/logo.png HTTP/1.1" 206 500 "https://day-new.com/" "Mozilla/5.0 (Linux; Android 5.0) AppleWebKit/537.36 (KHTML, like Gecko) Mobile Safari/537.36 (compatible; Bytespider; spider-feedback@bytedance.com)"
47.128.120.176 - - [15/Sep/2025:10:38:26 -0400] "GET /wp-content/uploads/2023/04/Screenshot_%D9%A2%D9%A0%D9%A2%D9%A3%D9%A0%D9%A4%D9%A2%D9%A9-%D9%A0%D9%A3%D9%A1%D9%A0%D9%A2%D9%A0_Instagram-360x200.jpg HTTP/1.1" 206 500 "https://day-new.com/" "Mozilla/5.0 (Linux; Android 5.0) AppleWebKit/537.36 (KHTML, like Gecko) Mobile Safari/537.36 (compatible; Bytespider; spider-feedback@bytedance.com)"
47.128.120.176 - - [15/Sep/2025:10:38:26 -0400] "GET /wp-content/uploads/2023/11/FB_IMG_1741214396310-360x200.jpg HTTP/1.1" 206 500 "https://day-new.com/" "Mozilla/5.0 (Linux; Android 5.0) AppleWebKit/537.36 (KHTML, like Gecko) Mobile Safari/537.36 (compatible; Bytespider; spider-feedback@bytedance.com)"
47.128.120.176 - - [15/Sep/2025:10:38:26 -0400] "GET /wp-content/uploads/2022/03/FB_IMG_1647115207559-360x200.jpg HTTP/1.1" 206 500 "https://day-new.com/" "Mozilla/5.0 (Linux; Android 5.0) AppleWebKit/537.36 (KHTML, like Gecko) Mobile Safari/537.36 (compatible; Bytespider; spider-feedback@bytedance.com)"
47.128.120.176 - - [15/Sep/2025:10:38:27 -0400] "GET /wp-content/uploads/2022/01/4752cfeb4a-360x200.jpg HTTP/1.1" 206 500 "https://day-new.com/" "Mozilla/5.0 (Linux; Android 5.0) AppleWebKit/537.36 (KHTML, like Gecko) Mobile Safari/537.36 (compatible; Bytespider; spider-feedback@bytedance.com)"
47.128.120.176 - - [15/Sep/2025:10:38:27 -0400] "GET /wp-content/uploads/2021/12/%D9%A2%D9%A0%D9%A2%D9%A1%D9%A1%D9%A2%D9%A1%D9%A9_%D9%A2%D9%A3%D9%A4%D9%A7%D9%A2%D9%A4-360x200.jpg HTTP/1.1" 206 500 "https://day-new.com/" "Mozilla/5.0 (Linux; Android 5.0) AppleWebKit/537.36 (KHTML, like Gecko) Mobile Safari/537.36 (compatible; Bytespider; spider-feedback@bytedance.com)"
47.128.120.176 - - [15/Sep/2025:10:38:27 -0400] "GET /wp-content/uploads/2022/03/express-360x200.png HTTP/1.1" 206 500 "https://day-new.com/" "Mozilla/5.0 (Linux; Android 5.0) AppleWebKit/537.36 (KHTML, like Gecko) Mobile Safari/537.36 (compatible; Bytespider; spider-feedback@bytedance.com)"
47.128.120.176 - - [15/Sep/2025:10:38:27 -0400] "GET /wp-content/uploads/2022/01/large_19h7eNo3JXxeWqTY-360x200.jpg HTTP/1.1" 206 500 "https://day-new.com/" "Mozilla/5.0 (Linux; Android 5.0) AppleWebKit/537.36 (KHTML, like Gecko) Mobile Safari/537.36 (compatible; Bytespider; spider-feedback@bytedance.com)"
47.128.120.176 - - [15/Sep/2025:10:38:27 -0400] "GET /wp-content/uploads/2022/02/E4o025nX0AEvV8x-360x200.jpg HTTP/1.1" 206 500 "https://day-new.com/" "Mozilla/5.0 (Linux; Android 5.0) AppleWebKit/537.36 (KHTML, like Gecko) Mobile Safari/537.36 (compatible; Bytespider; spider-feedback@bytedance.com)"
47.128.120.176 - - [15/Sep/2025:10:38:27 -0400] "GET /wp-content/uploads/2021/07/3903A-360x200.jpeg HTTP/1.1" 206 500 "https://day-new.com/" "Mozilla/5.0 (Linux; Android 5.0) AppleWebKit/537.36 (KHTML, like Gecko) Mobile Safari/537.36 (compatible; Bytespider; spider-feedback@bytedance.com)"
47.128.120.176 - - [15/Sep/2025:10:38:27 -0400] "GET /wp-content/uploads/2022/03/Aramcoooo-360x200.jpg HTTP/1.1" 206 500 "https://day-new.com/" "Mozilla/5.0 (Linux; Android 5.0) AppleWebKit/537.36 (KHTML, like Gecko) Mobile Safari/537.36 (compatible; Bytespider; spider-feedback@bytedance.com)"
47.128.120.176 - - [15/Sep/2025:10:38:27 -0400] "GET /wp-content/uploads/2021/07/25-07-21-11767624-360x200.jpg HTTP/1.1" 206 500 "https://day-new.com/" "Mozilla/5.0 (Linux; Android 5.0) AppleWebKit/537.36 (KHTML, like Gecko) Mobile Safari/537.36 (compatible; Bytespider; spider-feedback@bytedance.com)"
47.128.120.176 - - [15/Sep/2025:10:38:27 -0400] "GET /wp-content/uploads/2021/07/%D8%AD%D8%B1%D8%A8-%D9%83%D9%85%D9%8A%D9%86-%D9%84%D9%84%D8%AC%D9%8A%D8%B4-%D8%A7%D9%84%D9%8A%D9%85%D9%86%D9%8A-%D8%A7%D8%B3%D8%AA%D9%87%D8%AF%D9%81-%D9%85%D8%AC%D9%85%D9%88%D8%B9%D8%A9-%D9%85%D9%86-%D8%B9%D9%86%D8%A7%D8%B5%D8%B1-%D9%85%D9%8A%D9%84%D9%8A%D8%B4%D9%8A%D8%A7_%D8%A7%D9%84%D8%AD%D9%88%D8%AB%D9%8A-%D8%BA%D8%B1%D8%A8-%D9%85%D8%A7%D8%B1%D8%A8-1024x576-1-360x200.jpg HTTP/1.1" 206 500 "https://day-new.com/" "Mozilla/5.0 (Linux; Android 5.0) AppleWebKit/537.36 (KHTML, like Gecko) Mobile Safari/537.36 (compatible; Bytespider; spider-feedback@bytedance.com)"
47.128.120.176 - - [15/Sep/2025:10:38:27 -0400] "GET /wp-content/uploads/2021/07/arabstoday-%D9%88%D8%B2%D8%A7%D8%B1%D8%A9-%D8%A7%D9%84%D8%AF%D8%A7%D8%AE%D9%84%D9%8A%D8%A9-%D8%A7%D9%84%D9%8A%D9%85%D9%86%D9%8A%D8%A9-360x200.jpg HTTP/1.1" 206 500 "https://day-new.com/" "Mozilla/5.0 (Linux; Android 5.0) AppleWebKit/537.36 (KHTML, like Gecko) Mobile Safari/537.36 (compatible; Bytespider; spider-feedback@bytedance.com)"
47.128.120.176 - - [15/Sep/2025:10:38:27 -0400] "GET /wp-content/uploads/2021/07/Img_4567883641-360x200.png HTTP/1.1" 206 500 "https://day-new.com/" "Mozilla/5.0 (Linux; Android 5.0) AppleWebKit/537.36 (KHTML, like Gecko) Mobile Safari/537.36 (compatible; Bytespider; spider-feedback@bytedance.com)"
47.128.120.176 - - [15/Sep/2025:10:38:27 -0400] "GET /wp-content/uploads/2022/06/%D9%A2%D9%A0%D9%A2%D9%A2%D9%A0%D9%A4%D9%A2%D9%A4_%D9%A0%D9%A3%D9%A0%D9%A0%D9%A5%D9%A4-360x200.jpg HTTP/1.1" 206 500 "https://day-new.com/" "Mozilla/5.0 (Linux; Android 5.0) AppleWebKit/537.36 (KHTML, like Gecko) Mobile Safari/537.36 (compatible; Bytespider; spider-feedback@bytedance.com)"
47.128.120.176 - - [15/Sep/2025:10:38:27 -0400] "GET /wp-content/uploads/2021/09/fb_img_1628500355899.webp HTTP/1.1" 206 500 "https://day-new.com/" "Mozilla/5.0 (Linux; Android 5.0) AppleWebKit/537.36 (KHTML, like Gecko) Mobile Safari/537.36 (compatible; Bytespider; spider-feedback@bytedance.com)"
47.128.120.176 - - [15/Sep/2025:10:38:27 -0400] "GET /wp-content/uploads/2021/07/000000000-1-360x200.jpg HTTP/1.1" 206 500 "https://day-new.com/" "Mozilla/5.0 (Linux; Android 5.0) AppleWebKit/537.36 (KHTML, like Gecko) Mobile Safari/537.36 (compatible; Bytespider; spider-feedback@bytedance.com)"
47.128.120.176 - - [15/Sep/2025:10:38:27 -0400] "GET /wp-content/uploads/2021/03/2017_10_14_16_7_31_800.jpg HTTP/1.1" 206 500 "https://day-new.com/" "Mozilla/5.0 (Linux; Android 5.0) AppleWebKit/537.36 (KHTML, like Gecko) Mobile Safari/537.36 (compatible; Bytespider; spider-feedback@bytedance.com)"
47.128.120.176 - - [15/Sep/2025:10:38:27 -0400] "GET /wp-content/uploads/2022/08/%D9%A2%D9%A0%D9%A2%D9%A2%D9%A0%D9%A8%D9%A1%D9%A7_%D9%A1%D9%A0%D9%A2%D9%A4%D9%A0%D9%A0-360x200.jpg HTTP/1.1" 206 500 "https://day-new.com/" "Mozilla/5.0 (Linux; Android 5.0) AppleWebKit/537.36 (KHTML, like Gecko) Mobile Safari/537.36 (compatible; Bytespider; spider-feedback@bytedance.com)"
47.128.120.176 - - [15/Sep/2025:10:38:27 -0400] "GET /wp-content/uploads/2021/07/2019_4_29_16_1_57_955.jpg HTTP/1.1" 206 500 "https://day-new.com/" "Mozilla/5.0 (Linux; Android 5.0) AppleWebKit/537.36 (KHTML, like Gecko) Mobile Safari/537.36 (compatible; Bytespider; spider-feedback@bytedance.com)"
47.128.120.176 - - [15/Sep/2025:10:38:27 -0400] "GET /wp-content/uploads/2023/06/59474_remastered-360x200.jpg HTTP/1.1" 206 500 "https://day-new.com/" "Mozilla/5.0 (Linux; Android 5.0) AppleWebKit/537.36 (KHTML, like Gecko) Mobile Safari/537.36 (compatible; Bytespider; spider-feedback@bytedance.com)"
47.128.120.176 - - [15/Sep/2025:10:38:27 -0400] "GET /wp-content/uploads/2021/07/5955676-1860787529-%D9%A1-360x200.jpg HTTP/1.1" 206 500 "https://day-new.com/" "Mozilla/5.0 (Linux; Android 5.0) AppleWebKit/537.36 (KHTML, like Gecko) Mobile Safari/537.36 (compatible; Bytespider; spider-feedback@bytedance.com)"
47.128.120.176 - - [15/Sep/2025:10:38:27 -0400] "GET /wp-content/uploads/2022/03/618eaa524c59b76c8d5fec21-360x200.jpg HTTP/1.1" 206 500 "https://day-new.com/" "Mozilla/5.0 (Linux; Android 5.0) AppleWebKit/537.36 (KHTML, like Gecko) Mobile Safari/537.36 (compatible; Bytespider; spider-feedback@bytedance.com)"
47.128.120.176 - - [15/Sep/2025:10:38:27 -0400] "GET /wp-content/uploads/2021/03/5ee40a0a4236041519339080.jpg HTTP/1.1" 206 500 "https://day-new.com/" "Mozilla/5.0 (Linux; Android 5.0) AppleWebKit/537.36 (KHTML, like Gecko) Mobile Safari/537.36 (compatible; Bytespider; spider-feedback@bytedance.com)"
47.128.120.176 - - [15/Sep/2025:10:38:27 -0400] "GET /wp-content/uploads/2022/07/av2w4613_copy_0-1-360x200.jpg HTTP/1.1" 206 500 "https://day-new.com/" "Mozilla/5.0 (Linux; Android 5.0) AppleWebKit/537.36 (KHTML, like Gecko) Mobile Safari/537.36 (compatible; Bytespider; spider-feedback@bytedance.com)"
47.128.120.176 - - [15/Sep/2025:10:38:27 -0400] "GET /wp-content/uploads/2022/05/Screenshot_%D9%A2%D9%A0%D9%A2%D9%A2%D9%A0%D9%A5%D9%A0%D9%A2-%D9%A1%D9%A8%D9%A0%D9%A6%D9%A5%D9%A4_Facebook-360x200.jpg HTTP/1.1" 206 500 "https://day-new.com/" "Mozilla/5.0 (Linux; Android 5.0) AppleWebKit/537.36 (KHTML, like Gecko) Mobile Safari/537.36 (compatible; Bytespider; spider-feedback@bytedance.com)"
