197.45.207.128 - - [15/Sep/2025:11:12:28 -0400] "GET /wp-content/themes/newsplus/assets/img/logo.png HTTP/1.1" 200 43754 "https://day-new.com/?p=1076&fbclid=IwY2xjawM1DCpleHRuA2FlbQIxMQABHlMAR0ZWEgtmNfZPQSsz0e82rBHGCLbkc3dDjvRvn8zIRYGDPvFZZJi5QpCr_aem_i_gPawKPxHz3QcloLW3TTA" "Mozilla/5.0 (Linux; Android 15; CPH2577 Build/AP3A.240617.008; wv) AppleWebKit/537.36 (KHTML, like Gecko) Version/4.0 Chrome/140.0.7339.119 Mobile Safari/537.36 [FB_IAB/FB4A;FBAV/530.0.0.48.74;IABMV/1;]"
197.45.207.128 - - [15/Sep/2025:11:12:28 -0400] "GET /wp-content/plugins/contact-form-7/includes/swv/js/index.js?ver=5.8 HTTP/1.1" 200 3061 "https://day-new.com/?p=1076&fbclid=IwY2xjawM1DCpleHRuA2FlbQIxMQABHlMAR0ZWEgtmNfZPQSsz0e82rBHGCLbkc3dDjvRvn8zIRYGDPvFZZJi5QpCr_aem_i_gPawKPxHz3QcloLW3TTA" "Mozilla/5.0 (Linux; Android 15; CPH2577 Build/AP3A.240617.008; wv) AppleWebKit/537.36 (KHTML, like Gecko) Version/4.0 Chrome/140.0.7339.119 Mobile Safari/537.36 [FB_IAB/FB4A;FBAV/530.0.0.48.74;IABMV/1;]"
197.45.207.128 - - [15/Sep/2025:11:12:28 -0400] "GET /wp-content/plugins/contact-form-7/includes/js/index.js?ver=5.8 HTTP/1.1" 200 3918 "https://day-new.com/?p=1076&fbclid=IwY2xjawM1DCpleHRuA2FlbQIxMQABHlMAR0ZWEgtmNfZPQSsz0e82rBHGCLbkc3dDjvRvn8zIRYGDPvFZZJi5QpCr_aem_i_gPawKPxHz3QcloLW3TTA" "Mozilla/5.0 (Linux; Android 15; CPH2577 Build/AP3A.240617.008; wv) AppleWebKit/537.36 (KHTML, like Gecko) Version/4.0 Chrome/140.0.7339.119 Mobile Safari/537.36 [FB_IAB/FB4A;FBAV/530.0.0.48.74;IABMV/1;]"
197.45.207.128 - - [15/Sep/2025:11:12:28 -0400] "GET /wp-content/themes/newsplus/assets/js/main.js?ver=37.00 HTTP/1.1" 200 1317 "https://day-new.com/?p=1076&fbclid=IwY2xjawM1DCpleHRuA2FlbQIxMQABHlMAR0ZWEgtmNfZPQSsz0e82rBHGCLbkc3dDjvRvn8zIRYGDPvFZZJi5QpCr_aem_i_gPawKPxHz3QcloLW3TTA" "Mozilla/5.0 (Linux; Android 15; CPH2577 Build/AP3A.240617.008; wv) AppleWebKit/537.36 (KHTML, like Gecko) Version/4.0 Chrome/140.0.7339.119 Mobile Safari/537.36 [FB_IAB/FB4A;FBAV/530.0.0.48.74;IABMV/1;]"
197.45.207.128 - - [15/Sep/2025:11:12:29 -0400] "GET /wp-includes/js/comment-reply.min.js?ver=6.8.2 HTTP/1.1" 200 1247 "https://day-new.com/?p=1076&fbclid=IwY2xjawM1DCpleHRuA2FlbQIxMQABHlMAR0ZWEgtmNfZPQSsz0e82rBHGCLbkc3dDjvRvn8zIRYGDPvFZZJi5QpCr_aem_i_gPawKPxHz3QcloLW3TTA" "Mozilla/5.0 (Linux; Android 15; CPH2577 Build/AP3A.240617.008; wv) AppleWebKit/537.36 (KHTML, like Gecko) Version/4.0 Chrome/140.0.7339.119 Mobile Safari/537.36 [FB_IAB/FB4A;FBAV/530.0.0.48.74;IABMV/1;]"
197.45.207.128 - - [15/Sep/2025:11:12:29 -0400] "GET /wp-content/uploads/2023/09/8TYPHUBvPvnYqdPLGzkoERChUow-360x200.webp HTTP/1.1" 200 7398 "https://day-new.com/?p=1076&fbclid=IwY2xjawM1DCpleHRuA2FlbQIxMQABHlMAR0ZWEgtmNfZPQSsz0e82rBHGCLbkc3dDjvRvn8zIRYGDPvFZZJi5QpCr_aem_i_gPawKPxHz3QcloLW3TTA" "Mozilla/5.0 (Linux; Android 15; CPH2577 Build/AP3A.240617.008; wv) AppleWebKit/537.36 (KHTML, like Gecko) Version/4.0 Chrome/140.0.7339.119 Mobile Safari/537.36 [FB_IAB/FB4A;FBAV/530.0.0.48.74;IABMV/1;]"
197.45.207.128 - - [15/Sep/2025:11:12:29 -0400] "GET /wp-content/uploads/2024/07/%D8%A7%D9%86%D8%AA%D8%AF%D8%A7%D8%A8-1-360x200.jpg HTTP/1.1" 200 5698 "https://day-new.com/?p=1076&fbclid=IwY2xjawM1DCpleHRuA2FlbQIxMQABHlMAR0ZWEgtmNfZPQSsz0e82rBHGCLbkc3dDjvRvn8zIRYGDPvFZZJi5QpCr_aem_i_gPawKPxHz3QcloLW3TTA" "Mozilla/5.0 (Linux; Android 15; CPH2577 Build/AP3A.240617.008; wv) AppleWebKit/537.36 (KHTML, like Gecko) Version/4.0 Chrome/140.0.7339.119 Mobile Safari/537.36 [FB_IAB/FB4A;FBAV/530.0.0.48.74;IABMV/1;]"
197.45.207.128 - - [15/Sep/2025:11:12:29 -0400] "GET /wp-content/uploads/2024/07/%D9%A2%D9%A0%D9%A2%D9%A4%D9%A0%D9%A7%D9%A0%D9%A5_%D9%A2%D9%A1%D9%A1%D9%A2%D9%A4%D9%A7-360x200.jpg HTTP/1.1" 200 18487 "https://day-new.com/?p=1076&fbclid=IwY2xjawM1DCpleHRuA2FlbQIxMQABHlMAR0ZWEgtmNfZPQSsz0e82rBHGCLbkc3dDjvRvn8zIRYGDPvFZZJi5QpCr_aem_i_gPawKPxHz3QcloLW3TTA" "Mozilla/5.0 (Linux; Android 15; CPH2577 Build/AP3A.240617.008; wv) AppleWebKit/537.36 (KHTML, like Gecko) Version/4.0 Chrome/140.0.7339.119 Mobile Safari/537.36 [FB_IAB/FB4A;FBAV/530.0.0.48.74;IABMV/1;]"
197.45.207.128 - - [15/Sep/2025:11:12:29 -0400] "GET /wp-content/uploads/2023/11/FB_IMG_1741214396310-360x200.jpg HTTP/1.1" 200 19209 "https://day-new.com/?p=1076&fbclid=IwY2xjawM1DCpleHRuA2FlbQIxMQABHlMAR0ZWEgtmNfZPQSsz0e82rBHGCLbkc3dDjvRvn8zIRYGDPvFZZJi5QpCr_aem_i_gPawKPxHz3QcloLW3TTA" "Mozilla/5.0 (Linux; Android 15; CPH2577 Build/AP3A.240617.008; wv) AppleWebKit/537.36 (KHTML, like Gecko) Version/4.0 Chrome/140.0.7339.119 Mobile Safari/537.36 [FB_IAB/FB4A;FBAV/530.0.0.48.74;IABMV/1;]"
197.45.207.128 - - [15/Sep/2025:11:12:29 -0400] "GET /wp-content/uploads/2023/08/maxresdefault-56-27-01-360x200.jpeg HTTP/1.1" 200 19685 "https://day-new.com/?p=1076&fbclid=IwY2xjawM1DCpleHRuA2FlbQIxMQABHlMAR0ZWEgtmNfZPQSsz0e82rBHGCLbkc3dDjvRvn8zIRYGDPvFZZJi5QpCr_aem_i_gPawKPxHz3QcloLW3TTA" "Mozilla/5.0 (Linux; Android 15; CPH2577 Build/AP3A.240617.008; wv) AppleWebKit/537.36 (KHTML, like Gecko) Version/4.0 Chrome/140.0.7339.119 Mobile Safari/537.36 [FB_IAB/FB4A;FBAV/530.0.0.48.74;IABMV/1;]"
197.45.207.128 - - [15/Sep/2025:11:12:29 -0400] "GET /wp-content/uploads/2023/10/FB_IMG_1697056870482-360x200.jpg HTTP/1.1" 200 11022 "https://day-new.com/?p=1076&fbclid=IwY2xjawM1DCpleHRuA2FlbQIxMQABHlMAR0ZWEgtmNfZPQSsz0e82rBHGCLbkc3dDjvRvn8zIRYGDPvFZZJi5QpCr_aem_i_gPawKPxHz3QcloLW3TTA" "Mozilla/5.0 (Linux; Android 15; CPH2577 Build/AP3A.240617.008; wv) AppleWebKit/537.36 (KHTML, like Gecko) Version/4.0 Chrome/140.0.7339.119 Mobile Safari/537.36 [FB_IAB/FB4A;FBAV/530.0.0.48.74;IABMV/1;]"
197.45.207.128 - - [15/Sep/2025:11:12:29 -0400] "GET /wp-content/uploads/2023/08/Screenshot_%D9%A2%D9%A0%D9%A2%D9%A3%D9%A0%D9%A8%D9%A0%D9%A5-%D9%A1%D9%A4%D9%A4%D9%A4%D9%A3%D9%A5_Gallery-360x200.jpg HTTP/1.1" 200 14544 "https://day-new.com/?p=1076&fbclid=IwY2xjawM1DCpleHRuA2FlbQIxMQABHlMAR0ZWEgtmNfZPQSsz0e82rBHGCLbkc3dDjvRvn8zIRYGDPvFZZJi5QpCr_aem_i_gPawKPxHz3QcloLW3TTA" "Mozilla/5.0 (Linux; Android 15; CPH2577 Build/AP3A.240617.008; wv) AppleWebKit/537.36 (KHTML, like Gecko) Version/4.0 Chrome/140.0.7339.119 Mobile Safari/537.36 [FB_IAB/FB4A;FBAV/530.0.0.48.74;IABMV/1;]"
197.45.207.128 - - [15/Sep/2025:11:12:29 -0400] "GET /wp-content/uploads/2023/06/59474_remastered-360x200.jpg HTTP/1.1" 200 14723 "https://day-new.com/?p=1076&fbclid=IwY2xjawM1DCpleHRuA2FlbQIxMQABHlMAR0ZWEgtmNfZPQSsz0e82rBHGCLbkc3dDjvRvn8zIRYGDPvFZZJi5QpCr_aem_i_gPawKPxHz3QcloLW3TTA" "Mozilla/5.0 (Linux; Android 15; CPH2577 Build/AP3A.240617.008; wv) AppleWebKit/537.36 (KHTML, like Gecko) Version/4.0 Chrome/140.0.7339.119 Mobile Safari/537.36 [FB_IAB/FB4A;FBAV/530.0.0.48.74;IABMV/1;]"
197.45.207.128 - - [15/Sep/2025:11:12:29 -0400] "GET /wp-content/uploads/2023/04/Screenshot_%D9%A2%D9%A0%D9%A2%D9%A3%D9%A0%D9%A4%D9%A2%D9%A9-%D9%A0%D9%A3%D9%A1%D9%A0%D9%A2%D9%A0_Instagram-360x200.jpg HTTP/1.1" 200 10542 "https://day-new.com/?p=1076&fbclid=IwY2xjawM1DCpleHRuA2FlbQIxMQABHlMAR0ZWEgtmNfZPQSsz0e82rBHGCLbkc3dDjvRvn8zIRYGDPvFZZJi5QpCr_aem_i_gPawKPxHz3QcloLW3TTA" "Mozilla/5.0 (Linux; Android 15; CPH2577 Build/AP3A.240617.008; wv) AppleWebKit/537.36 (KHTML, like Gecko) Version/4.0 Chrome/140.0.7339.119 Mobile Safari/537.36 [FB_IAB/FB4A;FBAV/530.0.0.48.74;IABMV/1;]"
197.45.207.128 - - [15/Sep/2025:11:12:29 -0400] "GET /wp-content/uploads/2023/01/IMG_4808535701-360x200.jpg HTTP/1.1" 200 19888 "https://day-new.com/?p=1076&fbclid=IwY2xjawM1DCpleHRuA2FlbQIxMQABHlMAR0ZWEgtmNfZPQSsz0e82rBHGCLbkc3dDjvRvn8zIRYGDPvFZZJi5QpCr_aem_i_gPawKPxHz3QcloLW3TTA" "Mozilla/5.0 (Linux; Android 15; CPH2577 Build/AP3A.240617.008; wv) AppleWebKit/537.36 (KHTML, like Gecko) Version/4.0 Chrome/140.0.7339.119 Mobile Safari/537.36 [FB_IAB/FB4A;FBAV/530.0.0.48.74;IABMV/1;]"
197.45.207.128 - - [15/Sep/2025:11:12:29 -0400] "GET /wp-includes/js/wp-emoji-release.min.js?ver=6.8.2 HTTP/1.1" 200 4769 "https://day-new.com/?p=1076&fbclid=IwY2xjawM1DCpleHRuA2FlbQIxMQABHlMAR0ZWEgtmNfZPQSsz0e82rBHGCLbkc3dDjvRvn8zIRYGDPvFZZJi5QpCr_aem_i_gPawKPxHz3QcloLW3TTA" "Mozilla/5.0 (Linux; Android 15; CPH2577 Build/AP3A.240617.008; wv) AppleWebKit/537.36 (KHTML, like Gecko) Version/4.0 Chrome/140.0.7339.119 Mobile Safari/537.36 [FB_IAB/FB4A;FBAV/530.0.0.48.74;IABMV/1;]"
197.45.207.128 - - [15/Sep/2025:11:12:33 -0400] "GET /favicon.ico HTTP/1.1" 404 1251 "https://day-new.com/?p=1076&fbclid=IwY2xjawM1DCpleHRuA2FlbQIxMQABHlMAR0ZWEgtmNfZPQSsz0e82rBHGCLbkc3dDjvRvn8zIRYGDPvFZZJi5QpCr_aem_i_gPawKPxHz3QcloLW3TTA" "Mozilla/5.0 (Linux; Android 15; CPH2577 Build/AP3A.240617.008; wv) AppleWebKit/537.36 (KHTML, like Gecko) Version/4.0 Chrome/140.0.7339.119 Mobile Safari/537.36 [FB_IAB/FB4A;FBAV/530.0.0.48.74;IABMV/1;]"
169.224.81.208 - - [15/Sep/2025:11:12:41 -0400] "GET /?p=1120 HTTP/1.1" 200 13247 "https://day-new.com/?p=1076&fbclid=IwZXh0bgNhZW0CMTEAAR7qyKnLmViEsTZ8V_wuZaZJ3vpTh7QMbwdiXsroyl7usvvET-dOC71CNQkySg_aem_IFu4WE64dxdt69Pfq5UClQ" "Mozilla/5.0 (iPhone; CPU iPhone OS 15_8_3 like Mac OS X) AppleWebKit/605.1.15 (KHTML, like Gecko) Mobile/19H386 [FBAN/FBIOS;FBAV/492.0.0.101.111;FBBV/670308045;FBDV/iPhone9,4;FBMD/iPhone;FBSN/iOS;FBSV/15.8.3;FBSS/3;FBID/phone;FBLC/ar_AR;FBOP/5;FBRV/673677846;IABMV/1]"
169.224.81.208 - - [15/Sep/2025:11:12:41 -0400] "GET /?p=1120 HTTP/1.1" 200 13247 "https://day-new.com/?p=1076&fbclid=IwZXh0bgNhZW0CMTEAAR7qyKnLmViEsTZ8V_wuZaZJ3vpTh7QMbwdiXsroyl7usvvET-dOC71CNQkySg_aem_IFu4WE64dxdt69Pfq5UClQ" "Mozilla/5.0 (iPhone; CPU iPhone OS 15_8_3 like Mac OS X) AppleWebKit/605.1.15 (KHTML, like Gecko) Mobile/19H386 [FBAN/FBIOS;FBAV/492.0.0.101.111;FBBV/670308045;FBDV/iPhone9,4;FBMD/iPhone;FBSN/iOS;FBSV/15.8.3;FBSS/3;FBID/phone;FBLC/ar_AR;FBOP/5;FBRV/673677846;IABMV/1]"
169.224.81.208 - - [15/Sep/2025:11:12:42 -0400] "GET /wp-content/uploads/2023/11/FB_IMG_1741214396310.jpg HTTP/1.1" 200 28444 "https://day-new.com/?p=1120" "Mozilla/5.0 (iPhone; CPU iPhone OS 15_8_3 like Mac OS X) AppleWebKit/605.1.15 (KHTML, like Gecko) Mobile/19H386 [FBAN/FBIOS;FBAV/492.0.0.101.111;FBBV/670308045;FBDV/iPhone9,4;FBMD/iPhone;FBSN/iOS;FBSV/15.8.3;FBSS/3;FBID/phone;FBLC/ar_AR;FBOP/5;FBRV/673677846;IABMV/1]"
197.45.207.128 - - [15/Sep/2025:11:12:43 -0400] "GET /wp-content/themes/newsplus/assets/img/logo.png HTTP/1.1" 200 43754 "fbapp://350685531728/unknown" "[FBAN/FB4A;FBAV/530.0.0.48.74;FBBV/789633439;FBDM/{density=3.0,width=1080,height=2400};FBLC/ar_AR;FBRV/0;FBCR/e&-;FBMF/OPPO;FBBD/OPPO;FBPN/com.facebook.katana;FBDV/CPH2577;FBSV/15;FBOP/1;FBCA/arm64-v8a:;]"
197.45.207.128 - - [15/Sep/2025:11:12:43 -0400] "GET /wp-content/uploads/2023/09/8TYPHUBvPvnYqdPLGzkoERChUow.webp HTTP/1.1" 200 14162 "fbapp://350685531728/unknown" "[FBAN/FB4A;FBAV/530.0.0.48.74;FBBV/789633439;FBDM/{density=3.0,width=1080,height=2400};FBLC/ar_AR;FBRV/0;FBCR/e&-;FBMF/OPPO;FBBD/OPPO;FBPN/com.facebook.katana;FBDV/CPH2577;FBSV/15;FBOP/1;FBCA/arm64-v8a:;]"
169.224.81.208 - - [15/Sep/2025:11:12:44 -0400] "GET /?cat=11 HTTP/1.1" 200 9222 "https://day-new.com/?p=1120" "Mozilla/5.0 (iPhone; CPU iPhone OS 15_8_3 like Mac OS X) AppleWebKit/605.1.15 (KHTML, like Gecko) Mobile/19H386 [FBAN/FBIOS;FBAV/492.0.0.101.111;FBBV/670308045;FBDV/iPhone9,4;FBMD/iPhone;FBSN/iOS;FBSV/15.8.3;FBSS/3;FBID/phone;FBLC/ar_AR;FBOP/5;FBRV/673677846;IABMV/1]"
169.224.81.208 - - [15/Sep/2025:11:12:45 -0400] "GET /wp-content/uploads/2022/03/FB_IMG_1647115207559-360x200.jpg HTTP/1.1" 200 15680 "https://day-new.com/?cat=11" "Mozilla/5.0 (iPhone; CPU iPhone OS 15_8_3 like Mac OS X) AppleWebKit/605.1.15 (KHTML, like Gecko) Mobile/19H386 [FBAN/FBIOS;FBAV/492.0.0.101.111;FBBV/670308045;FBDV/iPhone9,4;FBMD/iPhone;FBSN/iOS;FBSV/15.8.3;FBSS/3;FBID/phone;FBLC/ar_AR;FBOP/5;FBRV/673677846;IABMV/1]"
169.224.81.208 - - [15/Sep/2025:11:12:45 -0400] "GET /wp-content/uploads/2023/01/b978a94ed3237670537fd06d6f07bff9-360x200.jpg HTTP/1.1" 200 5274 "https://day-new.com/?cat=11" "Mozilla/5.0 (iPhone; CPU iPhone OS 15_8_3 like Mac OS X) AppleWebKit/605.1.15 (KHTML, like Gecko) Mobile/19H386 [FBAN/FBIOS;FBAV/492.0.0.101.111;FBBV/670308045;FBDV/iPhone9,4;FBMD/iPhone;FBSN/iOS;FBSV/15.8.3;FBSS/3;FBID/phone;FBLC/ar_AR;FBOP/5;FBRV/673677846;IABMV/1]"
169.224.81.208 - - [15/Sep/2025:11:12:45 -0400] "GET /wp-content/uploads/2022/03/DrfGMSZk_400x400-321x200.jpg HTTP/1.1" 200 14453 "https://day-new.com/?cat=11" "Mozilla/5.0 (iPhone; CPU iPhone OS 15_8_3 like Mac OS X) AppleWebKit/605.1.15 (KHTML, like Gecko) Mobile/19H386 [FBAN/FBIOS;FBAV/492.0.0.101.111;FBBV/670308045;FBDV/iPhone9,4;FBMD/iPhone;FBSN/iOS;FBSV/15.8.3;FBSS/3;FBID/phone;FBLC/ar_AR;FBOP/5;FBRV/673677846;IABMV/1]"
169.224.81.208 - - [15/Sep/2025:11:12:45 -0400] "GET /wp-content/uploads/2022/03/Screenshot_%D9%A2%D9%A0%D9%A2%D9%A2%D9%A0%D9%A3%D9%A0%D9%A8-%D9%A2%D9%A3%D9%A5%D9%A9%D9%A3%D9%A7_Facebook-360x200.jpg HTTP/1.1" 200 16648 "https://day-new.com/?cat=11" "Mozilla/5.0 (iPhone; CPU iPhone OS 15_8_3 like Mac OS X) AppleWebKit/605.1.15 (KHTML, like Gecko) Mobile/19H386 [FBAN/FBIOS;FBAV/492.0.0.101.111;FBBV/670308045;FBDV/iPhone9,4;FBMD/iPhone;FBSN/iOS;FBSV/15.8.3;FBSS/3;FBID/phone;FBLC/ar_AR;FBOP/5;FBRV/673677846;IABMV/1]"
169.224.81.208 - - [15/Sep/2025:11:12:45 -0400] "GET /wp-content/uploads/2022/03/FB_IMG_1647103623274-360x200.jpg HTTP/1.1" 200 15742 "https://day-new.com/?cat=11" "Mozilla/5.0 (iPhone; CPU iPhone OS 15_8_3 like Mac OS X) AppleWebKit/605.1.15 (KHTML, like Gecko) Mobile/19H386 [FBAN/FBIOS;FBAV/492.0.0.101.111;FBBV/670308045;FBDV/iPhone9,4;FBMD/iPhone;FBSN/iOS;FBSV/15.8.3;FBSS/3;FBID/phone;FBLC/ar_AR;FBOP/5;FBRV/673677846;IABMV/1]"
162.0.235.180 - - [15/Sep/2025:11:13:56 -0400] "POST /wp-cron.php?doing_wp_cron=1757949236.0536150932312011718750 HTTP/1.1" 200 0 "-" "WordPress/6.8.2; https://day-new.com"
43.164.196.57 - - [15/Sep/2025:11:13:55 -0400] "GET /?p=980&embed=true HTTP/1.1" 200 7376 "-" "Mozilla/5.0 (iPhone; CPU iPhone OS 13_2_3 like Mac OS X) AppleWebKit/605.1.15 (KHTML, like Gecko) Version/13.0.3 Mobile/15E148 Safari/604.1"
162.0.235.180 - - [15/Sep/2025:11:13:56 -0400] "POST /wp-admin/admin-ajax.php?action=async_litespeed&nonce=b231cf5b7f&litespeed_type=imgoptm HTTP/1.1" 200 21 "-" "WordPress/6.8.2; https://day-new.com"
47.128.29.139 - - [15/Sep/2025:11:14:45 -0400] "GET /robots.txt HTTP/1.1" 404 1251 "-" "Mozilla/5.0 (Linux; Android 5.0) AppleWebKit/537.36 (KHTML, like Gecko) Mobile Safari/537.36 (compatible; Bytespider; spider-feedback@bytedance.com)"
162.0.235.180 - - [15/Sep/2025:11:14:48 -0400] "POST /wp-cron.php?doing_wp_cron=1757949288.3682320117950439453125 HTTP/1.1" 200 0 "-" "WordPress/6.8.2; https://day-new.com"
114.119.154.207 - - [15/Sep/2025:11:14:47 -0400] "GET /?paged=4&cat=10 HTTP/1.1" 200 10580 "https://day-new.com/?paged=6&cat=10" "Mozilla/5.0 (Linux; Android 7.0;) AppleWebKit/537.36 (KHTML, like Gecko) Mobile Safari/537.36 (compatible; PetalBot;+https://webmaster.petalsearch.com/site/petalbot)"
162.0.235.180 - - [15/Sep/2025:11:14:48 -0400] "POST /wp-admin/admin-ajax.php?action=async_litespeed&nonce=b231cf5b7f&litespeed_type=imgoptm HTTP/1.1" 200 21 "-" "WordPress/6.8.2; https://day-new.com"
47.20.158.182 - - [15/Sep/2025:11:18:47 -0400] "GET /robots.txt HTTP/1.1" 404 1251 "-" "Mozilla/5.0 (iPhone; CPU iPhone OS 11_0 like Mac OS X) AppleWebKit/537.36 (KHTML, like Gecko) Chrome/43.0.1336.1332 Mobile Safari/537.36"
85.208.96.199 - - [15/Sep/2025:11:19:38 -0400] "GET /robots.txt HTTP/1.1" 404 1251 "-" "Mozilla/5.0 (compatible; SemrushBot/7~bl; +http://www.semrush.com/bot.html)"
85.208.96.205 - - [15/Sep/2025:11:19:39 -0400] "GET /?cat=10 HTTP/1.1" 200 10458 "-" "Mozilla/5.0 (compatible; SemrushBot/7~bl; +http://www.semrush.com/bot.html)"
105.235.137.162 - - [15/Sep/2025:11:22:28 -0400] "GET /?p=1076&fbclid=IwY2xjawM1DoJleHRuA2FlbQIxMQABHoCxFGQ3wWcwsjTR-0Th5ZWzhuoSwiZt3MS9ZL1UC46WJd4c78utAQuOudkx_aem_sam2vGg-VqdDjIUE4OIZqw HTTP/1.1" 200 13476 "https://lm.facebook.com/" "Mozilla/5.0 (Linux; Android 11; CPH2269 Build/RP1A.200720.011; wv) AppleWebKit/537.36 (KHTML, like Gecko) Version/4.0 Chrome/139.0.7258.158 Mobile Safari/537.36 [FB_IAB/FB4A;FBAV/529.0.0.44.73;IABMV/1;]"
196.153.40.126 - - [15/Sep/2025:11:22:28 -0400] "GET /?p=1076&fbclid=IwY2xjawM1DoNleHRuA2FlbQIxMQABHj_QYxePDUO_baM3wF0tch8Lgi80RTqVSKrMW2N7bMi7V4vUEKH4cihkIbp__aem_zPMzj0CRy0bfDpgGq5lkfQ HTTP/1.1" 200 13476 "https://lm.facebook.com/" "Mozilla/5.0 (Linux; Android 13; M2101K7BG Build/TP1A.220624.014; wv) AppleWebKit/537.36 (KHTML, like Gecko) Version/4.0 Chrome/139.0.7258.160 Mobile Safari/537.36 [FB_IAB/FB4A;FBAV/528.0.0.62.74;IABMV/1;]"
105.235.137.162 - - [15/Sep/2025:11:22:28 -0400] "GET /wp-includes/css/dist/block-library/style-rtl.min.css?ver=6.8.2 HTTP/1.1" 200 14312 "https://day-new.com/?p=1076&fbclid=IwY2xjawM1DoJleHRuA2FlbQIxMQABHoCxFGQ3wWcwsjTR-0Th5ZWzhuoSwiZt3MS9ZL1UC46WJd4c78utAQuOudkx_aem_sam2vGg-VqdDjIUE4OIZqw" "Mozilla/5.0 (Linux; Android 11; CPH2269 Build/RP1A.200720.011; wv) AppleWebKit/537.36 (KHTML, like Gecko) Version/4.0 Chrome/139.0.7258.158 Mobile Safari/537.36 [FB_IAB/FB4A;FBAV/529.0.0.44.73;IABMV/1;]"
105.235.137.162 - - [15/Sep/2025:11:22:28 -0400] "GET /wp-content/plugins/contact-form-7/includes/css/styles-rtl.css?ver=5.8 HTTP/1.1" 200 152 "https://day-new.com/?p=1076&fbclid=IwY2xjawM1DoJleHRuA2FlbQIxMQABHoCxFGQ3wWcwsjTR-0Th5ZWzhuoSwiZt3MS9ZL1UC46WJd4c78utAQuOudkx_aem_sam2vGg-VqdDjIUE4OIZqw" "Mozilla/5.0 (Linux; Android 11; CPH2269 Build/RP1A.200720.011; wv) AppleWebKit/537.36 (KHTML, like Gecko) Version/4.0 Chrome/139.0.7258.158 Mobile Safari/537.36 [FB_IAB/FB4A;FBAV/529.0.0.44.73;IABMV/1;]"
105.235.137.162 - - [15/Sep/2025:11:22:28 -0400] "GET /wp-content/plugins/contact-form-7/includes/css/styles.css?ver=5.8 HTTP/1.1" 200 878 "https://day-new.com/?p=1076&fbclid=IwY2xjawM1DoJleHRuA2FlbQIxMQABHoCxFGQ3wWcwsjTR-0Th5ZWzhuoSwiZt3MS9ZL1UC46WJd4c78utAQuOudkx_aem_sam2vGg-VqdDjIUE4OIZqw" "Mozilla/5.0 (Linux; Android 11; CPH2269 Build/RP1A.200720.011; wv) AppleWebKit/537.36 (KHTML, like Gecko) Version/4.0 Chrome/139.0.7258.158 Mobile Safari/537.36 [FB_IAB/FB4A;FBAV/529.0.0.44.73;IABMV/1;]"
105.235.137.162 - - [15/Sep/2025:11:22:28 -0400] "GET /wp-content/themes/newsplus/assets/css/bootstrap.min.css?ver=37.00 HTTP/1.1" 200 17696 "https://day-new.com/?p=1076&fbclid=IwY2xjawM1DoJleHRuA2FlbQIxMQABHoCxFGQ3wWcwsjTR-0Th5ZWzhuoSwiZt3MS9ZL1UC46WJd4c78utAQuOudkx_aem_sam2vGg-VqdDjIUE4OIZqw" "Mozilla/5.0 (Linux; Android 11; CPH2269 Build/RP1A.200720.011; wv) AppleWebKit/537.36 (KHTML, like Gecko) Version/4.0 Chrome/139.0.7258.158 Mobile Safari/537.36 [FB_IAB/FB4A;FBAV/529.0.0.44.73;IABMV/1;]"
105.235.137.162 - - [15/Sep/2025:11:22:28 -0400] "GET /wp-content/themes/newsplus/assets/fonts/fonts.css?ver=37.00 HTTP/1.1" 200 335 "https://day-new.com/?p=1076&fbclid=IwY2xjawM1DoJleHRuA2FlbQIxMQABHoCxFGQ3wWcwsjTR-0Th5ZWzhuoSwiZt3MS9ZL1UC46WJd4c78utAQuOudkx_aem_sam2vGg-VqdDjIUE4OIZqw" "Mozilla/5.0 (Linux; Android 11; CPH2269 Build/RP1A.200720.011; wv) AppleWebKit/537.36 (KHTML, like Gecko) Version/4.0 Chrome/139.0.7258.158 Mobile Safari/537.36 [FB_IAB/FB4A;FBAV/529.0.0.44.73;IABMV/1;]"
105.235.137.162 - - [15/Sep/2025:11:22:28 -0400] "GET /wp-content/themes/newsplus/style.css?ver=37.00 HTTP/1.1" 200 7414 "https://day-new.com/?p=1076&fbclid=IwY2xjawM1DoJleHRuA2FlbQIxMQABHoCxFGQ3wWcwsjTR-0Th5ZWzhuoSwiZt3MS9ZL1UC46WJd4c78utAQuOudkx_aem_sam2vGg-VqdDjIUE4OIZqw" "Mozilla/5.0 (Linux; Android 11; CPH2269 Build/RP1A.200720.011; wv) AppleWebKit/537.36 (KHTML, like Gecko) Version/4.0 Chrome/139.0.7258.158 Mobile Safari/537.36 [FB_IAB/FB4A;FBAV/529.0.0.44.73;IABMV/1;]"
105.235.137.162 - - [15/Sep/2025:11:22:28 -0400] "GET /wp-includes/js/jquery/jquery-migrate.min.js?ver=3.4.1 HTTP/1.1" 200 4678 "https://day-new.com/?p=1076&fbclid=IwY2xjawM1DoJleHRuA2FlbQIxMQABHoCxFGQ3wWcwsjTR-0Th5ZWzhuoSwiZt3MS9ZL1UC46WJd4c78utAQuOudkx_aem_sam2vGg-VqdDjIUE4OIZqw" "Mozilla/5.0 (Linux; Android 11; CPH2269 Build/RP1A.200720.011; wv) AppleWebKit/537.36 (KHTML, like Gecko) Version/4.0 Chrome/139.0.7258.158 Mobile Safari/537.36 [FB_IAB/FB4A;FBAV/529.0.0.44.73;IABMV/1;]"
105.235.137.162 - - [15/Sep/2025:11:22:28 -0400] "GET /wp-includes/js/jquery/jquery.min.js?ver=3.7.1 HTTP/1.1" 200 29744 "https://day-new.com/?p=1076&fbclid=IwY2xjawM1DoJleHRuA2FlbQIxMQABHoCxFGQ3wWcwsjTR-0Th5ZWzhuoSwiZt3MS9ZL1UC46WJd4c78utAQuOudkx_aem_sam2vGg-VqdDjIUE4OIZqw" "Mozilla/5.0 (Linux; Android 11; CPH2269 Build/RP1A.200720.011; wv) AppleWebKit/537.36 (KHTML, like Gecko) Version/4.0 Chrome/139.0.7258.158 Mobile Safari/537.36 [FB_IAB/FB4A;FBAV/529.0.0.44.73;IABMV/1;]"
105.235.137.162 - - [15/Sep/2025:11:22:28 -0400] "GET /wp-content/uploads/2023/09/8TYPHUBvPvnYqdPLGzkoERChUow.webp HTTP/1.1" 200 14162 "https://day-new.com/?p=1076&fbclid=IwY2xjawM1DoJleHRuA2FlbQIxMQABHoCxFGQ3wWcwsjTR-0Th5ZWzhuoSwiZt3MS9ZL1UC46WJd4c78utAQuOudkx_aem_sam2vGg-VqdDjIUE4OIZqw" "Mozilla/5.0 (Linux; Android 11; CPH2269 Build/RP1A.200720.011; wv) AppleWebKit/537.36 (KHTML, like Gecko) Version/4.0 Chrome/139.0.7258.158 Mobile Safari/537.36 [FB_IAB/FB4A;FBAV/529.0.0.44.73;IABMV/1;]"
196.153.40.126 - - [15/Sep/2025:11:22:28 -0400] "GET /wp-includes/css/dist/block-library/style-rtl.min.css?ver=6.8.2 HTTP/1.1" 200 14312 "https://day-new.com/?p=1076&fbclid=IwY2xjawM1DoNleHRuA2FlbQIxMQABHj_QYxePDUO_baM3wF0tch8Lgi80RTqVSKrMW2N7bMi7V4vUEKH4cihkIbp__aem_zPMzj0CRy0bfDpgGq5lkfQ" "Mozilla/5.0 (Linux; Android 13; M2101K7BG Build/TP1A.220624.014; wv) AppleWebKit/537.36 (KHTML, like Gecko) Version/4.0 Chrome/139.0.7258.160 Mobile Safari/537.36 [FB_IAB/FB4A;FBAV/528.0.0.62.74;IABMV/1;]"
196.153.40.126 - - [15/Sep/2025:11:22:28 -0400] "GET /wp-content/plugins/contact-form-7/includes/css/styles.css?ver=5.8 HTTP/1.1" 200 878 "https://day-new.com/?p=1076&fbclid=IwY2xjawM1DoNleHRuA2FlbQIxMQABHj_QYxePDUO_baM3wF0tch8Lgi80RTqVSKrMW2N7bMi7V4vUEKH4cihkIbp__aem_zPMzj0CRy0bfDpgGq5lkfQ" "Mozilla/5.0 (Linux; Android 13; M2101K7BG Build/TP1A.220624.014; wv) AppleWebKit/537.36 (KHTML, like Gecko) Version/4.0 Chrome/139.0.7258.160 Mobile Safari/537.36 [FB_IAB/FB4A;FBAV/528.0.0.62.74;IABMV/1;]"
196.153.40.126 - - [15/Sep/2025:11:22:28 -0400] "GET /wp-content/plugins/contact-form-7/includes/css/styles-rtl.css?ver=5.8 HTTP/1.1" 200 152 "https://day-new.com/?p=1076&fbclid=IwY2xjawM1DoNleHRuA2FlbQIxMQABHj_QYxePDUO_baM3wF0tch8Lgi80RTqVSKrMW2N7bMi7V4vUEKH4cihkIbp__aem_zPMzj0CRy0bfDpgGq5lkfQ" "Mozilla/5.0 (Linux; Android 13; M2101K7BG Build/TP1A.220624.014; wv) AppleWebKit/537.36 (KHTML, like Gecko) Version/4.0 Chrome/139.0.7258.160 Mobile Safari/537.36 [FB_IAB/FB4A;FBAV/528.0.0.62.74;IABMV/1;]"
196.153.40.126 - - [15/Sep/2025:11:22:28 -0400] "GET /wp-content/themes/newsplus/assets/css/bootstrap.min.css?ver=37.00 HTTP/1.1" 200 17696 "https://day-new.com/?p=1076&fbclid=IwY2xjawM1DoNleHRuA2FlbQIxMQABHj_QYxePDUO_baM3wF0tch8Lgi80RTqVSKrMW2N7bMi7V4vUEKH4cihkIbp__aem_zPMzj0CRy0bfDpgGq5lkfQ" "Mozilla/5.0 (Linux; Android 13; M2101K7BG Build/TP1A.220624.014; wv) AppleWebKit/537.36 (KHTML, like Gecko) Version/4.0 Chrome/139.0.7258.160 Mobile Safari/537.36 [FB_IAB/FB4A;FBAV/528.0.0.62.74;IABMV/1;]"
196.153.40.126 - - [15/Sep/2025:11:22:28 -0400] "GET /wp-content/themes/newsplus/assets/fonts/fonts.css?ver=37.00 HTTP/1.1" 200 335 "https://day-new.com/?p=1076&fbclid=IwY2xjawM1DoNleHRuA2FlbQIxMQABHj_QYxePDUO_baM3wF0tch8Lgi80RTqVSKrMW2N7bMi7V4vUEKH4cihkIbp__aem_zPMzj0CRy0bfDpgGq5lkfQ" "Mozilla/5.0 (Linux; Android 13; M2101K7BG Build/TP1A.220624.014; wv) AppleWebKit/537.36 (KHTML, like Gecko) Version/4.0 Chrome/139.0.7258.160 Mobile Safari/537.36 [FB_IAB/FB4A;FBAV/528.0.0.62.74;IABMV/1;]"
196.153.40.126 - - [15/Sep/2025:11:22:28 -0400] "GET /wp-content/themes/newsplus/style.css?ver=37.00 HTTP/1.1" 200 7414 "https://day-new.com/?p=1076&fbclid=IwY2xjawM1DoNleHRuA2FlbQIxMQABHj_QYxePDUO_baM3wF0tch8Lgi80RTqVSKrMW2N7bMi7V4vUEKH4cihkIbp__aem_zPMzj0CRy0bfDpgGq5lkfQ" "Mozilla/5.0 (Linux; Android 13; M2101K7BG Build/TP1A.220624.014; wv) AppleWebKit/537.36 (KHTML, like Gecko) Version/4.0 Chrome/139.0.7258.160 Mobile Safari/537.36 [FB_IAB/FB4A;FBAV/528.0.0.62.74;IABMV/1;]"
196.153.40.126 - - [15/Sep/2025:11:22:28 -0400] "GET /wp-includes/js/jquery/jquery.min.js?ver=3.7.1 HTTP/1.1" 200 29744 "https://day-new.com/?p=1076&fbclid=IwY2xjawM1DoNleHRuA2FlbQIxMQABHj_QYxePDUO_baM3wF0tch8Lgi80RTqVSKrMW2N7bMi7V4vUEKH4cihkIbp__aem_zPMzj0CRy0bfDpgGq5lkfQ" "Mozilla/5.0 (Linux; Android 13; M2101K7BG Build/TP1A.220624.014; wv) AppleWebKit/537.36 (KHTML, like Gecko) Version/4.0 Chrome/139.0.7258.160 Mobile Safari/537.36 [FB_IAB/FB4A;FBAV/528.0.0.62.74;IABMV/1;]"
196.153.40.126 - - [15/Sep/2025:11:22:28 -0400] "GET /wp-includes/js/jquery/jquery-migrate.min.js?ver=3.4.1 HTTP/1.1" 200 4678 "https://day-new.com/?p=1076&fbclid=IwY2xjawM1DoNleHRuA2FlbQIxMQABHj_QYxePDUO_baM3wF0tch8Lgi80RTqVSKrMW2N7bMi7V4vUEKH4cihkIbp__aem_zPMzj0CRy0bfDpgGq5lkfQ" "Mozilla/5.0 (Linux; Android 13; M2101K7BG Build/TP1A.220624.014; wv) AppleWebKit/537.36 (KHTML, like Gecko) Version/4.0 Chrome/139.0.7258.160 Mobile Safari/537.36 [FB_IAB/FB4A;FBAV/528.0.0.62.74;IABMV/1;]"
196.153.40.126 - - [15/Sep/2025:11:22:28 -0400] "GET /wp-content/uploads/2023/09/8TYPHUBvPvnYqdPLGzkoERChUow.webp HTTP/1.1" 200 14162 "https://day-new.com/?p=1076&fbclid=IwY2xjawM1DoNleHRuA2FlbQIxMQABHj_QYxePDUO_baM3wF0tch8Lgi80RTqVSKrMW2N7bMi7V4vUEKH4cihkIbp__aem_zPMzj0CRy0bfDpgGq5lkfQ" "Mozilla/5.0 (Linux; Android 13; M2101K7BG Build/TP1A.220624.014; wv) AppleWebKit/537.36 (KHTML, like Gecko) Version/4.0 Chrome/139.0.7258.160 Mobile Safari/537.36 [FB_IAB/FB4A;FBAV/528.0.0.62.74;IABMV/1;]"
105.235.137.162 - - [15/Sep/2025:11:22:29 -0400] "GET /wp-content/themes/newsplus/assets/img/logo.png HTTP/1.1" 200 43754 "https://day-new.com/?p=1076&fbclid=IwY2xjawM1DoJleHRuA2FlbQIxMQABHoCxFGQ3wWcwsjTR-0Th5ZWzhuoSwiZt3MS9ZL1UC46WJd4c78utAQuOudkx_aem_sam2vGg-VqdDjIUE4OIZqw" "Mozilla/5.0 (Linux; Android 11; CPH2269 Build/RP1A.200720.011; wv) AppleWebKit/537.36 (KHTML, like Gecko) Version/4.0 Chrome/139.0.7258.158 Mobile Safari/537.36 [FB_IAB/FB4A;FBAV/529.0.0.44.73;IABMV/1;]"
105.235.137.162 - - [15/Sep/2025:11:22:29 -0400] "GET /wp-content/plugins/contact-form-7/includes/swv/js/index.js?ver=5.8 HTTP/1.1" 200 3061 "https://day-new.com/?p=1076&fbclid=IwY2xjawM1DoJleHRuA2FlbQIxMQABHoCxFGQ3wWcwsjTR-0Th5ZWzhuoSwiZt3MS9ZL1UC46WJd4c78utAQuOudkx_aem_sam2vGg-VqdDjIUE4OIZqw" "Mozilla/5.0 (Linux; Android 11; CPH2269 Build/RP1A.200720.011; wv) AppleWebKit/537.36 (KHTML, like Gecko) Version/4.0 Chrome/139.0.7258.158 Mobile Safari/537.36 [FB_IAB/FB4A;FBAV/529.0.0.44.73;IABMV/1;]"
105.235.137.162 - - [15/Sep/2025:11:22:29 -0400] "GET /wp-content/themes/newsplus/assets/js/main.js?ver=37.00 HTTP/1.1" 200 1317 "https://day-new.com/?p=1076&fbclid=IwY2xjawM1DoJleHRuA2FlbQIxMQABHoCxFGQ3wWcwsjTR-0Th5ZWzhuoSwiZt3MS9ZL1UC46WJd4c78utAQuOudkx_aem_sam2vGg-VqdDjIUE4OIZqw" "Mozilla/5.0 (Linux; Android 11; CPH2269 Build/RP1A.200720.011; wv) AppleWebKit/537.36 (KHTML, like Gecko) Version/4.0 Chrome/139.0.7258.158 Mobile Safari/537.36 [FB_IAB/FB4A;FBAV/529.0.0.44.73;IABMV/1;]"
105.235.137.162 - - [15/Sep/2025:11:22:29 -0400] "GET /wp-content/plugins/contact-form-7/includes/js/index.js?ver=5.8 HTTP/1.1" 200 3918 "https://day-new.com/?p=1076&fbclid=IwY2xjawM1DoJleHRuA2FlbQIxMQABHoCxFGQ3wWcwsjTR-0Th5ZWzhuoSwiZt3MS9ZL1UC46WJd4c78utAQuOudkx_aem_sam2vGg-VqdDjIUE4OIZqw" "Mozilla/5.0 (Linux; Android 11; CPH2269 Build/RP1A.200720.011; wv) AppleWebKit/537.36 (KHTML, like Gecko) Version/4.0 Chrome/139.0.7258.158 Mobile Safari/537.36 [FB_IAB/FB4A;FBAV/529.0.0.44.73;IABMV/1;]"
196.153.40.126 - - [15/Sep/2025:11:22:29 -0400] "GET /wp-content/themes/newsplus/assets/img/logo.png HTTP/1.1" 200 43754 "https://day-new.com/?p=1076&fbclid=IwY2xjawM1DoNleHRuA2FlbQIxMQABHj_QYxePDUO_baM3wF0tch8Lgi80RTqVSKrMW2N7bMi7V4vUEKH4cihkIbp__aem_zPMzj0CRy0bfDpgGq5lkfQ" "Mozilla/5.0 (Linux; Android 13; M2101K7BG Build/TP1A.220624.014; wv) AppleWebKit/537.36 (KHTML, like Gecko) Version/4.0 Chrome/139.0.7258.160 Mobile Safari/537.36 [FB_IAB/FB4A;FBAV/528.0.0.62.74;IABMV/1;]"
196.153.40.126 - - [15/Sep/2025:11:22:29 -0400] "GET /wp-content/plugins/contact-form-7/includes/swv/js/index.js?ver=5.8 HTTP/1.1" 200 3061 "https://day-new.com/?p=1076&fbclid=IwY2xjawM1DoNleHRuA2FlbQIxMQABHj_QYxePDUO_baM3wF0tch8Lgi80RTqVSKrMW2N7bMi7V4vUEKH4cihkIbp__aem_zPMzj0CRy0bfDpgGq5lkfQ" "Mozilla/5.0 (Linux; Android 13; M2101K7BG Build/TP1A.220624.014; wv) AppleWebKit/537.36 (KHTML, like Gecko) Version/4.0 Chrome/139.0.7258.160 Mobile Safari/537.36 [FB_IAB/FB4A;FBAV/528.0.0.62.74;IABMV/1;]"
196.153.40.126 - - [15/Sep/2025:11:22:29 -0400] "GET /wp-content/plugins/contact-form-7/includes/js/index.js?ver=5.8 HTTP/1.1" 200 3918 "https://day-new.com/?p=1076&fbclid=IwY2xjawM1DoNleHRuA2FlbQIxMQABHj_QYxePDUO_baM3wF0tch8Lgi80RTqVSKrMW2N7bMi7V4vUEKH4cihkIbp__aem_zPMzj0CRy0bfDpgGq5lkfQ" "Mozilla/5.0 (Linux; Android 13; M2101K7BG Build/TP1A.220624.014; wv) AppleWebKit/537.36 (KHTML, like Gecko) Version/4.0 Chrome/139.0.7258.160 Mobile Safari/537.36 [FB_IAB/FB4A;FBAV/528.0.0.62.74;IABMV/1;]"
196.153.40.126 - - [15/Sep/2025:11:22:29 -0400] "GET /wp-content/themes/newsplus/assets/js/main.js?ver=37.00 HTTP/1.1" 200 1317 "https://day-new.com/?p=1076&fbclid=IwY2xjawM1DoNleHRuA2FlbQIxMQABHj_QYxePDUO_baM3wF0tch8Lgi80RTqVSKrMW2N7bMi7V4vUEKH4cihkIbp__aem_zPMzj0CRy0bfDpgGq5lkfQ" "Mozilla/5.0 (Linux; Android 13; M2101K7BG Build/TP1A.220624.014; wv) AppleWebKit/537.36 (KHTML, like Gecko) Version/4.0 Chrome/139.0.7258.160 Mobile Safari/537.36 [FB_IAB/FB4A;FBAV/528.0.0.62.74;IABMV/1;]"
105.235.137.162 - - [15/Sep/2025:11:22:29 -0400] "GET /wp-includes/js/comment-reply.min.js?ver=6.8.2 HTTP/1.1" 200 1247 "https://day-new.com/?p=1076&fbclid=IwY2xjawM1DoJleHRuA2FlbQIxMQABHoCxFGQ3wWcwsjTR-0Th5ZWzhuoSwiZt3MS9ZL1UC46WJd4c78utAQuOudkx_aem_sam2vGg-VqdDjIUE4OIZqw" "Mozilla/5.0 (Linux; Android 11; CPH2269 Build/RP1A.200720.011; wv) AppleWebKit/537.36 (KHTML, like Gecko) Version/4.0 Chrome/139.0.7258.158 Mobile Safari/537.36 [FB_IAB/FB4A;FBAV/529.0.0.44.73;IABMV/1;]"
196.153.40.126 - - [15/Sep/2025:11:22:29 -0400] "GET /wp-includes/js/comment-reply.min.js?ver=6.8.2 HTTP/1.1" 200 1247 "https://day-new.com/?p=1076&fbclid=IwY2xjawM1DoNleHRuA2FlbQIxMQABHj_QYxePDUO_baM3wF0tch8Lgi80RTqVSKrMW2N7bMi7V4vUEKH4cihkIbp__aem_zPMzj0CRy0bfDpgGq5lkfQ" "Mozilla/5.0 (Linux; Android 13; M2101K7BG Build/TP1A.220624.014; wv) AppleWebKit/537.36 (KHTML, like Gecko) Version/4.0 Chrome/139.0.7258.160 Mobile Safari/537.36 [FB_IAB/FB4A;FBAV/528.0.0.62.74;IABMV/1;]"
105.235.137.162 - - [15/Sep/2025:11:22:29 -0400] "GET /wp-content/uploads/2023/09/8TYPHUBvPvnYqdPLGzkoERChUow-360x200.webp HTTP/1.1" 200 7398 "https://day-new.com/?p=1076&fbclid=IwY2xjawM1DoJleHRuA2FlbQIxMQABHoCxFGQ3wWcwsjTR-0Th5ZWzhuoSwiZt3MS9ZL1UC46WJd4c78utAQuOudkx_aem_sam2vGg-VqdDjIUE4OIZqw" "Mozilla/5.0 (Linux; Android 11; CPH2269 Build/RP1A.200720.011; wv) AppleWebKit/537.36 (KHTML, like Gecko) Version/4.0 Chrome/139.0.7258.158 Mobile Safari/537.36 [FB_IAB/FB4A;FBAV/529.0.0.44.73;IABMV/1;]"
196.153.40.126 - - [15/Sep/2025:11:22:30 -0400] "GET /wp-content/uploads/2023/09/8TYPHUBvPvnYqdPLGzkoERChUow-360x200.webp HTTP/1.1" 200 7398 "https://day-new.com/?p=1076&fbclid=IwY2xjawM1DoNleHRuA2FlbQIxMQABHj_QYxePDUO_baM3wF0tch8Lgi80RTqVSKrMW2N7bMi7V4vUEKH4cihkIbp__aem_zPMzj0CRy0bfDpgGq5lkfQ" "Mozilla/5.0 (Linux; Android 13; M2101K7BG Build/TP1A.220624.014; wv) AppleWebKit/537.36 (KHTML, like Gecko) Version/4.0 Chrome/139.0.7258.160 Mobile Safari/537.36 [FB_IAB/FB4A;FBAV/528.0.0.62.74;IABMV/1;]"
105.235.137.162 - - [15/Sep/2025:11:22:30 -0400] "GET /wp-content/uploads/2024/07/%D8%A7%D9%86%D8%AA%D8%AF%D8%A7%D8%A8-1-360x200.jpg HTTP/1.1" 200 5698 "https://day-new.com/?p=1076&fbclid=IwY2xjawM1DoJleHRuA2FlbQIxMQABHoCxFGQ3wWcwsjTR-0Th5ZWzhuoSwiZt3MS9ZL1UC46WJd4c78utAQuOudkx_aem_sam2vGg-VqdDjIUE4OIZqw" "Mozilla/5.0 (Linux; Android 11; CPH2269 Build/RP1A.200720.011; wv) AppleWebKit/537.36 (KHTML, like Gecko) Version/4.0 Chrome/139.0.7258.158 Mobile Safari/537.36 [FB_IAB/FB4A;FBAV/529.0.0.44.73;IABMV/1;]"
105.235.137.162 - - [15/Sep/2025:11:22:30 -0400] "GET /wp-content/uploads/2024/07/%D9%A2%D9%A0%D9%A2%D9%A4%D9%A0%D9%A7%D9%A0%D9%A5_%D9%A2%D9%A1%D9%A1%D9%A2%D9%A4%D9%A7-360x200.jpg HTTP/1.1" 200 18487 "https://day-new.com/?p=1076&fbclid=IwY2xjawM1DoJleHRuA2FlbQIxMQABHoCxFGQ3wWcwsjTR-0Th5ZWzhuoSwiZt3MS9ZL1UC46WJd4c78utAQuOudkx_aem_sam2vGg-VqdDjIUE4OIZqw" "Mozilla/5.0 (Linux; Android 11; CPH2269 Build/RP1A.200720.011; wv) AppleWebKit/537.36 (KHTML, like Gecko) Version/4.0 Chrome/139.0.7258.158 Mobile Safari/537.36 [FB_IAB/FB4A;FBAV/529.0.0.44.73;IABMV/1;]"
105.235.137.162 - - [15/Sep/2025:11:22:30 -0400] "GET /wp-content/uploads/2023/10/FB_IMG_1697056870482-360x200.jpg HTTP/1.1" 200 11022 "https://day-new.com/?p=1076&fbclid=IwY2xjawM1DoJleHRuA2FlbQIxMQABHoCxFGQ3wWcwsjTR-0Th5ZWzhuoSwiZt3MS9ZL1UC46WJd4c78utAQuOudkx_aem_sam2vGg-VqdDjIUE4OIZqw" "Mozilla/5.0 (Linux; Android 11; CPH2269 Build/RP1A.200720.011; wv) AppleWebKit/537.36 (KHTML, like Gecko) Version/4.0 Chrome/139.0.7258.158 Mobile Safari/537.36 [FB_IAB/FB4A;FBAV/529.0.0.44.73;IABMV/1;]"
105.235.137.162 - - [15/Sep/2025:11:22:30 -0400] "GET /wp-content/uploads/2023/11/FB_IMG_1741214396310-360x200.jpg HTTP/1.1" 200 19209 "https://day-new.com/?p=1076&fbclid=IwY2xjawM1DoJleHRuA2FlbQIxMQABHoCxFGQ3wWcwsjTR-0Th5ZWzhuoSwiZt3MS9ZL1UC46WJd4c78utAQuOudkx_aem_sam2vGg-VqdDjIUE4OIZqw" "Mozilla/5.0 (Linux; Android 11; CPH2269 Build/RP1A.200720.011; wv) AppleWebKit/537.36 (KHTML, like Gecko) Version/4.0 Chrome/139.0.7258.158 Mobile Safari/537.36 [FB_IAB/FB4A;FBAV/529.0.0.44.73;IABMV/1;]"
105.235.137.162 - - [15/Sep/2025:11:22:30 -0400] "GET /wp-content/uploads/2023/08/maxresdefault-56-27-01-360x200.jpeg HTTP/1.1" 200 19685 "https://day-new.com/?p=1076&fbclid=IwY2xjawM1DoJleHRuA2FlbQIxMQABHoCxFGQ3wWcwsjTR-0Th5ZWzhuoSwiZt3MS9ZL1UC46WJd4c78utAQuOudkx_aem_sam2vGg-VqdDjIUE4OIZqw" "Mozilla/5.0 (Linux; Android 11; CPH2269 Build/RP1A.200720.011; wv) AppleWebKit/537.36 (KHTML, like Gecko) Version/4.0 Chrome/139.0.7258.158 Mobile Safari/537.36 [FB_IAB/FB4A;FBAV/529.0.0.44.73;IABMV/1;]"
105.235.137.162 - - [15/Sep/2025:11:22:30 -0400] "GET /wp-content/uploads/2023/08/Screenshot_%D9%A2%D9%A0%D9%A2%D9%A3%D9%A0%D9%A8%D9%A0%D9%A5-%D9%A1%D9%A4%D9%A4%D9%A4%D9%A3%D9%A5_Gallery-360x200.jpg HTTP/1.1" 200 14544 "https://day-new.com/?p=1076&fbclid=IwY2xjawM1DoJleHRuA2FlbQIxMQABHoCxFGQ3wWcwsjTR-0Th5ZWzhuoSwiZt3MS9ZL1UC46WJd4c78utAQuOudkx_aem_sam2vGg-VqdDjIUE4OIZqw" "Mozilla/5.0 (Linux; Android 11; CPH2269 Build/RP1A.200720.011; wv) AppleWebKit/537.36 (KHTML, like Gecko) Version/4.0 Chrome/139.0.7258.158 Mobile Safari/537.36 [FB_IAB/FB4A;FBAV/529.0.0.44.73;IABMV/1;]"
196.153.40.126 - - [15/Sep/2025:11:22:30 -0400] "GET /wp-content/uploads/2024/07/%D8%A7%D9%86%D8%AA%D8%AF%D8%A7%D8%A8-1-360x200.jpg HTTP/1.1" 200 5698 "https://day-new.com/?p=1076&fbclid=IwY2xjawM1DoNleHRuA2FlbQIxMQABHj_QYxePDUO_baM3wF0tch8Lgi80RTqVSKrMW2N7bMi7V4vUEKH4cihkIbp__aem_zPMzj0CRy0bfDpgGq5lkfQ" "Mozilla/5.0 (Linux; Android 13; M2101K7BG Build/TP1A.220624.014; wv) AppleWebKit/537.36 (KHTML, like Gecko) Version/4.0 Chrome/139.0.7258.160 Mobile Safari/537.36 [FB_IAB/FB4A;FBAV/528.0.0.62.74;IABMV/1;]"
196.153.40.126 - - [15/Sep/2025:11:22:30 -0400] "GET /wp-content/uploads/2024/07/%D9%A2%D9%A0%D9%A2%D9%A4%D9%A0%D9%A7%D9%A0%D9%A5_%D9%A2%D9%A1%D9%A1%D9%A2%D9%A4%D9%A7-360x200.jpg HTTP/1.1" 200 18487 "https://day-new.com/?p=1076&fbclid=IwY2xjawM1DoNleHRuA2FlbQIxMQABHj_QYxePDUO_baM3wF0tch8Lgi80RTqVSKrMW2N7bMi7V4vUEKH4cihkIbp__aem_zPMzj0CRy0bfDpgGq5lkfQ" "Mozilla/5.0 (Linux; Android 13; M2101K7BG Build/TP1A.220624.014; wv) AppleWebKit/537.36 (KHTML, like Gecko) Version/4.0 Chrome/139.0.7258.160 Mobile Safari/537.36 [FB_IAB/FB4A;FBAV/528.0.0.62.74;IABMV/1;]"
196.153.40.126 - - [15/Sep/2025:11:22:30 -0400] "GET /wp-content/uploads/2023/11/FB_IMG_1741214396310-360x200.jpg HTTP/1.1" 200 19209 "https://day-new.com/?p=1076&fbclid=IwY2xjawM1DoNleHRuA2FlbQIxMQABHj_QYxePDUO_baM3wF0tch8Lgi80RTqVSKrMW2N7bMi7V4vUEKH4cihkIbp__aem_zPMzj0CRy0bfDpgGq5lkfQ" "Mozilla/5.0 (Linux; Android 13; M2101K7BG Build/TP1A.220624.014; wv) AppleWebKit/537.36 (KHTML, like Gecko) Version/4.0 Chrome/139.0.7258.160 Mobile Safari/537.36 [FB_IAB/FB4A;FBAV/528.0.0.62.74;IABMV/1;]"
105.235.137.162 - - [15/Sep/2025:11:22:30 -0400] "GET /wp-content/uploads/2023/06/59474_remastered-360x200.jpg HTTP/1.1" 200 14723 "https://day-new.com/?p=1076&fbclid=IwY2xjawM1DoJleHRuA2FlbQIxMQABHoCxFGQ3wWcwsjTR-0Th5ZWzhuoSwiZt3MS9ZL1UC46WJd4c78utAQuOudkx_aem_sam2vGg-VqdDjIUE4OIZqw" "Mozilla/5.0 (Linux; Android 11; CPH2269 Build/RP1A.200720.011; wv) AppleWebKit/537.36 (KHTML, like Gecko) Version/4.0 Chrome/139.0.7258.158 Mobile Safari/537.36 [FB_IAB/FB4A;FBAV/529.0.0.44.73;IABMV/1;]"
196.153.40.126 - - [15/Sep/2025:11:22:30 -0400] "GET /wp-content/uploads/2023/10/FB_IMG_1697056870482-360x200.jpg HTTP/1.1" 200 11022 "https://day-new.com/?p=1076&fbclid=IwY2xjawM1DoNleHRuA2FlbQIxMQABHj_QYxePDUO_baM3wF0tch8Lgi80RTqVSKrMW2N7bMi7V4vUEKH4cihkIbp__aem_zPMzj0CRy0bfDpgGq5lkfQ" "Mozilla/5.0 (Linux; Android 13; M2101K7BG Build/TP1A.220624.014; wv) AppleWebKit/537.36 (KHTML, like Gecko) Version/4.0 Chrome/139.0.7258.160 Mobile Safari/537.36 [FB_IAB/FB4A;FBAV/528.0.0.62.74;IABMV/1;]"
196.153.40.126 - - [15/Sep/2025:11:22:30 -0400] "GET /wp-content/uploads/2023/08/maxresdefault-56-27-01-360x200.jpeg HTTP/1.1" 200 19685 "https://day-new.com/?p=1076&fbclid=IwY2xjawM1DoNleHRuA2FlbQIxMQABHj_QYxePDUO_baM3wF0tch8Lgi80RTqVSKrMW2N7bMi7V4vUEKH4cihkIbp__aem_zPMzj0CRy0bfDpgGq5lkfQ" "Mozilla/5.0 (Linux; Android 13; M2101K7BG Build/TP1A.220624.014; wv) AppleWebKit/537.36 (KHTML, like Gecko) Version/4.0 Chrome/139.0.7258.160 Mobile Safari/537.36 [FB_IAB/FB4A;FBAV/528.0.0.62.74;IABMV/1;]"
196.153.40.126 - - [15/Sep/2025:11:22:30 -0400] "GET /wp-content/uploads/2023/08/Screenshot_%D9%A2%D9%A0%D9%A2%D9%A3%D9%A0%D9%A8%D9%A0%D9%A5-%D9%A1%D9%A4%D9%A4%D9%A4%D9%A3%D9%A5_Gallery-360x200.jpg HTTP/1.1" 200 14544 "https://day-new.com/?p=1076&fbclid=IwY2xjawM1DoNleHRuA2FlbQIxMQABHj_QYxePDUO_baM3wF0tch8Lgi80RTqVSKrMW2N7bMi7V4vUEKH4cihkIbp__aem_zPMzj0CRy0bfDpgGq5lkfQ" "Mozilla/5.0 (Linux; Android 13; M2101K7BG Build/TP1A.220624.014; wv) AppleWebKit/537.36 (KHTML, like Gecko) Version/4.0 Chrome/139.0.7258.160 Mobile Safari/537.36 [FB_IAB/FB4A;FBAV/528.0.0.62.74;IABMV/1;]"
105.235.137.162 - - [15/Sep/2025:11:22:30 -0400] "GET /wp-content/uploads/2023/04/Screenshot_%D9%A2%D9%A0%D9%A2%D9%A3%D9%A0%D9%A4%D9%A2%D9%A9-%D9%A0%D9%A3%D9%A1%D9%A0%D9%A2%D9%A0_Instagram-360x200.jpg HTTP/1.1" 200 10542 "https://day-new.com/?p=1076&fbclid=IwY2xjawM1DoJleHRuA2FlbQIxMQABHoCxFGQ3wWcwsjTR-0Th5ZWzhuoSwiZt3MS9ZL1UC46WJd4c78utAQuOudkx_aem_sam2vGg-VqdDjIUE4OIZqw" "Mozilla/5.0 (Linux; Android 11; CPH2269 Build/RP1A.200720.011; wv) AppleWebKit/537.36 (KHTML, like Gecko) Version/4.0 Chrome/139.0.7258.158 Mobile Safari/537.36 [FB_IAB/FB4A;FBAV/529.0.0.44.73;IABMV/1;]"
196.153.40.126 - - [15/Sep/2025:11:22:30 -0400] "GET /wp-content/uploads/2023/06/59474_remastered-360x200.jpg HTTP/1.1" 200 14723 "https://day-new.com/?p=1076&fbclid=IwY2xjawM1DoNleHRuA2FlbQIxMQABHj_QYxePDUO_baM3wF0tch8Lgi80RTqVSKrMW2N7bMi7V4vUEKH4cihkIbp__aem_zPMzj0CRy0bfDpgGq5lkfQ" "Mozilla/5.0 (Linux; Android 13; M2101K7BG Build/TP1A.220624.014; wv) AppleWebKit/537.36 (KHTML, like Gecko) Version/4.0 Chrome/139.0.7258.160 Mobile Safari/537.36 [FB_IAB/FB4A;FBAV/528.0.0.62.74;IABMV/1;]"
105.235.137.162 - - [15/Sep/2025:11:22:30 -0400] "GET /wp-content/uploads/2023/01/IMG_4808535701-360x200.jpg HTTP/1.1" 200 19888 "https://day-new.com/?p=1076&fbclid=IwY2xjawM1DoJleHRuA2FlbQIxMQABHoCxFGQ3wWcwsjTR-0Th5ZWzhuoSwiZt3MS9ZL1UC46WJd4c78utAQuOudkx_aem_sam2vGg-VqdDjIUE4OIZqw" "Mozilla/5.0 (Linux; Android 11; CPH2269 Build/RP1A.200720.011; wv) AppleWebKit/537.36 (KHTML, like Gecko) Version/4.0 Chrome/139.0.7258.158 Mobile Safari/537.36 [FB_IAB/FB4A;FBAV/529.0.0.44.73;IABMV/1;]"
105.235.137.162 - - [15/Sep/2025:11:22:30 -0400] "GET /wp-includes/js/wp-emoji-release.min.js?ver=6.8.2 HTTP/1.1" 200 4769 "https://day-new.com/?p=1076&fbclid=IwY2xjawM1DoJleHRuA2FlbQIxMQABHoCxFGQ3wWcwsjTR-0Th5ZWzhuoSwiZt3MS9ZL1UC46WJd4c78utAQuOudkx_aem_sam2vGg-VqdDjIUE4OIZqw" "Mozilla/5.0 (Linux; Android 11; CPH2269 Build/RP1A.200720.011; wv) AppleWebKit/537.36 (KHTML, like Gecko) Version/4.0 Chrome/139.0.7258.158 Mobile Safari/537.36 [FB_IAB/FB4A;FBAV/529.0.0.44.73;IABMV/1;]"
196.153.40.126 - - [15/Sep/2025:11:22:30 -0400] "GET /wp-content/uploads/2023/04/Screenshot_%D9%A2%D9%A0%D9%A2%D9%A3%D9%A0%D9%A4%D9%A2%D9%A9-%D9%A0%D9%A3%D9%A1%D9%A0%D9%A2%D9%A0_Instagram-360x200.jpg HTTP/1.1" 200 10542 "https://day-new.com/?p=1076&fbclid=IwY2xjawM1DoNleHRuA2FlbQIxMQABHj_QYxePDUO_baM3wF0tch8Lgi80RTqVSKrMW2N7bMi7V4vUEKH4cihkIbp__aem_zPMzj0CRy0bfDpgGq5lkfQ" "Mozilla/5.0 (Linux; Android 13; M2101K7BG Build/TP1A.220624.014; wv) AppleWebKit/537.36 (KHTML, like Gecko) Version/4.0 Chrome/139.0.7258.160 Mobile Safari/537.36 [FB_IAB/FB4A;FBAV/528.0.0.62.74;IABMV/1;]"
196.153.40.126 - - [15/Sep/2025:11:22:30 -0400] "GET /wp-content/uploads/2023/01/IMG_4808535701-360x200.jpg HTTP/1.1" 200 19888 "https://day-new.com/?p=1076&fbclid=IwY2xjawM1DoNleHRuA2FlbQIxMQABHj_QYxePDUO_baM3wF0tch8Lgi80RTqVSKrMW2N7bMi7V4vUEKH4cihkIbp__aem_zPMzj0CRy0bfDpgGq5lkfQ" "Mozilla/5.0 (Linux; Android 13; M2101K7BG Build/TP1A.220624.014; wv) AppleWebKit/537.36 (KHTML, like Gecko) Version/4.0 Chrome/139.0.7258.160 Mobile Safari/537.36 [FB_IAB/FB4A;FBAV/528.0.0.62.74;IABMV/1;]"
196.153.40.126 - - [15/Sep/2025:11:22:30 -0400] "GET /wp-includes/js/wp-emoji-release.min.js?ver=6.8.2 HTTP/1.1" 200 4769 "https://day-new.com/?p=1076&fbclid=IwY2xjawM1DoNleHRuA2FlbQIxMQABHj_QYxePDUO_baM3wF0tch8Lgi80RTqVSKrMW2N7bMi7V4vUEKH4cihkIbp__aem_zPMzj0CRy0bfDpgGq5lkfQ" "Mozilla/5.0 (Linux; Android 13; M2101K7BG Build/TP1A.220624.014; wv) AppleWebKit/537.36 (KHTML, like Gecko) Version/4.0 Chrome/139.0.7258.160 Mobile Safari/537.36 [FB_IAB/FB4A;FBAV/528.0.0.62.74;IABMV/1;]"
156.38.55.2 - - [15/Sep/2025:11:22:34 -0400] "GET /?p=1120 HTTP/1.1" 200 13247 "http://m.facebook.com" "Mozilla/5.0 (iPhone; CPU iPhone OS 18_0 like Mac OS X) AppleWebKit/605.1.15 (KHTML, like Gecko) Mobile/22A3354 [FBAN/FBIOS;FBAV/493.0.0.55.216;FBBV/672970693;FBDV/iPhone14,2;FBMD/iPhone;FBSN/iOS;FBSV/18.0;FBSS/3;FBID/phone;FBLC/ar_AR;FBOP/5;FBRV/675526923;IABMV/1]"
156.38.55.2 - - [15/Sep/2025:11:22:35 -0400] "GET /wp-includes/css/dist/block-library/style-rtl.min.css?ver=6.8.2 HTTP/1.1" 200 14312 "https://day-new.com/?p=1120" "Mozilla/5.0 (iPhone; CPU iPhone OS 18_0 like Mac OS X) AppleWebKit/605.1.15 (KHTML, like Gecko) Mobile/22A3354 [FBAN/FBIOS;FBAV/493.0.0.55.216;FBBV/672970693;FBDV/iPhone14,2;FBMD/iPhone;FBSN/iOS;FBSV/18.0;FBSS/3;FBID/phone;FBLC/ar_AR;FBOP/5;FBRV/675526923;IABMV/1]"
156.38.55.2 - - [15/Sep/2025:11:22:35 -0400] "GET /wp-content/plugins/contact-form-7/includes/css/styles.css?ver=5.8 HTTP/1.1" 200 878 "https://day-new.com/?p=1120" "Mozilla/5.0 (iPhone; CPU iPhone OS 18_0 like Mac OS X) AppleWebKit/605.1.15 (KHTML, like Gecko) Mobile/22A3354 [FBAN/FBIOS;FBAV/493.0.0.55.216;FBBV/672970693;FBDV/iPhone14,2;FBMD/iPhone;FBSN/iOS;FBSV/18.0;FBSS/3;FBID/phone;FBLC/ar_AR;FBOP/5;FBRV/675526923;IABMV/1]"
156.38.55.2 - - [15/Sep/2025:11:22:35 -0400] "GET /wp-content/plugins/contact-form-7/includes/css/styles-rtl.css?ver=5.8 HTTP/1.1" 200 152 "https://day-new.com/?p=1120" "Mozilla/5.0 (iPhone; CPU iPhone OS 18_0 like Mac OS X) AppleWebKit/605.1.15 (KHTML, like Gecko) Mobile/22A3354 [FBAN/FBIOS;FBAV/493.0.0.55.216;FBBV/672970693;FBDV/iPhone14,2;FBMD/iPhone;FBSN/iOS;FBSV/18.0;FBSS/3;FBID/phone;FBLC/ar_AR;FBOP/5;FBRV/675526923;IABMV/1]"
156.38.55.2 - - [15/Sep/2025:11:22:35 -0400] "GET /wp-content/themes/newsplus/assets/css/bootstrap.min.css?ver=37.00 HTTP/1.1" 200 17696 "https://day-new.com/?p=1120" "Mozilla/5.0 (iPhone; CPU iPhone OS 18_0 like Mac OS X) AppleWebKit/605.1.15 (KHTML, like Gecko) Mobile/22A3354 [FBAN/FBIOS;FBAV/493.0.0.55.216;FBBV/672970693;FBDV/iPhone14,2;FBMD/iPhone;FBSN/iOS;FBSV/18.0;FBSS/3;FBID/phone;FBLC/ar_AR;FBOP/5;FBRV/675526923;IABMV/1]"
156.38.55.2 - - [15/Sep/2025:11:22:35 -0400] "GET /wp-content/themes/newsplus/assets/fonts/fonts.css?ver=37.00 HTTP/1.1" 200 335 "https://day-new.com/?p=1120" "Mozilla/5.0 (iPhone; CPU iPhone OS 18_0 like Mac OS X) AppleWebKit/605.1.15 (KHTML, like Gecko) Mobile/22A3354 [FBAN/FBIOS;FBAV/493.0.0.55.216;FBBV/672970693;FBDV/iPhone14,2;FBMD/iPhone;FBSN/iOS;FBSV/18.0;FBSS/3;FBID/phone;FBLC/ar_AR;FBOP/5;FBRV/675526923;IABMV/1]"
156.38.55.2 - - [15/Sep/2025:11:22:35 -0400] "GET /wp-content/themes/newsplus/style.css?ver=37.00 HTTP/1.1" 200 7414 "https://day-new.com/?p=1120" "Mozilla/5.0 (iPhone; CPU iPhone OS 18_0 like Mac OS X) AppleWebKit/605.1.15 (KHTML, like Gecko) Mobile/22A3354 [FBAN/FBIOS;FBAV/493.0.0.55.216;FBBV/672970693;FBDV/iPhone14,2;FBMD/iPhone;FBSN/iOS;FBSV/18.0;FBSS/3;FBID/phone;FBLC/ar_AR;FBOP/5;FBRV/675526923;IABMV/1]"
156.38.55.2 - - [15/Sep/2025:11:22:35 -0400] "GET /wp-includes/js/jquery/jquery.min.js?ver=3.7.1 HTTP/1.1" 200 29744 "https://day-new.com/?p=1120" "Mozilla/5.0 (iPhone; CPU iPhone OS 18_0 like Mac OS X) AppleWebKit/605.1.15 (KHTML, like Gecko) Mobile/22A3354 [FBAN/FBIOS;FBAV/493.0.0.55.216;FBBV/672970693;FBDV/iPhone14,2;FBMD/iPhone;FBSN/iOS;FBSV/18.0;FBSS/3;FBID/phone;FBLC/ar_AR;FBOP/5;FBRV/675526923;IABMV/1]"
156.38.55.2 - - [15/Sep/2025:11:22:35 -0400] "GET /wp-includes/js/jquery/jquery-migrate.min.js?ver=3.4.1 HTTP/1.1" 200 4678 "https://day-new.com/?p=1120" "Mozilla/5.0 (iPhone; CPU iPhone OS 18_0 like Mac OS X) AppleWebKit/605.1.15 (KHTML, like Gecko) Mobile/22A3354 [FBAN/FBIOS;FBAV/493.0.0.55.216;FBBV/672970693;FBDV/iPhone14,2;FBMD/iPhone;FBSN/iOS;FBSV/18.0;FBSS/3;FBID/phone;FBLC/ar_AR;FBOP/5;FBRV/675526923;IABMV/1]"
156.38.55.2 - - [15/Sep/2025:11:22:35 -0400] "GET /wp-content/plugins/contact-form-7/includes/swv/js/index.js?ver=5.8 HTTP/1.1" 200 3061 "https://day-new.com/?p=1120" "Mozilla/5.0 (iPhone; CPU iPhone OS 18_0 like Mac OS X) AppleWebKit/605.1.15 (KHTML, like Gecko) Mobile/22A3354 [FBAN/FBIOS;FBAV/493.0.0.55.216;FBBV/672970693;FBDV/iPhone14,2;FBMD/iPhone;FBSN/iOS;FBSV/18.0;FBSS/3;FBID/phone;FBLC/ar_AR;FBOP/5;FBRV/675526923;IABMV/1]"
156.38.55.2 - - [15/Sep/2025:11:22:35 -0400] "GET /wp-content/plugins/contact-form-7/includes/js/index.js?ver=5.8 HTTP/1.1" 200 3918 "https://day-new.com/?p=1120" "Mozilla/5.0 (iPhone; CPU iPhone OS 18_0 like Mac OS X) AppleWebKit/605.1.15 (KHTML, like Gecko) Mobile/22A3354 [FBAN/FBIOS;FBAV/493.0.0.55.216;FBBV/672970693;FBDV/iPhone14,2;FBMD/iPhone;FBSN/iOS;FBSV/18.0;FBSS/3;FBID/phone;FBLC/ar_AR;FBOP/5;FBRV/675526923;IABMV/1]"
156.38.55.2 - - [15/Sep/2025:11:22:35 -0400] "GET /wp-includes/js/comment-reply.min.js?ver=6.8.2 HTTP/1.1" 200 1247 "https://day-new.com/?p=1120" "Mozilla/5.0 (iPhone; CPU iPhone OS 18_0 like Mac OS X) AppleWebKit/605.1.15 (KHTML, like Gecko) Mobile/22A3354 [FBAN/FBIOS;FBAV/493.0.0.55.216;FBBV/672970693;FBDV/iPhone14,2;FBMD/iPhone;FBSN/iOS;FBSV/18.0;FBSS/3;FBID/phone;FBLC/ar_AR;FBOP/5;FBRV/675526923;IABMV/1]"
156.38.55.2 - - [15/Sep/2025:11:22:35 -0400] "GET /wp-content/themes/newsplus/assets/js/main.js?ver=37.00 HTTP/1.1" 200 1317 "https://day-new.com/?p=1120" "Mozilla/5.0 (iPhone; CPU iPhone OS 18_0 like Mac OS X) AppleWebKit/605.1.15 (KHTML, like Gecko) Mobile/22A3354 [FBAN/FBIOS;FBAV/493.0.0.55.216;FBBV/672970693;FBDV/iPhone14,2;FBMD/iPhone;FBSN/iOS;FBSV/18.0;FBSS/3;FBID/phone;FBLC/ar_AR;FBOP/5;FBRV/675526923;IABMV/1]"
156.38.55.2 - - [15/Sep/2025:11:22:35 -0400] "GET /wp-content/uploads/2023/11/FB_IMG_1741214396310.jpg HTTP/1.1" 200 28444 "https://day-new.com/?p=1120" "Mozilla/5.0 (iPhone; CPU iPhone OS 18_0 like Mac OS X) AppleWebKit/605.1.15 (KHTML, like Gecko) Mobile/22A3354 [FBAN/FBIOS;FBAV/493.0.0.55.216;FBBV/672970693;FBDV/iPhone14,2;FBMD/iPhone;FBSN/iOS;FBSV/18.0;FBSS/3;FBID/phone;FBLC/ar_AR;FBOP/5;FBRV/675526923;IABMV/1]"
196.153.40.126 - - [15/Sep/2025:11:22:35 -0400] "GET /favicon.ico HTTP/1.1" 404 1251 "https://day-new.com/?p=1076&fbclid=IwY2xjawM1DoNleHRuA2FlbQIxMQABHj_QYxePDUO_baM3wF0tch8Lgi80RTqVSKrMW2N7bMi7V4vUEKH4cihkIbp__aem_zPMzj0CRy0bfDpgGq5lkfQ" "Mozilla/5.0 (Linux; Android 13; M2101K7BG Build/TP1A.220624.014; wv) AppleWebKit/537.36 (KHTML, like Gecko) Version/4.0 Chrome/139.0.7258.160 Mobile Safari/537.36 [FB_IAB/FB4A;FBAV/528.0.0.62.74;IABMV/1;]"
156.38.55.2 - - [15/Sep/2025:11:22:36 -0400] "GET /wp-content/themes/newsplus/assets/img/logo.png HTTP/1.1" 200 43754 "https://day-new.com/?p=1120" "Mozilla/5.0 (iPhone; CPU iPhone OS 18_0 like Mac OS X) AppleWebKit/605.1.15 (KHTML, like Gecko) Mobile/22A3354 [FBAN/FBIOS;FBAV/493.0.0.55.216;FBBV/672970693;FBDV/iPhone14,2;FBMD/iPhone;FBSN/iOS;FBSV/18.0;FBSS/3;FBID/phone;FBLC/ar_AR;FBOP/5;FBRV/675526923;IABMV/1]"
156.38.55.2 - - [15/Sep/2025:11:22:36 -0400] "GET /wp-content/uploads/2023/11/FB_IMG_1741214396310-360x200.jpg HTTP/1.1" 200 19209 "https://day-new.com/?p=1120" "Mozilla/5.0 (iPhone; CPU iPhone OS 18_0 like Mac OS X) AppleWebKit/605.1.15 (KHTML, like Gecko) Mobile/22A3354 [FBAN/FBIOS;FBAV/493.0.0.55.216;FBBV/672970693;FBDV/iPhone14,2;FBMD/iPhone;FBSN/iOS;FBSV/18.0;FBSS/3;FBID/phone;FBLC/ar_AR;FBOP/5;FBRV/675526923;IABMV/1]"
156.38.55.2 - - [15/Sep/2025:11:22:36 -0400] "GET /wp-includes/js/wp-emoji-release.min.js?ver=6.8.2 HTTP/1.1" 200 4769 "https://day-new.com/?p=1120" "Mozilla/5.0 (iPhone; CPU iPhone OS 18_0 like Mac OS X) AppleWebKit/605.1.15 (KHTML, like Gecko) Mobile/22A3354 [FBAN/FBIOS;FBAV/493.0.0.55.216;FBBV/672970693;FBDV/iPhone14,2;FBMD/iPhone;FBSN/iOS;FBSV/18.0;FBSS/3;FBID/phone;FBLC/ar_AR;FBOP/5;FBRV/675526923;IABMV/1]"
156.38.55.2 - - [15/Sep/2025:11:22:36 -0400] "GET /wp-content/uploads/2024/07/%D8%A7%D9%86%D8%AA%D8%AF%D8%A7%D8%A8-1-360x200.jpg HTTP/1.1" 200 5698 "https://day-new.com/?p=1120" "Mozilla/5.0 (iPhone; CPU iPhone OS 18_0 like Mac OS X) AppleWebKit/605.1.15 (KHTML, like Gecko) Mobile/22A3354 [FBAN/FBIOS;FBAV/493.0.0.55.216;FBBV/672970693;FBDV/iPhone14,2;FBMD/iPhone;FBSN/iOS;FBSV/18.0;FBSS/3;FBID/phone;FBLC/ar_AR;FBOP/5;FBRV/675526923;IABMV/1]"
