46.57.150.40 - - [16/Sep/2025:08:09:43 -0400] "GET /wp-content/themes/newsplus/assets/img/logo.png HTTP/1.1" 200 43754 "https://alshaer-news.com/?p=2902" "Mozilla/5.0 (Linux; Android 10; K) AppleWebKit/537.36 (KHTML, like Gecko) Chrome/138.0.0.0 Mobile Safari/537.36"
46.57.150.40 - - [16/Sep/2025:08:09:43 -0400] "GET /wp-includes/js/dist/hooks.min.js?ver=4d63a3d491d11ffd8ac6 HTTP/1.1" 200 1571 "https://alshaer-news.com/?p=2902" "Mozilla/5.0 (Linux; Android 10; K) AppleWebKit/537.36 (KHTML, like Gecko) Chrome/138.0.0.0 Mobile Safari/537.36"
46.57.150.40 - - [16/Sep/2025:08:09:43 -0400] "GET /wp-includes/js/dist/i18n.min.js?ver=5e580eb46a90c2b997e6 HTTP/1.1" 200 3542 "https://alshaer-news.com/?p=2902" "Mozilla/5.0 (Linux; Android 10; K) AppleWebKit/537.36 (KHTML, like Gecko) Chrome/138.0.0.0 Mobile Safari/537.36"
46.57.150.40 - - [16/Sep/2025:08:09:43 -0400] "GET /wp-content/plugins/contact-form-7/includes/swv/js/index.js?ver=6.0.6 HTTP/1.1" 200 3369 "https://alshaer-news.com/?p=2902" "Mozilla/5.0 (Linux; Android 10; K) AppleWebKit/537.36 (KHTML, like Gecko) Chrome/138.0.0.0 Mobile Safari/537.36"
46.57.150.40 - - [16/Sep/2025:08:09:43 -0400] "GET /wp-content/plugins/contact-form-7/includes/js/index.js?ver=6.0.6 HTTP/1.1" 200 4008 "https://alshaer-news.com/?p=2902" "Mozilla/5.0 (Linux; Android 10; K) AppleWebKit/537.36 (KHTML, like Gecko) Chrome/138.0.0.0 Mobile Safari/537.36"
46.57.150.40 - - [16/Sep/2025:08:09:43 -0400] "GET /wp-content/themes/newsplus/assets/js/main.js?ver=37.00 HTTP/1.1" 200 1317 "https://alshaer-news.com/?p=2902" "Mozilla/5.0 (Linux; Android 10; K) AppleWebKit/537.36 (KHTML, like Gecko) Chrome/138.0.0.0 Mobile Safari/537.36"
46.57.150.40 - - [16/Sep/2025:08:09:44 -0400] "GET /wp-content/uploads/2024/07/%D9%8A%D8%AD%D8%AF%D8%AB-%D8%A8%D8%B4%D9%83%D9%84-%D9%85%D8%AA%D9%83%D8%B1%D8%B1-360x200.jpg HTTP/1.1" 200 22426 "https://alshaer-news.com/?p=2902" "Mozilla/5.0 (Linux; Android 10; K) AppleWebKit/537.36 (KHTML, like Gecko) Chrome/138.0.0.0 Mobile Safari/537.36"
156.38.57.246 - - [16/Sep/2025:08:09:44 -0400] "GET /favicon.ico HTTP/1.1" 500 1112 "https://alshaer-news.com/?p=3014&utm_medium=social&utm_source=heylink.me" "Mozilla/5.0 (Linux; Android 13; 2201116PG Build/TKQ1.221114.001; wv) AppleWebKit/537.36 (KHTML, like Gecko) Version/4.0 Chrome/138.0.7204.176 Mobile Safari/537.36 [FB_IAB/FB4A;FBAV/524.0.0.52.44;IABMV/1;]"
46.57.150.40 - - [16/Sep/2025:08:09:44 -0400] "GET /wp-includes/js/comment-reply.min.js?ver=6.8.2 HTTP/1.1" 200 1247 "https://alshaer-news.com/?p=2902" "Mozilla/5.0 (Linux; Android 10; K) AppleWebKit/537.36 (KHTML, like Gecko) Chrome/138.0.0.0 Mobile Safari/537.36"
46.57.150.40 - - [16/Sep/2025:08:09:44 -0400] "GET /wp-content/uploads/2025/06/IMG_4412545132-360x200.jpg HTTP/1.1" 200 21437 "https://alshaer-news.com/?p=2902" "Mozilla/5.0 (Linux; Android 10; K) AppleWebKit/537.36 (KHTML, like Gecko) Chrome/138.0.0.0 Mobile Safari/537.36"
46.57.150.40 - - [16/Sep/2025:08:09:44 -0400] "GET /wp-content/uploads/2025/04/IMG_2620482203-360x200.jpg HTTP/1.1" 200 19869 "https://alshaer-news.com/?p=2902" "Mozilla/5.0 (Linux; Android 10; K) AppleWebKit/537.36 (KHTML, like Gecko) Chrome/138.0.0.0 Mobile Safari/537.36"
46.57.150.40 - - [16/Sep/2025:08:09:44 -0400] "GET /wp-content/uploads/2024/08/FB_IMG_1723739515245-360x200.jpg HTTP/1.1" 200 12051 "https://alshaer-news.com/?p=2902" "Mozilla/5.0 (Linux; Android 10; K) AppleWebKit/537.36 (KHTML, like Gecko) Chrome/138.0.0.0 Mobile Safari/537.36"
46.57.150.40 - - [16/Sep/2025:08:09:44 -0400] "GET /wp-content/uploads/2024/08/%D8%A8%D9%84%D8%AF%D9%8A%D8%A9-%D8%AA%D9%88%D9%86%D8%B3-%D8%B3%D8%A7%D8%AD%D8%A9-%D8%A7%D9%84%D9%82%D8%B5%D8%A8%D8%A9-Godong-Getty-360x200.jpg HTTP/1.1" 200 15774 "https://alshaer-news.com/?p=2902" "Mozilla/5.0 (Linux; Android 10; K) AppleWebKit/537.36 (KHTML, like Gecko) Chrome/138.0.0.0 Mobile Safari/537.36"
46.57.150.40 - - [16/Sep/2025:08:09:44 -0400] "GET /wp-content/uploads/2024/08/GettyImages-644501407_1-360x200.jpg HTTP/1.1" 200 15364 "https://alshaer-news.com/?p=2902" "Mozilla/5.0 (Linux; Android 10; K) AppleWebKit/537.36 (KHTML, like Gecko) Chrome/138.0.0.0 Mobile Safari/537.36"
46.57.150.40 - - [16/Sep/2025:08:09:44 -0400] "GET /wp-content/uploads/2024/07/%D9%A2%D9%A0%D9%A2%D9%A4%D9%A0%D9%A7%D9%A2%D9%A8_%D9%A1%D9%A1%D9%A4%D9%A5%D9%A5%D9%A3-360x200.jpg HTTP/1.1" 200 11944 "https://alshaer-news.com/?p=2902" "Mozilla/5.0 (Linux; Android 10; K) AppleWebKit/537.36 (KHTML, like Gecko) Chrome/138.0.0.0 Mobile Safari/537.36"
46.57.150.40 - - [16/Sep/2025:08:09:44 -0400] "GET /wp-content/uploads/2025/09/IMG-20250910-WA0000-360x200.jpg HTTP/1.1" 200 17269 "https://alshaer-news.com/?p=2902" "Mozilla/5.0 (Linux; Android 10; K) AppleWebKit/537.36 (KHTML, like Gecko) Chrome/138.0.0.0 Mobile Safari/537.36"
46.57.150.40 - - [16/Sep/2025:08:09:44 -0400] "GET /wp-content/uploads/2025/09/%D9%A2%D9%A0%D9%A2%D9%A5%D9%A0%D9%A9%D9%A0%D9%A9_%D9%A2%D9%A3%D9%A4%D9%A9%D9%A3%D9%A7-360x200.jpg HTTP/1.1" 200 22224 "https://alshaer-news.com/?p=2902" "Mozilla/5.0 (Linux; Android 10; K) AppleWebKit/537.36 (KHTML, like Gecko) Chrome/138.0.0.0 Mobile Safari/537.36"
46.57.150.40 - - [16/Sep/2025:08:09:44 -0400] "GET /wp-content/uploads/2025/08/IMG-20250824-WA0030-360x200.jpg HTTP/1.1" 200 15692 "https://alshaer-news.com/?p=2902" "Mozilla/5.0 (Linux; Android 10; K) AppleWebKit/537.36 (KHTML, like Gecko) Chrome/138.0.0.0 Mobile Safari/537.36"
46.57.150.40 - - [16/Sep/2025:08:09:44 -0400] "GET /wp-content/uploads/2025/07/IMG_8282480856-360x200.jpg HTTP/1.1" 200 20934 "https://alshaer-news.com/?p=2902" "Mozilla/5.0 (Linux; Android 10; K) AppleWebKit/537.36 (KHTML, like Gecko) Chrome/138.0.0.0 Mobile Safari/537.36"
46.57.150.40 - - [16/Sep/2025:08:09:44 -0400] "GET /wp-content/uploads/2025/05/FB_IMG_1746291435288-360x200.jpg HTTP/1.1" 200 16248 "https://alshaer-news.com/?p=2902" "Mozilla/5.0 (Linux; Android 10; K) AppleWebKit/537.36 (KHTML, like Gecko) Chrome/138.0.0.0 Mobile Safari/537.36"
46.57.150.40 - - [16/Sep/2025:08:09:44 -0400] "GET /wp-content/uploads/2025/02/%D9%A2%D9%A0%D9%A2%D9%A5%D9%A0%D9%A2%D9%A0%D9%A6_%D9%A2%D9%A2%D9%A4%D9%A9%D9%A0%D9%A1-360x200.jpg HTTP/1.1" 200 17316 "https://alshaer-news.com/?p=2902" "Mozilla/5.0 (Linux; Android 10; K) AppleWebKit/537.36 (KHTML, like Gecko) Chrome/138.0.0.0 Mobile Safari/537.36"
46.57.150.40 - - [16/Sep/2025:08:09:44 -0400] "GET /wp-content/uploads/2024/12/%D9%85%D8%AD%D9%85%D8%AF-%D8%A8%D9%86-%D8%B3%D9%84%D9%85%D8%A7%D9%86--360x200.jpg HTTP/1.1" 200 17160 "https://alshaer-news.com/?p=2902" "Mozilla/5.0 (Linux; Android 10; K) AppleWebKit/537.36 (KHTML, like Gecko) Chrome/138.0.0.0 Mobile Safari/537.36"
46.57.150.40 - - [16/Sep/2025:08:09:44 -0400] "GET /wp-content/uploads/2024/09/%D9%85%D8%B2%D8%A7%D8%AF-%D8%AC%D9%85%D8%A7%D8%B1%D9%83--360x200.jpg HTTP/1.1" 200 27863 "https://alshaer-news.com/?p=2902" "Mozilla/5.0 (Linux; Android 10; K) AppleWebKit/537.36 (KHTML, like Gecko) Chrome/138.0.0.0 Mobile Safari/537.36"
46.57.150.40 - - [16/Sep/2025:08:09:44 -0400] "GET /wp-includes/js/wp-emoji-release.min.js?ver=6.8.2 HTTP/1.1" 200 4769 "https://alshaer-news.com/?p=2902" "Mozilla/5.0 (Linux; Android 10; K) AppleWebKit/537.36 (KHTML, like Gecko) Chrome/138.0.0.0 Mobile Safari/537.36"
41.254.83.84 - - [16/Sep/2025:08:09:50 -0400] "GET /wp-content/uploads/2024/09/%D9%85%D8%B2%D8%A7%D8%AF-%D8%AC%D9%85%D8%A7%D8%B1%D9%83-.jpg HTTP/1.1" 200 51411 "fbapp://350685531728/unknown" "[FBAN/FB4A;FBAV/530.0.0.48.74;FBBV/789633439;FBDM/{density=3.0,width=1080,height=2105};FBLC/ar_AR;FBRV/0;FBCR/ALMADAR;FBMF/samsung;FBBD/samsung;FBPN/com.facebook.katana;FBDV/SM-N986B;FBSV/13;FBOP/1;FBCA/arm64-v8a:;]"
41.254.83.84 - - [16/Sep/2025:08:09:50 -0400] "GET /wp-content/themes/newsplus/assets/img/logo.png HTTP/1.1" 200 43754 "fbapp://350685531728/unknown" "[FBAN/FB4A;FBAV/530.0.0.48.74;FBBV/789633439;FBDM/{density=3.0,width=1080,height=2105};FBLC/ar_AR;FBRV/0;FBCR/ALMADAR;FBMF/samsung;FBBD/samsung;FBPN/com.facebook.katana;FBDV/SM-N986B;FBSV/13;FBOP/1;FBCA/arm64-v8a:;]"
156.38.57.246 - - [16/Sep/2025:08:09:55 -0400] "GET /?author=1 HTTP/1.1" 200 10718 "https://alshaer-news.com/?p=3014&utm_medium=social&utm_source=heylink.me" "Mozilla/5.0 (Linux; Android 13; 2201116PG Build/TKQ1.221114.001; wv) AppleWebKit/537.36 (KHTML, like Gecko) Version/4.0 Chrome/138.0.7204.176 Mobile Safari/537.36 [FB_IAB/FB4A;FBAV/524.0.0.52.44;IABMV/1;]"
156.38.57.246 - - [16/Sep/2025:08:09:56 -0400] "GET /favicon.ico HTTP/1.1" 500 1112 "https://alshaer-news.com/?author=1" "Mozilla/5.0 (Linux; Android 13; 2201116PG Build/TKQ1.221114.001; wv) AppleWebKit/537.36 (KHTML, like Gecko) Version/4.0 Chrome/138.0.7204.176 Mobile Safari/537.36 [FB_IAB/FB4A;FBAV/524.0.0.52.44;IABMV/1;]"
46.57.150.40 - - [16/Sep/2025:08:09:59 -0400] "GET /favicon.ico HTTP/1.1" 500 1112 "https://alshaer-news.com/?p=2902" "Mozilla/5.0 (Linux; Android 10; K) AppleWebKit/537.36 (KHTML, like Gecko) Chrome/138.0.0.0 Mobile Safari/537.36"
156.38.57.246 - - [16/Sep/2025:08:09:59 -0400] "GET /?p=3042 HTTP/1.1" 200 15256 "https://alshaer-news.com/?author=1" "Mozilla/5.0 (Linux; Android 13; 2201116PG Build/TKQ1.221114.001; wv) AppleWebKit/537.36 (KHTML, like Gecko) Version/4.0 Chrome/138.0.7204.176 Mobile Safari/537.36 [FB_IAB/FB4A;FBAV/524.0.0.52.44;IABMV/1;]"
156.38.57.246 - - [16/Sep/2025:08:10:00 -0400] "GET /wp-content/uploads/2025/09/IMG-20250910-WA0000.jpg HTTP/1.1" 200 83870 "https://alshaer-news.com/?p=3042" "Mozilla/5.0 (Linux; Android 13; 2201116PG Build/TKQ1.221114.001; wv) AppleWebKit/537.36 (KHTML, like Gecko) Version/4.0 Chrome/138.0.7204.176 Mobile Safari/537.36 [FB_IAB/FB4A;FBAV/524.0.0.52.44;IABMV/1;]"
156.38.57.246 - - [16/Sep/2025:08:10:00 -0400] "GET /wp-content/uploads/2023/08/%D9%A2%D9%A0%D9%A2%D9%A3%D9%A0%D9%A8%D9%A0%D9%A9_%D9%A0%D9%A0%D9%A3%D9%A6%D9%A1%D9%A6_remastered-360x200.jpg HTTP/1.1" 200 22325 "https://alshaer-news.com/?p=3042" "Mozilla/5.0 (Linux; Android 13; 2201116PG Build/TKQ1.221114.001; wv) AppleWebKit/537.36 (KHTML, like Gecko) Version/4.0 Chrome/138.0.7204.176 Mobile Safari/537.36 [FB_IAB/FB4A;FBAV/524.0.0.52.44;IABMV/1;]"
156.38.57.246 - - [16/Sep/2025:08:10:00 -0400] "GET /wp-content/uploads/2023/04/%D9%A2%D9%A0%D9%A2%D9%A2%D9%A0%D9%A4%D9%A2%D9%A4_%D9%A0%D9%A3%D9%A0%D9%A0%D9%A5%D9%A4-360x200.jpg HTTP/1.1" 200 20646 "https://alshaer-news.com/?p=3042" "Mozilla/5.0 (Linux; Android 13; 2201116PG Build/TKQ1.221114.001; wv) AppleWebKit/537.36 (KHTML, like Gecko) Version/4.0 Chrome/138.0.7204.176 Mobile Safari/537.36 [FB_IAB/FB4A;FBAV/524.0.0.52.44;IABMV/1;]"
156.38.57.246 - - [16/Sep/2025:08:10:00 -0400] "GET /wp-content/uploads/2023/07/Screenshot_%D9%A2%D9%A0%D9%A2%D9%A3%D9%A0%D9%A7%D9%A0%D9%A9-%D9%A1%D9%A5%D9%A2%D9%A2%D9%A1%D9%A8_Gallery-360x200.jpg HTTP/1.1" 200 27361 "https://alshaer-news.com/?p=3042" "Mozilla/5.0 (Linux; Android 13; 2201116PG Build/TKQ1.221114.001; wv) AppleWebKit/537.36 (KHTML, like Gecko) Version/4.0 Chrome/138.0.7204.176 Mobile Safari/537.36 [FB_IAB/FB4A;FBAV/524.0.0.52.44;IABMV/1;]"
156.38.57.246 - - [16/Sep/2025:08:10:00 -0400] "GET /wp-content/uploads/2023/06/maxresdefault-56-20-360x200.jpg HTTP/1.1" 200 19731 "https://alshaer-news.com/?p=3042" "Mozilla/5.0 (Linux; Android 13; 2201116PG Build/TKQ1.221114.001; wv) AppleWebKit/537.36 (KHTML, like Gecko) Version/4.0 Chrome/138.0.7204.176 Mobile Safari/537.36 [FB_IAB/FB4A;FBAV/524.0.0.52.44;IABMV/1;]"
156.38.57.246 - - [16/Sep/2025:08:10:00 -0400] "GET /wp-content/uploads/2023/06/06-10-19-806259926-360x200.jpg HTTP/1.1" 200 17643 "https://alshaer-news.com/?p=3042" "Mozilla/5.0 (Linux; Android 13; 2201116PG Build/TKQ1.221114.001; wv) AppleWebKit/537.36 (KHTML, like Gecko) Version/4.0 Chrome/138.0.7204.176 Mobile Safari/537.36 [FB_IAB/FB4A;FBAV/524.0.0.52.44;IABMV/1;]"
156.38.57.246 - - [16/Sep/2025:08:10:02 -0400] "GET /favicon.ico HTTP/1.1" 500 1112 "https://alshaer-news.com/?p=3042" "Mozilla/5.0 (Linux; Android 13; 2201116PG Build/TKQ1.221114.001; wv) AppleWebKit/537.36 (KHTML, like Gecko) Version/4.0 Chrome/138.0.7204.176 Mobile Safari/537.36 [FB_IAB/FB4A;FBAV/524.0.0.52.44;IABMV/1;]"
195.62.50.52 - - [16/Sep/2025:08:10:04 -0400] "GET /?p=3000&utm_medium=social&utm_source=heylink.me HTTP/1.1" 200 14304 "https://heylink.me/whatsappcomchannel0029Vb6nFL02v1IrjKKy3d1v/?fbclid=IwY2xjawM2Mt1leHRuA2FlbQIxMQABHqL0NxkRfbnZh4Xs4n3mRo402T44aGyto0xcxaPh1jI1Z_icV_rKDdBz54BG_aem_TNarL6X4JVl4yif165YiTQ" "Mozilla/5.0 (Linux; Android 14; 2312DRA50G Build/UKQ1.231003.002; wv) AppleWebKit/537.36 (KHTML, like Gecko) Version/4.0 Chrome/140.0.7339.119 Mobile Safari/537.36 [FB_IAB/FB4A;FBAV/530.0.0.48.74;IABMV/1;]"
195.62.50.52 - - [16/Sep/2025:08:10:06 -0400] "GET /wp-includes/css/dist/block-library/style-rtl.min.css?ver=6.8.2 HTTP/1.1" 200 14312 "https://alshaer-news.com/?p=3000&utm_medium=social&utm_source=heylink.me" "Mozilla/5.0 (Linux; Android 14; 2312DRA50G Build/UKQ1.231003.002; wv) AppleWebKit/537.36 (KHTML, like Gecko) Version/4.0 Chrome/140.0.7339.119 Mobile Safari/537.36 [FB_IAB/FB4A;FBAV/530.0.0.48.74;IABMV/1;]"
195.62.50.52 - - [16/Sep/2025:08:10:07 -0400] "GET /wp-content/plugins/contact-form-7/includes/css/styles.css?ver=6.0.6 HTTP/1.1" 200 890 "https://alshaer-news.com/?p=3000&utm_medium=social&utm_source=heylink.me" "Mozilla/5.0 (Linux; Android 14; 2312DRA50G Build/UKQ1.231003.002; wv) AppleWebKit/537.36 (KHTML, like Gecko) Version/4.0 Chrome/140.0.7339.119 Mobile Safari/537.36 [FB_IAB/FB4A;FBAV/530.0.0.48.74;IABMV/1;]"
195.62.50.52 - - [16/Sep/2025:08:10:07 -0400] "GET /wp-content/plugins/contact-form-7/includes/css/styles-rtl.css?ver=6.0.6 HTTP/1.1" 200 152 "https://alshaer-news.com/?p=3000&utm_medium=social&utm_source=heylink.me" "Mozilla/5.0 (Linux; Android 14; 2312DRA50G Build/UKQ1.231003.002; wv) AppleWebKit/537.36 (KHTML, like Gecko) Version/4.0 Chrome/140.0.7339.119 Mobile Safari/537.36 [FB_IAB/FB4A;FBAV/530.0.0.48.74;IABMV/1;]"
195.62.50.52 - - [16/Sep/2025:08:10:07 -0400] "GET /wp-content/plugins/cookie-notice/css/front.min.css?ver=2.5.6 HTTP/1.1" 200 951 "https://alshaer-news.com/?p=3000&utm_medium=social&utm_source=heylink.me" "Mozilla/5.0 (Linux; Android 14; 2312DRA50G Build/UKQ1.231003.002; wv) AppleWebKit/537.36 (KHTML, like Gecko) Version/4.0 Chrome/140.0.7339.119 Mobile Safari/537.36 [FB_IAB/FB4A;FBAV/530.0.0.48.74;IABMV/1;]"
195.62.50.52 - - [16/Sep/2025:08:10:07 -0400] "GET /wp-content/themes/newsplus/assets/css/bootstrap.min.css?ver=37.00 HTTP/1.1" 200 17696 "https://alshaer-news.com/?p=3000&utm_medium=social&utm_source=heylink.me" "Mozilla/5.0 (Linux; Android 14; 2312DRA50G Build/UKQ1.231003.002; wv) AppleWebKit/537.36 (KHTML, like Gecko) Version/4.0 Chrome/140.0.7339.119 Mobile Safari/537.36 [FB_IAB/FB4A;FBAV/530.0.0.48.74;IABMV/1;]"
195.62.50.52 - - [16/Sep/2025:08:10:07 -0400] "GET /wp-content/themes/newsplus/assets/fonts/fonts.css?ver=37.00 HTTP/1.1" 200 335 "https://alshaer-news.com/?p=3000&utm_medium=social&utm_source=heylink.me" "Mozilla/5.0 (Linux; Android 14; 2312DRA50G Build/UKQ1.231003.002; wv) AppleWebKit/537.36 (KHTML, like Gecko) Version/4.0 Chrome/140.0.7339.119 Mobile Safari/537.36 [FB_IAB/FB4A;FBAV/530.0.0.48.74;IABMV/1;]"
195.62.50.52 - - [16/Sep/2025:08:10:07 -0400] "GET /wp-content/themes/newsplus/style.css?ver=37.00 HTTP/1.1" 200 7414 "https://alshaer-news.com/?p=3000&utm_medium=social&utm_source=heylink.me" "Mozilla/5.0 (Linux; Android 14; 2312DRA50G Build/UKQ1.231003.002; wv) AppleWebKit/537.36 (KHTML, like Gecko) Version/4.0 Chrome/140.0.7339.119 Mobile Safari/537.36 [FB_IAB/FB4A;FBAV/530.0.0.48.74;IABMV/1;]"
195.62.50.52 - - [16/Sep/2025:08:10:07 -0400] "GET /wp-content/plugins/cookie-notice/js/front.min.js?ver=2.5.6 HTTP/1.1" 200 1964 "https://alshaer-news.com/?p=3000&utm_medium=social&utm_source=heylink.me" "Mozilla/5.0 (Linux; Android 14; 2312DRA50G Build/UKQ1.231003.002; wv) AppleWebKit/537.36 (KHTML, like Gecko) Version/4.0 Chrome/140.0.7339.119 Mobile Safari/537.36 [FB_IAB/FB4A;FBAV/530.0.0.48.74;IABMV/1;]"
195.62.50.52 - - [16/Sep/2025:08:10:07 -0400] "GET /wp-includes/js/jquery/jquery.min.js?ver=3.7.1 HTTP/1.1" 200 29744 "https://alshaer-news.com/?p=3000&utm_medium=social&utm_source=heylink.me" "Mozilla/5.0 (Linux; Android 14; 2312DRA50G Build/UKQ1.231003.002; wv) AppleWebKit/537.36 (KHTML, like Gecko) Version/4.0 Chrome/140.0.7339.119 Mobile Safari/537.36 [FB_IAB/FB4A;FBAV/530.0.0.48.74;IABMV/1;]"
195.62.50.52 - - [16/Sep/2025:08:10:07 -0400] "GET /wp-includes/js/jquery/jquery-migrate.min.js?ver=3.4.1 HTTP/1.1" 200 4678 "https://alshaer-news.com/?p=3000&utm_medium=social&utm_source=heylink.me" "Mozilla/5.0 (Linux; Android 14; 2312DRA50G Build/UKQ1.231003.002; wv) AppleWebKit/537.36 (KHTML, like Gecko) Version/4.0 Chrome/140.0.7339.119 Mobile Safari/537.36 [FB_IAB/FB4A;FBAV/530.0.0.48.74;IABMV/1;]"
195.62.50.52 - - [16/Sep/2025:08:10:07 -0400] "GET /wp-content/themes/newsplus/assets/img/logo.png HTTP/1.1" 200 43754 "https://alshaer-news.com/?p=3000&utm_medium=social&utm_source=heylink.me" "Mozilla/5.0 (Linux; Android 14; 2312DRA50G Build/UKQ1.231003.002; wv) AppleWebKit/537.36 (KHTML, like Gecko) Version/4.0 Chrome/140.0.7339.119 Mobile Safari/537.36 [FB_IAB/FB4A;FBAV/530.0.0.48.74;IABMV/1;]"
195.62.50.52 - - [16/Sep/2025:08:10:07 -0400] "GET /wp-includes/js/dist/hooks.min.js?ver=4d63a3d491d11ffd8ac6 HTTP/1.1" 200 1571 "https://alshaer-news.com/?p=3000&utm_medium=social&utm_source=heylink.me" "Mozilla/5.0 (Linux; Android 14; 2312DRA50G Build/UKQ1.231003.002; wv) AppleWebKit/537.36 (KHTML, like Gecko) Version/4.0 Chrome/140.0.7339.119 Mobile Safari/537.36 [FB_IAB/FB4A;FBAV/530.0.0.48.74;IABMV/1;]"
195.62.50.52 - - [16/Sep/2025:08:10:07 -0400] "GET /wp-content/uploads/2025/05/FB_IMG_1746291435288.jpg HTTP/1.1" 200 37830 "https://alshaer-news.com/?p=3000&utm_medium=social&utm_source=heylink.me" "Mozilla/5.0 (Linux; Android 14; 2312DRA50G Build/UKQ1.231003.002; wv) AppleWebKit/537.36 (KHTML, like Gecko) Version/4.0 Chrome/140.0.7339.119 Mobile Safari/537.36 [FB_IAB/FB4A;FBAV/530.0.0.48.74;IABMV/1;]"
188.229.137.49 - - [16/Sep/2025:08:10:09 -0400] "GET /wp-content/uploads/2025/07/IMG_8282480856.jpg HTTP/1.1" 200 836802 "https://alshaer-news.com/?p=3026&utm_medium=social&utm_source=heylink.me" "Mozilla/5.0 (Linux; Android 10; SM-A105F Build/QP1A.190711.020; wv) AppleWebKit/537.36 (KHTML, like Gecko) Version/4.0 Chrome/140.0.7339.51 Mobile Safari/537.36 [FB_IAB/FB4A;FBAV/529.0.0.44.73;IABMV/1;]"
195.62.50.52 - - [16/Sep/2025:08:10:39 -0400] "GET /?p=2885&utm_medium=social&utm_source=heylink.me HTTP/1.1" 200 14678 "https://heylink.me/whatsappcomchannel0029Vb6nFL02v1IrjKKy3d1v/?fbclid=IwY2xjawM2MwVleHRuA2FlbQIxMQABHqL0NxkRfbnZh4Xs4n3mRo402T44aGyto0xcxaPh1jI1Z_icV_rKDdBz54BG_aem_TNarL6X4JVl4yif165YiTQ" "Mozilla/5.0 (Linux; Android 14; 2312DRA50G Build/UKQ1.231003.002; wv) AppleWebKit/537.36 (KHTML, like Gecko) Version/4.0 Chrome/140.0.7339.119 Mobile Safari/537.36 [FB_IAB/FB4A;FBAV/530.0.0.48.74;IABMV/1;]"
195.62.50.52 - - [16/Sep/2025:08:10:40 -0400] "GET /wp-includes/js/jquery/jquery.min.js?ver=3.7.1 HTTP/1.1" 200 29744 "https://alshaer-news.com/?p=2885&utm_medium=social&utm_source=heylink.me" "Mozilla/5.0 (Linux; Android 14; 2312DRA50G Build/UKQ1.231003.002; wv) AppleWebKit/537.36 (KHTML, like Gecko) Version/4.0 Chrome/140.0.7339.119 Mobile Safari/537.36 [FB_IAB/FB4A;FBAV/530.0.0.48.74;IABMV/1;]"
195.62.50.52 - - [16/Sep/2025:08:10:40 -0400] "GET /wp-includes/js/jquery/jquery-migrate.min.js?ver=3.4.1 HTTP/1.1" 200 4678 "https://alshaer-news.com/?p=2885&utm_medium=social&utm_source=heylink.me" "Mozilla/5.0 (Linux; Android 14; 2312DRA50G Build/UKQ1.231003.002; wv) AppleWebKit/537.36 (KHTML, like Gecko) Version/4.0 Chrome/140.0.7339.119 Mobile Safari/537.36 [FB_IAB/FB4A;FBAV/530.0.0.48.74;IABMV/1;]"
195.62.50.52 - - [16/Sep/2025:08:10:40 -0400] "GET /wp-content/uploads/2024/04/%D9%A2%D9%A0%D9%A2%D9%A3%D9%A1%D9%A1%D9%A2%D9%A2_%D9%A1%D9%A6%D9%A4%D9%A0%D9%A2%D9%A5-1536x1536.jpg HTTP/1.1" 200 420095 "https://alshaer-news.com/?p=2885&utm_medium=social&utm_source=heylink.me" "Mozilla/5.0 (Linux; Android 14; 2312DRA50G Build/UKQ1.231003.002; wv) AppleWebKit/537.36 (KHTML, like Gecko) Version/4.0 Chrome/140.0.7339.119 Mobile Safari/537.36 [FB_IAB/FB4A;FBAV/530.0.0.48.74;IABMV/1;]"
195.62.50.52 - - [16/Sep/2025:08:10:41 -0400] "GET /wp-content/themes/newsplus/assets/img/logo.png HTTP/1.1" 200 43754 "https://alshaer-news.com/?p=2885&utm_medium=social&utm_source=heylink.me" "Mozilla/5.0 (Linux; Android 14; 2312DRA50G Build/UKQ1.231003.002; wv) AppleWebKit/537.36 (KHTML, like Gecko) Version/4.0 Chrome/140.0.7339.119 Mobile Safari/537.36 [FB_IAB/FB4A;FBAV/530.0.0.48.74;IABMV/1;]"
195.62.50.52 - - [16/Sep/2025:08:10:41 -0400] "GET /wp-includes/js/dist/hooks.min.js?ver=4d63a3d491d11ffd8ac6 HTTP/1.1" 200 1571 "https://alshaer-news.com/?p=2885&utm_medium=social&utm_source=heylink.me" "Mozilla/5.0 (Linux; Android 14; 2312DRA50G Build/UKQ1.231003.002; wv) AppleWebKit/537.36 (KHTML, like Gecko) Version/4.0 Chrome/140.0.7339.119 Mobile Safari/537.36 [FB_IAB/FB4A;FBAV/530.0.0.48.74;IABMV/1;]"
195.62.50.52 - - [16/Sep/2025:08:10:44 -0400] "GET /wp-includes/js/dist/i18n.min.js?ver=5e580eb46a90c2b997e6 HTTP/1.1" 200 3542 "https://alshaer-news.com/?p=2885&utm_medium=social&utm_source=heylink.me" "Mozilla/5.0 (Linux; Android 14; 2312DRA50G Build/UKQ1.231003.002; wv) AppleWebKit/537.36 (KHTML, like Gecko) Version/4.0 Chrome/140.0.7339.119 Mobile Safari/537.36 [FB_IAB/FB4A;FBAV/530.0.0.48.74;IABMV/1;]"
195.62.50.52 - - [16/Sep/2025:08:10:44 -0400] "GET /wp-content/plugins/contact-form-7/includes/swv/js/index.js?ver=6.0.6 HTTP/1.1" 200 3369 "https://alshaer-news.com/?p=2885&utm_medium=social&utm_source=heylink.me" "Mozilla/5.0 (Linux; Android 14; 2312DRA50G Build/UKQ1.231003.002; wv) AppleWebKit/537.36 (KHTML, like Gecko) Version/4.0 Chrome/140.0.7339.119 Mobile Safari/537.36 [FB_IAB/FB4A;FBAV/530.0.0.48.74;IABMV/1;]"
195.62.50.52 - - [16/Sep/2025:08:10:44 -0400] "GET /wp-content/uploads/2023/07/FB_IMG_1689354411978-360x200.jpg HTTP/1.1" 200 14147 "https://alshaer-news.com/?p=2885&utm_medium=social&utm_source=heylink.me" "Mozilla/5.0 (Linux; Android 14; 2312DRA50G Build/UKQ1.231003.002; wv) AppleWebKit/537.36 (KHTML, like Gecko) Version/4.0 Chrome/140.0.7339.119 Mobile Safari/537.36 [FB_IAB/FB4A;FBAV/530.0.0.48.74;IABMV/1;]"
195.62.50.52 - - [16/Sep/2025:08:11:00 -0400] "GET /wp-content/plugins/contact-form-7/includes/js/index.js?ver=6.0.6 HTTP/1.1" 200 4008 "https://alshaer-news.com/?p=2885&utm_medium=social&utm_source=heylink.me" "Mozilla/5.0 (Linux; Android 14; 2312DRA50G Build/UKQ1.231003.002; wv) AppleWebKit/537.36 (KHTML, like Gecko) Version/4.0 Chrome/140.0.7339.119 Mobile Safari/537.36 [FB_IAB/FB4A;FBAV/530.0.0.48.74;IABMV/1;]"
195.62.50.52 - - [16/Sep/2025:08:11:00 -0400] "GET /wp-content/themes/newsplus/assets/js/main.js?ver=37.00 HTTP/1.1" 200 1317 "https://alshaer-news.com/?p=2885&utm_medium=social&utm_source=heylink.me" "Mozilla/5.0 (Linux; Android 14; 2312DRA50G Build/UKQ1.231003.002; wv) AppleWebKit/537.36 (KHTML, like Gecko) Version/4.0 Chrome/140.0.7339.119 Mobile Safari/537.36 [FB_IAB/FB4A;FBAV/530.0.0.48.74;IABMV/1;]"
195.62.50.52 - - [16/Sep/2025:08:11:00 -0400] "GET /wp-includes/js/comment-reply.min.js?ver=6.8.2 HTTP/1.1" 200 1247 "https://alshaer-news.com/?p=2885&utm_medium=social&utm_source=heylink.me" "Mozilla/5.0 (Linux; Android 14; 2312DRA50G Build/UKQ1.231003.002; wv) AppleWebKit/537.36 (KHTML, like Gecko) Version/4.0 Chrome/140.0.7339.119 Mobile Safari/537.36 [FB_IAB/FB4A;FBAV/530.0.0.48.74;IABMV/1;]"
195.62.50.52 - - [16/Sep/2025:08:11:01 -0400] "GET /wp-content/uploads/2023/09/%D8%A7%D9%84%D8%B4%D8%B9%D8%B1-%D9%86%D9%8A%D9%88%D8%B2-3-360x200.jpg HTTP/1.1" 200 19752 "https://alshaer-news.com/?p=2885&utm_medium=social&utm_source=heylink.me" "Mozilla/5.0 (Linux; Android 14; 2312DRA50G Build/UKQ1.231003.002; wv) AppleWebKit/537.36 (KHTML, like Gecko) Version/4.0 Chrome/140.0.7339.119 Mobile Safari/537.36 [FB_IAB/FB4A;FBAV/530.0.0.48.74;IABMV/1;]"
195.62.50.52 - - [16/Sep/2025:08:11:01 -0400] "GET /wp-content/uploads/2023/09/%D8%A7%D9%84%D8%B4%D8%B9%D8%B1-%D9%86%D9%8A%D9%88%D8%B2-360x200.jpeg HTTP/1.1" 200 22498 "https://alshaer-news.com/?p=2885&utm_medium=social&utm_source=heylink.me" "Mozilla/5.0 (Linux; Android 14; 2312DRA50G Build/UKQ1.231003.002; wv) AppleWebKit/537.36 (KHTML, like Gecko) Version/4.0 Chrome/140.0.7339.119 Mobile Safari/537.36 [FB_IAB/FB4A;FBAV/530.0.0.48.74;IABMV/1;]"
195.62.50.52 - - [16/Sep/2025:08:11:01 -0400] "GET /wp-content/uploads/2023/07/Screenshot_%D9%A2%D9%A0%D9%A2%D9%A3%D9%A0%D9%A7%D9%A0%D9%A1-%D9%A2%D9%A3%D9%A0%D9%A5%D9%A1%D9%A1_Instagram_remastered-1-360x200.jpg HTTP/1.1" 200 22205 "https://alshaer-news.com/?p=2885&utm_medium=social&utm_source=heylink.me" "Mozilla/5.0 (Linux; Android 14; 2312DRA50G Build/UKQ1.231003.002; wv) AppleWebKit/537.36 (KHTML, like Gecko) Version/4.0 Chrome/140.0.7339.119 Mobile Safari/537.36 [FB_IAB/FB4A;FBAV/530.0.0.48.74;IABMV/1;]"
195.62.50.52 - - [16/Sep/2025:08:11:01 -0400] "GET /wp-content/uploads/2025/09/IMG-20250910-WA0000-360x200.jpg HTTP/1.1" 200 17269 "https://alshaer-news.com/?p=2885&utm_medium=social&utm_source=heylink.me" "Mozilla/5.0 (Linux; Android 14; 2312DRA50G Build/UKQ1.231003.002; wv) AppleWebKit/537.36 (KHTML, like Gecko) Version/4.0 Chrome/140.0.7339.119 Mobile Safari/537.36 [FB_IAB/FB4A;FBAV/530.0.0.48.74;IABMV/1;]"
195.62.50.52 - - [16/Sep/2025:08:11:01 -0400] "GET /wp-content/uploads/2025/09/%D9%A2%D9%A0%D9%A2%D9%A5%D9%A0%D9%A9%D9%A0%D9%A9_%D9%A2%D9%A3%D9%A4%D9%A9%D9%A3%D9%A7-360x200.jpg HTTP/1.1" 200 22224 "https://alshaer-news.com/?p=2885&utm_medium=social&utm_source=heylink.me" "Mozilla/5.0 (Linux; Android 14; 2312DRA50G Build/UKQ1.231003.002; wv) AppleWebKit/537.36 (KHTML, like Gecko) Version/4.0 Chrome/140.0.7339.119 Mobile Safari/537.36 [FB_IAB/FB4A;FBAV/530.0.0.48.74;IABMV/1;]"
195.62.50.52 - - [16/Sep/2025:08:11:01 -0400] "GET /wp-content/uploads/2025/08/IMG-20250824-WA0030-360x200.jpg HTTP/1.1" 200 15692 "https://alshaer-news.com/?p=2885&utm_medium=social&utm_source=heylink.me" "Mozilla/5.0 (Linux; Android 14; 2312DRA50G Build/UKQ1.231003.002; wv) AppleWebKit/537.36 (KHTML, like Gecko) Version/4.0 Chrome/140.0.7339.119 Mobile Safari/537.36 [FB_IAB/FB4A;FBAV/530.0.0.48.74;IABMV/1;]"
195.62.50.52 - - [16/Sep/2025:08:11:01 -0400] "GET /wp-content/uploads/2025/07/IMG_8282480856-360x200.jpg HTTP/1.1" 200 20934 "https://alshaer-news.com/?p=2885&utm_medium=social&utm_source=heylink.me" "Mozilla/5.0 (Linux; Android 14; 2312DRA50G Build/UKQ1.231003.002; wv) AppleWebKit/537.36 (KHTML, like Gecko) Version/4.0 Chrome/140.0.7339.119 Mobile Safari/537.36 [FB_IAB/FB4A;FBAV/530.0.0.48.74;IABMV/1;]"
195.62.50.52 - - [16/Sep/2025:08:11:01 -0400] "GET /wp-content/uploads/2025/06/IMG_4412545132-360x200.jpg HTTP/1.1" 200 21437 "https://alshaer-news.com/?p=2885&utm_medium=social&utm_source=heylink.me" "Mozilla/5.0 (Linux; Android 14; 2312DRA50G Build/UKQ1.231003.002; wv) AppleWebKit/537.36 (KHTML, like Gecko) Version/4.0 Chrome/140.0.7339.119 Mobile Safari/537.36 [FB_IAB/FB4A;FBAV/530.0.0.48.74;IABMV/1;]"
195.62.50.52 - - [16/Sep/2025:08:11:01 -0400] "GET /wp-content/uploads/2025/05/FB_IMG_1746291435288-360x200.jpg HTTP/1.1" 200 16248 "https://alshaer-news.com/?p=2885&utm_medium=social&utm_source=heylink.me" "Mozilla/5.0 (Linux; Android 14; 2312DRA50G Build/UKQ1.231003.002; wv) AppleWebKit/537.36 (KHTML, like Gecko) Version/4.0 Chrome/140.0.7339.119 Mobile Safari/537.36 [FB_IAB/FB4A;FBAV/530.0.0.48.74;IABMV/1;]"
195.62.50.52 - - [16/Sep/2025:08:11:01 -0400] "GET /wp-content/uploads/2025/04/IMG_2620482203-360x200.jpg HTTP/1.1" 200 19869 "https://alshaer-news.com/?p=2885&utm_medium=social&utm_source=heylink.me" "Mozilla/5.0 (Linux; Android 14; 2312DRA50G Build/UKQ1.231003.002; wv) AppleWebKit/537.36 (KHTML, like Gecko) Version/4.0 Chrome/140.0.7339.119 Mobile Safari/537.36 [FB_IAB/FB4A;FBAV/530.0.0.48.74;IABMV/1;]"
195.62.50.52 - - [16/Sep/2025:08:11:01 -0400] "GET /wp-content/uploads/2025/02/%D9%A2%D9%A0%D9%A2%D9%A5%D9%A0%D9%A2%D9%A0%D9%A6_%D9%A2%D9%A2%D9%A4%D9%A9%D9%A0%D9%A1-360x200.jpg HTTP/1.1" 200 17316 "https://alshaer-news.com/?p=2885&utm_medium=social&utm_source=heylink.me" "Mozilla/5.0 (Linux; Android 14; 2312DRA50G Build/UKQ1.231003.002; wv) AppleWebKit/537.36 (KHTML, like Gecko) Version/4.0 Chrome/140.0.7339.119 Mobile Safari/537.36 [FB_IAB/FB4A;FBAV/530.0.0.48.74;IABMV/1;]"
195.62.50.52 - - [16/Sep/2025:08:11:01 -0400] "GET /wp-content/uploads/2023/06/%D8%B2%D9%84%D8%B2%D8%A7%D9%84-70268bf3-6556-4dbb-90fe-10084a8fd6f2-360x200.jpeg HTTP/1.1" 200 12816 "https://alshaer-news.com/?p=2885&utm_medium=social&utm_source=heylink.me" "Mozilla/5.0 (Linux; Android 14; 2312DRA50G Build/UKQ1.231003.002; wv) AppleWebKit/537.36 (KHTML, like Gecko) Version/4.0 Chrome/140.0.7339.119 Mobile Safari/537.36 [FB_IAB/FB4A;FBAV/530.0.0.48.74;IABMV/1;]"
195.62.50.52 - - [16/Sep/2025:08:11:01 -0400] "GET /wp-content/uploads/2023/03/image_750x_60731ff96ea0a-360x200.jpg HTTP/1.1" 200 12949 "https://alshaer-news.com/?p=2885&utm_medium=social&utm_source=heylink.me" "Mozilla/5.0 (Linux; Android 14; 2312DRA50G Build/UKQ1.231003.002; wv) AppleWebKit/537.36 (KHTML, like Gecko) Version/4.0 Chrome/140.0.7339.119 Mobile Safari/537.36 [FB_IAB/FB4A;FBAV/530.0.0.48.74;IABMV/1;]"
195.62.50.52 - - [16/Sep/2025:08:11:02 -0400] "GET /wp-content/uploads/2024/12/%D9%85%D8%AD%D9%85%D8%AF-%D8%A8%D9%86-%D8%B3%D9%84%D9%85%D8%A7%D9%86--360x200.jpg HTTP/1.1" 200 17160 "https://alshaer-news.com/?p=2885&utm_medium=social&utm_source=heylink.me" "Mozilla/5.0 (Linux; Android 14; 2312DRA50G Build/UKQ1.231003.002; wv) AppleWebKit/537.36 (KHTML, like Gecko) Version/4.0 Chrome/140.0.7339.119 Mobile Safari/537.36 [FB_IAB/FB4A;FBAV/530.0.0.48.74;IABMV/1;]"
195.62.50.52 - - [16/Sep/2025:08:11:02 -0400] "GET /wp-content/uploads/2024/09/%D9%85%D8%B2%D8%A7%D8%AF-%D8%AC%D9%85%D8%A7%D8%B1%D9%83--360x200.jpg HTTP/1.1" 200 27863 "https://alshaer-news.com/?p=2885&utm_medium=social&utm_source=heylink.me" "Mozilla/5.0 (Linux; Android 14; 2312DRA50G Build/UKQ1.231003.002; wv) AppleWebKit/537.36 (KHTML, like Gecko) Version/4.0 Chrome/140.0.7339.119 Mobile Safari/537.36 [FB_IAB/FB4A;FBAV/530.0.0.48.74;IABMV/1;]"
188.229.137.49 - - [16/Sep/2025:08:11:05 -0400] "GET /favicon.ico HTTP/1.1" 500 1112 "https://alshaer-news.com/wp-content/uploads/2025/07/IMG_8282480856.jpg" "Mozilla/5.0 (Linux; Android 10; SM-A105F Build/QP1A.190711.020; wv) AppleWebKit/537.36 (KHTML, like Gecko) Version/4.0 Chrome/140.0.7339.51 Mobile Safari/537.36 [FB_IAB/FB4A;FBAV/529.0.0.44.73;IABMV/1;]"
207.46.13.141 - - [16/Sep/2025:08:11:07 -0400] "GET /?p=2169 HTTP/1.1" 500 1112 "-" "Mozilla/5.0 AppleWebKit/537.36 (KHTML, like Gecko; compatible; bingbot/2.0; +http://www.bing.com/bingbot.htm) Chrome/116.0.1938.76 Safari/537.36"
188.229.137.49 - - [16/Sep/2025:08:11:10 -0400] "GET /?p=3026&utm_medium=social&utm_source=heylink.me HTTP/1.1" 200 14343 "https://heylink.me/whatsappcomchannel0029Vb6nFL02v1IrjKKy3d1v/?fbclid=IwZXh0bgNhZW0CMTEAAR70eRxKYHviP5m4P8xDnaC_Pj92yfVzeHxukGv_MXn00Wu6kekTxFKGHYCIwg_aem_85MI_OU7J_9c1BNTtIRobQ" "Mozilla/5.0 (Linux; Android 10; SM-A105F Build/QP1A.190711.020; wv) AppleWebKit/537.36 (KHTML, like Gecko) Version/4.0 Chrome/140.0.7339.51 Mobile Safari/537.36 [FB_IAB/FB4A;FBAV/529.0.0.44.73;IABMV/1;]"
188.229.137.49 - - [16/Sep/2025:08:11:14 -0400] "GET /?p=2885&utm_medium=social&utm_source=heylink.me HTTP/1.1" 200 14678 "https://heylink.me/whatsappcomchannel0029Vb6nFL02v1IrjKKy3d1v/?fbclid=IwZXh0bgNhZW0CMTEAAR70eRxKYHviP5m4P8xDnaC_Pj92yfVzeHxukGv_MXn00Wu6kekTxFKGHYCIwg_aem_85MI_OU7J_9c1BNTtIRobQ" "Mozilla/5.0 (Linux; Android 10; SM-A105F Build/QP1A.190711.020; wv) AppleWebKit/537.36 (KHTML, like Gecko) Version/4.0 Chrome/140.0.7339.51 Mobile Safari/537.36 [FB_IAB/FB4A;FBAV/529.0.0.44.73;IABMV/1;]"
188.229.137.49 - - [16/Sep/2025:08:11:18 -0400] "GET /wp-content/uploads/2024/04/%D9%A2%D9%A0%D9%A2%D9%A3%D9%A1%D9%A1%D9%A2%D9%A2_%D9%A1%D9%A6%D9%A4%D9%A0%D9%A2%D9%A5-768x768.jpg HTTP/1.1" 200 156857 "https://alshaer-news.com/?p=2885&utm_medium=social&utm_source=heylink.me" "Mozilla/5.0 (Linux; Android 10; SM-A105F Build/QP1A.190711.020; wv) AppleWebKit/537.36 (KHTML, like Gecko) Version/4.0 Chrome/140.0.7339.51 Mobile Safari/537.36 [FB_IAB/FB4A;FBAV/529.0.0.44.73;IABMV/1;]"
46.57.150.40 - - [16/Sep/2025:08:11:21 -0400] "GET /?p=2762 HTTP/1.1" 200 14282 "https://mez.ink/" "Mozilla/5.0 (Linux; Android 10; K) AppleWebKit/537.36 (KHTML, like Gecko) Chrome/138.0.0.0 Mobile Safari/537.36"
46.57.150.40 - - [16/Sep/2025:08:11:22 -0400] "GET /wp-content/uploads/2024/07/93bdff9e2da0742d32c8e0848789b7e3.jpg HTTP/1.1" 200 72198 "https://alshaer-news.com/?p=2762" "Mozilla/5.0 (Linux; Android 10; K) AppleWebKit/537.36 (KHTML, like Gecko) Chrome/138.0.0.0 Mobile Safari/537.36"
46.57.150.40 - - [16/Sep/2025:08:11:22 -0400] "GET /wp-content/uploads/2024/07/93bdff9e2da0742d32c8e0848789b7e3-360x200.jpg HTTP/1.1" 200 10217 "https://alshaer-news.com/?p=2762" "Mozilla/5.0 (Linux; Android 10; K) AppleWebKit/537.36 (KHTML, like Gecko) Chrome/138.0.0.0 Mobile Safari/537.36"
188.229.137.49 - - [16/Sep/2025:08:11:23 -0400] "GET /wp-content/uploads/2023/07/FB_IMG_1689354411978-360x200.jpg HTTP/1.1" 200 14147 "https://alshaer-news.com/?p=2885&utm_medium=social&utm_source=heylink.me" "Mozilla/5.0 (Linux; Android 10; SM-A105F Build/QP1A.190711.020; wv) AppleWebKit/537.36 (KHTML, like Gecko) Version/4.0 Chrome/140.0.7339.51 Mobile Safari/537.36 [FB_IAB/FB4A;FBAV/529.0.0.44.73;IABMV/1;]"
188.229.137.49 - - [16/Sep/2025:08:11:23 -0400] "GET /wp-content/uploads/2023/09/%D8%A7%D9%84%D8%B4%D8%B9%D8%B1-%D9%86%D9%8A%D9%88%D8%B2-3-360x200.jpg HTTP/1.1" 200 19752 "https://alshaer-news.com/?p=2885&utm_medium=social&utm_source=heylink.me" "Mozilla/5.0 (Linux; Android 10; SM-A105F Build/QP1A.190711.020; wv) AppleWebKit/537.36 (KHTML, like Gecko) Version/4.0 Chrome/140.0.7339.51 Mobile Safari/537.36 [FB_IAB/FB4A;FBAV/529.0.0.44.73;IABMV/1;]"
188.229.137.49 - - [16/Sep/2025:08:11:23 -0400] "GET /wp-content/uploads/2023/09/%D8%A7%D9%84%D8%B4%D8%B9%D8%B1-%D9%86%D9%8A%D9%88%D8%B2-360x200.jpeg HTTP/1.1" 200 22498 "https://alshaer-news.com/?p=2885&utm_medium=social&utm_source=heylink.me" "Mozilla/5.0 (Linux; Android 10; SM-A105F Build/QP1A.190711.020; wv) AppleWebKit/537.36 (KHTML, like Gecko) Version/4.0 Chrome/140.0.7339.51 Mobile Safari/537.36 [FB_IAB/FB4A;FBAV/529.0.0.44.73;IABMV/1;]"
207.46.13.141 - - [16/Sep/2025:08:11:26 -0400] "GET /wp-content/uploads/2023/04/Screenshot_%D9%A2%D9%A0%D9%A2%D9%A3%D9%A0%D9%A4%D9%A2%D9%A8-%D9%A0%D9%A1%D9%A3%D9%A2%D9%A5%D9%A1_Gallery_remastered.jpg HTTP/1.1" 200 175253 "-" "Mozilla/5.0 AppleWebKit/537.36 (KHTML, like Gecko; compatible; bingbot/2.0; +http://www.bing.com/bingbot.htm) Chrome/116.0.1938.76 Safari/537.36"
207.46.13.141 - - [16/Sep/2025:08:11:27 -0400] "GET /wp-content/uploads/2023/04/Screenshot_%D9%A2%D9%A0%D9%A2%D9%A3%D9%A0%D9%A4%D9%A2%D9%A8-%D9%A0%D9%A1%D9%A3%D9%A2%D9%A5%D9%A1_Gallery_remastered-768x770.jpg HTTP/1.1" 200 51040 "-" "Mozilla/5.0 AppleWebKit/537.36 (KHTML, like Gecko; compatible; bingbot/2.0; +http://www.bing.com/bingbot.htm) Chrome/116.0.1938.76 Safari/537.36"
207.46.13.141 - - [16/Sep/2025:08:11:27 -0400] "GET /wp-content/uploads/2023/04/Screenshot_%D9%A2%D9%A0%D9%A2%D9%A3%D9%A0%D9%A4%D9%A2%D9%A8-%D9%A0%D9%A1%D9%A3%D9%A2%D9%A5%D9%A1_Gallery_remastered-1021x1024.jpg HTTP/1.1" 200 77150 "-" "Mozilla/5.0 AppleWebKit/537.36 (KHTML, like Gecko; compatible; bingbot/2.0; +http://www.bing.com/bingbot.htm) Chrome/116.0.1938.76 Safari/537.36"
46.57.150.40 - - [16/Sep/2025:08:11:28 -0400] "GET /favicon.ico HTTP/1.1" 500 1112 "https://alshaer-news.com/?p=2762" "Mozilla/5.0 (Linux; Android 10; K) AppleWebKit/537.36 (KHTML, like Gecko) Chrome/138.0.0.0 Mobile Safari/537.36"
52.167.144.176 - - [16/Sep/2025:08:11:30 -0400] "GET /wp-content/uploads/2023/04/Screenshot_%D9%A2%D9%A0%D9%A2%D9%A3%D9%A0%D9%A4%D9%A2%D9%A8-%D9%A0%D9%A1%D9%A3%D9%A2%D9%A5%D9%A1_Gallery_remastered-200x200.jpg HTTP/1.1" 200 7606 "-" "Mozilla/5.0 AppleWebKit/537.36 (KHTML, like Gecko; compatible; bingbot/2.0; +http://www.bing.com/bingbot.htm) Chrome/116.0.1938.76 Safari/537.36"
207.46.13.141 - - [16/Sep/2025:08:11:30 -0400] "GET /?p=2169 HTTP/1.1" 500 1112 "-" "Mozilla/5.0 AppleWebKit/537.36 (KHTML, like Gecko; compatible; bingbot/2.0; +http://www.bing.com/bingbot.htm) Chrome/116.0.1938.76 Safari/537.36"
207.46.13.141 - - [16/Sep/2025:08:11:30 -0400] "GET /wp-content/uploads/2023/04/%D8%B3%D9%8A%D8%A7%D8%B1%D8%A9-%D9%84%D9%84%D8%A8%D9%8A%D8%B9-%D8%A8-15000-%D8%B1%D9%8A%D8%A7%D9%84_remastered-2-768x432.jpg HTTP/1.1" 200 79766 "-" "Mozilla/5.0 AppleWebKit/537.36 (KHTML, like Gecko; compatible; bingbot/2.0; +http://www.bing.com/bingbot.htm) Chrome/116.0.1938.76 Safari/537.36"
188.229.137.49 - - [16/Sep/2025:08:11:35 -0400] "GET /wp-content/uploads/2023/07/Screenshot_%D9%A2%D9%A0%D9%A2%D9%A3%D9%A0%D9%A7%D9%A0%D9%A1-%D9%A2%D9%A3%D9%A0%D9%A5%D9%A1%D9%A1_Instagram_remastered-1-360x200.jpg HTTP/1.1" 200 22205 "https://alshaer-news.com/?p=2885&utm_medium=social&utm_source=heylink.me" "Mozilla/5.0 (Linux; Android 10; SM-A105F Build/QP1A.190711.020; wv) AppleWebKit/537.36 (KHTML, like Gecko) Version/4.0 Chrome/140.0.7339.51 Mobile Safari/537.36 [FB_IAB/FB4A;FBAV/529.0.0.44.73;IABMV/1;]"
188.229.137.49 - - [16/Sep/2025:08:11:35 -0400] "GET /wp-content/uploads/2023/03/image_750x_60731ff96ea0a-360x200.jpg HTTP/1.1" 200 12949 "https://alshaer-news.com/?p=2885&utm_medium=social&utm_source=heylink.me" "Mozilla/5.0 (Linux; Android 10; SM-A105F Build/QP1A.190711.020; wv) AppleWebKit/537.36 (KHTML, like Gecko) Version/4.0 Chrome/140.0.7339.51 Mobile Safari/537.36 [FB_IAB/FB4A;FBAV/529.0.0.44.73;IABMV/1;]"
188.229.137.49 - - [16/Sep/2025:08:11:35 -0400] "GET /wp-content/uploads/2023/06/%D8%B2%D9%84%D8%B2%D8%A7%D9%84-70268bf3-6556-4dbb-90fe-10084a8fd6f2-360x200.jpeg HTTP/1.1" 200 12816 "https://alshaer-news.com/?p=2885&utm_medium=social&utm_source=heylink.me" "Mozilla/5.0 (Linux; Android 10; SM-A105F Build/QP1A.190711.020; wv) AppleWebKit/537.36 (KHTML, like Gecko) Version/4.0 Chrome/140.0.7339.51 Mobile Safari/537.36 [FB_IAB/FB4A;FBAV/529.0.0.44.73;IABMV/1;]"
102.164.103.95 - - [16/Sep/2025:08:11:56 -0400] "GET /?p=3014&utm_medium=social&utm_source=heylink.me HTTP/1.1" 200 14796 "https://heylink.me/whatsappcomchannel0029VbB7Nu58PgsMqBc0LS26/?fbclid=IwY2xjawM2M0xleHRuA2FlbQIxMQABHjBstRcaKYaliz-WOgFJzda5RDP7YWK_SuJXDNVBU4RLW-DrL7YVY_arDNcF_aem_wA8q6FuXAQkB_STec4Wghg" "Mozilla/5.0 (Linux; Android 10; SM-A605G Build/QP1A.190711.020; wv) AppleWebKit/537.36 (KHTML, like Gecko) Version/4.0 Chrome/139.0.7258.164 Mobile Safari/537.36 [FB_IAB/FB4A;FBAV/529.0.0.44.73;IABMV/1;]"
102.164.103.95 - - [16/Sep/2025:08:11:56 -0400] "GET /wp-includes/css/dist/block-library/style-rtl.min.css?ver=6.8.2 HTTP/1.1" 200 14312 "https://alshaer-news.com/?p=3014&utm_medium=social&utm_source=heylink.me" "Mozilla/5.0 (Linux; Android 10; SM-A605G Build/QP1A.190711.020; wv) AppleWebKit/537.36 (KHTML, like Gecko) Version/4.0 Chrome/139.0.7258.164 Mobile Safari/537.36 [FB_IAB/FB4A;FBAV/529.0.0.44.73;IABMV/1;]"
102.164.103.95 - - [16/Sep/2025:08:11:56 -0400] "GET /wp-content/plugins/contact-form-7/includes/css/styles.css?ver=6.0.6 HTTP/1.1" 200 890 "https://alshaer-news.com/?p=3014&utm_medium=social&utm_source=heylink.me" "Mozilla/5.0 (Linux; Android 10; SM-A605G Build/QP1A.190711.020; wv) AppleWebKit/537.36 (KHTML, like Gecko) Version/4.0 Chrome/139.0.7258.164 Mobile Safari/537.36 [FB_IAB/FB4A;FBAV/529.0.0.44.73;IABMV/1;]"
102.164.103.95 - - [16/Sep/2025:08:11:56 -0400] "GET /wp-content/plugins/contact-form-7/includes/css/styles-rtl.css?ver=6.0.6 HTTP/1.1" 200 152 "https://alshaer-news.com/?p=3014&utm_medium=social&utm_source=heylink.me" "Mozilla/5.0 (Linux; Android 10; SM-A605G Build/QP1A.190711.020; wv) AppleWebKit/537.36 (KHTML, like Gecko) Version/4.0 Chrome/139.0.7258.164 Mobile Safari/537.36 [FB_IAB/FB4A;FBAV/529.0.0.44.73;IABMV/1;]"
102.164.103.95 - - [16/Sep/2025:08:11:56 -0400] "GET /wp-content/plugins/cookie-notice/css/front.min.css?ver=2.5.6 HTTP/1.1" 200 951 "https://alshaer-news.com/?p=3014&utm_medium=social&utm_source=heylink.me" "Mozilla/5.0 (Linux; Android 10; SM-A605G Build/QP1A.190711.020; wv) AppleWebKit/537.36 (KHTML, like Gecko) Version/4.0 Chrome/139.0.7258.164 Mobile Safari/537.36 [FB_IAB/FB4A;FBAV/529.0.0.44.73;IABMV/1;]"
102.164.103.95 - - [16/Sep/2025:08:11:56 -0400] "GET /wp-content/themes/newsplus/assets/css/bootstrap.min.css?ver=37.00 HTTP/1.1" 200 17696 "https://alshaer-news.com/?p=3014&utm_medium=social&utm_source=heylink.me" "Mozilla/5.0 (Linux; Android 10; SM-A605G Build/QP1A.190711.020; wv) AppleWebKit/537.36 (KHTML, like Gecko) Version/4.0 Chrome/139.0.7258.164 Mobile Safari/537.36 [FB_IAB/FB4A;FBAV/529.0.0.44.73;IABMV/1;]"
102.164.103.95 - - [16/Sep/2025:08:11:56 -0400] "GET /wp-content/themes/newsplus/assets/fonts/fonts.css?ver=37.00 HTTP/1.1" 200 335 "https://alshaer-news.com/?p=3014&utm_medium=social&utm_source=heylink.me" "Mozilla/5.0 (Linux; Android 10; SM-A605G Build/QP1A.190711.020; wv) AppleWebKit/537.36 (KHTML, like Gecko) Version/4.0 Chrome/139.0.7258.164 Mobile Safari/537.36 [FB_IAB/FB4A;FBAV/529.0.0.44.73;IABMV/1;]"
102.164.103.95 - - [16/Sep/2025:08:11:56 -0400] "GET /wp-content/themes/newsplus/style.css?ver=37.00 HTTP/1.1" 200 7414 "https://alshaer-news.com/?p=3014&utm_medium=social&utm_source=heylink.me" "Mozilla/5.0 (Linux; Android 10; SM-A605G Build/QP1A.190711.020; wv) AppleWebKit/537.36 (KHTML, like Gecko) Version/4.0 Chrome/139.0.7258.164 Mobile Safari/537.36 [FB_IAB/FB4A;FBAV/529.0.0.44.73;IABMV/1;]"
102.164.103.95 - - [16/Sep/2025:08:11:56 -0400] "GET /wp-content/plugins/cookie-notice/js/front.min.js?ver=2.5.6 HTTP/1.1" 200 1964 "https://alshaer-news.com/?p=3014&utm_medium=social&utm_source=heylink.me" "Mozilla/5.0 (Linux; Android 10; SM-A605G Build/QP1A.190711.020; wv) AppleWebKit/537.36 (KHTML, like Gecko) Version/4.0 Chrome/139.0.7258.164 Mobile Safari/537.36 [FB_IAB/FB4A;FBAV/529.0.0.44.73;IABMV/1;]"
102.164.103.95 - - [16/Sep/2025:08:11:56 -0400] "GET /wp-includes/js/jquery/jquery.min.js?ver=3.7.1 HTTP/1.1" 200 29744 "https://alshaer-news.com/?p=3014&utm_medium=social&utm_source=heylink.me" "Mozilla/5.0 (Linux; Android 10; SM-A605G Build/QP1A.190711.020; wv) AppleWebKit/537.36 (KHTML, like Gecko) Version/4.0 Chrome/139.0.7258.164 Mobile Safari/537.36 [FB_IAB/FB4A;FBAV/529.0.0.44.73;IABMV/1;]"
102.164.103.95 - - [16/Sep/2025:08:11:56 -0400] "GET /wp-includes/js/jquery/jquery-migrate.min.js?ver=3.4.1 HTTP/1.1" 200 4678 "https://alshaer-news.com/?p=3014&utm_medium=social&utm_source=heylink.me" "Mozilla/5.0 (Linux; Android 10; SM-A605G Build/QP1A.190711.020; wv) AppleWebKit/537.36 (KHTML, like Gecko) Version/4.0 Chrome/139.0.7258.164 Mobile Safari/537.36 [FB_IAB/FB4A;FBAV/529.0.0.44.73;IABMV/1;]"
102.164.103.95 - - [16/Sep/2025:08:11:56 -0400] "GET /wp-content/uploads/2025/06/IMG_4412545132-1536x1536.jpg HTTP/1.1" 200 257700 "https://alshaer-news.com/?p=3014&utm_medium=social&utm_source=heylink.me" "Mozilla/5.0 (Linux; Android 10; SM-A605G Build/QP1A.190711.020; wv) AppleWebKit/537.36 (KHTML, like Gecko) Version/4.0 Chrome/139.0.7258.164 Mobile Safari/537.36 [FB_IAB/FB4A;FBAV/529.0.0.44.73;IABMV/1;]"
102.164.103.95 - - [16/Sep/2025:08:11:56 -0400] "GET /wp-content/themes/newsplus/assets/img/logo.png HTTP/1.1" 200 43754 "https://alshaer-news.com/?p=3014&utm_medium=social&utm_source=heylink.me" "Mozilla/5.0 (Linux; Android 10; SM-A605G Build/QP1A.190711.020; wv) AppleWebKit/537.36 (KHTML, like Gecko) Version/4.0 Chrome/139.0.7258.164 Mobile Safari/537.36 [FB_IAB/FB4A;FBAV/529.0.0.44.73;IABMV/1;]"
102.164.103.95 - - [16/Sep/2025:08:11:56 -0400] "GET /wp-includes/js/dist/hooks.min.js?ver=4d63a3d491d11ffd8ac6 HTTP/1.1" 200 1571 "https://alshaer-news.com/?p=3014&utm_medium=social&utm_source=heylink.me" "Mozilla/5.0 (Linux; Android 10; SM-A605G Build/QP1A.190711.020; wv) AppleWebKit/537.36 (KHTML, like Gecko) Version/4.0 Chrome/139.0.7258.164 Mobile Safari/537.36 [FB_IAB/FB4A;FBAV/529.0.0.44.73;IABMV/1;]"
102.164.103.95 - - [16/Sep/2025:08:11:57 -0400] "GET /wp-includes/js/dist/i18n.min.js?ver=5e580eb46a90c2b997e6 HTTP/1.1" 200 3542 "https://alshaer-news.com/?p=3014&utm_medium=social&utm_source=heylink.me" "Mozilla/5.0 (Linux; Android 10; SM-A605G Build/QP1A.190711.020; wv) AppleWebKit/537.36 (KHTML, like Gecko) Version/4.0 Chrome/139.0.7258.164 Mobile Safari/537.36 [FB_IAB/FB4A;FBAV/529.0.0.44.73;IABMV/1;]"
102.164.103.95 - - [16/Sep/2025:08:11:58 -0400] "GET /wp-content/plugins/contact-form-7/includes/swv/js/index.js?ver=6.0.6 HTTP/1.1" 200 3369 "https://alshaer-news.com/?p=3014&utm_medium=social&utm_source=heylink.me" "Mozilla/5.0 (Linux; Android 10; SM-A605G Build/QP1A.190711.020; wv) AppleWebKit/537.36 (KHTML, like Gecko) Version/4.0 Chrome/139.0.7258.164 Mobile Safari/537.36 [FB_IAB/FB4A;FBAV/529.0.0.44.73;IABMV/1;]"
207.46.13.141 - - [16/Sep/2025:08:11:58 -0400] "GET /wp-content/uploads/2023/03/Screenshot_%D9%A2%D9%A0%D9%A2%D9%A3%D9%A0%D9%A3%D9%A3%D9%A0-%D9%A0%D9%A6%D9%A3%D9%A3%D9%A4%D9%A5_Instagram-768x942.jpg HTTP/1.1" 200 109102 "-" "Mozilla/5.0 AppleWebKit/537.36 (KHTML, like Gecko; compatible; bingbot/2.0; +http://www.bing.com/bingbot.htm) Chrome/116.0.1938.76 Safari/537.36"
102.164.103.95 - - [16/Sep/2025:08:11:58 -0400] "GET /wp-content/plugins/contact-form-7/includes/js/index.js?ver=6.0.6 HTTP/1.1" 200 4008 "https://alshaer-news.com/?p=3014&utm_medium=social&utm_source=heylink.me" "Mozilla/5.0 (Linux; Android 10; SM-A605G Build/QP1A.190711.020; wv) AppleWebKit/537.36 (KHTML, like Gecko) Version/4.0 Chrome/139.0.7258.164 Mobile Safari/537.36 [FB_IAB/FB4A;FBAV/529.0.0.44.73;IABMV/1;]"
102.164.103.95 - - [16/Sep/2025:08:11:58 -0400] "GET /wp-content/themes/newsplus/assets/js/main.js?ver=37.00 HTTP/1.1" 200 1317 "https://alshaer-news.com/?p=3014&utm_medium=social&utm_source=heylink.me" "Mozilla/5.0 (Linux; Android 10; SM-A605G Build/QP1A.190711.020; wv) AppleWebKit/537.36 (KHTML, like Gecko) Version/4.0 Chrome/139.0.7258.164 Mobile Safari/537.36 [FB_IAB/FB4A;FBAV/529.0.0.44.73;IABMV/1;]"
102.164.103.95 - - [16/Sep/2025:08:11:58 -0400] "GET /wp-includes/js/comment-reply.min.js?ver=6.8.2 HTTP/1.1" 200 1247 "https://alshaer-news.com/?p=3014&utm_medium=social&utm_source=heylink.me" "Mozilla/5.0 (Linux; Android 10; SM-A605G Build/QP1A.190711.020; wv) AppleWebKit/537.36 (KHTML, like Gecko) Version/4.0 Chrome/139.0.7258.164 Mobile Safari/537.36 [FB_IAB/FB4A;FBAV/529.0.0.44.73;IABMV/1;]"
102.164.103.95 - - [16/Sep/2025:08:11:58 -0400] "GET /wp-content/uploads/2025/06/IMG_4412545132-360x200.jpg HTTP/1.1" 200 21437 "https://alshaer-news.com/?p=3014&utm_medium=social&utm_source=heylink.me" "Mozilla/5.0 (Linux; Android 10; SM-A605G Build/QP1A.190711.020; wv) AppleWebKit/537.36 (KHTML, like Gecko) Version/4.0 Chrome/139.0.7258.164 Mobile Safari/537.36 [FB_IAB/FB4A;FBAV/529.0.0.44.73;IABMV/1;]"
102.164.103.95 - - [16/Sep/2025:08:11:58 -0400] "GET /wp-content/uploads/2025/04/IMG_2620482203-360x200.jpg HTTP/1.1" 200 19869 "https://alshaer-news.com/?p=3014&utm_medium=social&utm_source=heylink.me" "Mozilla/5.0 (Linux; Android 10; SM-A605G Build/QP1A.190711.020; wv) AppleWebKit/537.36 (KHTML, like Gecko) Version/4.0 Chrome/139.0.7258.164 Mobile Safari/537.36 [FB_IAB/FB4A;FBAV/529.0.0.44.73;IABMV/1;]"
102.164.103.95 - - [16/Sep/2025:08:11:58 -0400] "GET /wp-content/uploads/2024/08/FB_IMG_1723739515245-360x200.jpg HTTP/1.1" 200 12051 "https://alshaer-news.com/?p=3014&utm_medium=social&utm_source=heylink.me" "Mozilla/5.0 (Linux; Android 10; SM-A605G Build/QP1A.190711.020; wv) AppleWebKit/537.36 (KHTML, like Gecko) Version/4.0 Chrome/139.0.7258.164 Mobile Safari/537.36 [FB_IAB/FB4A;FBAV/529.0.0.44.73;IABMV/1;]"
102.164.103.95 - - [16/Sep/2025:08:11:58 -0400] "GET /wp-content/uploads/2024/08/%D8%A8%D9%84%D8%AF%D9%8A%D8%A9-%D8%AA%D9%88%D9%86%D8%B3-%D8%B3%D8%A7%D8%AD%D8%A9-%D8%A7%D9%84%D9%82%D8%B5%D8%A8%D8%A9-Godong-Getty-360x200.jpg HTTP/1.1" 200 15774 "https://alshaer-news.com/?p=3014&utm_medium=social&utm_source=heylink.me" "Mozilla/5.0 (Linux; Android 10; SM-A605G Build/QP1A.190711.020; wv) AppleWebKit/537.36 (KHTML, like Gecko) Version/4.0 Chrome/139.0.7258.164 Mobile Safari/537.36 [FB_IAB/FB4A;FBAV/529.0.0.44.73;IABMV/1;]"
102.164.103.95 - - [16/Sep/2025:08:11:59 -0400] "GET /wp-content/uploads/2024/08/GettyImages-644501407_1-360x200.jpg HTTP/1.1" 200 15364 "https://alshaer-news.com/?p=3014&utm_medium=social&utm_source=heylink.me" "Mozilla/5.0 (Linux; Android 10; SM-A605G Build/QP1A.190711.020; wv) AppleWebKit/537.36 (KHTML, like Gecko) Version/4.0 Chrome/139.0.7258.164 Mobile Safari/537.36 [FB_IAB/FB4A;FBAV/529.0.0.44.73;IABMV/1;]"
102.164.103.95 - - [16/Sep/2025:08:11:59 -0400] "GET /wp-content/uploads/2024/07/%D9%A2%D9%A0%D9%A2%D9%A4%D9%A0%D9%A7%D9%A2%D9%A8_%D9%A1%D9%A1%D9%A4%D9%A5%D9%A5%D9%A3-360x200.jpg HTTP/1.1" 200 11944 "https://alshaer-news.com/?p=3014&utm_medium=social&utm_source=heylink.me" "Mozilla/5.0 (Linux; Android 10; SM-A605G Build/QP1A.190711.020; wv) AppleWebKit/537.36 (KHTML, like Gecko) Version/4.0 Chrome/139.0.7258.164 Mobile Safari/537.36 [FB_IAB/FB4A;FBAV/529.0.0.44.73;IABMV/1;]"
102.164.103.95 - - [16/Sep/2025:08:11:59 -0400] "GET /wp-content/uploads/2025/09/IMG-20250910-WA0000-360x200.jpg HTTP/1.1" 200 17269 "https://alshaer-news.com/?p=3014&utm_medium=social&utm_source=heylink.me" "Mozilla/5.0 (Linux; Android 10; SM-A605G Build/QP1A.190711.020; wv) AppleWebKit/537.36 (KHTML, like Gecko) Version/4.0 Chrome/139.0.7258.164 Mobile Safari/537.36 [FB_IAB/FB4A;FBAV/529.0.0.44.73;IABMV/1;]"
102.164.103.95 - - [16/Sep/2025:08:11:59 -0400] "GET /wp-content/uploads/2025/09/%D9%A2%D9%A0%D9%A2%D9%A5%D9%A0%D9%A9%D9%A0%D9%A9_%D9%A2%D9%A3%D9%A4%D9%A9%D9%A3%D9%A7-360x200.jpg HTTP/1.1" 200 22224 "https://alshaer-news.com/?p=3014&utm_medium=social&utm_source=heylink.me" "Mozilla/5.0 (Linux; Android 10; SM-A605G Build/QP1A.190711.020; wv) AppleWebKit/537.36 (KHTML, like Gecko) Version/4.0 Chrome/139.0.7258.164 Mobile Safari/537.36 [FB_IAB/FB4A;FBAV/529.0.0.44.73;IABMV/1;]"
