102.212.139.191 - - [16/Sep/2025:09:09:08 -0400] "GET /wp-content/themes/newsplus/assets/fonts/fonts.css?ver=37.00 HTTP/1.1" 200 335 "https://alshaer-news.com/?p=3014&utm_medium=social&utm_source=heylink.me" "Mozilla/5.0 (Linux; Android 11; Redmi Note 8 Pro Build/RP1A.200720.011; wv) AppleWebKit/537.36 (KHTML, like Gecko) Version/4.0 Chrome/139.0.7258.164 Mobile Safari/537.36 [FB_IAB/FB4A;FBAV/529.0.0.44.73;IABMV/1;]"
102.212.139.191 - - [16/Sep/2025:09:09:08 -0400] "GET /wp-content/themes/newsplus/style.css?ver=37.00 HTTP/1.1" 200 7414 "https://alshaer-news.com/?p=3014&utm_medium=social&utm_source=heylink.me" "Mozilla/5.0 (Linux; Android 11; Redmi Note 8 Pro Build/RP1A.200720.011; wv) AppleWebKit/537.36 (KHTML, like Gecko) Version/4.0 Chrome/139.0.7258.164 Mobile Safari/537.36 [FB_IAB/FB4A;FBAV/529.0.0.44.73;IABMV/1;]"
102.212.139.191 - - [16/Sep/2025:09:09:08 -0400] "GET /wp-content/plugins/cookie-notice/js/front.min.js?ver=2.5.6 HTTP/1.1" 200 1964 "https://alshaer-news.com/?p=3014&utm_medium=social&utm_source=heylink.me" "Mozilla/5.0 (Linux; Android 11; Redmi Note 8 Pro Build/RP1A.200720.011; wv) AppleWebKit/537.36 (KHTML, like Gecko) Version/4.0 Chrome/139.0.7258.164 Mobile Safari/537.36 [FB_IAB/FB4A;FBAV/529.0.0.44.73;IABMV/1;]"
102.212.139.191 - - [16/Sep/2025:09:09:08 -0400] "GET /wp-includes/js/jquery/jquery.min.js?ver=3.7.1 HTTP/1.1" 200 29744 "https://alshaer-news.com/?p=3014&utm_medium=social&utm_source=heylink.me" "Mozilla/5.0 (Linux; Android 11; Redmi Note 8 Pro Build/RP1A.200720.011; wv) AppleWebKit/537.36 (KHTML, like Gecko) Version/4.0 Chrome/139.0.7258.164 Mobile Safari/537.36 [FB_IAB/FB4A;FBAV/529.0.0.44.73;IABMV/1;]"
102.212.139.191 - - [16/Sep/2025:09:09:08 -0400] "GET /wp-includes/js/jquery/jquery-migrate.min.js?ver=3.4.1 HTTP/1.1" 200 4678 "https://alshaer-news.com/?p=3014&utm_medium=social&utm_source=heylink.me" "Mozilla/5.0 (Linux; Android 11; Redmi Note 8 Pro Build/RP1A.200720.011; wv) AppleWebKit/537.36 (KHTML, like Gecko) Version/4.0 Chrome/139.0.7258.164 Mobile Safari/537.36 [FB_IAB/FB4A;FBAV/529.0.0.44.73;IABMV/1;]"
102.212.139.191 - - [16/Sep/2025:09:09:08 -0400] "GET /wp-content/uploads/2025/06/IMG_4412545132-1536x1536.jpg HTTP/1.1" 200 257700 "https://alshaer-news.com/?p=3014&utm_medium=social&utm_source=heylink.me" "Mozilla/5.0 (Linux; Android 11; Redmi Note 8 Pro Build/RP1A.200720.011; wv) AppleWebKit/537.36 (KHTML, like Gecko) Version/4.0 Chrome/139.0.7258.164 Mobile Safari/537.36 [FB_IAB/FB4A;FBAV/529.0.0.44.73;IABMV/1;]"
102.212.139.191 - - [16/Sep/2025:09:09:08 -0400] "GET /wp-content/themes/newsplus/assets/img/logo.png HTTP/1.1" 200 43754 "https://alshaer-news.com/?p=3014&utm_medium=social&utm_source=heylink.me" "Mozilla/5.0 (Linux; Android 11; Redmi Note 8 Pro Build/RP1A.200720.011; wv) AppleWebKit/537.36 (KHTML, like Gecko) Version/4.0 Chrome/139.0.7258.164 Mobile Safari/537.36 [FB_IAB/FB4A;FBAV/529.0.0.44.73;IABMV/1;]"
102.212.139.191 - - [16/Sep/2025:09:09:08 -0400] "GET /wp-includes/js/dist/hooks.min.js?ver=4d63a3d491d11ffd8ac6 HTTP/1.1" 200 1571 "https://alshaer-news.com/?p=3014&utm_medium=social&utm_source=heylink.me" "Mozilla/5.0 (Linux; Android 11; Redmi Note 8 Pro Build/RP1A.200720.011; wv) AppleWebKit/537.36 (KHTML, like Gecko) Version/4.0 Chrome/139.0.7258.164 Mobile Safari/537.36 [FB_IAB/FB4A;FBAV/529.0.0.44.73;IABMV/1;]"
102.212.139.191 - - [16/Sep/2025:09:09:09 -0400] "GET /wp-includes/js/dist/i18n.min.js?ver=5e580eb46a90c2b997e6 HTTP/1.1" 200 3542 "https://alshaer-news.com/?p=3014&utm_medium=social&utm_source=heylink.me" "Mozilla/5.0 (Linux; Android 11; Redmi Note 8 Pro Build/RP1A.200720.011; wv) AppleWebKit/537.36 (KHTML, like Gecko) Version/4.0 Chrome/139.0.7258.164 Mobile Safari/537.36 [FB_IAB/FB4A;FBAV/529.0.0.44.73;IABMV/1;]"
102.212.139.191 - - [16/Sep/2025:09:09:09 -0400] "GET /wp-content/plugins/contact-form-7/includes/swv/js/index.js?ver=6.0.6 HTTP/1.1" 200 3369 "https://alshaer-news.com/?p=3014&utm_medium=social&utm_source=heylink.me" "Mozilla/5.0 (Linux; Android 11; Redmi Note 8 Pro Build/RP1A.200720.011; wv) AppleWebKit/537.36 (KHTML, like Gecko) Version/4.0 Chrome/139.0.7258.164 Mobile Safari/537.36 [FB_IAB/FB4A;FBAV/529.0.0.44.73;IABMV/1;]"
102.212.139.191 - - [16/Sep/2025:09:09:09 -0400] "GET /wp-content/plugins/contact-form-7/includes/js/index.js?ver=6.0.6 HTTP/1.1" 200 4008 "https://alshaer-news.com/?p=3014&utm_medium=social&utm_source=heylink.me" "Mozilla/5.0 (Linux; Android 11; Redmi Note 8 Pro Build/RP1A.200720.011; wv) AppleWebKit/537.36 (KHTML, like Gecko) Version/4.0 Chrome/139.0.7258.164 Mobile Safari/537.36 [FB_IAB/FB4A;FBAV/529.0.0.44.73;IABMV/1;]"
102.212.139.191 - - [16/Sep/2025:09:09:09 -0400] "GET /wp-content/themes/newsplus/assets/js/main.js?ver=37.00 HTTP/1.1" 200 1317 "https://alshaer-news.com/?p=3014&utm_medium=social&utm_source=heylink.me" "Mozilla/5.0 (Linux; Android 11; Redmi Note 8 Pro Build/RP1A.200720.011; wv) AppleWebKit/537.36 (KHTML, like Gecko) Version/4.0 Chrome/139.0.7258.164 Mobile Safari/537.36 [FB_IAB/FB4A;FBAV/529.0.0.44.73;IABMV/1;]"
102.212.139.191 - - [16/Sep/2025:09:09:09 -0400] "GET /wp-includes/js/comment-reply.min.js?ver=6.8.2 HTTP/1.1" 200 1247 "https://alshaer-news.com/?p=3014&utm_medium=social&utm_source=heylink.me" "Mozilla/5.0 (Linux; Android 11; Redmi Note 8 Pro Build/RP1A.200720.011; wv) AppleWebKit/537.36 (KHTML, like Gecko) Version/4.0 Chrome/139.0.7258.164 Mobile Safari/537.36 [FB_IAB/FB4A;FBAV/529.0.0.44.73;IABMV/1;]"
102.212.139.191 - - [16/Sep/2025:09:09:09 -0400] "GET /wp-content/uploads/2025/06/IMG_4412545132-360x200.jpg HTTP/1.1" 200 21437 "https://alshaer-news.com/?p=3014&utm_medium=social&utm_source=heylink.me" "Mozilla/5.0 (Linux; Android 11; Redmi Note 8 Pro Build/RP1A.200720.011; wv) AppleWebKit/537.36 (KHTML, like Gecko) Version/4.0 Chrome/139.0.7258.164 Mobile Safari/537.36 [FB_IAB/FB4A;FBAV/529.0.0.44.73;IABMV/1;]"
102.212.139.191 - - [16/Sep/2025:09:09:09 -0400] "GET /wp-content/uploads/2025/04/IMG_2620482203-360x200.jpg HTTP/1.1" 200 19869 "https://alshaer-news.com/?p=3014&utm_medium=social&utm_source=heylink.me" "Mozilla/5.0 (Linux; Android 11; Redmi Note 8 Pro Build/RP1A.200720.011; wv) AppleWebKit/537.36 (KHTML, like Gecko) Version/4.0 Chrome/139.0.7258.164 Mobile Safari/537.36 [FB_IAB/FB4A;FBAV/529.0.0.44.73;IABMV/1;]"
102.212.139.191 - - [16/Sep/2025:09:09:09 -0400] "GET /wp-content/uploads/2024/08/FB_IMG_1723739515245-360x200.jpg HTTP/1.1" 200 12051 "https://alshaer-news.com/?p=3014&utm_medium=social&utm_source=heylink.me" "Mozilla/5.0 (Linux; Android 11; Redmi Note 8 Pro Build/RP1A.200720.011; wv) AppleWebKit/537.36 (KHTML, like Gecko) Version/4.0 Chrome/139.0.7258.164 Mobile Safari/537.36 [FB_IAB/FB4A;FBAV/529.0.0.44.73;IABMV/1;]"
102.212.139.191 - - [16/Sep/2025:09:09:09 -0400] "GET /wp-content/uploads/2024/08/%D8%A8%D9%84%D8%AF%D9%8A%D8%A9-%D8%AA%D9%88%D9%86%D8%B3-%D8%B3%D8%A7%D8%AD%D8%A9-%D8%A7%D9%84%D9%82%D8%B5%D8%A8%D8%A9-Godong-Getty-360x200.jpg HTTP/1.1" 200 15774 "https://alshaer-news.com/?p=3014&utm_medium=social&utm_source=heylink.me" "Mozilla/5.0 (Linux; Android 11; Redmi Note 8 Pro Build/RP1A.200720.011; wv) AppleWebKit/537.36 (KHTML, like Gecko) Version/4.0 Chrome/139.0.7258.164 Mobile Safari/537.36 [FB_IAB/FB4A;FBAV/529.0.0.44.73;IABMV/1;]"
102.212.139.191 - - [16/Sep/2025:09:09:09 -0400] "GET /wp-content/uploads/2024/08/GettyImages-644501407_1-360x200.jpg HTTP/1.1" 200 15364 "https://alshaer-news.com/?p=3014&utm_medium=social&utm_source=heylink.me" "Mozilla/5.0 (Linux; Android 11; Redmi Note 8 Pro Build/RP1A.200720.011; wv) AppleWebKit/537.36 (KHTML, like Gecko) Version/4.0 Chrome/139.0.7258.164 Mobile Safari/537.36 [FB_IAB/FB4A;FBAV/529.0.0.44.73;IABMV/1;]"
102.212.139.191 - - [16/Sep/2025:09:09:09 -0400] "GET /wp-content/uploads/2024/07/%D9%A2%D9%A0%D9%A2%D9%A4%D9%A0%D9%A7%D9%A2%D9%A8_%D9%A1%D9%A1%D9%A4%D9%A5%D9%A5%D9%A3-360x200.jpg HTTP/1.1" 200 11944 "https://alshaer-news.com/?p=3014&utm_medium=social&utm_source=heylink.me" "Mozilla/5.0 (Linux; Android 11; Redmi Note 8 Pro Build/RP1A.200720.011; wv) AppleWebKit/537.36 (KHTML, like Gecko) Version/4.0 Chrome/139.0.7258.164 Mobile Safari/537.36 [FB_IAB/FB4A;FBAV/529.0.0.44.73;IABMV/1;]"
102.212.139.191 - - [16/Sep/2025:09:09:09 -0400] "GET /wp-content/uploads/2025/09/IMG-20250910-WA0000-360x200.jpg HTTP/1.1" 200 17269 "https://alshaer-news.com/?p=3014&utm_medium=social&utm_source=heylink.me" "Mozilla/5.0 (Linux; Android 11; Redmi Note 8 Pro Build/RP1A.200720.011; wv) AppleWebKit/537.36 (KHTML, like Gecko) Version/4.0 Chrome/139.0.7258.164 Mobile Safari/537.36 [FB_IAB/FB4A;FBAV/529.0.0.44.73;IABMV/1;]"
102.212.139.191 - - [16/Sep/2025:09:09:09 -0400] "GET /wp-content/uploads/2025/09/%D9%A2%D9%A0%D9%A2%D9%A5%D9%A0%D9%A9%D9%A0%D9%A9_%D9%A2%D9%A3%D9%A4%D9%A9%D9%A3%D9%A7-360x200.jpg HTTP/1.1" 200 22224 "https://alshaer-news.com/?p=3014&utm_medium=social&utm_source=heylink.me" "Mozilla/5.0 (Linux; Android 11; Redmi Note 8 Pro Build/RP1A.200720.011; wv) AppleWebKit/537.36 (KHTML, like Gecko) Version/4.0 Chrome/139.0.7258.164 Mobile Safari/537.36 [FB_IAB/FB4A;FBAV/529.0.0.44.73;IABMV/1;]"
102.212.139.191 - - [16/Sep/2025:09:09:09 -0400] "GET /wp-content/uploads/2025/08/IMG-20250824-WA0030-360x200.jpg HTTP/1.1" 200 15692 "https://alshaer-news.com/?p=3014&utm_medium=social&utm_source=heylink.me" "Mozilla/5.0 (Linux; Android 11; Redmi Note 8 Pro Build/RP1A.200720.011; wv) AppleWebKit/537.36 (KHTML, like Gecko) Version/4.0 Chrome/139.0.7258.164 Mobile Safari/537.36 [FB_IAB/FB4A;FBAV/529.0.0.44.73;IABMV/1;]"
102.212.139.191 - - [16/Sep/2025:09:09:09 -0400] "GET /wp-content/uploads/2025/07/IMG_8282480856-360x200.jpg HTTP/1.1" 200 20934 "https://alshaer-news.com/?p=3014&utm_medium=social&utm_source=heylink.me" "Mozilla/5.0 (Linux; Android 11; Redmi Note 8 Pro Build/RP1A.200720.011; wv) AppleWebKit/537.36 (KHTML, like Gecko) Version/4.0 Chrome/139.0.7258.164 Mobile Safari/537.36 [FB_IAB/FB4A;FBAV/529.0.0.44.73;IABMV/1;]"
102.212.139.191 - - [16/Sep/2025:09:09:09 -0400] "GET /wp-content/uploads/2025/05/FB_IMG_1746291435288-360x200.jpg HTTP/1.1" 200 16248 "https://alshaer-news.com/?p=3014&utm_medium=social&utm_source=heylink.me" "Mozilla/5.0 (Linux; Android 11; Redmi Note 8 Pro Build/RP1A.200720.011; wv) AppleWebKit/537.36 (KHTML, like Gecko) Version/4.0 Chrome/139.0.7258.164 Mobile Safari/537.36 [FB_IAB/FB4A;FBAV/529.0.0.44.73;IABMV/1;]"
102.212.139.191 - - [16/Sep/2025:09:09:09 -0400] "GET /wp-content/uploads/2025/02/%D9%A2%D9%A0%D9%A2%D9%A5%D9%A0%D9%A2%D9%A0%D9%A6_%D9%A2%D9%A2%D9%A4%D9%A9%D9%A0%D9%A1-360x200.jpg HTTP/1.1" 200 17316 "https://alshaer-news.com/?p=3014&utm_medium=social&utm_source=heylink.me" "Mozilla/5.0 (Linux; Android 11; Redmi Note 8 Pro Build/RP1A.200720.011; wv) AppleWebKit/537.36 (KHTML, like Gecko) Version/4.0 Chrome/139.0.7258.164 Mobile Safari/537.36 [FB_IAB/FB4A;FBAV/529.0.0.44.73;IABMV/1;]"
102.212.139.191 - - [16/Sep/2025:09:09:09 -0400] "GET /wp-content/uploads/2024/12/%D9%85%D8%AD%D9%85%D8%AF-%D8%A8%D9%86-%D8%B3%D9%84%D9%85%D8%A7%D9%86--360x200.jpg HTTP/1.1" 200 17160 "https://alshaer-news.com/?p=3014&utm_medium=social&utm_source=heylink.me" "Mozilla/5.0 (Linux; Android 11; Redmi Note 8 Pro Build/RP1A.200720.011; wv) AppleWebKit/537.36 (KHTML, like Gecko) Version/4.0 Chrome/139.0.7258.164 Mobile Safari/537.36 [FB_IAB/FB4A;FBAV/529.0.0.44.73;IABMV/1;]"
102.212.139.191 - - [16/Sep/2025:09:09:09 -0400] "GET /wp-content/uploads/2024/09/%D9%85%D8%B2%D8%A7%D8%AF-%D8%AC%D9%85%D8%A7%D8%B1%D9%83--360x200.jpg HTTP/1.1" 200 27863 "https://alshaer-news.com/?p=3014&utm_medium=social&utm_source=heylink.me" "Mozilla/5.0 (Linux; Android 11; Redmi Note 8 Pro Build/RP1A.200720.011; wv) AppleWebKit/537.36 (KHTML, like Gecko) Version/4.0 Chrome/139.0.7258.164 Mobile Safari/537.36 [FB_IAB/FB4A;FBAV/529.0.0.44.73;IABMV/1;]"
102.212.139.191 - - [16/Sep/2025:09:09:10 -0400] "GET /wp-includes/js/wp-emoji-release.min.js?ver=6.8.2 HTTP/1.1" 200 4769 "https://alshaer-news.com/?p=3014&utm_medium=social&utm_source=heylink.me" "Mozilla/5.0 (Linux; Android 11; Redmi Note 8 Pro Build/RP1A.200720.011; wv) AppleWebKit/537.36 (KHTML, like Gecko) Version/4.0 Chrome/139.0.7258.164 Mobile Safari/537.36 [FB_IAB/FB4A;FBAV/529.0.0.44.73;IABMV/1;]"
102.164.96.58 - - [16/Sep/2025:09:09:14 -0400] "GET /?p=2594 HTTP/1.1" 200 14816 "https://mez.ink/" "Mozilla/5.0 (Linux; Android 15; 23053RN02A Build/AP3A.240905.015.A2; wv) AppleWebKit/537.36 (KHTML, like Gecko) Version/4.0 Chrome/139.0.7258.164 Mobile Safari/537.36 [FB_IAB/FB4A;FBAV/529.0.0.44.73;IABMV/1;]"
102.212.139.191 - - [16/Sep/2025:09:09:14 -0400] "GET /favicon.ico HTTP/1.1" 500 1112 "https://alshaer-news.com/?p=3014&utm_medium=social&utm_source=heylink.me" "Mozilla/5.0 (Linux; Android 11; Redmi Note 8 Pro Build/RP1A.200720.011; wv) AppleWebKit/537.36 (KHTML, like Gecko) Version/4.0 Chrome/139.0.7258.164 Mobile Safari/537.36 [FB_IAB/FB4A;FBAV/529.0.0.44.73;IABMV/1;]"
102.212.139.191 - - [16/Sep/2025:09:09:15 -0400] "GET /?cat=10 HTTP/1.1" 200 10528 "https://alshaer-news.com/?p=3014&utm_medium=social&utm_source=heylink.me" "Mozilla/5.0 (Linux; Android 11; Redmi Note 8 Pro Build/RP1A.200720.011; wv) AppleWebKit/537.36 (KHTML, like Gecko) Version/4.0 Chrome/139.0.7258.164 Mobile Safari/537.36 [FB_IAB/FB4A;FBAV/529.0.0.44.73;IABMV/1;]"
102.212.139.191 - - [16/Sep/2025:09:09:15 -0400] "GET /wp-content/uploads/2024/07/%D9%8A%D8%AD%D8%AF%D8%AB-%D8%A8%D8%B4%D9%83%D9%84-%D9%85%D8%AA%D9%83%D8%B1%D8%B1-360x200.jpg HTTP/1.1" 200 22426 "https://alshaer-news.com/?cat=10" "Mozilla/5.0 (Linux; Android 11; Redmi Note 8 Pro Build/RP1A.200720.011; wv) AppleWebKit/537.36 (KHTML, like Gecko) Version/4.0 Chrome/139.0.7258.164 Mobile Safari/537.36 [FB_IAB/FB4A;FBAV/529.0.0.44.73;IABMV/1;]"
102.212.139.191 - - [16/Sep/2025:09:09:15 -0400] "GET /wp-content/uploads/2024/07/%D9%A2%D9%A0%D9%A2%D9%A4%D9%A0%D9%A7%D9%A0%D9%A5_%D9%A2%D9%A1%D9%A1%D9%A2%D9%A4%D9%A7-360x200.jpg HTTP/1.1" 200 18487 "https://alshaer-news.com/?cat=10" "Mozilla/5.0 (Linux; Android 11; Redmi Note 8 Pro Build/RP1A.200720.011; wv) AppleWebKit/537.36 (KHTML, like Gecko) Version/4.0 Chrome/139.0.7258.164 Mobile Safari/537.36 [FB_IAB/FB4A;FBAV/529.0.0.44.73;IABMV/1;]"
102.212.139.191 - - [16/Sep/2025:09:09:15 -0400] "GET /wp-content/uploads/2024/07/93bdff9e2da0742d32c8e0848789b7e3-360x200.jpg HTTP/1.1" 200 10217 "https://alshaer-news.com/?cat=10" "Mozilla/5.0 (Linux; Android 11; Redmi Note 8 Pro Build/RP1A.200720.011; wv) AppleWebKit/537.36 (KHTML, like Gecko) Version/4.0 Chrome/139.0.7258.164 Mobile Safari/537.36 [FB_IAB/FB4A;FBAV/529.0.0.44.73;IABMV/1;]"
102.212.139.191 - - [16/Sep/2025:09:09:15 -0400] "GET /wp-content/uploads/2023/11/%D8%A7%D9%84%D8%B4%D8%B9%D8%B1%D9%86%D9%8A%D9%88%D8%B2-360x200.jpg HTTP/1.1" 200 24769 "https://alshaer-news.com/?cat=10" "Mozilla/5.0 (Linux; Android 11; Redmi Note 8 Pro Build/RP1A.200720.011; wv) AppleWebKit/537.36 (KHTML, like Gecko) Version/4.0 Chrome/139.0.7258.164 Mobile Safari/537.36 [FB_IAB/FB4A;FBAV/529.0.0.44.73;IABMV/1;]"
102.212.139.191 - - [16/Sep/2025:09:09:15 -0400] "GET /wp-content/uploads/2023/09/%D8%A7%D9%84%D8%B4%D8%B9%D8%B1%D9%86%D9%8A%D9%88%D8%B2-1-1-360x200.jpg HTTP/1.1" 200 13297 "https://alshaer-news.com/?cat=10" "Mozilla/5.0 (Linux; Android 11; Redmi Note 8 Pro Build/RP1A.200720.011; wv) AppleWebKit/537.36 (KHTML, like Gecko) Version/4.0 Chrome/139.0.7258.164 Mobile Safari/537.36 [FB_IAB/FB4A;FBAV/529.0.0.44.73;IABMV/1;]"
102.212.139.191 - - [16/Sep/2025:09:09:17 -0400] "GET /favicon.ico HTTP/1.1" 500 1112 "https://alshaer-news.com/?cat=10" "Mozilla/5.0 (Linux; Android 11; Redmi Note 8 Pro Build/RP1A.200720.011; wv) AppleWebKit/537.36 (KHTML, like Gecko) Version/4.0 Chrome/139.0.7258.164 Mobile Safari/537.36 [FB_IAB/FB4A;FBAV/529.0.0.44.73;IABMV/1;]"
102.164.96.58 - - [16/Sep/2025:09:09:19 -0400] "GET /wp-content/themes/newsplus/assets/img/logo.png HTTP/1.1" 200 43754 "fbapp://350685531728/unknown" "[FBAN/FB4A;FBAV/529.0.0.44.73;FBBV/786632875;FBDM/{density=2.75,width=1080,height=2460};FBLC/ar_AR;FBRV/791116052;FBCR/Libyana;FBMF/Xiaomi;FBBD/Redmi;FBPN/com.facebook.katana;FBDV/23053RN02A;FBSV/15;FBOP/1;FBCA/arm64-v8a:;]"
102.212.139.191 - - [16/Sep/2025:09:09:19 -0400] "GET /?p=3014 HTTP/1.1" 200 14766 "https://alshaer-news.com/?cat=10" "Mozilla/5.0 (Linux; Android 11; Redmi Note 8 Pro Build/RP1A.200720.011; wv) AppleWebKit/537.36 (KHTML, like Gecko) Version/4.0 Chrome/139.0.7258.164 Mobile Safari/537.36 [FB_IAB/FB4A;FBAV/529.0.0.44.73;IABMV/1;]"
102.212.139.191 - - [16/Sep/2025:09:09:21 -0400] "GET /favicon.ico HTTP/1.1" 500 1112 "https://alshaer-news.com/?p=3014" "Mozilla/5.0 (Linux; Android 11; Redmi Note 8 Pro Build/RP1A.200720.011; wv) AppleWebKit/537.36 (KHTML, like Gecko) Version/4.0 Chrome/139.0.7258.164 Mobile Safari/537.36 [FB_IAB/FB4A;FBAV/529.0.0.44.73;IABMV/1;]"
102.212.139.191 - - [16/Sep/2025:09:09:26 -0400] "GET /?cat=10 HTTP/1.1" 200 10528 "https://alshaer-news.com/?p=3014" "Mozilla/5.0 (Linux; Android 11; Redmi Note 8 Pro Build/RP1A.200720.011; wv) AppleWebKit/537.36 (KHTML, like Gecko) Version/4.0 Chrome/139.0.7258.164 Mobile Safari/537.36 [FB_IAB/FB4A;FBAV/529.0.0.44.73;IABMV/1;]"
102.212.139.191 - - [16/Sep/2025:09:09:27 -0400] "GET /favicon.ico HTTP/1.1" 500 1112 "https://alshaer-news.com/?cat=10" "Mozilla/5.0 (Linux; Android 11; Redmi Note 8 Pro Build/RP1A.200720.011; wv) AppleWebKit/537.36 (KHTML, like Gecko) Version/4.0 Chrome/139.0.7258.164 Mobile Safari/537.36 [FB_IAB/FB4A;FBAV/529.0.0.44.73;IABMV/1;]"
102.212.139.191 - - [16/Sep/2025:09:09:31 -0400] "GET /?p=3014 HTTP/1.1" 200 14766 "https://alshaer-news.com/?cat=10" "Mozilla/5.0 (Linux; Android 11; Redmi Note 8 Pro Build/RP1A.200720.011; wv) AppleWebKit/537.36 (KHTML, like Gecko) Version/4.0 Chrome/139.0.7258.164 Mobile Safari/537.36 [FB_IAB/FB4A;FBAV/529.0.0.44.73;IABMV/1;]"
102.212.139.191 - - [16/Sep/2025:09:09:32 -0400] "GET /favicon.ico HTTP/1.1" 500 1112 "https://alshaer-news.com/?p=3014" "Mozilla/5.0 (Linux; Android 11; Redmi Note 8 Pro Build/RP1A.200720.011; wv) AppleWebKit/537.36 (KHTML, like Gecko) Version/4.0 Chrome/139.0.7258.164 Mobile Safari/537.36 [FB_IAB/FB4A;FBAV/529.0.0.44.73;IABMV/1;]"
102.164.100.94 - - [16/Sep/2025:09:09:38 -0400] "GET /?p=3014 HTTP/1.1" 200 14766 "https://mez.ink/" "Mozilla/5.0 (Linux; Android 13; 220333QAG Build/TKQ1.221114.001; wv) AppleWebKit/537.36 (KHTML, like Gecko) Version/4.0 Chrome/140.0.7339.119 Mobile Safari/537.36 [FB_IAB/FB4A;FBAV/530.0.0.48.74;IABMV/1;]"
102.212.139.191 - - [16/Sep/2025:09:09:38 -0400] "GET /?cat=10 HTTP/1.1" 200 10528 "https://alshaer-news.com/?p=3014" "Mozilla/5.0 (Linux; Android 11; Redmi Note 8 Pro Build/RP1A.200720.011; wv) AppleWebKit/537.36 (KHTML, like Gecko) Version/4.0 Chrome/139.0.7258.164 Mobile Safari/537.36 [FB_IAB/FB4A;FBAV/529.0.0.44.73;IABMV/1;]"
102.212.139.191 - - [16/Sep/2025:09:09:39 -0400] "GET /favicon.ico HTTP/1.1" 500 1112 "https://alshaer-news.com/?cat=10" "Mozilla/5.0 (Linux; Android 11; Redmi Note 8 Pro Build/RP1A.200720.011; wv) AppleWebKit/537.36 (KHTML, like Gecko) Version/4.0 Chrome/139.0.7258.164 Mobile Safari/537.36 [FB_IAB/FB4A;FBAV/529.0.0.44.73;IABMV/1;]"
102.212.139.191 - - [16/Sep/2025:09:09:43 -0400] "GET /?p=3014 HTTP/1.1" 200 14766 "https://alshaer-news.com/?cat=10" "Mozilla/5.0 (Linux; Android 11; Redmi Note 8 Pro Build/RP1A.200720.011; wv) AppleWebKit/537.36 (KHTML, like Gecko) Version/4.0 Chrome/139.0.7258.164 Mobile Safari/537.36 [FB_IAB/FB4A;FBAV/529.0.0.44.73;IABMV/1;]"
102.212.138.64 - - [16/Sep/2025:09:09:43 -0400] "GET /?p=3014&utm_medium=social&utm_source=heylink.me HTTP/1.1" 200 17191 "https://heylink.me/whatsappcomchannel0029VbB7Nu58PgsMqBc0LS26/?fbclid=IwY2xjawM2QJ9leHRuA2FlbQIxMQABHrzUi8-4hLapgDLJ0NVMLtEpx7eKGdllwzYUZz1yy8f_AkTO28AFcQnAMclD_aem_bUUUhI3G9DM3Yyr_H5w1HQ" "Mozilla/5.0 (Linux; Android 6.0.1; SM-J700H Build/MMB29K; wv) AppleWebKit/537.36 (KHTML, like Gecko) Version/4.0 Chrome/95.0.4638.74 Mobile Safari/537.36 [FB_IAB/FB4A;FBAV/436.0.0.35.101;]"
102.212.139.191 - - [16/Sep/2025:09:09:44 -0400] "GET /favicon.ico HTTP/1.1" 500 1112 "https://alshaer-news.com/?p=3014" "Mozilla/5.0 (Linux; Android 11; Redmi Note 8 Pro Build/RP1A.200720.011; wv) AppleWebKit/537.36 (KHTML, like Gecko) Version/4.0 Chrome/139.0.7258.164 Mobile Safari/537.36 [FB_IAB/FB4A;FBAV/529.0.0.44.73;IABMV/1;]"
102.212.139.191 - - [16/Sep/2025:09:09:45 -0400] "GET /?cat=10 HTTP/1.1" 200 10528 "https://alshaer-news.com/?p=3014" "Mozilla/5.0 (Linux; Android 11; Redmi Note 8 Pro Build/RP1A.200720.011; wv) AppleWebKit/537.36 (KHTML, like Gecko) Version/4.0 Chrome/139.0.7258.164 Mobile Safari/537.36 [FB_IAB/FB4A;FBAV/529.0.0.44.73;IABMV/1;]"
102.212.139.191 - - [16/Sep/2025:09:09:46 -0400] "GET /favicon.ico HTTP/1.1" 500 1112 "https://alshaer-news.com/?cat=10" "Mozilla/5.0 (Linux; Android 11; Redmi Note 8 Pro Build/RP1A.200720.011; wv) AppleWebKit/537.36 (KHTML, like Gecko) Version/4.0 Chrome/139.0.7258.164 Mobile Safari/537.36 [FB_IAB/FB4A;FBAV/529.0.0.44.73;IABMV/1;]"
102.212.139.191 - - [16/Sep/2025:09:09:47 -0400] "GET /?p=3014 HTTP/1.1" 200 14766 "https://alshaer-news.com/?cat=10" "Mozilla/5.0 (Linux; Android 11; Redmi Note 8 Pro Build/RP1A.200720.011; wv) AppleWebKit/537.36 (KHTML, like Gecko) Version/4.0 Chrome/139.0.7258.164 Mobile Safari/537.36 [FB_IAB/FB4A;FBAV/529.0.0.44.73;IABMV/1;]"
102.212.139.191 - - [16/Sep/2025:09:09:48 -0400] "GET /favicon.ico HTTP/1.1" 500 1112 "https://alshaer-news.com/?p=3014" "Mozilla/5.0 (Linux; Android 11; Redmi Note 8 Pro Build/RP1A.200720.011; wv) AppleWebKit/537.36 (KHTML, like Gecko) Version/4.0 Chrome/139.0.7258.164 Mobile Safari/537.36 [FB_IAB/FB4A;FBAV/529.0.0.44.73;IABMV/1;]"
176.88.175.247 - - [16/Sep/2025:09:09:50 -0400] "GET /?p=3026&utm_medium=social&utm_source=heylink.me HTTP/1.1" 200 14343 "https://heylink.me/whatsappcomchannel0029Vb6nFL02v1IrjKKy3d1v/?fbclid=IwY2xjawM2QOJleHRuA2FlbQIxMQABHkQ3U0D030HIyjVILThs-7jQWet9I-r-yJpZuGbcksl_r75dxjTyS6bU8WDa_aem_Kdu9tF-smGfPCmxdzqJD5w" "Mozilla/5.0 (Linux; Android 12; SM-A217F Build/SP1A.210812.016; wv) AppleWebKit/537.36 (KHTML, like Gecko) Version/4.0 Chrome/140.0.7339.119 Mobile Safari/537.36 [FB_IAB/FB4A;FBAV/530.0.0.48.74;IABMV/1;]"
102.212.138.64 - - [16/Sep/2025:09:09:51 -0400] "GET /wp-includes/css/dist/block-library/style-rtl.min.css?ver=6.8.2 HTTP/1.1" 200 19581 "https://alshaer-news.com/?p=3014&utm_medium=social&utm_source=heylink.me" "Mozilla/5.0 (Linux; Android 6.0.1; SM-J700H Build/MMB29K; wv) AppleWebKit/537.36 (KHTML, like Gecko) Version/4.0 Chrome/95.0.4638.74 Mobile Safari/537.36 [FB_IAB/FB4A;FBAV/436.0.0.35.101;]"
102.212.138.64 - - [16/Sep/2025:09:09:51 -0400] "GET /wp-content/plugins/contact-form-7/includes/css/styles.css?ver=6.0.6 HTTP/1.1" 200 1101 "https://alshaer-news.com/?p=3014&utm_medium=social&utm_source=heylink.me" "Mozilla/5.0 (Linux; Android 6.0.1; SM-J700H Build/MMB29K; wv) AppleWebKit/537.36 (KHTML, like Gecko) Version/4.0 Chrome/95.0.4638.74 Mobile Safari/537.36 [FB_IAB/FB4A;FBAV/436.0.0.35.101;]"
102.212.138.64 - - [16/Sep/2025:09:09:51 -0400] "GET /wp-content/plugins/contact-form-7/includes/css/styles-rtl.css?ver=6.0.6 HTTP/1.1" 200 152 "https://alshaer-news.com/?p=3014&utm_medium=social&utm_source=heylink.me" "Mozilla/5.0 (Linux; Android 6.0.1; SM-J700H Build/MMB29K; wv) AppleWebKit/537.36 (KHTML, like Gecko) Version/4.0 Chrome/95.0.4638.74 Mobile Safari/537.36 [FB_IAB/FB4A;FBAV/436.0.0.35.101;]"
102.212.138.64 - - [16/Sep/2025:09:09:51 -0400] "GET /wp-content/plugins/cookie-notice/css/front.min.css?ver=2.5.6 HTTP/1.1" 200 1229 "https://alshaer-news.com/?p=3014&utm_medium=social&utm_source=heylink.me" "Mozilla/5.0 (Linux; Android 6.0.1; SM-J700H Build/MMB29K; wv) AppleWebKit/537.36 (KHTML, like Gecko) Version/4.0 Chrome/95.0.4638.74 Mobile Safari/537.36 [FB_IAB/FB4A;FBAV/436.0.0.35.101;]"
102.212.138.64 - - [16/Sep/2025:09:09:51 -0400] "GET /wp-content/themes/newsplus/assets/css/bootstrap.min.css?ver=37.00 HTTP/1.1" 200 26089 "https://alshaer-news.com/?p=3014&utm_medium=social&utm_source=heylink.me" "Mozilla/5.0 (Linux; Android 6.0.1; SM-J700H Build/MMB29K; wv) AppleWebKit/537.36 (KHTML, like Gecko) Version/4.0 Chrome/95.0.4638.74 Mobile Safari/537.36 [FB_IAB/FB4A;FBAV/436.0.0.35.101;]"
102.212.138.64 - - [16/Sep/2025:09:09:51 -0400] "GET /wp-content/themes/newsplus/assets/fonts/fonts.css?ver=37.00 HTTP/1.1" 200 372 "https://alshaer-news.com/?p=3014&utm_medium=social&utm_source=heylink.me" "Mozilla/5.0 (Linux; Android 6.0.1; SM-J700H Build/MMB29K; wv) AppleWebKit/537.36 (KHTML, like Gecko) Version/4.0 Chrome/95.0.4638.74 Mobile Safari/537.36 [FB_IAB/FB4A;FBAV/436.0.0.35.101;]"
102.212.138.64 - - [16/Sep/2025:09:09:51 -0400] "GET /wp-content/themes/newsplus/style.css?ver=37.00 HTTP/1.1" 200 9946 "https://alshaer-news.com/?p=3014&utm_medium=social&utm_source=heylink.me" "Mozilla/5.0 (Linux; Android 6.0.1; SM-J700H Build/MMB29K; wv) AppleWebKit/537.36 (KHTML, like Gecko) Version/4.0 Chrome/95.0.4638.74 Mobile Safari/537.36 [FB_IAB/FB4A;FBAV/436.0.0.35.101;]"
102.212.138.64 - - [16/Sep/2025:09:09:51 -0400] "GET /wp-content/plugins/cookie-notice/js/front.min.js?ver=2.5.6 HTTP/1.1" 200 2379 "https://alshaer-news.com/?p=3014&utm_medium=social&utm_source=heylink.me" "Mozilla/5.0 (Linux; Android 6.0.1; SM-J700H Build/MMB29K; wv) AppleWebKit/537.36 (KHTML, like Gecko) Version/4.0 Chrome/95.0.4638.74 Mobile Safari/537.36 [FB_IAB/FB4A;FBAV/436.0.0.35.101;]"
102.212.138.64 - - [16/Sep/2025:09:09:51 -0400] "GET /wp-includes/js/jquery/jquery.min.js?ver=3.7.1 HTTP/1.1" 200 35438 "https://alshaer-news.com/?p=3014&utm_medium=social&utm_source=heylink.me" "Mozilla/5.0 (Linux; Android 6.0.1; SM-J700H Build/MMB29K; wv) AppleWebKit/537.36 (KHTML, like Gecko) Version/4.0 Chrome/95.0.4638.74 Mobile Safari/537.36 [FB_IAB/FB4A;FBAV/436.0.0.35.101;]"
102.212.138.64 - - [16/Sep/2025:09:09:51 -0400] "GET /wp-includes/js/jquery/jquery-migrate.min.js?ver=3.4.1 HTTP/1.1" 200 5342 "https://alshaer-news.com/?p=3014&utm_medium=social&utm_source=heylink.me" "Mozilla/5.0 (Linux; Android 6.0.1; SM-J700H Build/MMB29K; wv) AppleWebKit/537.36 (KHTML, like Gecko) Version/4.0 Chrome/95.0.4638.74 Mobile Safari/537.36 [FB_IAB/FB4A;FBAV/436.0.0.35.101;]"
102.212.138.64 - - [16/Sep/2025:09:09:53 -0400] "GET /wp-includes/js/dist/hooks.min.js?ver=4d63a3d491d11ffd8ac6 HTTP/1.1" 200 1758 "https://alshaer-news.com/?p=3014&utm_medium=social&utm_source=heylink.me" "Mozilla/5.0 (Linux; Android 6.0.1; SM-J700H Build/MMB29K; wv) AppleWebKit/537.36 (KHTML, like Gecko) Version/4.0 Chrome/95.0.4638.74 Mobile Safari/537.36 [FB_IAB/FB4A;FBAV/436.0.0.35.101;]"
102.212.139.191 - - [16/Sep/2025:09:09:53 -0400] "GET /?cat=10 HTTP/1.1" 200 10528 "https://alshaer-news.com/?p=3014" "Mozilla/5.0 (Linux; Android 11; Redmi Note 8 Pro Build/RP1A.200720.011; wv) AppleWebKit/537.36 (KHTML, like Gecko) Version/4.0 Chrome/139.0.7258.164 Mobile Safari/537.36 [FB_IAB/FB4A;FBAV/529.0.0.44.73;IABMV/1;]"
102.212.139.191 - - [16/Sep/2025:09:09:54 -0400] "GET /favicon.ico HTTP/1.1" 500 1112 "https://alshaer-news.com/?cat=10" "Mozilla/5.0 (Linux; Android 11; Redmi Note 8 Pro Build/RP1A.200720.011; wv) AppleWebKit/537.36 (KHTML, like Gecko) Version/4.0 Chrome/139.0.7258.164 Mobile Safari/537.36 [FB_IAB/FB4A;FBAV/529.0.0.44.73;IABMV/1;]"
102.164.100.94 - - [16/Sep/2025:09:09:55 -0400] "GET /wp-content/themes/newsplus/assets/img/logo.png HTTP/1.1" 200 43754 "fbapp://350685531728/unknown" "[FBAN/FB4A;FBAV/530.0.0.48.74;FBBV/789633436;FBDM/{density=2.0,width=720,height=1507};FBLC/ar_AR;FBRV/792245187;FBCR/Libyana;FBMF/Xiaomi;FBBD/Redmi;FBPN/com.facebook.katana;FBDV/220333QAG;FBSV/13;FBOP/1;FBCA/arm64-v8a:;]"
102.164.100.94 - - [16/Sep/2025:09:09:55 -0400] "GET /wp-content/uploads/2025/06/IMG_4412545132.jpg HTTP/1.1" 200 886957 "fbapp://350685531728/unknown" "[FBAN/FB4A;FBAV/530.0.0.48.74;FBBV/789633436;FBDM/{density=2.0,width=720,height=1507};FBLC/ar_AR;FBRV/792245187;FBCR/Libyana;FBMF/Xiaomi;FBBD/Redmi;FBPN/com.facebook.katana;FBDV/220333QAG;FBSV/13;FBOP/1;FBCA/arm64-v8a:;]"
102.212.139.191 - - [16/Sep/2025:09:09:58 -0400] "GET /?p=3014 HTTP/1.1" 200 14766 "https://alshaer-news.com/?cat=10" "Mozilla/5.0 (Linux; Android 11; Redmi Note 8 Pro Build/RP1A.200720.011; wv) AppleWebKit/537.36 (KHTML, like Gecko) Version/4.0 Chrome/139.0.7258.164 Mobile Safari/537.36 [FB_IAB/FB4A;FBAV/529.0.0.44.73;IABMV/1;]"
102.212.138.64 - - [16/Sep/2025:09:09:58 -0400] "GET /wp-includes/js/dist/i18n.min.js?ver=5e580eb46a90c2b997e6 HTTP/1.1" 200 3910 "https://alshaer-news.com/?p=3014&utm_medium=social&utm_source=heylink.me" "Mozilla/5.0 (Linux; Android 6.0.1; SM-J700H Build/MMB29K; wv) AppleWebKit/537.36 (KHTML, like Gecko) Version/4.0 Chrome/95.0.4638.74 Mobile Safari/537.36 [FB_IAB/FB4A;FBAV/436.0.0.35.101;]"
102.212.138.64 - - [16/Sep/2025:09:09:59 -0400] "GET /wp-content/plugins/contact-form-7/includes/swv/js/index.js?ver=6.0.6 HTTP/1.1" 200 3878 "https://alshaer-news.com/?p=3014&utm_medium=social&utm_source=heylink.me" "Mozilla/5.0 (Linux; Android 6.0.1; SM-J700H Build/MMB29K; wv) AppleWebKit/537.36 (KHTML, like Gecko) Version/4.0 Chrome/95.0.4638.74 Mobile Safari/537.36 [FB_IAB/FB4A;FBAV/436.0.0.35.101;]"
102.212.139.191 - - [16/Sep/2025:09:09:59 -0400] "GET /favicon.ico HTTP/1.1" 500 1112 "https://alshaer-news.com/?p=3014" "Mozilla/5.0 (Linux; Android 11; Redmi Note 8 Pro Build/RP1A.200720.011; wv) AppleWebKit/537.36 (KHTML, like Gecko) Version/4.0 Chrome/139.0.7258.164 Mobile Safari/537.36 [FB_IAB/FB4A;FBAV/529.0.0.44.73;IABMV/1;]"
102.212.138.64 - - [16/Sep/2025:09:09:59 -0400] "GET /wp-content/plugins/contact-form-7/includes/js/index.js?ver=6.0.6 HTTP/1.1" 200 4788 "https://alshaer-news.com/?p=3014&utm_medium=social&utm_source=heylink.me" "Mozilla/5.0 (Linux; Android 6.0.1; SM-J700H Build/MMB29K; wv) AppleWebKit/537.36 (KHTML, like Gecko) Version/4.0 Chrome/95.0.4638.74 Mobile Safari/537.36 [FB_IAB/FB4A;FBAV/436.0.0.35.101;]"
102.212.139.191 - - [16/Sep/2025:09:10:00 -0400] "GET /?cat=10 HTTP/1.1" 200 10528 "https://alshaer-news.com/?p=3014" "Mozilla/5.0 (Linux; Android 11; Redmi Note 8 Pro Build/RP1A.200720.011; wv) AppleWebKit/537.36 (KHTML, like Gecko) Version/4.0 Chrome/139.0.7258.164 Mobile Safari/537.36 [FB_IAB/FB4A;FBAV/529.0.0.44.73;IABMV/1;]"
102.212.139.191 - - [16/Sep/2025:09:10:00 -0400] "GET /favicon.ico HTTP/1.1" 500 1112 "https://alshaer-news.com/?cat=10" "Mozilla/5.0 (Linux; Android 11; Redmi Note 8 Pro Build/RP1A.200720.011; wv) AppleWebKit/537.36 (KHTML, like Gecko) Version/4.0 Chrome/139.0.7258.164 Mobile Safari/537.36 [FB_IAB/FB4A;FBAV/529.0.0.44.73;IABMV/1;]"
102.212.138.64 - - [16/Sep/2025:09:10:00 -0400] "GET /wp-content/themes/newsplus/assets/js/main.js?ver=37.00 HTTP/1.1" 200 1579 "https://alshaer-news.com/?p=3014&utm_medium=social&utm_source=heylink.me" "Mozilla/5.0 (Linux; Android 6.0.1; SM-J700H Build/MMB29K; wv) AppleWebKit/537.36 (KHTML, like Gecko) Version/4.0 Chrome/95.0.4638.74 Mobile Safari/537.36 [FB_IAB/FB4A;FBAV/436.0.0.35.101;]"
176.88.175.247 - - [16/Sep/2025:09:10:01 -0400] "GET /favicon.ico HTTP/1.1" 500 1112 "https://alshaer-news.com/?p=3026&utm_medium=social&utm_source=heylink.me" "Mozilla/5.0 (Linux; Android 12; SM-A217F Build/SP1A.210812.016; wv) AppleWebKit/537.36 (KHTML, like Gecko) Version/4.0 Chrome/140.0.7339.119 Mobile Safari/537.36 [FB_IAB/FB4A;FBAV/530.0.0.48.74;IABMV/1;]"
102.212.139.191 - - [16/Sep/2025:09:10:02 -0400] "GET /?p=3014 HTTP/1.1" 200 14766 "https://alshaer-news.com/?cat=10" "Mozilla/5.0 (Linux; Android 11; Redmi Note 8 Pro Build/RP1A.200720.011; wv) AppleWebKit/537.36 (KHTML, like Gecko) Version/4.0 Chrome/139.0.7258.164 Mobile Safari/537.36 [FB_IAB/FB4A;FBAV/529.0.0.44.73;IABMV/1;]"
102.212.138.64 - - [16/Sep/2025:09:10:03 -0400] "GET /wp-content/themes/newsplus/assets/img/logo.png HTTP/1.1" 200 43754 "https://alshaer-news.com/?p=3014&utm_medium=social&utm_source=heylink.me" "Mozilla/5.0 (Linux; Android 6.0.1; SM-J700H Build/MMB29K; wv) AppleWebKit/537.36 (KHTML, like Gecko) Version/4.0 Chrome/95.0.4638.74 Mobile Safari/537.36 [FB_IAB/FB4A;FBAV/436.0.0.35.101;]"
102.212.138.64 - - [16/Sep/2025:09:10:03 -0400] "GET /wp-content/uploads/2025/06/IMG_4412545132-768x768.jpg HTTP/1.1" 200 88818 "https://alshaer-news.com/?p=3014&utm_medium=social&utm_source=heylink.me" "Mozilla/5.0 (Linux; Android 6.0.1; SM-J700H Build/MMB29K; wv) AppleWebKit/537.36 (KHTML, like Gecko) Version/4.0 Chrome/95.0.4638.74 Mobile Safari/537.36 [FB_IAB/FB4A;FBAV/436.0.0.35.101;]"
102.212.138.64 - - [16/Sep/2025:09:10:03 -0400] "GET /wp-includes/js/comment-reply.min.js?ver=6.8.2 HTTP/1.1" 200 1422 "https://alshaer-news.com/?p=3014&utm_medium=social&utm_source=heylink.me" "Mozilla/5.0 (Linux; Android 6.0.1; SM-J700H Build/MMB29K; wv) AppleWebKit/537.36 (KHTML, like Gecko) Version/4.0 Chrome/95.0.4638.74 Mobile Safari/537.36 [FB_IAB/FB4A;FBAV/436.0.0.35.101;]"
102.212.139.191 - - [16/Sep/2025:09:10:03 -0400] "GET /favicon.ico HTTP/1.1" 500 1112 "https://alshaer-news.com/?p=3014" "Mozilla/5.0 (Linux; Android 11; Redmi Note 8 Pro Build/RP1A.200720.011; wv) AppleWebKit/537.36 (KHTML, like Gecko) Version/4.0 Chrome/139.0.7258.164 Mobile Safari/537.36 [FB_IAB/FB4A;FBAV/529.0.0.44.73;IABMV/1;]"
102.212.138.64 - - [16/Sep/2025:09:10:04 -0400] "GET /wp-content/uploads/2025/06/IMG_4412545132-360x200.jpg HTTP/1.1" 200 21437 "https://alshaer-news.com/?p=3014&utm_medium=social&utm_source=heylink.me" "Mozilla/5.0 (Linux; Android 6.0.1; SM-J700H Build/MMB29K; wv) AppleWebKit/537.36 (KHTML, like Gecko) Version/4.0 Chrome/95.0.4638.74 Mobile Safari/537.36 [FB_IAB/FB4A;FBAV/436.0.0.35.101;]"
102.212.138.64 - - [16/Sep/2025:09:10:04 -0400] "GET /wp-content/uploads/2025/04/IMG_2620482203-360x200.jpg HTTP/1.1" 200 19869 "https://alshaer-news.com/?p=3014&utm_medium=social&utm_source=heylink.me" "Mozilla/5.0 (Linux; Android 6.0.1; SM-J700H Build/MMB29K; wv) AppleWebKit/537.36 (KHTML, like Gecko) Version/4.0 Chrome/95.0.4638.74 Mobile Safari/537.36 [FB_IAB/FB4A;FBAV/436.0.0.35.101;]"
102.212.138.64 - - [16/Sep/2025:09:10:04 -0400] "GET /wp-content/uploads/2024/08/FB_IMG_1723739515245-360x200.jpg HTTP/1.1" 200 12051 "https://alshaer-news.com/?p=3014&utm_medium=social&utm_source=heylink.me" "Mozilla/5.0 (Linux; Android 6.0.1; SM-J700H Build/MMB29K; wv) AppleWebKit/537.36 (KHTML, like Gecko) Version/4.0 Chrome/95.0.4638.74 Mobile Safari/537.36 [FB_IAB/FB4A;FBAV/436.0.0.35.101;]"
102.212.138.64 - - [16/Sep/2025:09:10:04 -0400] "GET /wp-content/uploads/2024/08/%D8%A8%D9%84%D8%AF%D9%8A%D8%A9-%D8%AA%D9%88%D9%86%D8%B3-%D8%B3%D8%A7%D8%AD%D8%A9-%D8%A7%D9%84%D9%82%D8%B5%D8%A8%D8%A9-Godong-Getty-360x200.jpg HTTP/1.1" 200 15774 "https://alshaer-news.com/?p=3014&utm_medium=social&utm_source=heylink.me" "Mozilla/5.0 (Linux; Android 6.0.1; SM-J700H Build/MMB29K; wv) AppleWebKit/537.36 (KHTML, like Gecko) Version/4.0 Chrome/95.0.4638.74 Mobile Safari/537.36 [FB_IAB/FB4A;FBAV/436.0.0.35.101;]"
102.212.138.64 - - [16/Sep/2025:09:10:04 -0400] "GET /wp-content/uploads/2024/08/GettyImages-644501407_1-360x200.jpg HTTP/1.1" 200 15364 "https://alshaer-news.com/?p=3014&utm_medium=social&utm_source=heylink.me" "Mozilla/5.0 (Linux; Android 6.0.1; SM-J700H Build/MMB29K; wv) AppleWebKit/537.36 (KHTML, like Gecko) Version/4.0 Chrome/95.0.4638.74 Mobile Safari/537.36 [FB_IAB/FB4A;FBAV/436.0.0.35.101;]"
102.212.138.64 - - [16/Sep/2025:09:10:04 -0400] "GET /wp-content/uploads/2024/07/%D9%A2%D9%A0%D9%A2%D9%A4%D9%A0%D9%A7%D9%A2%D9%A8_%D9%A1%D9%A1%D9%A4%D9%A5%D9%A5%D9%A3-360x200.jpg HTTP/1.1" 200 11944 "https://alshaer-news.com/?p=3014&utm_medium=social&utm_source=heylink.me" "Mozilla/5.0 (Linux; Android 6.0.1; SM-J700H Build/MMB29K; wv) AppleWebKit/537.36 (KHTML, like Gecko) Version/4.0 Chrome/95.0.4638.74 Mobile Safari/537.36 [FB_IAB/FB4A;FBAV/436.0.0.35.101;]"
176.88.175.247 - - [16/Sep/2025:09:10:05 -0400] "GET /?p=2938&utm_medium=social&utm_source=heylink.me HTTP/1.1" 200 14244 "https://heylink.me/whatsappcomchannel0029Vb6nFL02v1IrjKKy3d1v/?fbclid=IwY2xjawM2QOJleHRuA2FlbQIxMQABHkQ3U0D030HIyjVILThs-7jQWet9I-r-yJpZuGbcksl_r75dxjTyS6bU8WDa_aem_Kdu9tF-smGfPCmxdzqJD5w" "Mozilla/5.0 (Linux; Android 12; SM-A217F Build/SP1A.210812.016; wv) AppleWebKit/537.36 (KHTML, like Gecko) Version/4.0 Chrome/140.0.7339.119 Mobile Safari/537.36 [FB_IAB/FB4A;FBAV/530.0.0.48.74;IABMV/1;]"
102.212.138.64 - - [16/Sep/2025:09:10:05 -0400] "GET /wp-content/uploads/2025/09/IMG-20250910-WA0000-360x200.jpg HTTP/1.1" 200 17269 "https://alshaer-news.com/?p=3014&utm_medium=social&utm_source=heylink.me" "Mozilla/5.0 (Linux; Android 6.0.1; SM-J700H Build/MMB29K; wv) AppleWebKit/537.36 (KHTML, like Gecko) Version/4.0 Chrome/95.0.4638.74 Mobile Safari/537.36 [FB_IAB/FB4A;FBAV/436.0.0.35.101;]"
102.212.138.64 - - [16/Sep/2025:09:10:05 -0400] "GET /wp-content/uploads/2025/09/%D9%A2%D9%A0%D9%A2%D9%A5%D9%A0%D9%A9%D9%A0%D9%A9_%D9%A2%D9%A3%D9%A4%D9%A9%D9%A3%D9%A7-360x200.jpg HTTP/1.1" 200 22224 "https://alshaer-news.com/?p=3014&utm_medium=social&utm_source=heylink.me" "Mozilla/5.0 (Linux; Android 6.0.1; SM-J700H Build/MMB29K; wv) AppleWebKit/537.36 (KHTML, like Gecko) Version/4.0 Chrome/95.0.4638.74 Mobile Safari/537.36 [FB_IAB/FB4A;FBAV/436.0.0.35.101;]"
102.212.138.64 - - [16/Sep/2025:09:10:05 -0400] "GET /wp-content/uploads/2025/08/IMG-20250824-WA0030-360x200.jpg HTTP/1.1" 200 15692 "https://alshaer-news.com/?p=3014&utm_medium=social&utm_source=heylink.me" "Mozilla/5.0 (Linux; Android 6.0.1; SM-J700H Build/MMB29K; wv) AppleWebKit/537.36 (KHTML, like Gecko) Version/4.0 Chrome/95.0.4638.74 Mobile Safari/537.36 [FB_IAB/FB4A;FBAV/436.0.0.35.101;]"
102.212.138.64 - - [16/Sep/2025:09:10:05 -0400] "GET /wp-content/uploads/2025/07/IMG_8282480856-360x200.jpg HTTP/1.1" 200 20934 "https://alshaer-news.com/?p=3014&utm_medium=social&utm_source=heylink.me" "Mozilla/5.0 (Linux; Android 6.0.1; SM-J700H Build/MMB29K; wv) AppleWebKit/537.36 (KHTML, like Gecko) Version/4.0 Chrome/95.0.4638.74 Mobile Safari/537.36 [FB_IAB/FB4A;FBAV/436.0.0.35.101;]"
102.212.138.64 - - [16/Sep/2025:09:10:05 -0400] "GET /wp-content/uploads/2025/05/FB_IMG_1746291435288-360x200.jpg HTTP/1.1" 200 16248 "https://alshaer-news.com/?p=3014&utm_medium=social&utm_source=heylink.me" "Mozilla/5.0 (Linux; Android 6.0.1; SM-J700H Build/MMB29K; wv) AppleWebKit/537.36 (KHTML, like Gecko) Version/4.0 Chrome/95.0.4638.74 Mobile Safari/537.36 [FB_IAB/FB4A;FBAV/436.0.0.35.101;]"
102.212.138.64 - - [16/Sep/2025:09:10:05 -0400] "GET /wp-content/uploads/2025/02/%D9%A2%D9%A0%D9%A2%D9%A5%D9%A0%D9%A2%D9%A0%D9%A6_%D9%A2%D9%A2%D9%A4%D9%A9%D9%A0%D9%A1-360x200.jpg HTTP/1.1" 200 17316 "https://alshaer-news.com/?p=3014&utm_medium=social&utm_source=heylink.me" "Mozilla/5.0 (Linux; Android 6.0.1; SM-J700H Build/MMB29K; wv) AppleWebKit/537.36 (KHTML, like Gecko) Version/4.0 Chrome/95.0.4638.74 Mobile Safari/537.36 [FB_IAB/FB4A;FBAV/436.0.0.35.101;]"
102.212.138.64 - - [16/Sep/2025:09:10:05 -0400] "GET /wp-content/uploads/2024/12/%D9%85%D8%AD%D9%85%D8%AF-%D8%A8%D9%86-%D8%B3%D9%84%D9%85%D8%A7%D9%86--360x200.jpg HTTP/1.1" 200 17160 "https://alshaer-news.com/?p=3014&utm_medium=social&utm_source=heylink.me" "Mozilla/5.0 (Linux; Android 6.0.1; SM-J700H Build/MMB29K; wv) AppleWebKit/537.36 (KHTML, like Gecko) Version/4.0 Chrome/95.0.4638.74 Mobile Safari/537.36 [FB_IAB/FB4A;FBAV/436.0.0.35.101;]"
102.212.138.64 - - [16/Sep/2025:09:10:05 -0400] "GET /wp-content/uploads/2024/09/%D9%85%D8%B2%D8%A7%D8%AF-%D8%AC%D9%85%D8%A7%D8%B1%D9%83--360x200.jpg HTTP/1.1" 200 27863 "https://alshaer-news.com/?p=3014&utm_medium=social&utm_source=heylink.me" "Mozilla/5.0 (Linux; Android 6.0.1; SM-J700H Build/MMB29K; wv) AppleWebKit/537.36 (KHTML, like Gecko) Version/4.0 Chrome/95.0.4638.74 Mobile Safari/537.36 [FB_IAB/FB4A;FBAV/436.0.0.35.101;]"
102.212.138.64 - - [16/Sep/2025:09:10:05 -0400] "GET /wp-includes/js/wp-emoji-release.min.js?ver=6.8.2 HTTP/1.1" 200 5976 "https://alshaer-news.com/?p=3014&utm_medium=social&utm_source=heylink.me" "Mozilla/5.0 (Linux; Android 6.0.1; SM-J700H Build/MMB29K; wv) AppleWebKit/537.36 (KHTML, like Gecko) Version/4.0 Chrome/95.0.4638.74 Mobile Safari/537.36 [FB_IAB/FB4A;FBAV/436.0.0.35.101;]"
176.88.175.247 - - [16/Sep/2025:09:10:05 -0400] "GET /wp-content/uploads/2024/09/%D9%85%D8%B2%D8%A7%D8%AF-%D8%AC%D9%85%D8%A7%D8%B1%D9%83-.jpg HTTP/1.1" 200 51411 "https://alshaer-news.com/?p=2938&utm_medium=social&utm_source=heylink.me" "Mozilla/5.0 (Linux; Android 12; SM-A217F Build/SP1A.210812.016; wv) AppleWebKit/537.36 (KHTML, like Gecko) Version/4.0 Chrome/140.0.7339.119 Mobile Safari/537.36 [FB_IAB/FB4A;FBAV/530.0.0.48.74;IABMV/1;]"
176.88.175.247 - - [16/Sep/2025:09:10:09 -0400] "GET /favicon.ico HTTP/1.1" 500 1112 "https://alshaer-news.com/?p=2938&utm_medium=social&utm_source=heylink.me" "Mozilla/5.0 (Linux; Android 12; SM-A217F Build/SP1A.210812.016; wv) AppleWebKit/537.36 (KHTML, like Gecko) Version/4.0 Chrome/140.0.7339.119 Mobile Safari/537.36 [FB_IAB/FB4A;FBAV/530.0.0.48.74;IABMV/1;]"
102.212.139.191 - - [16/Sep/2025:09:10:10 -0400] "GET /?cat=10 HTTP/1.1" 200 10528 "https://alshaer-news.com/?p=3014" "Mozilla/5.0 (Linux; Android 11; Redmi Note 8 Pro Build/RP1A.200720.011; wv) AppleWebKit/537.36 (KHTML, like Gecko) Version/4.0 Chrome/139.0.7258.164 Mobile Safari/537.36 [FB_IAB/FB4A;FBAV/529.0.0.44.73;IABMV/1;]"
102.212.139.191 - - [16/Sep/2025:09:10:11 -0400] "GET /?p=3014 HTTP/1.1" 200 14766 "https://alshaer-news.com/?cat=10" "Mozilla/5.0 (Linux; Android 11; Redmi Note 8 Pro Build/RP1A.200720.011; wv) AppleWebKit/537.36 (KHTML, like Gecko) Version/4.0 Chrome/139.0.7258.164 Mobile Safari/537.36 [FB_IAB/FB4A;FBAV/529.0.0.44.73;IABMV/1;]"
102.212.139.191 - - [16/Sep/2025:09:10:11 -0400] "GET /favicon.ico HTTP/1.1" 500 1112 "https://alshaer-news.com/?cat=10" "Mozilla/5.0 (Linux; Android 11; Redmi Note 8 Pro Build/RP1A.200720.011; wv) AppleWebKit/537.36 (KHTML, like Gecko) Version/4.0 Chrome/139.0.7258.164 Mobile Safari/537.36 [FB_IAB/FB4A;FBAV/529.0.0.44.73;IABMV/1;]"
102.212.139.191 - - [16/Sep/2025:09:10:11 -0400] "GET /?cat=10 HTTP/1.1" 200 10528 "https://alshaer-news.com/?p=3014" "Mozilla/5.0 (Linux; Android 11; Redmi Note 8 Pro Build/RP1A.200720.011; wv) AppleWebKit/537.36 (KHTML, like Gecko) Version/4.0 Chrome/139.0.7258.164 Mobile Safari/537.36 [FB_IAB/FB4A;FBAV/529.0.0.44.73;IABMV/1;]"
102.212.139.191 - - [16/Sep/2025:09:10:12 -0400] "GET /favicon.ico HTTP/1.1" 500 1112 "https://alshaer-news.com/?cat=10" "Mozilla/5.0 (Linux; Android 11; Redmi Note 8 Pro Build/RP1A.200720.011; wv) AppleWebKit/537.36 (KHTML, like Gecko) Version/4.0 Chrome/139.0.7258.164 Mobile Safari/537.36 [FB_IAB/FB4A;FBAV/529.0.0.44.73;IABMV/1;]"
102.212.139.191 - - [16/Sep/2025:09:10:12 -0400] "GET /favicon.ico HTTP/1.1" 500 1112 "https://alshaer-news.com/?cat=10" "Mozilla/5.0 (Linux; Android 11; Redmi Note 8 Pro Build/RP1A.200720.011; wv) AppleWebKit/537.36 (KHTML, like Gecko) Version/4.0 Chrome/139.0.7258.164 Mobile Safari/537.36 [FB_IAB/FB4A;FBAV/529.0.0.44.73;IABMV/1;]"
102.212.139.191 - - [16/Sep/2025:09:10:12 -0400] "GET /?p=3014 HTTP/1.1" 200 14766 "https://alshaer-news.com/?cat=10" "Mozilla/5.0 (Linux; Android 11; Redmi Note 8 Pro Build/RP1A.200720.011; wv) AppleWebKit/537.36 (KHTML, like Gecko) Version/4.0 Chrome/139.0.7258.164 Mobile Safari/537.36 [FB_IAB/FB4A;FBAV/529.0.0.44.73;IABMV/1;]"
102.212.139.191 - - [16/Sep/2025:09:10:13 -0400] "GET /?cat=10 HTTP/1.1" 200 10528 "https://alshaer-news.com/?p=3014" "Mozilla/5.0 (Linux; Android 11; Redmi Note 8 Pro Build/RP1A.200720.011; wv) AppleWebKit/537.36 (KHTML, like Gecko) Version/4.0 Chrome/139.0.7258.164 Mobile Safari/537.36 [FB_IAB/FB4A;FBAV/529.0.0.44.73;IABMV/1;]"
102.212.139.191 - - [16/Sep/2025:09:10:13 -0400] "GET /favicon.ico HTTP/1.1" 500 1112 "https://alshaer-news.com/?p=3014" "Mozilla/5.0 (Linux; Android 11; Redmi Note 8 Pro Build/RP1A.200720.011; wv) AppleWebKit/537.36 (KHTML, like Gecko) Version/4.0 Chrome/139.0.7258.164 Mobile Safari/537.36 [FB_IAB/FB4A;FBAV/529.0.0.44.73;IABMV/1;]"
102.212.139.191 - - [16/Sep/2025:09:10:14 -0400] "GET /favicon.ico HTTP/1.1" 500 1112 "https://alshaer-news.com/?cat=10" "Mozilla/5.0 (Linux; Android 11; Redmi Note 8 Pro Build/RP1A.200720.011; wv) AppleWebKit/537.36 (KHTML, like Gecko) Version/4.0 Chrome/139.0.7258.164 Mobile Safari/537.36 [FB_IAB/FB4A;FBAV/529.0.0.44.73;IABMV/1;]"
102.212.138.64 - - [16/Sep/2025:09:10:14 -0400] "GET /favicon.ico HTTP/1.1" 500 1307 "https://alshaer-news.com/?p=3014&utm_medium=social&utm_source=heylink.me" "Mozilla/5.0 (Linux; Android 6.0.1; SM-J700H Build/MMB29K; wv) AppleWebKit/537.36 (KHTML, like Gecko) Version/4.0 Chrome/95.0.4638.74 Mobile Safari/537.36 [FB_IAB/FB4A;FBAV/436.0.0.35.101;]"
102.212.138.64 - - [16/Sep/2025:09:10:15 -0400] "GET /favicon.ico HTTP/1.1" 500 1307 "https://alshaer-news.com/?p=3014&utm_medium=social&utm_source=heylink.me" "Mozilla/5.0 (Linux; Android 6.0.1; SM-J700H Build/MMB29K; wv) AppleWebKit/537.36 (KHTML, like Gecko) Version/4.0 Chrome/95.0.4638.74 Mobile Safari/537.36 [FB_IAB/FB4A;FBAV/436.0.0.35.101;]"
102.212.139.191 - - [16/Sep/2025:09:10:15 -0400] "GET /?p=3014 HTTP/1.1" 200 14766 "https://alshaer-news.com/?cat=10" "Mozilla/5.0 (Linux; Android 11; Redmi Note 8 Pro Build/RP1A.200720.011; wv) AppleWebKit/537.36 (KHTML, like Gecko) Version/4.0 Chrome/139.0.7258.164 Mobile Safari/537.36 [FB_IAB/FB4A;FBAV/529.0.0.44.73;IABMV/1;]"
176.88.175.247 - - [16/Sep/2025:09:10:16 -0400] "GET /wp-content/uploads/2024/09/%D9%85%D8%B2%D8%A7%D8%AF-%D8%AC%D9%85%D8%A7%D8%B1%D9%83-.jpg HTTP/1.1" 200 51411 "fbapp://350685531728/unknown" "[FBAN/FB4A;FBAV/530.0.0.48.74;FBBV/789633436;FBDM/{density=1.75,width=720,height=1448};FBLC/ar_AR;FBRV/792245187;FBCR/;FBMF/samsung;FBBD/samsung;FBPN/com.facebook.katana;FBDV/SM-A217F;FBSV/12;FBOP/19;FBCA/arm64-v8a:;]"
102.212.139.191 - - [16/Sep/2025:09:10:16 -0400] "GET /favicon.ico HTTP/1.1" 500 1112 "https://alshaer-news.com/?p=3014" "Mozilla/5.0 (Linux; Android 11; Redmi Note 8 Pro Build/RP1A.200720.011; wv) AppleWebKit/537.36 (KHTML, like Gecko) Version/4.0 Chrome/139.0.7258.164 Mobile Safari/537.36 [FB_IAB/FB4A;FBAV/529.0.0.44.73;IABMV/1;]"
102.212.139.191 - - [16/Sep/2025:09:10:18 -0400] "GET /wp-content/themes/newsplus/assets/img/logo.png HTTP/1.1" 200 43754 "fbapp://350685531728/unknown" "[FBAN/FB4A;FBAV/529.0.0.44.73;FBBV/786632875;FBDM/{density=2.75,width=1080,height=2134};FBLC/ar_AR;FBRV/791116052;FBCR/Libyana;FBMF/Xiaomi;FBBD/Redmi;FBPN/com.facebook.katana;FBDV/Redmi Note 8 Pro;FBSV/11;FBOP/1;FBCA/arm64-v8a:;]"
102.212.139.191 - - [16/Sep/2025:09:10:18 -0400] "GET /wp-content/uploads/2025/06/IMG_4412545132.jpg HTTP/1.1" 200 886957 "fbapp://350685531728/unknown" "[FBAN/FB4A;FBAV/529.0.0.44.73;FBBV/786632875;FBDM/{density=2.75,width=1080,height=2134};FBLC/ar_AR;FBRV/791116052;FBCR/Libyana;FBMF/Xiaomi;FBBD/Redmi;FBPN/com.facebook.katana;FBDV/Redmi Note 8 Pro;FBSV/11;FBOP/1;FBCA/arm64-v8a:;]"
94.47.76.164 - - [16/Sep/2025:09:10:25 -0400] "GET /?p=2938&utm_medium=social&utm_source=heylink.me HTTP/1.1" 200 16580 "https://heylink.me/whatsappcomchannel0029Vb6nFL02v1IrjKKy3d1v/?fbclid=IwY2xjawM2QGdleHRuA2FlbQIxMQABHoNNMDOyqDeIVJw-8bkGBRWQPJM9_MO5dw44xyYTIVAvvVrZk8qtBP48EzEA_aem_rqxMqI5UEjVSwVRsh8zePQ" "Mozilla/5.0 (Linux; Android 12; M2003J15SC Build/SP1A.210812.016; wv) AppleWebKit/537.36 (KHTML, like Gecko) Version/4.0 Chrome/103.0.5060.129 Mobile Safari/537.36 [FB_IAB/FB4A;FBAV/518.0.0.63.86;]"
102.212.138.64 - - [16/Sep/2025:09:10:31 -0400] "GET /favicon.ico HTTP/1.1" 500 1307 "https://alshaer-news.com/?p=3014&utm_medium=social&utm_source=heylink.me" "Mozilla/5.0 (Linux; Android 6.0.1; SM-J700H Build/MMB29K; wv) AppleWebKit/537.36 (KHTML, like Gecko) Version/4.0 Chrome/95.0.4638.74 Mobile Safari/537.36 [FB_IAB/FB4A;FBAV/436.0.0.35.101;]"
102.212.138.64 - - [16/Sep/2025:09:10:32 -0400] "GET /favicon.ico HTTP/1.1" 500 1307 "https://alshaer-news.com/?p=3014&utm_medium=social&utm_source=heylink.me" "Mozilla/5.0 (Linux; Android 6.0.1; SM-J700H Build/MMB29K; wv) AppleWebKit/537.36 (KHTML, like Gecko) Version/4.0 Chrome/95.0.4638.74 Mobile Safari/537.36 [FB_IAB/FB4A;FBAV/436.0.0.35.101;]"
102.212.138.64 - - [16/Sep/2025:09:10:36 -0400] "GET /favicon.ico HTTP/1.1" 500 1307 "https://alshaer-news.com/?p=3014&utm_medium=social&utm_source=heylink.me" "Mozilla/5.0 (Linux; Android 6.0.1; SM-J700H Build/MMB29K; wv) AppleWebKit/537.36 (KHTML, like Gecko) Version/4.0 Chrome/95.0.4638.74 Mobile Safari/537.36 [FB_IAB/FB4A;FBAV/436.0.0.35.101;]"
102.212.138.64 - - [16/Sep/2025:09:10:37 -0400] "GET /favicon.ico HTTP/1.1" 500 1307 "https://alshaer-news.com/?p=3014&utm_medium=social&utm_source=heylink.me" "Mozilla/5.0 (Linux; Android 6.0.1; SM-J700H Build/MMB29K; wv) AppleWebKit/537.36 (KHTML, like Gecko) Version/4.0 Chrome/95.0.4638.74 Mobile Safari/537.36 [FB_IAB/FB4A;FBAV/436.0.0.35.101;]"
156.38.51.42 - - [16/Sep/2025:09:10:43 -0400] "GET /?p=3014&utm_medium=social&utm_source=heylink.me HTTP/1.1" 200 14796 "https://heylink.me/whatsappcomchannel0029VbB7Nu58PgsMqBc0LS26/?fbclid=IwY2xjawM2QRpleHRuA2FlbQIxMQBicmlkETBlWE41eTc0Z2tGVDdyVG95AR4SVSzHE8wDWPc97fax6Tv7-UE06SIh9UY3cy95BvEFHXH0xScgmoGcxB2tpQ_aem_5eGMy6fF3zFEQ_rZFuC5bQ" "Mozilla/5.0 (Linux; Android 15; SM-A165F Build/AP3A.240905.015.A2; ) AppleWebKit/537.36 (KHTML, like Gecko) Version/4.0 Chrome/140.0.7339.119 Mobile Safari/537.36 MetaIAB"
156.38.51.42 - - [16/Sep/2025:09:10:44 -0400] "GET /wp-includes/css/dist/block-library/style-rtl.min.css?ver=6.8.2 HTTP/1.1" 200 14312 "https://alshaer-news.com/?p=3014&utm_medium=social&utm_source=heylink.me" "Mozilla/5.0 (Linux; Android 15; SM-A165F Build/AP3A.240905.015.A2; ) AppleWebKit/537.36 (KHTML, like Gecko) Version/4.0 Chrome/140.0.7339.119 Mobile Safari/537.36 MetaIAB"
156.38.51.42 - - [16/Sep/2025:09:10:44 -0400] "GET /wp-content/themes/newsplus/assets/css/bootstrap.min.css?ver=37.00 HTTP/1.1" 200 17696 "https://alshaer-news.com/?p=3014&utm_medium=social&utm_source=heylink.me" "Mozilla/5.0 (Linux; Android 15; SM-A165F Build/AP3A.240905.015.A2; ) AppleWebKit/537.36 (KHTML, like Gecko) Version/4.0 Chrome/140.0.7339.119 Mobile Safari/537.36 MetaIAB"
