D7net
Home
Console
Upload
information
Create File
Create Folder
About
Tools
:
/
home
/
sadaunjx
/
access-logs
/
Filename :
alshaer-news.sada-now.com-ssl_log
back
Copy
185.254.55.13 - - [16/Sep/2025:08:08:51 -0400] "GET /wp-content/uploads/2025/02/%D9%A2%D9%A0%D9%A2%D9%A5%D9%A0%D9%A2%D9%A0%D9%A6_%D9%A2%D9%A2%D9%A4%D9%A9%D9%A0%D9%A1-360x200.jpg HTTP/1.1" 206 932 "https://alshaer-news.com/?p=3000&utm_medium=social&utm_source=heylink.me" "Mozilla/5.0 (Linux; Android 15; SM-A065F Build/AP3A.240905.015.A2; wv) AppleWebKit/537.36 (KHTML, like Gecko) Version/4.0 Chrome/140.0.7339.51 Mobile Safari/537.36 [FB_IAB/FB4A;FBAV/530.0.0.48.74;IABMV/1;]"
188.229.137.49 - - [16/Sep/2025:08:08:54 -0400] "GET /?p=3026&utm_medium=social&utm_source=heylink.me HTTP/1.1" 200 14343 "https://heylink.me/whatsappcomchannel0029Vb6nFL02v1IrjKKy3d1v/?fbclid=IwZXh0bgNhZW0CMTEAAR70eRxKYHviP5m4P8xDnaC_Pj92yfVzeHxukGv_MXn00Wu6kekTxFKGHYCIwg_aem_85MI_OU7J_9c1BNTtIRobQ" "Mozilla/5.0 (Linux; Android 10; SM-A105F Build/QP1A.190711.020; wv) AppleWebKit/537.36 (KHTML, like Gecko) Version/4.0 Chrome/140.0.7339.51 Mobile Safari/537.36 [FB_IAB/FB4A;FBAV/529.0.0.44.73;IABMV/1;]"
156.38.57.246 - - [16/Sep/2025:08:08:56 -0400] "GET /?p=3014&utm_medium=social&utm_source=heylink.me HTTP/1.1" 200 14796 "https://heylink.me/whatsappcomchannel0029VbB7Nu58PgsMqBc0LS26/?fbclid=IwY2xjawM2Mp1leHRuA2FlbQIxMQABHvHi4JX9tQgK7sTKPj4Q3Ja-Q3oit6HCYOl1Iv9qcpXGymAiDBl1jvC1hwoA_aem_7jrA_n2wcpXFULdbqIQbUQ" "Mozilla/5.0 (Linux; Android 13; 2201116PG Build/TKQ1.221114.001; wv) AppleWebKit/537.36 (KHTML, like Gecko) Version/4.0 Chrome/138.0.7204.176 Mobile Safari/537.36 [FB_IAB/FB4A;FBAV/524.0.0.52.44;IABMV/1;]"
156.38.57.246 - - [16/Sep/2025:08:08:57 -0400] "GET /wp-includes/css/dist/block-library/style-rtl.min.css?ver=6.8.2 HTTP/1.1" 200 14312 "https://alshaer-news.com/?p=3014&utm_medium=social&utm_source=heylink.me" "Mozilla/5.0 (Linux; Android 13; 2201116PG Build/TKQ1.221114.001; wv) AppleWebKit/537.36 (KHTML, like Gecko) Version/4.0 Chrome/138.0.7204.176 Mobile Safari/537.36 [FB_IAB/FB4A;FBAV/524.0.0.52.44;IABMV/1;]"
156.38.57.246 - - [16/Sep/2025:08:08:57 -0400] "GET /wp-content/plugins/contact-form-7/includes/css/styles.css?ver=6.0.6 HTTP/1.1" 200 890 "https://alshaer-news.com/?p=3014&utm_medium=social&utm_source=heylink.me" "Mozilla/5.0 (Linux; Android 13; 2201116PG Build/TKQ1.221114.001; wv) AppleWebKit/537.36 (KHTML, like Gecko) Version/4.0 Chrome/138.0.7204.176 Mobile Safari/537.36 [FB_IAB/FB4A;FBAV/524.0.0.52.44;IABMV/1;]"
156.38.57.246 - - [16/Sep/2025:08:08:57 -0400] "GET /wp-content/plugins/contact-form-7/includes/css/styles-rtl.css?ver=6.0.6 HTTP/1.1" 200 152 "https://alshaer-news.com/?p=3014&utm_medium=social&utm_source=heylink.me" "Mozilla/5.0 (Linux; Android 13; 2201116PG Build/TKQ1.221114.001; wv) AppleWebKit/537.36 (KHTML, like Gecko) Version/4.0 Chrome/138.0.7204.176 Mobile Safari/537.36 [FB_IAB/FB4A;FBAV/524.0.0.52.44;IABMV/1;]"
156.38.57.246 - - [16/Sep/2025:08:08:57 -0400] "GET /wp-content/plugins/cookie-notice/css/front.min.css?ver=2.5.6 HTTP/1.1" 200 951 "https://alshaer-news.com/?p=3014&utm_medium=social&utm_source=heylink.me" "Mozilla/5.0 (Linux; Android 13; 2201116PG Build/TKQ1.221114.001; wv) AppleWebKit/537.36 (KHTML, like Gecko) Version/4.0 Chrome/138.0.7204.176 Mobile Safari/537.36 [FB_IAB/FB4A;FBAV/524.0.0.52.44;IABMV/1;]"
156.38.57.246 - - [16/Sep/2025:08:08:57 -0400] "GET /wp-content/themes/newsplus/assets/css/bootstrap.min.css?ver=37.00 HTTP/1.1" 200 17696 "https://alshaer-news.com/?p=3014&utm_medium=social&utm_source=heylink.me" "Mozilla/5.0 (Linux; Android 13; 2201116PG Build/TKQ1.221114.001; wv) AppleWebKit/537.36 (KHTML, like Gecko) Version/4.0 Chrome/138.0.7204.176 Mobile Safari/537.36 [FB_IAB/FB4A;FBAV/524.0.0.52.44;IABMV/1;]"
156.38.57.246 - - [16/Sep/2025:08:08:57 -0400] "GET /wp-content/themes/newsplus/assets/fonts/fonts.css?ver=37.00 HTTP/1.1" 200 335 "https://alshaer-news.com/?p=3014&utm_medium=social&utm_source=heylink.me" "Mozilla/5.0 (Linux; Android 13; 2201116PG Build/TKQ1.221114.001; wv) AppleWebKit/537.36 (KHTML, like Gecko) Version/4.0 Chrome/138.0.7204.176 Mobile Safari/537.36 [FB_IAB/FB4A;FBAV/524.0.0.52.44;IABMV/1;]"
156.38.57.246 - - [16/Sep/2025:08:08:57 -0400] "GET /wp-content/themes/newsplus/style.css?ver=37.00 HTTP/1.1" 200 7414 "https://alshaer-news.com/?p=3014&utm_medium=social&utm_source=heylink.me" "Mozilla/5.0 (Linux; Android 13; 2201116PG Build/TKQ1.221114.001; wv) AppleWebKit/537.36 (KHTML, like Gecko) Version/4.0 Chrome/138.0.7204.176 Mobile Safari/537.36 [FB_IAB/FB4A;FBAV/524.0.0.52.44;IABMV/1;]"
156.38.57.246 - - [16/Sep/2025:08:08:57 -0400] "GET /wp-content/plugins/cookie-notice/js/front.min.js?ver=2.5.6 HTTP/1.1" 200 1964 "https://alshaer-news.com/?p=3014&utm_medium=social&utm_source=heylink.me" "Mozilla/5.0 (Linux; Android 13; 2201116PG Build/TKQ1.221114.001; wv) AppleWebKit/537.36 (KHTML, like Gecko) Version/4.0 Chrome/138.0.7204.176 Mobile Safari/537.36 [FB_IAB/FB4A;FBAV/524.0.0.52.44;IABMV/1;]"
156.38.57.246 - - [16/Sep/2025:08:08:57 -0400] "GET /wp-includes/js/jquery/jquery.min.js?ver=3.7.1 HTTP/1.1" 200 29744 "https://alshaer-news.com/?p=3014&utm_medium=social&utm_source=heylink.me" "Mozilla/5.0 (Linux; Android 13; 2201116PG Build/TKQ1.221114.001; wv) AppleWebKit/537.36 (KHTML, like Gecko) Version/4.0 Chrome/138.0.7204.176 Mobile Safari/537.36 [FB_IAB/FB4A;FBAV/524.0.0.52.44;IABMV/1;]"
156.38.57.246 - - [16/Sep/2025:08:08:57 -0400] "GET /wp-includes/js/jquery/jquery-migrate.min.js?ver=3.4.1 HTTP/1.1" 200 4678 "https://alshaer-news.com/?p=3014&utm_medium=social&utm_source=heylink.me" "Mozilla/5.0 (Linux; Android 13; 2201116PG Build/TKQ1.221114.001; wv) AppleWebKit/537.36 (KHTML, like Gecko) Version/4.0 Chrome/138.0.7204.176 Mobile Safari/537.36 [FB_IAB/FB4A;FBAV/524.0.0.52.44;IABMV/1;]"
156.38.57.246 - - [16/Sep/2025:08:08:57 -0400] "GET /wp-content/themes/newsplus/assets/img/logo.png HTTP/1.1" 200 43754 "https://alshaer-news.com/?p=3014&utm_medium=social&utm_source=heylink.me" "Mozilla/5.0 (Linux; Android 13; 2201116PG Build/TKQ1.221114.001; wv) AppleWebKit/537.36 (KHTML, like Gecko) Version/4.0 Chrome/138.0.7204.176 Mobile Safari/537.36 [FB_IAB/FB4A;FBAV/524.0.0.52.44;IABMV/1;]"
156.38.57.246 - - [16/Sep/2025:08:08:57 -0400] "GET /wp-content/uploads/2025/06/IMG_4412545132-1536x1536.jpg HTTP/1.1" 200 257700 "https://alshaer-news.com/?p=3014&utm_medium=social&utm_source=heylink.me" "Mozilla/5.0 (Linux; Android 13; 2201116PG Build/TKQ1.221114.001; wv) AppleWebKit/537.36 (KHTML, like Gecko) Version/4.0 Chrome/138.0.7204.176 Mobile Safari/537.36 [FB_IAB/FB4A;FBAV/524.0.0.52.44;IABMV/1;]"
156.38.57.246 - - [16/Sep/2025:08:08:57 -0400] "GET /wp-includes/js/dist/hooks.min.js?ver=4d63a3d491d11ffd8ac6 HTTP/1.1" 200 1571 "https://alshaer-news.com/?p=3014&utm_medium=social&utm_source=heylink.me" "Mozilla/5.0 (Linux; Android 13; 2201116PG Build/TKQ1.221114.001; wv) AppleWebKit/537.36 (KHTML, like Gecko) Version/4.0 Chrome/138.0.7204.176 Mobile Safari/537.36 [FB_IAB/FB4A;FBAV/524.0.0.52.44;IABMV/1;]"
188.229.137.49 - - [16/Sep/2025:08:08:57 -0400] "GET /wp-includes/css/dist/block-library/style-rtl.min.css?ver=6.8.2 HTTP/1.1" 200 14312 "https://alshaer-news.com/?p=3026&utm_medium=social&utm_source=heylink.me" "Mozilla/5.0 (Linux; Android 10; SM-A105F Build/QP1A.190711.020; wv) AppleWebKit/537.36 (KHTML, like Gecko) Version/4.0 Chrome/140.0.7339.51 Mobile Safari/537.36 [FB_IAB/FB4A;FBAV/529.0.0.44.73;IABMV/1;]"
188.229.137.49 - - [16/Sep/2025:08:08:57 -0400] "GET /wp-content/plugins/contact-form-7/includes/css/styles.css?ver=6.0.6 HTTP/1.1" 200 890 "https://alshaer-news.com/?p=3026&utm_medium=social&utm_source=heylink.me" "Mozilla/5.0 (Linux; Android 10; SM-A105F Build/QP1A.190711.020; wv) AppleWebKit/537.36 (KHTML, like Gecko) Version/4.0 Chrome/140.0.7339.51 Mobile Safari/537.36 [FB_IAB/FB4A;FBAV/529.0.0.44.73;IABMV/1;]"
188.229.137.49 - - [16/Sep/2025:08:08:57 -0400] "GET /wp-content/plugins/contact-form-7/includes/css/styles-rtl.css?ver=6.0.6 HTTP/1.1" 200 152 "https://alshaer-news.com/?p=3026&utm_medium=social&utm_source=heylink.me" "Mozilla/5.0 (Linux; Android 10; SM-A105F Build/QP1A.190711.020; wv) AppleWebKit/537.36 (KHTML, like Gecko) Version/4.0 Chrome/140.0.7339.51 Mobile Safari/537.36 [FB_IAB/FB4A;FBAV/529.0.0.44.73;IABMV/1;]"
188.229.137.49 - - [16/Sep/2025:08:08:57 -0400] "GET /wp-content/plugins/cookie-notice/css/front.min.css?ver=2.5.6 HTTP/1.1" 200 951 "https://alshaer-news.com/?p=3026&utm_medium=social&utm_source=heylink.me" "Mozilla/5.0 (Linux; Android 10; SM-A105F Build/QP1A.190711.020; wv) AppleWebKit/537.36 (KHTML, like Gecko) Version/4.0 Chrome/140.0.7339.51 Mobile Safari/537.36 [FB_IAB/FB4A;FBAV/529.0.0.44.73;IABMV/1;]"
188.229.137.49 - - [16/Sep/2025:08:08:57 -0400] "GET /wp-content/themes/newsplus/assets/css/bootstrap.min.css?ver=37.00 HTTP/1.1" 200 17696 "https://alshaer-news.com/?p=3026&utm_medium=social&utm_source=heylink.me" "Mozilla/5.0 (Linux; Android 10; SM-A105F Build/QP1A.190711.020; wv) AppleWebKit/537.36 (KHTML, like Gecko) Version/4.0 Chrome/140.0.7339.51 Mobile Safari/537.36 [FB_IAB/FB4A;FBAV/529.0.0.44.73;IABMV/1;]"
188.229.137.49 - - [16/Sep/2025:08:08:57 -0400] "GET /wp-content/themes/newsplus/assets/fonts/fonts.css?ver=37.00 HTTP/1.1" 200 335 "https://alshaer-news.com/?p=3026&utm_medium=social&utm_source=heylink.me" "Mozilla/5.0 (Linux; Android 10; SM-A105F Build/QP1A.190711.020; wv) AppleWebKit/537.36 (KHTML, like Gecko) Version/4.0 Chrome/140.0.7339.51 Mobile Safari/537.36 [FB_IAB/FB4A;FBAV/529.0.0.44.73;IABMV/1;]"
188.229.137.49 - - [16/Sep/2025:08:08:57 -0400] "GET /wp-content/themes/newsplus/style.css?ver=37.00 HTTP/1.1" 200 7414 "https://alshaer-news.com/?p=3026&utm_medium=social&utm_source=heylink.me" "Mozilla/5.0 (Linux; Android 10; SM-A105F Build/QP1A.190711.020; wv) AppleWebKit/537.36 (KHTML, like Gecko) Version/4.0 Chrome/140.0.7339.51 Mobile Safari/537.36 [FB_IAB/FB4A;FBAV/529.0.0.44.73;IABMV/1;]"
188.229.137.49 - - [16/Sep/2025:08:08:57 -0400] "GET /wp-content/plugins/cookie-notice/js/front.min.js?ver=2.5.6 HTTP/1.1" 200 1964 "https://alshaer-news.com/?p=3026&utm_medium=social&utm_source=heylink.me" "Mozilla/5.0 (Linux; Android 10; SM-A105F Build/QP1A.190711.020; wv) AppleWebKit/537.36 (KHTML, like Gecko) Version/4.0 Chrome/140.0.7339.51 Mobile Safari/537.36 [FB_IAB/FB4A;FBAV/529.0.0.44.73;IABMV/1;]"
188.229.137.49 - - [16/Sep/2025:08:08:57 -0400] "GET /wp-includes/js/jquery/jquery.min.js?ver=3.7.1 HTTP/1.1" 200 29744 "https://alshaer-news.com/?p=3026&utm_medium=social&utm_source=heylink.me" "Mozilla/5.0 (Linux; Android 10; SM-A105F Build/QP1A.190711.020; wv) AppleWebKit/537.36 (KHTML, like Gecko) Version/4.0 Chrome/140.0.7339.51 Mobile Safari/537.36 [FB_IAB/FB4A;FBAV/529.0.0.44.73;IABMV/1;]"
188.229.137.49 - - [16/Sep/2025:08:08:57 -0400] "GET /wp-includes/js/jquery/jquery-migrate.min.js?ver=3.4.1 HTTP/1.1" 200 4678 "https://alshaer-news.com/?p=3026&utm_medium=social&utm_source=heylink.me" "Mozilla/5.0 (Linux; Android 10; SM-A105F Build/QP1A.190711.020; wv) AppleWebKit/537.36 (KHTML, like Gecko) Version/4.0 Chrome/140.0.7339.51 Mobile Safari/537.36 [FB_IAB/FB4A;FBAV/529.0.0.44.73;IABMV/1;]"
188.229.137.49 - - [16/Sep/2025:08:08:57 -0400] "GET /wp-content/uploads/2025/07/IMG_8282480856-768x716.jpg HTTP/1.1" 200 94999 "https://alshaer-news.com/?p=3026&utm_medium=social&utm_source=heylink.me" "Mozilla/5.0 (Linux; Android 10; SM-A105F Build/QP1A.190711.020; wv) AppleWebKit/537.36 (KHTML, like Gecko) Version/4.0 Chrome/140.0.7339.51 Mobile Safari/537.36 [FB_IAB/FB4A;FBAV/529.0.0.44.73;IABMV/1;]"
156.38.57.246 - - [16/Sep/2025:08:08:57 -0400] "GET /wp-includes/js/dist/i18n.min.js?ver=5e580eb46a90c2b997e6 HTTP/1.1" 200 3542 "https://alshaer-news.com/?p=3014&utm_medium=social&utm_source=heylink.me" "Mozilla/5.0 (Linux; Android 13; 2201116PG Build/TKQ1.221114.001; wv) AppleWebKit/537.36 (KHTML, like Gecko) Version/4.0 Chrome/138.0.7204.176 Mobile Safari/537.36 [FB_IAB/FB4A;FBAV/524.0.0.52.44;IABMV/1;]"
156.38.57.246 - - [16/Sep/2025:08:08:57 -0400] "GET /wp-content/plugins/contact-form-7/includes/swv/js/index.js?ver=6.0.6 HTTP/1.1" 200 3369 "https://alshaer-news.com/?p=3014&utm_medium=social&utm_source=heylink.me" "Mozilla/5.0 (Linux; Android 13; 2201116PG Build/TKQ1.221114.001; wv) AppleWebKit/537.36 (KHTML, like Gecko) Version/4.0 Chrome/138.0.7204.176 Mobile Safari/537.36 [FB_IAB/FB4A;FBAV/524.0.0.52.44;IABMV/1;]"
156.38.57.246 - - [16/Sep/2025:08:08:58 -0400] "GET /wp-content/plugins/contact-form-7/includes/js/index.js?ver=6.0.6 HTTP/1.1" 200 4008 "https://alshaer-news.com/?p=3014&utm_medium=social&utm_source=heylink.me" "Mozilla/5.0 (Linux; Android 13; 2201116PG Build/TKQ1.221114.001; wv) AppleWebKit/537.36 (KHTML, like Gecko) Version/4.0 Chrome/138.0.7204.176 Mobile Safari/537.36 [FB_IAB/FB4A;FBAV/524.0.0.52.44;IABMV/1;]"
156.38.57.246 - - [16/Sep/2025:08:08:58 -0400] "GET /wp-content/themes/newsplus/assets/js/main.js?ver=37.00 HTTP/1.1" 200 1317 "https://alshaer-news.com/?p=3014&utm_medium=social&utm_source=heylink.me" "Mozilla/5.0 (Linux; Android 13; 2201116PG Build/TKQ1.221114.001; wv) AppleWebKit/537.36 (KHTML, like Gecko) Version/4.0 Chrome/138.0.7204.176 Mobile Safari/537.36 [FB_IAB/FB4A;FBAV/524.0.0.52.44;IABMV/1;]"
156.38.57.246 - - [16/Sep/2025:08:08:58 -0400] "GET /wp-includes/js/comment-reply.min.js?ver=6.8.2 HTTP/1.1" 200 1247 "https://alshaer-news.com/?p=3014&utm_medium=social&utm_source=heylink.me" "Mozilla/5.0 (Linux; Android 13; 2201116PG Build/TKQ1.221114.001; wv) AppleWebKit/537.36 (KHTML, like Gecko) Version/4.0 Chrome/138.0.7204.176 Mobile Safari/537.36 [FB_IAB/FB4A;FBAV/524.0.0.52.44;IABMV/1;]"
156.38.57.246 - - [16/Sep/2025:08:08:58 -0400] "GET /wp-content/uploads/2025/06/IMG_4412545132-360x200.jpg HTTP/1.1" 200 21437 "https://alshaer-news.com/?p=3014&utm_medium=social&utm_source=heylink.me" "Mozilla/5.0 (Linux; Android 13; 2201116PG Build/TKQ1.221114.001; wv) AppleWebKit/537.36 (KHTML, like Gecko) Version/4.0 Chrome/138.0.7204.176 Mobile Safari/537.36 [FB_IAB/FB4A;FBAV/524.0.0.52.44;IABMV/1;]"
156.38.57.246 - - [16/Sep/2025:08:08:58 -0400] "GET /wp-content/uploads/2025/04/IMG_2620482203-360x200.jpg HTTP/1.1" 200 19869 "https://alshaer-news.com/?p=3014&utm_medium=social&utm_source=heylink.me" "Mozilla/5.0 (Linux; Android 13; 2201116PG Build/TKQ1.221114.001; wv) AppleWebKit/537.36 (KHTML, like Gecko) Version/4.0 Chrome/138.0.7204.176 Mobile Safari/537.36 [FB_IAB/FB4A;FBAV/524.0.0.52.44;IABMV/1;]"
156.38.57.246 - - [16/Sep/2025:08:08:58 -0400] "GET /wp-content/uploads/2024/08/FB_IMG_1723739515245-360x200.jpg HTTP/1.1" 200 12051 "https://alshaer-news.com/?p=3014&utm_medium=social&utm_source=heylink.me" "Mozilla/5.0 (Linux; Android 13; 2201116PG Build/TKQ1.221114.001; wv) AppleWebKit/537.36 (KHTML, like Gecko) Version/4.0 Chrome/138.0.7204.176 Mobile Safari/537.36 [FB_IAB/FB4A;FBAV/524.0.0.52.44;IABMV/1;]"
156.38.57.246 - - [16/Sep/2025:08:08:58 -0400] "GET /wp-content/uploads/2024/08/%D8%A8%D9%84%D8%AF%D9%8A%D8%A9-%D8%AA%D9%88%D9%86%D8%B3-%D8%B3%D8%A7%D8%AD%D8%A9-%D8%A7%D9%84%D9%82%D8%B5%D8%A8%D8%A9-Godong-Getty-360x200.jpg HTTP/1.1" 200 15774 "https://alshaer-news.com/?p=3014&utm_medium=social&utm_source=heylink.me" "Mozilla/5.0 (Linux; Android 13; 2201116PG Build/TKQ1.221114.001; wv) AppleWebKit/537.36 (KHTML, like Gecko) Version/4.0 Chrome/138.0.7204.176 Mobile Safari/537.36 [FB_IAB/FB4A;FBAV/524.0.0.52.44;IABMV/1;]"
156.38.57.246 - - [16/Sep/2025:08:08:58 -0400] "GET /wp-content/uploads/2024/08/GettyImages-644501407_1-360x200.jpg HTTP/1.1" 200 15364 "https://alshaer-news.com/?p=3014&utm_medium=social&utm_source=heylink.me" "Mozilla/5.0 (Linux; Android 13; 2201116PG Build/TKQ1.221114.001; wv) AppleWebKit/537.36 (KHTML, like Gecko) Version/4.0 Chrome/138.0.7204.176 Mobile Safari/537.36 [FB_IAB/FB4A;FBAV/524.0.0.52.44;IABMV/1;]"
156.38.57.246 - - [16/Sep/2025:08:08:58 -0400] "GET /wp-content/uploads/2024/07/%D9%A2%D9%A0%D9%A2%D9%A4%D9%A0%D9%A7%D9%A2%D9%A8_%D9%A1%D9%A1%D9%A4%D9%A5%D9%A5%D9%A3-360x200.jpg HTTP/1.1" 200 11944 "https://alshaer-news.com/?p=3014&utm_medium=social&utm_source=heylink.me" "Mozilla/5.0 (Linux; Android 13; 2201116PG Build/TKQ1.221114.001; wv) AppleWebKit/537.36 (KHTML, like Gecko) Version/4.0 Chrome/138.0.7204.176 Mobile Safari/537.36 [FB_IAB/FB4A;FBAV/524.0.0.52.44;IABMV/1;]"
156.38.57.246 - - [16/Sep/2025:08:08:58 -0400] "GET /wp-content/uploads/2025/09/IMG-20250910-WA0000-360x200.jpg HTTP/1.1" 200 17269 "https://alshaer-news.com/?p=3014&utm_medium=social&utm_source=heylink.me" "Mozilla/5.0 (Linux; Android 13; 2201116PG Build/TKQ1.221114.001; wv) AppleWebKit/537.36 (KHTML, like Gecko) Version/4.0 Chrome/138.0.7204.176 Mobile Safari/537.36 [FB_IAB/FB4A;FBAV/524.0.0.52.44;IABMV/1;]"
156.38.57.246 - - [16/Sep/2025:08:08:58 -0400] "GET /wp-content/uploads/2025/09/%D9%A2%D9%A0%D9%A2%D9%A5%D9%A0%D9%A9%D9%A0%D9%A9_%D9%A2%D9%A3%D9%A4%D9%A9%D9%A3%D9%A7-360x200.jpg HTTP/1.1" 200 22224 "https://alshaer-news.com/?p=3014&utm_medium=social&utm_source=heylink.me" "Mozilla/5.0 (Linux; Android 13; 2201116PG Build/TKQ1.221114.001; wv) AppleWebKit/537.36 (KHTML, like Gecko) Version/4.0 Chrome/138.0.7204.176 Mobile Safari/537.36 [FB_IAB/FB4A;FBAV/524.0.0.52.44;IABMV/1;]"
156.38.57.246 - - [16/Sep/2025:08:08:58 -0400] "GET /wp-content/uploads/2025/08/IMG-20250824-WA0030-360x200.jpg HTTP/1.1" 200 15692 "https://alshaer-news.com/?p=3014&utm_medium=social&utm_source=heylink.me" "Mozilla/5.0 (Linux; Android 13; 2201116PG Build/TKQ1.221114.001; wv) AppleWebKit/537.36 (KHTML, like Gecko) Version/4.0 Chrome/138.0.7204.176 Mobile Safari/537.36 [FB_IAB/FB4A;FBAV/524.0.0.52.44;IABMV/1;]"
188.229.137.49 - - [16/Sep/2025:08:08:58 -0400] "GET /wp-content/themes/newsplus/assets/img/logo.png HTTP/1.1" 200 43754 "https://alshaer-news.com/?p=3026&utm_medium=social&utm_source=heylink.me" "Mozilla/5.0 (Linux; Android 10; SM-A105F Build/QP1A.190711.020; wv) AppleWebKit/537.36 (KHTML, like Gecko) Version/4.0 Chrome/140.0.7339.51 Mobile Safari/537.36 [FB_IAB/FB4A;FBAV/529.0.0.44.73;IABMV/1;]"
188.229.137.49 - - [16/Sep/2025:08:08:58 -0400] "GET /wp-includes/js/dist/hooks.min.js?ver=4d63a3d491d11ffd8ac6 HTTP/1.1" 200 1571 "https://alshaer-news.com/?p=3026&utm_medium=social&utm_source=heylink.me" "Mozilla/5.0 (Linux; Android 10; SM-A105F Build/QP1A.190711.020; wv) AppleWebKit/537.36 (KHTML, like Gecko) Version/4.0 Chrome/140.0.7339.51 Mobile Safari/537.36 [FB_IAB/FB4A;FBAV/529.0.0.44.73;IABMV/1;]"
156.38.57.246 - - [16/Sep/2025:08:08:58 -0400] "GET /wp-content/uploads/2025/07/IMG_8282480856-360x200.jpg HTTP/1.1" 200 20934 "https://alshaer-news.com/?p=3014&utm_medium=social&utm_source=heylink.me" "Mozilla/5.0 (Linux; Android 13; 2201116PG Build/TKQ1.221114.001; wv) AppleWebKit/537.36 (KHTML, like Gecko) Version/4.0 Chrome/138.0.7204.176 Mobile Safari/537.36 [FB_IAB/FB4A;FBAV/524.0.0.52.44;IABMV/1;]"
156.38.57.246 - - [16/Sep/2025:08:08:58 -0400] "GET /wp-content/uploads/2025/05/FB_IMG_1746291435288-360x200.jpg HTTP/1.1" 200 16248 "https://alshaer-news.com/?p=3014&utm_medium=social&utm_source=heylink.me" "Mozilla/5.0 (Linux; Android 13; 2201116PG Build/TKQ1.221114.001; wv) AppleWebKit/537.36 (KHTML, like Gecko) Version/4.0 Chrome/138.0.7204.176 Mobile Safari/537.36 [FB_IAB/FB4A;FBAV/524.0.0.52.44;IABMV/1;]"
156.38.57.246 - - [16/Sep/2025:08:08:58 -0400] "GET /wp-content/uploads/2025/02/%D9%A2%D9%A0%D9%A2%D9%A5%D9%A0%D9%A2%D9%A0%D9%A6_%D9%A2%D9%A2%D9%A4%D9%A9%D9%A0%D9%A1-360x200.jpg HTTP/1.1" 200 17316 "https://alshaer-news.com/?p=3014&utm_medium=social&utm_source=heylink.me" "Mozilla/5.0 (Linux; Android 13; 2201116PG Build/TKQ1.221114.001; wv) AppleWebKit/537.36 (KHTML, like Gecko) Version/4.0 Chrome/138.0.7204.176 Mobile Safari/537.36 [FB_IAB/FB4A;FBAV/524.0.0.52.44;IABMV/1;]"
156.38.57.246 - - [16/Sep/2025:08:08:58 -0400] "GET /wp-content/uploads/2024/12/%D9%85%D8%AD%D9%85%D8%AF-%D8%A8%D9%86-%D8%B3%D9%84%D9%85%D8%A7%D9%86--360x200.jpg HTTP/1.1" 200 17160 "https://alshaer-news.com/?p=3014&utm_medium=social&utm_source=heylink.me" "Mozilla/5.0 (Linux; Android 13; 2201116PG Build/TKQ1.221114.001; wv) AppleWebKit/537.36 (KHTML, like Gecko) Version/4.0 Chrome/138.0.7204.176 Mobile Safari/537.36 [FB_IAB/FB4A;FBAV/524.0.0.52.44;IABMV/1;]"
156.38.57.246 - - [16/Sep/2025:08:08:58 -0400] "GET /wp-content/uploads/2024/09/%D9%85%D8%B2%D8%A7%D8%AF-%D8%AC%D9%85%D8%A7%D8%B1%D9%83--360x200.jpg HTTP/1.1" 200 27863 "https://alshaer-news.com/?p=3014&utm_medium=social&utm_source=heylink.me" "Mozilla/5.0 (Linux; Android 13; 2201116PG Build/TKQ1.221114.001; wv) AppleWebKit/537.36 (KHTML, like Gecko) Version/4.0 Chrome/138.0.7204.176 Mobile Safari/537.36 [FB_IAB/FB4A;FBAV/524.0.0.52.44;IABMV/1;]"
156.38.57.246 - - [16/Sep/2025:08:08:58 -0400] "GET /wp-includes/js/wp-emoji-release.min.js?ver=6.8.2 HTTP/1.1" 200 4769 "https://alshaer-news.com/?p=3014&utm_medium=social&utm_source=heylink.me" "Mozilla/5.0 (Linux; Android 13; 2201116PG Build/TKQ1.221114.001; wv) AppleWebKit/537.36 (KHTML, like Gecko) Version/4.0 Chrome/138.0.7204.176 Mobile Safari/537.36 [FB_IAB/FB4A;FBAV/524.0.0.52.44;IABMV/1;]"
188.229.137.49 - - [16/Sep/2025:08:09:01 -0400] "GET /wp-includes/js/dist/i18n.min.js?ver=5e580eb46a90c2b997e6 HTTP/1.1" 200 3542 "https://alshaer-news.com/?p=3026&utm_medium=social&utm_source=heylink.me" "Mozilla/5.0 (Linux; Android 10; SM-A105F Build/QP1A.190711.020; wv) AppleWebKit/537.36 (KHTML, like Gecko) Version/4.0 Chrome/140.0.7339.51 Mobile Safari/537.36 [FB_IAB/FB4A;FBAV/529.0.0.44.73;IABMV/1;]"
188.229.137.49 - - [16/Sep/2025:08:09:01 -0400] "GET /wp-content/plugins/contact-form-7/includes/swv/js/index.js?ver=6.0.6 HTTP/1.1" 200 3369 "https://alshaer-news.com/?p=3026&utm_medium=social&utm_source=heylink.me" "Mozilla/5.0 (Linux; Android 10; SM-A105F Build/QP1A.190711.020; wv) AppleWebKit/537.36 (KHTML, like Gecko) Version/4.0 Chrome/140.0.7339.51 Mobile Safari/537.36 [FB_IAB/FB4A;FBAV/529.0.0.44.73;IABMV/1;]"
188.229.137.49 - - [16/Sep/2025:08:09:01 -0400] "GET /wp-content/plugins/contact-form-7/includes/js/index.js?ver=6.0.6 HTTP/1.1" 200 4008 "https://alshaer-news.com/?p=3026&utm_medium=social&utm_source=heylink.me" "Mozilla/5.0 (Linux; Android 10; SM-A105F Build/QP1A.190711.020; wv) AppleWebKit/537.36 (KHTML, like Gecko) Version/4.0 Chrome/140.0.7339.51 Mobile Safari/537.36 [FB_IAB/FB4A;FBAV/529.0.0.44.73;IABMV/1;]"
188.229.137.49 - - [16/Sep/2025:08:09:01 -0400] "GET /wp-content/themes/newsplus/assets/js/main.js?ver=37.00 HTTP/1.1" 200 1317 "https://alshaer-news.com/?p=3026&utm_medium=social&utm_source=heylink.me" "Mozilla/5.0 (Linux; Android 10; SM-A105F Build/QP1A.190711.020; wv) AppleWebKit/537.36 (KHTML, like Gecko) Version/4.0 Chrome/140.0.7339.51 Mobile Safari/537.36 [FB_IAB/FB4A;FBAV/529.0.0.44.73;IABMV/1;]"
188.229.137.49 - - [16/Sep/2025:08:09:01 -0400] "GET /wp-includes/js/comment-reply.min.js?ver=6.8.2 HTTP/1.1" 200 1247 "https://alshaer-news.com/?p=3026&utm_medium=social&utm_source=heylink.me" "Mozilla/5.0 (Linux; Android 10; SM-A105F Build/QP1A.190711.020; wv) AppleWebKit/537.36 (KHTML, like Gecko) Version/4.0 Chrome/140.0.7339.51 Mobile Safari/537.36 [FB_IAB/FB4A;FBAV/529.0.0.44.73;IABMV/1;]"
188.229.137.49 - - [16/Sep/2025:08:09:01 -0400] "GET /wp-content/uploads/2025/07/IMG_8282480856-360x200.jpg HTTP/1.1" 200 20934 "https://alshaer-news.com/?p=3026&utm_medium=social&utm_source=heylink.me" "Mozilla/5.0 (Linux; Android 10; SM-A105F Build/QP1A.190711.020; wv) AppleWebKit/537.36 (KHTML, like Gecko) Version/4.0 Chrome/140.0.7339.51 Mobile Safari/537.36 [FB_IAB/FB4A;FBAV/529.0.0.44.73;IABMV/1;]"
85.208.96.194 - - [16/Sep/2025:08:09:04 -0400] "GET /?p=2618 HTTP/1.1" 200 18211 "-" "Mozilla/5.0 (compatible; SemrushBot/7~bl; +http://www.semrush.com/bot.html)"
156.38.57.246 - - [16/Sep/2025:08:09:02 -0400] "GET /favicon.ico HTTP/1.1" 500 1112 "https://alshaer-news.com/?p=3014&utm_medium=social&utm_source=heylink.me" "Mozilla/5.0 (Linux; Android 13; 2201116PG Build/TKQ1.221114.001; wv) AppleWebKit/537.36 (KHTML, like Gecko) Version/4.0 Chrome/138.0.7204.176 Mobile Safari/537.36 [FB_IAB/FB4A;FBAV/524.0.0.52.44;IABMV/1;]"
156.38.57.246 - - [16/Sep/2025:08:09:06 -0400] "GET /?cat=10 HTTP/1.1" 200 10528 "https://alshaer-news.com/?p=3014&utm_medium=social&utm_source=heylink.me" "Mozilla/5.0 (Linux; Android 13; 2201116PG Build/TKQ1.221114.001; wv) AppleWebKit/537.36 (KHTML, like Gecko) Version/4.0 Chrome/138.0.7204.176 Mobile Safari/537.36 [FB_IAB/FB4A;FBAV/524.0.0.52.44;IABMV/1;]"
188.229.137.49 - - [16/Sep/2025:08:09:06 -0400] "GET /wp-content/uploads/2025/08/IMG-20250824-WA0030-360x200.jpg HTTP/1.1" 200 15692 "https://alshaer-news.com/?p=3026&utm_medium=social&utm_source=heylink.me" "Mozilla/5.0 (Linux; Android 10; SM-A105F Build/QP1A.190711.020; wv) AppleWebKit/537.36 (KHTML, like Gecko) Version/4.0 Chrome/140.0.7339.51 Mobile Safari/537.36 [FB_IAB/FB4A;FBAV/529.0.0.44.73;IABMV/1;]"
156.38.57.246 - - [16/Sep/2025:08:09:06 -0400] "GET /wp-content/uploads/2023/11/%D8%A7%D9%84%D8%B4%D8%B9%D8%B1%D9%86%D9%8A%D9%88%D8%B2-360x200.jpg HTTP/1.1" 200 24769 "https://alshaer-news.com/?cat=10" "Mozilla/5.0 (Linux; Android 13; 2201116PG Build/TKQ1.221114.001; wv) AppleWebKit/537.36 (KHTML, like Gecko) Version/4.0 Chrome/138.0.7204.176 Mobile Safari/537.36 [FB_IAB/FB4A;FBAV/524.0.0.52.44;IABMV/1;]"
156.38.57.246 - - [16/Sep/2025:08:09:06 -0400] "GET /wp-content/uploads/2023/09/%D8%A7%D9%84%D8%B4%D8%B9%D8%B1%D9%86%D9%8A%D9%88%D8%B2-1-1-360x200.jpg HTTP/1.1" 200 13297 "https://alshaer-news.com/?cat=10" "Mozilla/5.0 (Linux; Android 13; 2201116PG Build/TKQ1.221114.001; wv) AppleWebKit/537.36 (KHTML, like Gecko) Version/4.0 Chrome/138.0.7204.176 Mobile Safari/537.36 [FB_IAB/FB4A;FBAV/524.0.0.52.44;IABMV/1;]"
156.38.57.246 - - [16/Sep/2025:08:09:06 -0400] "GET /wp-content/uploads/2024/07/93bdff9e2da0742d32c8e0848789b7e3-360x200.jpg HTTP/1.1" 200 10217 "https://alshaer-news.com/?cat=10" "Mozilla/5.0 (Linux; Android 13; 2201116PG Build/TKQ1.221114.001; wv) AppleWebKit/537.36 (KHTML, like Gecko) Version/4.0 Chrome/138.0.7204.176 Mobile Safari/537.36 [FB_IAB/FB4A;FBAV/524.0.0.52.44;IABMV/1;]"
156.38.57.246 - - [16/Sep/2025:08:09:06 -0400] "GET /wp-content/uploads/2024/07/%D9%A2%D9%A0%D9%A2%D9%A4%D9%A0%D9%A7%D9%A0%D9%A5_%D9%A2%D9%A1%D9%A1%D9%A2%D9%A4%D9%A7-360x200.jpg HTTP/1.1" 200 18487 "https://alshaer-news.com/?cat=10" "Mozilla/5.0 (Linux; Android 13; 2201116PG Build/TKQ1.221114.001; wv) AppleWebKit/537.36 (KHTML, like Gecko) Version/4.0 Chrome/138.0.7204.176 Mobile Safari/537.36 [FB_IAB/FB4A;FBAV/524.0.0.52.44;IABMV/1;]"
156.38.57.246 - - [16/Sep/2025:08:09:06 -0400] "GET /wp-content/uploads/2024/07/%D9%8A%D8%AD%D8%AF%D8%AB-%D8%A8%D8%B4%D9%83%D9%84-%D9%85%D8%AA%D9%83%D8%B1%D8%B1-360x200.jpg HTTP/1.1" 200 22426 "https://alshaer-news.com/?cat=10" "Mozilla/5.0 (Linux; Android 13; 2201116PG Build/TKQ1.221114.001; wv) AppleWebKit/537.36 (KHTML, like Gecko) Version/4.0 Chrome/138.0.7204.176 Mobile Safari/537.36 [FB_IAB/FB4A;FBAV/524.0.0.52.44;IABMV/1;]"
188.229.137.49 - - [16/Sep/2025:08:09:07 -0400] "GET /wp-content/uploads/2025/05/FB_IMG_1746291435288-360x200.jpg HTTP/1.1" 200 16248 "https://alshaer-news.com/?p=3026&utm_medium=social&utm_source=heylink.me" "Mozilla/5.0 (Linux; Android 10; SM-A105F Build/QP1A.190711.020; wv) AppleWebKit/537.36 (KHTML, like Gecko) Version/4.0 Chrome/140.0.7339.51 Mobile Safari/537.36 [FB_IAB/FB4A;FBAV/529.0.0.44.73;IABMV/1;]"
156.38.57.246 - - [16/Sep/2025:08:09:07 -0400] "GET /favicon.ico HTTP/1.1" 500 1112 "https://alshaer-news.com/?cat=10" "Mozilla/5.0 (Linux; Android 13; 2201116PG Build/TKQ1.221114.001; wv) AppleWebKit/537.36 (KHTML, like Gecko) Version/4.0 Chrome/138.0.7204.176 Mobile Safari/537.36 [FB_IAB/FB4A;FBAV/524.0.0.52.44;IABMV/1;]"
188.229.137.49 - - [16/Sep/2025:08:09:08 -0400] "GET /wp-content/uploads/2025/02/%D9%A2%D9%A0%D9%A2%D9%A5%D9%A0%D9%A2%D9%A0%D9%A6_%D9%A2%D9%A2%D9%A4%D9%A9%D9%A0%D9%A1-360x200.jpg HTTP/1.1" 200 17316 "https://alshaer-news.com/?p=3026&utm_medium=social&utm_source=heylink.me" "Mozilla/5.0 (Linux; Android 10; SM-A105F Build/QP1A.190711.020; wv) AppleWebKit/537.36 (KHTML, like Gecko) Version/4.0 Chrome/140.0.7339.51 Mobile Safari/537.36 [FB_IAB/FB4A;FBAV/529.0.0.44.73;IABMV/1;]"
188.229.137.49 - - [16/Sep/2025:08:09:08 -0400] "GET /wp-content/uploads/2024/12/%D9%85%D8%AD%D9%85%D8%AF-%D8%A8%D9%86-%D8%B3%D9%84%D9%85%D8%A7%D9%86--360x200.jpg HTTP/1.1" 200 17160 "https://alshaer-news.com/?p=3026&utm_medium=social&utm_source=heylink.me" "Mozilla/5.0 (Linux; Android 10; SM-A105F Build/QP1A.190711.020; wv) AppleWebKit/537.36 (KHTML, like Gecko) Version/4.0 Chrome/140.0.7339.51 Mobile Safari/537.36 [FB_IAB/FB4A;FBAV/529.0.0.44.73;IABMV/1;]"
188.229.137.49 - - [16/Sep/2025:08:09:08 -0400] "GET /wp-content/uploads/2024/09/%D9%85%D8%B2%D8%A7%D8%AF-%D8%AC%D9%85%D8%A7%D8%B1%D9%83--360x200.jpg HTTP/1.1" 200 27863 "https://alshaer-news.com/?p=3026&utm_medium=social&utm_source=heylink.me" "Mozilla/5.0 (Linux; Android 10; SM-A105F Build/QP1A.190711.020; wv) AppleWebKit/537.36 (KHTML, like Gecko) Version/4.0 Chrome/140.0.7339.51 Mobile Safari/537.36 [FB_IAB/FB4A;FBAV/529.0.0.44.73;IABMV/1;]"
188.229.137.49 - - [16/Sep/2025:08:09:08 -0400] "GET /wp-content/uploads/2025/09/%D9%A2%D9%A0%D9%A2%D9%A5%D9%A0%D9%A9%D9%A0%D9%A9_%D9%A2%D9%A3%D9%A4%D9%A9%D9%A3%D9%A7-360x200.jpg HTTP/1.1" 200 22224 "https://alshaer-news.com/?p=3026&utm_medium=social&utm_source=heylink.me" "Mozilla/5.0 (Linux; Android 10; SM-A105F Build/QP1A.190711.020; wv) AppleWebKit/537.36 (KHTML, like Gecko) Version/4.0 Chrome/140.0.7339.51 Mobile Safari/537.36 [FB_IAB/FB4A;FBAV/529.0.0.44.73;IABMV/1;]"
188.229.137.49 - - [16/Sep/2025:08:09:08 -0400] "GET /wp-content/uploads/2025/09/IMG-20250910-WA0000-360x200.jpg HTTP/1.1" 200 17269 "https://alshaer-news.com/?p=3026&utm_medium=social&utm_source=heylink.me" "Mozilla/5.0 (Linux; Android 10; SM-A105F Build/QP1A.190711.020; wv) AppleWebKit/537.36 (KHTML, like Gecko) Version/4.0 Chrome/140.0.7339.51 Mobile Safari/537.36 [FB_IAB/FB4A;FBAV/529.0.0.44.73;IABMV/1;]"
188.229.137.49 - - [16/Sep/2025:08:09:08 -0400] "GET /wp-content/uploads/2025/06/IMG_4412545132-360x200.jpg HTTP/1.1" 200 21437 "https://alshaer-news.com/?p=3026&utm_medium=social&utm_source=heylink.me" "Mozilla/5.0 (Linux; Android 10; SM-A105F Build/QP1A.190711.020; wv) AppleWebKit/537.36 (KHTML, like Gecko) Version/4.0 Chrome/140.0.7339.51 Mobile Safari/537.36 [FB_IAB/FB4A;FBAV/529.0.0.44.73;IABMV/1;]"
188.229.137.49 - - [16/Sep/2025:08:09:08 -0400] "GET /wp-content/uploads/2025/04/IMG_2620482203-360x200.jpg HTTP/1.1" 200 19869 "https://alshaer-news.com/?p=3026&utm_medium=social&utm_source=heylink.me" "Mozilla/5.0 (Linux; Android 10; SM-A105F Build/QP1A.190711.020; wv) AppleWebKit/537.36 (KHTML, like Gecko) Version/4.0 Chrome/140.0.7339.51 Mobile Safari/537.36 [FB_IAB/FB4A;FBAV/529.0.0.44.73;IABMV/1;]"
188.229.137.49 - - [16/Sep/2025:08:09:10 -0400] "GET /wp-includes/js/wp-emoji-release.min.js?ver=6.8.2 HTTP/1.1" 200 4769 "https://alshaer-news.com/?p=3026&utm_medium=social&utm_source=heylink.me" "Mozilla/5.0 (Linux; Android 10; SM-A105F Build/QP1A.190711.020; wv) AppleWebKit/537.36 (KHTML, like Gecko) Version/4.0 Chrome/140.0.7339.51 Mobile Safari/537.36 [FB_IAB/FB4A;FBAV/529.0.0.44.73;IABMV/1;]"
156.38.57.246 - - [16/Sep/2025:08:09:28 -0400] "GET /?p=2994 HTTP/1.1" 200 15227 "https://alshaer-news.com/?cat=10" "Mozilla/5.0 (Linux; Android 13; 2201116PG Build/TKQ1.221114.001; wv) AppleWebKit/537.36 (KHTML, like Gecko) Version/4.0 Chrome/138.0.7204.176 Mobile Safari/537.36 [FB_IAB/FB4A;FBAV/524.0.0.52.44;IABMV/1;]"
156.38.57.246 - - [16/Sep/2025:08:09:28 -0400] "GET /wp-content/uploads/2025/04/IMG_2620482203-1469x1536.jpg HTTP/1.1" 200 217087 "https://alshaer-news.com/?p=2994" "Mozilla/5.0 (Linux; Android 13; 2201116PG Build/TKQ1.221114.001; wv) AppleWebKit/537.36 (KHTML, like Gecko) Version/4.0 Chrome/138.0.7204.176 Mobile Safari/537.36 [FB_IAB/FB4A;FBAV/524.0.0.52.44;IABMV/1;]"
41.254.83.84 - - [16/Sep/2025:08:09:29 -0400] "GET /?p=2938&utm_medium=social&utm_source=heylink.me HTTP/1.1" 200 14244 "https://heylink.me/whatsappcomchannel0029Vb6nFL02v1IrjKKy3d1v/?fbclid=IwY2xjawM2MrpleHRuA2FlbQIxMQABHtensZKfxNDfRqLiWx5n0_MRyulJy12zief5lm2NIGMT51oxwNX4zTtIFLqm_aem_2PQuat9YyDJBOx40AkJcNA" "Mozilla/5.0 (Linux; Android 13; SM-N986B Build/TP1A.220624.014; wv) AppleWebKit/537.36 (KHTML, like Gecko) Version/4.0 Chrome/140.0.7339.119 Mobile Safari/537.36 [FB_IAB/FB4A;FBAV/530.0.0.48.74;IABMV/1;]"
41.254.83.84 - - [16/Sep/2025:08:09:30 -0400] "GET /wp-includes/css/dist/block-library/style-rtl.min.css?ver=6.8.2 HTTP/1.1" 200 14312 "https://alshaer-news.com/?p=2938&utm_medium=social&utm_source=heylink.me" "Mozilla/5.0 (Linux; Android 13; SM-N986B Build/TP1A.220624.014; wv) AppleWebKit/537.36 (KHTML, like Gecko) Version/4.0 Chrome/140.0.7339.119 Mobile Safari/537.36 [FB_IAB/FB4A;FBAV/530.0.0.48.74;IABMV/1;]"
41.254.83.84 - - [16/Sep/2025:08:09:30 -0400] "GET /wp-content/plugins/contact-form-7/includes/css/styles.css?ver=6.0.6 HTTP/1.1" 200 890 "https://alshaer-news.com/?p=2938&utm_medium=social&utm_source=heylink.me" "Mozilla/5.0 (Linux; Android 13; SM-N986B Build/TP1A.220624.014; wv) AppleWebKit/537.36 (KHTML, like Gecko) Version/4.0 Chrome/140.0.7339.119 Mobile Safari/537.36 [FB_IAB/FB4A;FBAV/530.0.0.48.74;IABMV/1;]"
41.254.83.84 - - [16/Sep/2025:08:09:30 -0400] "GET /wp-content/plugins/contact-form-7/includes/css/styles-rtl.css?ver=6.0.6 HTTP/1.1" 200 152 "https://alshaer-news.com/?p=2938&utm_medium=social&utm_source=heylink.me" "Mozilla/5.0 (Linux; Android 13; SM-N986B Build/TP1A.220624.014; wv) AppleWebKit/537.36 (KHTML, like Gecko) Version/4.0 Chrome/140.0.7339.119 Mobile Safari/537.36 [FB_IAB/FB4A;FBAV/530.0.0.48.74;IABMV/1;]"
41.254.83.84 - - [16/Sep/2025:08:09:30 -0400] "GET /wp-content/plugins/cookie-notice/css/front.min.css?ver=2.5.6 HTTP/1.1" 200 951 "https://alshaer-news.com/?p=2938&utm_medium=social&utm_source=heylink.me" "Mozilla/5.0 (Linux; Android 13; SM-N986B Build/TP1A.220624.014; wv) AppleWebKit/537.36 (KHTML, like Gecko) Version/4.0 Chrome/140.0.7339.119 Mobile Safari/537.36 [FB_IAB/FB4A;FBAV/530.0.0.48.74;IABMV/1;]"
41.254.83.84 - - [16/Sep/2025:08:09:30 -0400] "GET /wp-content/themes/newsplus/assets/css/bootstrap.min.css?ver=37.00 HTTP/1.1" 200 17696 "https://alshaer-news.com/?p=2938&utm_medium=social&utm_source=heylink.me" "Mozilla/5.0 (Linux; Android 13; SM-N986B Build/TP1A.220624.014; wv) AppleWebKit/537.36 (KHTML, like Gecko) Version/4.0 Chrome/140.0.7339.119 Mobile Safari/537.36 [FB_IAB/FB4A;FBAV/530.0.0.48.74;IABMV/1;]"
41.254.83.84 - - [16/Sep/2025:08:09:30 -0400] "GET /wp-content/themes/newsplus/assets/fonts/fonts.css?ver=37.00 HTTP/1.1" 200 335 "https://alshaer-news.com/?p=2938&utm_medium=social&utm_source=heylink.me" "Mozilla/5.0 (Linux; Android 13; SM-N986B Build/TP1A.220624.014; wv) AppleWebKit/537.36 (KHTML, like Gecko) Version/4.0 Chrome/140.0.7339.119 Mobile Safari/537.36 [FB_IAB/FB4A;FBAV/530.0.0.48.74;IABMV/1;]"
41.254.83.84 - - [16/Sep/2025:08:09:30 -0400] "GET /wp-content/themes/newsplus/style.css?ver=37.00 HTTP/1.1" 200 7414 "https://alshaer-news.com/?p=2938&utm_medium=social&utm_source=heylink.me" "Mozilla/5.0 (Linux; Android 13; SM-N986B Build/TP1A.220624.014; wv) AppleWebKit/537.36 (KHTML, like Gecko) Version/4.0 Chrome/140.0.7339.119 Mobile Safari/537.36 [FB_IAB/FB4A;FBAV/530.0.0.48.74;IABMV/1;]"
41.254.83.84 - - [16/Sep/2025:08:09:30 -0400] "GET /wp-content/plugins/cookie-notice/js/front.min.js?ver=2.5.6 HTTP/1.1" 200 1964 "https://alshaer-news.com/?p=2938&utm_medium=social&utm_source=heylink.me" "Mozilla/5.0 (Linux; Android 13; SM-N986B Build/TP1A.220624.014; wv) AppleWebKit/537.36 (KHTML, like Gecko) Version/4.0 Chrome/140.0.7339.119 Mobile Safari/537.36 [FB_IAB/FB4A;FBAV/530.0.0.48.74;IABMV/1;]"
41.254.83.84 - - [16/Sep/2025:08:09:30 -0400] "GET /wp-includes/js/jquery/jquery-migrate.min.js?ver=3.4.1 HTTP/1.1" 200 4678 "https://alshaer-news.com/?p=2938&utm_medium=social&utm_source=heylink.me" "Mozilla/5.0 (Linux; Android 13; SM-N986B Build/TP1A.220624.014; wv) AppleWebKit/537.36 (KHTML, like Gecko) Version/4.0 Chrome/140.0.7339.119 Mobile Safari/537.36 [FB_IAB/FB4A;FBAV/530.0.0.48.74;IABMV/1;]"
41.254.83.84 - - [16/Sep/2025:08:09:30 -0400] "GET /wp-includes/js/jquery/jquery.min.js?ver=3.7.1 HTTP/1.1" 200 29744 "https://alshaer-news.com/?p=2938&utm_medium=social&utm_source=heylink.me" "Mozilla/5.0 (Linux; Android 13; SM-N986B Build/TP1A.220624.014; wv) AppleWebKit/537.36 (KHTML, like Gecko) Version/4.0 Chrome/140.0.7339.119 Mobile Safari/537.36 [FB_IAB/FB4A;FBAV/530.0.0.48.74;IABMV/1;]"
41.254.83.84 - - [16/Sep/2025:08:09:30 -0400] "GET /wp-content/uploads/2024/09/%D9%85%D8%B2%D8%A7%D8%AF-%D8%AC%D9%85%D8%A7%D8%B1%D9%83-.jpg HTTP/1.1" 200 51411 "https://alshaer-news.com/?p=2938&utm_medium=social&utm_source=heylink.me" "Mozilla/5.0 (Linux; Android 13; SM-N986B Build/TP1A.220624.014; wv) AppleWebKit/537.36 (KHTML, like Gecko) Version/4.0 Chrome/140.0.7339.119 Mobile Safari/537.36 [FB_IAB/FB4A;FBAV/530.0.0.48.74;IABMV/1;]"
41.254.83.84 - - [16/Sep/2025:08:09:30 -0400] "GET /wp-content/themes/newsplus/assets/img/logo.png HTTP/1.1" 200 43754 "https://alshaer-news.com/?p=2938&utm_medium=social&utm_source=heylink.me" "Mozilla/5.0 (Linux; Android 13; SM-N986B Build/TP1A.220624.014; wv) AppleWebKit/537.36 (KHTML, like Gecko) Version/4.0 Chrome/140.0.7339.119 Mobile Safari/537.36 [FB_IAB/FB4A;FBAV/530.0.0.48.74;IABMV/1;]"
41.254.83.84 - - [16/Sep/2025:08:09:30 -0400] "GET /wp-includes/js/dist/hooks.min.js?ver=4d63a3d491d11ffd8ac6 HTTP/1.1" 200 1571 "https://alshaer-news.com/?p=2938&utm_medium=social&utm_source=heylink.me" "Mozilla/5.0 (Linux; Android 13; SM-N986B Build/TP1A.220624.014; wv) AppleWebKit/537.36 (KHTML, like Gecko) Version/4.0 Chrome/140.0.7339.119 Mobile Safari/537.36 [FB_IAB/FB4A;FBAV/530.0.0.48.74;IABMV/1;]"
41.254.83.84 - - [16/Sep/2025:08:09:31 -0400] "GET /wp-includes/js/dist/i18n.min.js?ver=5e580eb46a90c2b997e6 HTTP/1.1" 200 3542 "https://alshaer-news.com/?p=2938&utm_medium=social&utm_source=heylink.me" "Mozilla/5.0 (Linux; Android 13; SM-N986B Build/TP1A.220624.014; wv) AppleWebKit/537.36 (KHTML, like Gecko) Version/4.0 Chrome/140.0.7339.119 Mobile Safari/537.36 [FB_IAB/FB4A;FBAV/530.0.0.48.74;IABMV/1;]"
41.254.83.84 - - [16/Sep/2025:08:09:31 -0400] "GET /wp-content/plugins/contact-form-7/includes/swv/js/index.js?ver=6.0.6 HTTP/1.1" 200 3369 "https://alshaer-news.com/?p=2938&utm_medium=social&utm_source=heylink.me" "Mozilla/5.0 (Linux; Android 13; SM-N986B Build/TP1A.220624.014; wv) AppleWebKit/537.36 (KHTML, like Gecko) Version/4.0 Chrome/140.0.7339.119 Mobile Safari/537.36 [FB_IAB/FB4A;FBAV/530.0.0.48.74;IABMV/1;]"
41.254.83.84 - - [16/Sep/2025:08:09:31 -0400] "GET /wp-content/plugins/contact-form-7/includes/js/index.js?ver=6.0.6 HTTP/1.1" 200 4008 "https://alshaer-news.com/?p=2938&utm_medium=social&utm_source=heylink.me" "Mozilla/5.0 (Linux; Android 13; SM-N986B Build/TP1A.220624.014; wv) AppleWebKit/537.36 (KHTML, like Gecko) Version/4.0 Chrome/140.0.7339.119 Mobile Safari/537.36 [FB_IAB/FB4A;FBAV/530.0.0.48.74;IABMV/1;]"
41.254.83.84 - - [16/Sep/2025:08:09:31 -0400] "GET /wp-content/themes/newsplus/assets/js/main.js?ver=37.00 HTTP/1.1" 200 1317 "https://alshaer-news.com/?p=2938&utm_medium=social&utm_source=heylink.me" "Mozilla/5.0 (Linux; Android 13; SM-N986B Build/TP1A.220624.014; wv) AppleWebKit/537.36 (KHTML, like Gecko) Version/4.0 Chrome/140.0.7339.119 Mobile Safari/537.36 [FB_IAB/FB4A;FBAV/530.0.0.48.74;IABMV/1;]"
41.254.83.84 - - [16/Sep/2025:08:09:31 -0400] "GET /wp-includes/js/comment-reply.min.js?ver=6.8.2 HTTP/1.1" 200 1247 "https://alshaer-news.com/?p=2938&utm_medium=social&utm_source=heylink.me" "Mozilla/5.0 (Linux; Android 13; SM-N986B Build/TP1A.220624.014; wv) AppleWebKit/537.36 (KHTML, like Gecko) Version/4.0 Chrome/140.0.7339.119 Mobile Safari/537.36 [FB_IAB/FB4A;FBAV/530.0.0.48.74;IABMV/1;]"
41.254.83.84 - - [16/Sep/2025:08:09:31 -0400] "GET /wp-content/uploads/2024/09/%D9%85%D8%B2%D8%A7%D8%AF-%D8%AC%D9%85%D8%A7%D8%B1%D9%83--360x200.jpg HTTP/1.1" 200 27863 "https://alshaer-news.com/?p=2938&utm_medium=social&utm_source=heylink.me" "Mozilla/5.0 (Linux; Android 13; SM-N986B Build/TP1A.220624.014; wv) AppleWebKit/537.36 (KHTML, like Gecko) Version/4.0 Chrome/140.0.7339.119 Mobile Safari/537.36 [FB_IAB/FB4A;FBAV/530.0.0.48.74;IABMV/1;]"
41.254.83.84 - - [16/Sep/2025:08:09:31 -0400] "GET /wp-content/uploads/2025/08/IMG-20250824-WA0030-360x200.jpg HTTP/1.1" 200 15692 "https://alshaer-news.com/?p=2938&utm_medium=social&utm_source=heylink.me" "Mozilla/5.0 (Linux; Android 13; SM-N986B Build/TP1A.220624.014; wv) AppleWebKit/537.36 (KHTML, like Gecko) Version/4.0 Chrome/140.0.7339.119 Mobile Safari/537.36 [FB_IAB/FB4A;FBAV/530.0.0.48.74;IABMV/1;]"
41.254.83.84 - - [16/Sep/2025:08:09:31 -0400] "GET /wp-content/uploads/2025/05/FB_IMG_1746291435288-360x200.jpg HTTP/1.1" 200 16248 "https://alshaer-news.com/?p=2938&utm_medium=social&utm_source=heylink.me" "Mozilla/5.0 (Linux; Android 13; SM-N986B Build/TP1A.220624.014; wv) AppleWebKit/537.36 (KHTML, like Gecko) Version/4.0 Chrome/140.0.7339.119 Mobile Safari/537.36 [FB_IAB/FB4A;FBAV/530.0.0.48.74;IABMV/1;]"
41.254.83.84 - - [16/Sep/2025:08:09:31 -0400] "GET /wp-content/uploads/2024/12/%D9%85%D8%AD%D9%85%D8%AF-%D8%A8%D9%86-%D8%B3%D9%84%D9%85%D8%A7%D9%86--360x200.jpg HTTP/1.1" 200 17160 "https://alshaer-news.com/?p=2938&utm_medium=social&utm_source=heylink.me" "Mozilla/5.0 (Linux; Android 13; SM-N986B Build/TP1A.220624.014; wv) AppleWebKit/537.36 (KHTML, like Gecko) Version/4.0 Chrome/140.0.7339.119 Mobile Safari/537.36 [FB_IAB/FB4A;FBAV/530.0.0.48.74;IABMV/1;]"
41.254.83.84 - - [16/Sep/2025:08:09:31 -0400] "GET /wp-content/uploads/2025/02/%D9%A2%D9%A0%D9%A2%D9%A5%D9%A0%D9%A2%D9%A0%D9%A6_%D9%A2%D9%A2%D9%A4%D9%A9%D9%A0%D9%A1-360x200.jpg HTTP/1.1" 200 17316 "https://alshaer-news.com/?p=2938&utm_medium=social&utm_source=heylink.me" "Mozilla/5.0 (Linux; Android 13; SM-N986B Build/TP1A.220624.014; wv) AppleWebKit/537.36 (KHTML, like Gecko) Version/4.0 Chrome/140.0.7339.119 Mobile Safari/537.36 [FB_IAB/FB4A;FBAV/530.0.0.48.74;IABMV/1;]"
41.254.83.84 - - [16/Sep/2025:08:09:31 -0400] "GET /wp-content/uploads/2025/09/IMG-20250910-WA0000-360x200.jpg HTTP/1.1" 200 17269 "https://alshaer-news.com/?p=2938&utm_medium=social&utm_source=heylink.me" "Mozilla/5.0 (Linux; Android 13; SM-N986B Build/TP1A.220624.014; wv) AppleWebKit/537.36 (KHTML, like Gecko) Version/4.0 Chrome/140.0.7339.119 Mobile Safari/537.36 [FB_IAB/FB4A;FBAV/530.0.0.48.74;IABMV/1;]"
41.254.83.84 - - [16/Sep/2025:08:09:31 -0400] "GET /wp-content/uploads/2025/07/IMG_8282480856-360x200.jpg HTTP/1.1" 200 20934 "https://alshaer-news.com/?p=2938&utm_medium=social&utm_source=heylink.me" "Mozilla/5.0 (Linux; Android 13; SM-N986B Build/TP1A.220624.014; wv) AppleWebKit/537.36 (KHTML, like Gecko) Version/4.0 Chrome/140.0.7339.119 Mobile Safari/537.36 [FB_IAB/FB4A;FBAV/530.0.0.48.74;IABMV/1;]"
41.254.83.84 - - [16/Sep/2025:08:09:31 -0400] "GET /wp-content/uploads/2025/09/%D9%A2%D9%A0%D9%A2%D9%A5%D9%A0%D9%A9%D9%A0%D9%A9_%D9%A2%D9%A3%D9%A4%D9%A9%D9%A3%D9%A7-360x200.jpg HTTP/1.1" 200 22224 "https://alshaer-news.com/?p=2938&utm_medium=social&utm_source=heylink.me" "Mozilla/5.0 (Linux; Android 13; SM-N986B Build/TP1A.220624.014; wv) AppleWebKit/537.36 (KHTML, like Gecko) Version/4.0 Chrome/140.0.7339.119 Mobile Safari/537.36 [FB_IAB/FB4A;FBAV/530.0.0.48.74;IABMV/1;]"
41.254.83.84 - - [16/Sep/2025:08:09:31 -0400] "GET /wp-content/uploads/2025/06/IMG_4412545132-360x200.jpg HTTP/1.1" 200 21437 "https://alshaer-news.com/?p=2938&utm_medium=social&utm_source=heylink.me" "Mozilla/5.0 (Linux; Android 13; SM-N986B Build/TP1A.220624.014; wv) AppleWebKit/537.36 (KHTML, like Gecko) Version/4.0 Chrome/140.0.7339.119 Mobile Safari/537.36 [FB_IAB/FB4A;FBAV/530.0.0.48.74;IABMV/1;]"
41.254.83.84 - - [16/Sep/2025:08:09:31 -0400] "GET /wp-content/uploads/2025/04/IMG_2620482203-360x200.jpg HTTP/1.1" 200 19869 "https://alshaer-news.com/?p=2938&utm_medium=social&utm_source=heylink.me" "Mozilla/5.0 (Linux; Android 13; SM-N986B Build/TP1A.220624.014; wv) AppleWebKit/537.36 (KHTML, like Gecko) Version/4.0 Chrome/140.0.7339.119 Mobile Safari/537.36 [FB_IAB/FB4A;FBAV/530.0.0.48.74;IABMV/1;]"
41.254.83.84 - - [16/Sep/2025:08:09:31 -0400] "GET /wp-includes/js/wp-emoji-release.min.js?ver=6.8.2 HTTP/1.1" 200 4769 "https://alshaer-news.com/?p=2938&utm_medium=social&utm_source=heylink.me" "Mozilla/5.0 (Linux; Android 13; SM-N986B Build/TP1A.220624.014; wv) AppleWebKit/537.36 (KHTML, like Gecko) Version/4.0 Chrome/140.0.7339.119 Mobile Safari/537.36 [FB_IAB/FB4A;FBAV/530.0.0.48.74;IABMV/1;]"
156.38.57.246 - - [16/Sep/2025:08:09:32 -0400] "GET /favicon.ico HTTP/1.1" 500 1112 "https://alshaer-news.com/?p=2994" "Mozilla/5.0 (Linux; Android 13; 2201116PG Build/TKQ1.221114.001; wv) AppleWebKit/537.36 (KHTML, like Gecko) Version/4.0 Chrome/138.0.7204.176 Mobile Safari/537.36 [FB_IAB/FB4A;FBAV/524.0.0.52.44;IABMV/1;]"
188.229.137.49 - - [16/Sep/2025:08:09:35 -0400] "GET /wp-content/uploads/2025/04/IMG_2620482203-360x200.jpg HTTP/1.1" 200 19869 "https://alshaer-news.com/?p=3026&utm_medium=social&utm_source=heylink.me" "Mozilla/5.0 (Linux; Android 10; SM-A105F Build/QP1A.190711.020; wv) AppleWebKit/537.36 (KHTML, like Gecko) Version/4.0 Chrome/140.0.7339.51 Mobile Safari/537.36 [FB_IAB/FB4A;FBAV/529.0.0.44.73;IABMV/1;]"
188.229.137.49 - - [16/Sep/2025:08:09:35 -0400] "GET /wp-includes/js/wp-emoji-release.min.js?ver=6.8.2 HTTP/1.1" 200 4769 "https://alshaer-news.com/?p=3026&utm_medium=social&utm_source=heylink.me" "Mozilla/5.0 (Linux; Android 10; SM-A105F Build/QP1A.190711.020; wv) AppleWebKit/537.36 (KHTML, like Gecko) Version/4.0 Chrome/140.0.7339.51 Mobile Safari/537.36 [FB_IAB/FB4A;FBAV/529.0.0.44.73;IABMV/1;]"
41.254.83.84 - - [16/Sep/2025:08:09:38 -0400] "GET /favicon.ico HTTP/1.1" 500 1112 "https://alshaer-news.com/?p=2938&utm_medium=social&utm_source=heylink.me" "Mozilla/5.0 (Linux; Android 13; SM-N986B Build/TP1A.220624.014; wv) AppleWebKit/537.36 (KHTML, like Gecko) Version/4.0 Chrome/140.0.7339.119 Mobile Safari/537.36 [FB_IAB/FB4A;FBAV/530.0.0.48.74;IABMV/1;]"
46.57.150.40 - - [16/Sep/2025:08:09:41 -0400] "GET /?p=2902 HTTP/1.1" 200 14704 "https://mez.ink/" "Mozilla/5.0 (Linux; Android 10; K) AppleWebKit/537.36 (KHTML, like Gecko) Chrome/138.0.0.0 Mobile Safari/537.36"
46.57.150.40 - - [16/Sep/2025:08:09:42 -0400] "GET /wp-includes/css/dist/block-library/style-rtl.min.css?ver=6.8.2 HTTP/1.1" 200 14312 "https://alshaer-news.com/?p=2902" "Mozilla/5.0 (Linux; Android 10; K) AppleWebKit/537.36 (KHTML, like Gecko) Chrome/138.0.0.0 Mobile Safari/537.36"
46.57.150.40 - - [16/Sep/2025:08:09:42 -0400] "GET /wp-content/plugins/contact-form-7/includes/css/styles.css?ver=6.0.6 HTTP/1.1" 200 890 "https://alshaer-news.com/?p=2902" "Mozilla/5.0 (Linux; Android 10; K) AppleWebKit/537.36 (KHTML, like Gecko) Chrome/138.0.0.0 Mobile Safari/537.36"
46.57.150.40 - - [16/Sep/2025:08:09:42 -0400] "GET /wp-content/plugins/contact-form-7/includes/css/styles-rtl.css?ver=6.0.6 HTTP/1.1" 200 152 "https://alshaer-news.com/?p=2902" "Mozilla/5.0 (Linux; Android 10; K) AppleWebKit/537.36 (KHTML, like Gecko) Chrome/138.0.0.0 Mobile Safari/537.36"
46.57.150.40 - - [16/Sep/2025:08:09:42 -0400] "GET /wp-content/plugins/cookie-notice/css/front.min.css?ver=2.5.6 HTTP/1.1" 200 951 "https://alshaer-news.com/?p=2902" "Mozilla/5.0 (Linux; Android 10; K) AppleWebKit/537.36 (KHTML, like Gecko) Chrome/138.0.0.0 Mobile Safari/537.36"
46.57.150.40 - - [16/Sep/2025:08:09:42 -0400] "GET /wp-content/themes/newsplus/assets/css/bootstrap.min.css?ver=37.00 HTTP/1.1" 200 17696 "https://alshaer-news.com/?p=2902" "Mozilla/5.0 (Linux; Android 10; K) AppleWebKit/537.36 (KHTML, like Gecko) Chrome/138.0.0.0 Mobile Safari/537.36"
46.57.150.40 - - [16/Sep/2025:08:09:42 -0400] "GET /wp-content/themes/newsplus/assets/fonts/fonts.css?ver=37.00 HTTP/1.1" 200 335 "https://alshaer-news.com/?p=2902" "Mozilla/5.0 (Linux; Android 10; K) AppleWebKit/537.36 (KHTML, like Gecko) Chrome/138.0.0.0 Mobile Safari/537.36"
46.57.150.40 - - [16/Sep/2025:08:09:42 -0400] "GET /wp-content/themes/newsplus/style.css?ver=37.00 HTTP/1.1" 200 7414 "https://alshaer-news.com/?p=2902" "Mozilla/5.0 (Linux; Android 10; K) AppleWebKit/537.36 (KHTML, like Gecko) Chrome/138.0.0.0 Mobile Safari/537.36"
46.57.150.40 - - [16/Sep/2025:08:09:42 -0400] "GET /wp-content/plugins/cookie-notice/js/front.min.js?ver=2.5.6 HTTP/1.1" 200 1964 "https://alshaer-news.com/?p=2902" "Mozilla/5.0 (Linux; Android 10; K) AppleWebKit/537.36 (KHTML, like Gecko) Chrome/138.0.0.0 Mobile Safari/537.36"
46.57.150.40 - - [16/Sep/2025:08:09:42 -0400] "GET /wp-includes/js/jquery/jquery.min.js?ver=3.7.1 HTTP/1.1" 200 29744 "https://alshaer-news.com/?p=2902" "Mozilla/5.0 (Linux; Android 10; K) AppleWebKit/537.36 (KHTML, like Gecko) Chrome/138.0.0.0 Mobile Safari/537.36"
46.57.150.40 - - [16/Sep/2025:08:09:42 -0400] "GET /wp-includes/js/jquery/jquery-migrate.min.js?ver=3.4.1 HTTP/1.1" 200 4678 "https://alshaer-news.com/?p=2902" "Mozilla/5.0 (Linux; Android 10; K) AppleWebKit/537.36 (KHTML, like Gecko) Chrome/138.0.0.0 Mobile Safari/537.36"
46.57.150.40 - - [16/Sep/2025:08:09:42 -0400] "GET /wp-content/uploads/2024/07/%D9%8A%D8%AD%D8%AF%D8%AB-%D8%A8%D8%B4%D9%83%D9%84-%D9%85%D8%AA%D9%83%D8%B1%D8%B1.jpg HTTP/1.1" 200 75638 "https://alshaer-news.com/?p=2902" "Mozilla/5.0 (Linux; Android 10; K) AppleWebKit/537.36 (KHTML, like Gecko) Chrome/138.0.0.0 Mobile Safari/537.36"
156.38.57.246 - - [16/Sep/2025:08:09:42 -0400] "GET /?p=3014&utm_medium=social&utm_source=heylink.me HTTP/1.1" 200 14796 "https://heylink.me/whatsappcomchannel0029VbB7Nu58PgsMqBc0LS26/?fbclid=IwY2xjawM2Mp1leHRuA2FlbQIxMQABHvHi4JX9tQgK7sTKPj4Q3Ja-Q3oit6HCYOl1Iv9qcpXGymAiDBl1jvC1hwoA_aem_7jrA_n2wcpXFULdbqIQbUQ" "Mozilla/5.0 (Linux; Android 13; 2201116PG Build/TKQ1.221114.001; wv) AppleWebKit/537.36 (KHTML, like Gecko) Version/4.0 Chrome/138.0.7204.176 Mobile Safari/537.36 [FB_IAB/FB4A;FBAV/524.0.0.52.44;IABMV/1;]"
