102.164.103.95 - - [16/Sep/2025:08:11:59 -0400] "GET /wp-content/uploads/2025/08/IMG-20250824-WA0030-360x200.jpg HTTP/1.1" 200 15692 "https://alshaer-news.com/?p=3014&utm_medium=social&utm_source=heylink.me" "Mozilla/5.0 (Linux; Android 10; SM-A605G Build/QP1A.190711.020; wv) AppleWebKit/537.36 (KHTML, like Gecko) Version/4.0 Chrome/139.0.7258.164 Mobile Safari/537.36 [FB_IAB/FB4A;FBAV/529.0.0.44.73;IABMV/1;]"
102.164.103.95 - - [16/Sep/2025:08:11:59 -0400] "GET /wp-content/uploads/2025/07/IMG_8282480856-360x200.jpg HTTP/1.1" 200 20934 "https://alshaer-news.com/?p=3014&utm_medium=social&utm_source=heylink.me" "Mozilla/5.0 (Linux; Android 10; SM-A605G Build/QP1A.190711.020; wv) AppleWebKit/537.36 (KHTML, like Gecko) Version/4.0 Chrome/139.0.7258.164 Mobile Safari/537.36 [FB_IAB/FB4A;FBAV/529.0.0.44.73;IABMV/1;]"
102.164.103.95 - - [16/Sep/2025:08:11:59 -0400] "GET /wp-content/uploads/2025/05/FB_IMG_1746291435288-360x200.jpg HTTP/1.1" 200 16248 "https://alshaer-news.com/?p=3014&utm_medium=social&utm_source=heylink.me" "Mozilla/5.0 (Linux; Android 10; SM-A605G Build/QP1A.190711.020; wv) AppleWebKit/537.36 (KHTML, like Gecko) Version/4.0 Chrome/139.0.7258.164 Mobile Safari/537.36 [FB_IAB/FB4A;FBAV/529.0.0.44.73;IABMV/1;]"
102.164.103.95 - - [16/Sep/2025:08:11:59 -0400] "GET /wp-content/uploads/2025/02/%D9%A2%D9%A0%D9%A2%D9%A5%D9%A0%D9%A2%D9%A0%D9%A6_%D9%A2%D9%A2%D9%A4%D9%A9%D9%A0%D9%A1-360x200.jpg HTTP/1.1" 200 17316 "https://alshaer-news.com/?p=3014&utm_medium=social&utm_source=heylink.me" "Mozilla/5.0 (Linux; Android 10; SM-A605G Build/QP1A.190711.020; wv) AppleWebKit/537.36 (KHTML, like Gecko) Version/4.0 Chrome/139.0.7258.164 Mobile Safari/537.36 [FB_IAB/FB4A;FBAV/529.0.0.44.73;IABMV/1;]"
102.164.103.95 - - [16/Sep/2025:08:11:59 -0400] "GET /wp-content/uploads/2024/12/%D9%85%D8%AD%D9%85%D8%AF-%D8%A8%D9%86-%D8%B3%D9%84%D9%85%D8%A7%D9%86--360x200.jpg HTTP/1.1" 200 17160 "https://alshaer-news.com/?p=3014&utm_medium=social&utm_source=heylink.me" "Mozilla/5.0 (Linux; Android 10; SM-A605G Build/QP1A.190711.020; wv) AppleWebKit/537.36 (KHTML, like Gecko) Version/4.0 Chrome/139.0.7258.164 Mobile Safari/537.36 [FB_IAB/FB4A;FBAV/529.0.0.44.73;IABMV/1;]"
102.164.103.95 - - [16/Sep/2025:08:11:59 -0400] "GET /wp-content/uploads/2024/09/%D9%85%D8%B2%D8%A7%D8%AF-%D8%AC%D9%85%D8%A7%D8%B1%D9%83--360x200.jpg HTTP/1.1" 200 27863 "https://alshaer-news.com/?p=3014&utm_medium=social&utm_source=heylink.me" "Mozilla/5.0 (Linux; Android 10; SM-A605G Build/QP1A.190711.020; wv) AppleWebKit/537.36 (KHTML, like Gecko) Version/4.0 Chrome/139.0.7258.164 Mobile Safari/537.36 [FB_IAB/FB4A;FBAV/529.0.0.44.73;IABMV/1;]"
102.164.103.95 - - [16/Sep/2025:08:11:59 -0400] "GET /wp-includes/js/wp-emoji-release.min.js?ver=6.8.2 HTTP/1.1" 200 4769 "https://alshaer-news.com/?p=3014&utm_medium=social&utm_source=heylink.me" "Mozilla/5.0 (Linux; Android 10; SM-A605G Build/QP1A.190711.020; wv) AppleWebKit/537.36 (KHTML, like Gecko) Version/4.0 Chrome/139.0.7258.164 Mobile Safari/537.36 [FB_IAB/FB4A;FBAV/529.0.0.44.73;IABMV/1;]"
195.62.50.52 - - [16/Sep/2025:08:12:01 -0400] "GET /?p=3000&utm_medium=social&utm_source=heylink.me HTTP/1.1" 200 14304 "https://heylink.me/whatsappcomchannel0029Vb6nFL02v1IrjKKy3d1v/?fbclid=IwY2xjawM2MwVleHRuA2FlbQIxMQABHqL0NxkRfbnZh4Xs4n3mRo402T44aGyto0xcxaPh1jI1Z_icV_rKDdBz54BG_aem_TNarL6X4JVl4yif165YiTQ" "Mozilla/5.0 (Linux; Android 14; 2312DRA50G Build/UKQ1.231003.002; wv) AppleWebKit/537.36 (KHTML, like Gecko) Version/4.0 Chrome/140.0.7339.119 Mobile Safari/537.36 [FB_IAB/FB4A;FBAV/530.0.0.48.74;IABMV/1;]"
207.46.13.141 - - [16/Sep/2025:08:12:07 -0400] "GET /?p=2169 HTTP/1.1" 500 1112 "-" "Mozilla/5.0 AppleWebKit/537.36 (KHTML, like Gecko; compatible; bingbot/2.0; +http://www.bing.com/bingbot.htm) Chrome/116.0.1938.76 Safari/537.36"
188.229.137.49 - - [16/Sep/2025:08:12:25 -0400] "GET /?p=2938&utm_medium=social&utm_source=heylink.me HTTP/1.1" 200 14244 "https://heylink.me/whatsappcomchannel0029Vb6nFL02v1IrjKKy3d1v/?fbclid=IwZXh0bgNhZW0CMTEAAR70eRxKYHviP5m4P8xDnaC_Pj92yfVzeHxukGv_MXn00Wu6kekTxFKGHYCIwg_aem_85MI_OU7J_9c1BNTtIRobQ" "Mozilla/5.0 (Linux; Android 10; SM-A105F Build/QP1A.190711.020; wv) AppleWebKit/537.36 (KHTML, like Gecko) Version/4.0 Chrome/140.0.7339.51 Mobile Safari/537.36 [FB_IAB/FB4A;FBAV/529.0.0.44.73;IABMV/1;]"
188.229.137.49 - - [16/Sep/2025:08:12:26 -0400] "GET /wp-content/uploads/2024/09/%D9%85%D8%B2%D8%A7%D8%AF-%D8%AC%D9%85%D8%A7%D8%B1%D9%83-.jpg HTTP/1.1" 200 51411 "https://alshaer-news.com/?p=2938&utm_medium=social&utm_source=heylink.me" "Mozilla/5.0 (Linux; Android 10; SM-A105F Build/QP1A.190711.020; wv) AppleWebKit/537.36 (KHTML, like Gecko) Version/4.0 Chrome/140.0.7339.51 Mobile Safari/537.36 [FB_IAB/FB4A;FBAV/529.0.0.44.73;IABMV/1;]"
195.62.50.52 - - [16/Sep/2025:08:12:40 -0400] "GET /favicon.ico HTTP/1.1" 500 1112 "https://alshaer-news.com/?p=3000&utm_medium=social&utm_source=heylink.me" "Mozilla/5.0 (Linux; Android 14; 2312DRA50G Build/UKQ1.231003.002; wv) AppleWebKit/537.36 (KHTML, like Gecko) Version/4.0 Chrome/140.0.7339.119 Mobile Safari/537.36 [FB_IAB/FB4A;FBAV/530.0.0.48.74;IABMV/1;]"
195.62.50.52 - - [16/Sep/2025:08:12:47 -0400] "GET /?p=2938&utm_medium=social&utm_source=heylink.me HTTP/1.1" 200 14244 "https://heylink.me/whatsappcomchannel0029Vb6nFL02v1IrjKKy3d1v/?fbclid=IwY2xjawM2MwVleHRuA2FlbQIxMQABHqL0NxkRfbnZh4Xs4n3mRo402T44aGyto0xcxaPh1jI1Z_icV_rKDdBz54BG_aem_TNarL6X4JVl4yif165YiTQ" "Mozilla/5.0 (Linux; Android 14; 2312DRA50G Build/UKQ1.231003.002; wv) AppleWebKit/537.36 (KHTML, like Gecko) Version/4.0 Chrome/140.0.7339.119 Mobile Safari/537.36 [FB_IAB/FB4A;FBAV/530.0.0.48.74;IABMV/1;]"
195.62.50.52 - - [16/Sep/2025:08:12:50 -0400] "GET /wp-content/uploads/2024/09/%D9%85%D8%B2%D8%A7%D8%AF-%D8%AC%D9%85%D8%A7%D8%B1%D9%83-.jpg HTTP/1.1" 200 51411 "https://alshaer-news.com/?p=2938&utm_medium=social&utm_source=heylink.me" "Mozilla/5.0 (Linux; Android 14; 2312DRA50G Build/UKQ1.231003.002; wv) AppleWebKit/537.36 (KHTML, like Gecko) Version/4.0 Chrome/140.0.7339.119 Mobile Safari/537.36 [FB_IAB/FB4A;FBAV/530.0.0.48.74;IABMV/1;]"
195.62.50.52 - - [16/Sep/2025:08:12:50 -0400] "GET /wp-includes/js/dist/i18n.min.js?ver=5e580eb46a90c2b997e6 HTTP/1.1" 200 3542 "https://alshaer-news.com/?p=2938&utm_medium=social&utm_source=heylink.me" "Mozilla/5.0 (Linux; Android 14; 2312DRA50G Build/UKQ1.231003.002; wv) AppleWebKit/537.36 (KHTML, like Gecko) Version/4.0 Chrome/140.0.7339.119 Mobile Safari/537.36 [FB_IAB/FB4A;FBAV/530.0.0.48.74;IABMV/1;]"
195.62.50.52 - - [16/Sep/2025:08:12:50 -0400] "GET /wp-content/plugins/contact-form-7/includes/swv/js/index.js?ver=6.0.6 HTTP/1.1" 200 3369 "https://alshaer-news.com/?p=2938&utm_medium=social&utm_source=heylink.me" "Mozilla/5.0 (Linux; Android 14; 2312DRA50G Build/UKQ1.231003.002; wv) AppleWebKit/537.36 (KHTML, like Gecko) Version/4.0 Chrome/140.0.7339.119 Mobile Safari/537.36 [FB_IAB/FB4A;FBAV/530.0.0.48.74;IABMV/1;]"
165.16.48.243 - - [16/Sep/2025:08:12:52 -0400] "GET /wp-content/uploads/2025/06/IMG_4412545132.jpg HTTP/1.1" 200 886957 "fbapp://350685531728/unknown" "[FBAN/FB4A;FBAV/530.0.0.48.74;FBBV/789633429;FBDM/{density=2.0,width=720,height=1449};FBLC/ar_AR;FBRV/791809444;FBCR/Libyana;FBMF/Xiaomi;FBBD/Redmi;FBPN/com.facebook.katana;FBDV/M2006C3LG;FBSV/11;FBOP/1;FBCA/armeabi-v7a:armeabi;]"
5.155.15.51 - - [16/Sep/2025:08:12:54 -0400] "GET /?p=3026&utm_medium=social&utm_source=heylink.me HTTP/1.1" 200 14343 "https://heylink.me/whatsappcomchannel0029Vb6nFL02v1IrjKKy3d1v/?fbclid=IwY2xjawM2M25leHRuA2FlbQIxMQABHiyvDdbAasyZcILy86RbJ7Ev2ZktgNTU0GXaV-7-2K2p1u7tfuBchOOYjzA8_aem_hK4TobpJTZrAUv9687edvg" "Mozilla/5.0 (Linux; Android 13; RMX3834 Build/TP1A.220624.014; wv) AppleWebKit/537.36 (KHTML, like Gecko) Version/4.0 Chrome/137.0.7151.90 Mobile Safari/537.36 [FB_IAB/FB4A;FBAV/530.0.0.48.74;IABMV/1;]"
195.62.50.52 - - [16/Sep/2025:08:12:56 -0400] "GET /wp-content/plugins/contact-form-7/includes/js/index.js?ver=6.0.6 HTTP/1.1" 200 4008 "https://alshaer-news.com/?p=2938&utm_medium=social&utm_source=heylink.me" "Mozilla/5.0 (Linux; Android 14; 2312DRA50G Build/UKQ1.231003.002; wv) AppleWebKit/537.36 (KHTML, like Gecko) Version/4.0 Chrome/140.0.7339.119 Mobile Safari/537.36 [FB_IAB/FB4A;FBAV/530.0.0.48.74;IABMV/1;]"
195.62.50.52 - - [16/Sep/2025:08:12:56 -0400] "GET /wp-content/themes/newsplus/assets/js/main.js?ver=37.00 HTTP/1.1" 200 1317 "https://alshaer-news.com/?p=2938&utm_medium=social&utm_source=heylink.me" "Mozilla/5.0 (Linux; Android 14; 2312DRA50G Build/UKQ1.231003.002; wv) AppleWebKit/537.36 (KHTML, like Gecko) Version/4.0 Chrome/140.0.7339.119 Mobile Safari/537.36 [FB_IAB/FB4A;FBAV/530.0.0.48.74;IABMV/1;]"
195.62.50.52 - - [16/Sep/2025:08:12:56 -0400] "GET /wp-content/uploads/2024/09/%D9%85%D8%B2%D8%A7%D8%AF-%D8%AC%D9%85%D8%A7%D8%B1%D9%83--360x200.jpg HTTP/1.1" 200 27863 "https://alshaer-news.com/?p=2938&utm_medium=social&utm_source=heylink.me" "Mozilla/5.0 (Linux; Android 14; 2312DRA50G Build/UKQ1.231003.002; wv) AppleWebKit/537.36 (KHTML, like Gecko) Version/4.0 Chrome/140.0.7339.119 Mobile Safari/537.36 [FB_IAB/FB4A;FBAV/530.0.0.48.74;IABMV/1;]"
207.46.13.141 - - [16/Sep/2025:08:12:57 -0400] "GET /?p=2169 HTTP/1.1" 500 1112 "-" "Mozilla/5.0 AppleWebKit/537.36 (KHTML, like Gecko; compatible; bingbot/2.0; +http://www.bing.com/bingbot.htm) Chrome/116.0.1938.76 Safari/537.36"
5.155.15.51 - - [16/Sep/2025:08:13:03 -0400] "GET /wp-includes/css/dist/block-library/style-rtl.min.css?ver=6.8.2 HTTP/1.1" 200 14312 "https://alshaer-news.com/?p=3026&utm_medium=social&utm_source=heylink.me" "Mozilla/5.0 (Linux; Android 13; RMX3834 Build/TP1A.220624.014; wv) AppleWebKit/537.36 (KHTML, like Gecko) Version/4.0 Chrome/137.0.7151.90 Mobile Safari/537.36 [FB_IAB/FB4A;FBAV/530.0.0.48.74;IABMV/1;]"
5.155.15.51 - - [16/Sep/2025:08:13:03 -0400] "GET /wp-content/plugins/contact-form-7/includes/css/styles.css?ver=6.0.6 HTTP/1.1" 200 890 "https://alshaer-news.com/?p=3026&utm_medium=social&utm_source=heylink.me" "Mozilla/5.0 (Linux; Android 13; RMX3834 Build/TP1A.220624.014; wv) AppleWebKit/537.36 (KHTML, like Gecko) Version/4.0 Chrome/137.0.7151.90 Mobile Safari/537.36 [FB_IAB/FB4A;FBAV/530.0.0.48.74;IABMV/1;]"
5.155.15.51 - - [16/Sep/2025:08:13:03 -0400] "GET /wp-content/plugins/contact-form-7/includes/css/styles-rtl.css?ver=6.0.6 HTTP/1.1" 200 152 "https://alshaer-news.com/?p=3026&utm_medium=social&utm_source=heylink.me" "Mozilla/5.0 (Linux; Android 13; RMX3834 Build/TP1A.220624.014; wv) AppleWebKit/537.36 (KHTML, like Gecko) Version/4.0 Chrome/137.0.7151.90 Mobile Safari/537.36 [FB_IAB/FB4A;FBAV/530.0.0.48.74;IABMV/1;]"
5.155.15.51 - - [16/Sep/2025:08:13:03 -0400] "GET /wp-content/plugins/cookie-notice/css/front.min.css?ver=2.5.6 HTTP/1.1" 200 951 "https://alshaer-news.com/?p=3026&utm_medium=social&utm_source=heylink.me" "Mozilla/5.0 (Linux; Android 13; RMX3834 Build/TP1A.220624.014; wv) AppleWebKit/537.36 (KHTML, like Gecko) Version/4.0 Chrome/137.0.7151.90 Mobile Safari/537.36 [FB_IAB/FB4A;FBAV/530.0.0.48.74;IABMV/1;]"
5.155.15.51 - - [16/Sep/2025:08:13:03 -0400] "GET /wp-content/themes/newsplus/assets/css/bootstrap.min.css?ver=37.00 HTTP/1.1" 200 17696 "https://alshaer-news.com/?p=3026&utm_medium=social&utm_source=heylink.me" "Mozilla/5.0 (Linux; Android 13; RMX3834 Build/TP1A.220624.014; wv) AppleWebKit/537.36 (KHTML, like Gecko) Version/4.0 Chrome/137.0.7151.90 Mobile Safari/537.36 [FB_IAB/FB4A;FBAV/530.0.0.48.74;IABMV/1;]"
5.155.15.51 - - [16/Sep/2025:08:13:03 -0400] "GET /wp-content/themes/newsplus/assets/fonts/fonts.css?ver=37.00 HTTP/1.1" 200 335 "https://alshaer-news.com/?p=3026&utm_medium=social&utm_source=heylink.me" "Mozilla/5.0 (Linux; Android 13; RMX3834 Build/TP1A.220624.014; wv) AppleWebKit/537.36 (KHTML, like Gecko) Version/4.0 Chrome/137.0.7151.90 Mobile Safari/537.36 [FB_IAB/FB4A;FBAV/530.0.0.48.74;IABMV/1;]"
5.155.15.51 - - [16/Sep/2025:08:13:03 -0400] "GET /wp-content/themes/newsplus/style.css?ver=37.00 HTTP/1.1" 200 7414 "https://alshaer-news.com/?p=3026&utm_medium=social&utm_source=heylink.me" "Mozilla/5.0 (Linux; Android 13; RMX3834 Build/TP1A.220624.014; wv) AppleWebKit/537.36 (KHTML, like Gecko) Version/4.0 Chrome/137.0.7151.90 Mobile Safari/537.36 [FB_IAB/FB4A;FBAV/530.0.0.48.74;IABMV/1;]"
5.155.15.51 - - [16/Sep/2025:08:13:03 -0400] "GET /wp-content/plugins/cookie-notice/js/front.min.js?ver=2.5.6 HTTP/1.1" 200 1964 "https://alshaer-news.com/?p=3026&utm_medium=social&utm_source=heylink.me" "Mozilla/5.0 (Linux; Android 13; RMX3834 Build/TP1A.220624.014; wv) AppleWebKit/537.36 (KHTML, like Gecko) Version/4.0 Chrome/137.0.7151.90 Mobile Safari/537.36 [FB_IAB/FB4A;FBAV/530.0.0.48.74;IABMV/1;]"
5.155.15.51 - - [16/Sep/2025:08:13:03 -0400] "GET /wp-includes/js/jquery/jquery.min.js?ver=3.7.1 HTTP/1.1" 200 29744 "https://alshaer-news.com/?p=3026&utm_medium=social&utm_source=heylink.me" "Mozilla/5.0 (Linux; Android 13; RMX3834 Build/TP1A.220624.014; wv) AppleWebKit/537.36 (KHTML, like Gecko) Version/4.0 Chrome/137.0.7151.90 Mobile Safari/537.36 [FB_IAB/FB4A;FBAV/530.0.0.48.74;IABMV/1;]"
5.155.15.51 - - [16/Sep/2025:08:13:03 -0400] "GET /wp-includes/js/jquery/jquery-migrate.min.js?ver=3.4.1 HTTP/1.1" 200 4678 "https://alshaer-news.com/?p=3026&utm_medium=social&utm_source=heylink.me" "Mozilla/5.0 (Linux; Android 13; RMX3834 Build/TP1A.220624.014; wv) AppleWebKit/537.36 (KHTML, like Gecko) Version/4.0 Chrome/137.0.7151.90 Mobile Safari/537.36 [FB_IAB/FB4A;FBAV/530.0.0.48.74;IABMV/1;]"
5.155.15.51 - - [16/Sep/2025:08:13:03 -0400] "GET /wp-content/uploads/2025/07/IMG_8282480856-768x716.jpg HTTP/1.1" 200 94999 "https://alshaer-news.com/?p=3026&utm_medium=social&utm_source=heylink.me" "Mozilla/5.0 (Linux; Android 13; RMX3834 Build/TP1A.220624.014; wv) AppleWebKit/537.36 (KHTML, like Gecko) Version/4.0 Chrome/137.0.7151.90 Mobile Safari/537.36 [FB_IAB/FB4A;FBAV/530.0.0.48.74;IABMV/1;]"
5.155.15.51 - - [16/Sep/2025:08:13:10 -0400] "GET /wp-content/themes/newsplus/assets/img/logo.png HTTP/1.1" 200 43754 "https://alshaer-news.com/?p=3026&utm_medium=social&utm_source=heylink.me" "Mozilla/5.0 (Linux; Android 13; RMX3834 Build/TP1A.220624.014; wv) AppleWebKit/537.36 (KHTML, like Gecko) Version/4.0 Chrome/137.0.7151.90 Mobile Safari/537.36 [FB_IAB/FB4A;FBAV/530.0.0.48.74;IABMV/1;]"
5.155.15.51 - - [16/Sep/2025:08:13:10 -0400] "GET /wp-includes/js/dist/hooks.min.js?ver=4d63a3d491d11ffd8ac6 HTTP/1.1" 200 1571 "https://alshaer-news.com/?p=3026&utm_medium=social&utm_source=heylink.me" "Mozilla/5.0 (Linux; Android 13; RMX3834 Build/TP1A.220624.014; wv) AppleWebKit/537.36 (KHTML, like Gecko) Version/4.0 Chrome/137.0.7151.90 Mobile Safari/537.36 [FB_IAB/FB4A;FBAV/530.0.0.48.74;IABMV/1;]"
195.62.50.52 - - [16/Sep/2025:08:13:10 -0400] "GET /wp-includes/js/comment-reply.min.js?ver=6.8.2 HTTP/1.1" 200 1247 "https://alshaer-news.com/?p=2938&utm_medium=social&utm_source=heylink.me" "Mozilla/5.0 (Linux; Android 14; 2312DRA50G Build/UKQ1.231003.002; wv) AppleWebKit/537.36 (KHTML, like Gecko) Version/4.0 Chrome/140.0.7339.119 Mobile Safari/537.36 [FB_IAB/FB4A;FBAV/530.0.0.48.74;IABMV/1;]"
195.62.50.52 - - [16/Sep/2025:08:13:10 -0400] "GET /wp-content/uploads/2025/08/IMG-20250824-WA0030-360x200.jpg HTTP/1.1" 200 15692 "https://alshaer-news.com/?p=2938&utm_medium=social&utm_source=heylink.me" "Mozilla/5.0 (Linux; Android 14; 2312DRA50G Build/UKQ1.231003.002; wv) AppleWebKit/537.36 (KHTML, like Gecko) Version/4.0 Chrome/140.0.7339.119 Mobile Safari/537.36 [FB_IAB/FB4A;FBAV/530.0.0.48.74;IABMV/1;]"
195.62.50.52 - - [16/Sep/2025:08:13:10 -0400] "GET /wp-content/uploads/2025/07/IMG_8282480856-360x200.jpg HTTP/1.1" 200 20934 "https://alshaer-news.com/?p=2938&utm_medium=social&utm_source=heylink.me" "Mozilla/5.0 (Linux; Android 14; 2312DRA50G Build/UKQ1.231003.002; wv) AppleWebKit/537.36 (KHTML, like Gecko) Version/4.0 Chrome/140.0.7339.119 Mobile Safari/537.36 [FB_IAB/FB4A;FBAV/530.0.0.48.74;IABMV/1;]"
195.62.50.52 - - [16/Sep/2025:08:13:10 -0400] "GET /wp-content/uploads/2025/05/FB_IMG_1746291435288-360x200.jpg HTTP/1.1" 200 16248 "https://alshaer-news.com/?p=2938&utm_medium=social&utm_source=heylink.me" "Mozilla/5.0 (Linux; Android 14; 2312DRA50G Build/UKQ1.231003.002; wv) AppleWebKit/537.36 (KHTML, like Gecko) Version/4.0 Chrome/140.0.7339.119 Mobile Safari/537.36 [FB_IAB/FB4A;FBAV/530.0.0.48.74;IABMV/1;]"
195.62.50.52 - - [16/Sep/2025:08:13:10 -0400] "GET /wp-content/uploads/2025/02/%D9%A2%D9%A0%D9%A2%D9%A5%D9%A0%D9%A2%D9%A0%D9%A6_%D9%A2%D9%A2%D9%A4%D9%A9%D9%A0%D9%A1-360x200.jpg HTTP/1.1" 200 17316 "https://alshaer-news.com/?p=2938&utm_medium=social&utm_source=heylink.me" "Mozilla/5.0 (Linux; Android 14; 2312DRA50G Build/UKQ1.231003.002; wv) AppleWebKit/537.36 (KHTML, like Gecko) Version/4.0 Chrome/140.0.7339.119 Mobile Safari/537.36 [FB_IAB/FB4A;FBAV/530.0.0.48.74;IABMV/1;]"
195.62.50.52 - - [16/Sep/2025:08:13:10 -0400] "GET /wp-content/uploads/2024/12/%D9%85%D8%AD%D9%85%D8%AF-%D8%A8%D9%86-%D8%B3%D9%84%D9%85%D8%A7%D9%86--360x200.jpg HTTP/1.1" 200 17160 "https://alshaer-news.com/?p=2938&utm_medium=social&utm_source=heylink.me" "Mozilla/5.0 (Linux; Android 14; 2312DRA50G Build/UKQ1.231003.002; wv) AppleWebKit/537.36 (KHTML, like Gecko) Version/4.0 Chrome/140.0.7339.119 Mobile Safari/537.36 [FB_IAB/FB4A;FBAV/530.0.0.48.74;IABMV/1;]"
195.62.50.52 - - [16/Sep/2025:08:13:10 -0400] "GET /wp-content/uploads/2025/09/IMG-20250910-WA0000-360x200.jpg HTTP/1.1" 200 17269 "https://alshaer-news.com/?p=2938&utm_medium=social&utm_source=heylink.me" "Mozilla/5.0 (Linux; Android 14; 2312DRA50G Build/UKQ1.231003.002; wv) AppleWebKit/537.36 (KHTML, like Gecko) Version/4.0 Chrome/140.0.7339.119 Mobile Safari/537.36 [FB_IAB/FB4A;FBAV/530.0.0.48.74;IABMV/1;]"
195.62.50.52 - - [16/Sep/2025:08:13:10 -0400] "GET /wp-content/uploads/2025/09/%D9%A2%D9%A0%D9%A2%D9%A5%D9%A0%D9%A9%D9%A0%D9%A9_%D9%A2%D9%A3%D9%A4%D9%A9%D9%A3%D9%A7-360x200.jpg HTTP/1.1" 200 22224 "https://alshaer-news.com/?p=2938&utm_medium=social&utm_source=heylink.me" "Mozilla/5.0 (Linux; Android 14; 2312DRA50G Build/UKQ1.231003.002; wv) AppleWebKit/537.36 (KHTML, like Gecko) Version/4.0 Chrome/140.0.7339.119 Mobile Safari/537.36 [FB_IAB/FB4A;FBAV/530.0.0.48.74;IABMV/1;]"
195.62.50.52 - - [16/Sep/2025:08:13:10 -0400] "GET /wp-content/uploads/2025/06/IMG_4412545132-360x200.jpg HTTP/1.1" 200 21437 "https://alshaer-news.com/?p=2938&utm_medium=social&utm_source=heylink.me" "Mozilla/5.0 (Linux; Android 14; 2312DRA50G Build/UKQ1.231003.002; wv) AppleWebKit/537.36 (KHTML, like Gecko) Version/4.0 Chrome/140.0.7339.119 Mobile Safari/537.36 [FB_IAB/FB4A;FBAV/530.0.0.48.74;IABMV/1;]"
195.62.50.52 - - [16/Sep/2025:08:13:11 -0400] "GET /wp-content/uploads/2025/04/IMG_2620482203-360x200.jpg HTTP/1.1" 200 19869 "https://alshaer-news.com/?p=2938&utm_medium=social&utm_source=heylink.me" "Mozilla/5.0 (Linux; Android 14; 2312DRA50G Build/UKQ1.231003.002; wv) AppleWebKit/537.36 (KHTML, like Gecko) Version/4.0 Chrome/140.0.7339.119 Mobile Safari/537.36 [FB_IAB/FB4A;FBAV/530.0.0.48.74;IABMV/1;]"
5.155.15.51 - - [16/Sep/2025:08:13:12 -0400] "GET /wp-includes/js/dist/i18n.min.js?ver=5e580eb46a90c2b997e6 HTTP/1.1" 200 3542 "https://alshaer-news.com/?p=3026&utm_medium=social&utm_source=heylink.me" "Mozilla/5.0 (Linux; Android 13; RMX3834 Build/TP1A.220624.014; wv) AppleWebKit/537.36 (KHTML, like Gecko) Version/4.0 Chrome/137.0.7151.90 Mobile Safari/537.36 [FB_IAB/FB4A;FBAV/530.0.0.48.74;IABMV/1;]"
5.155.15.51 - - [16/Sep/2025:08:13:12 -0400] "GET /wp-content/plugins/contact-form-7/includes/swv/js/index.js?ver=6.0.6 HTTP/1.1" 200 3369 "https://alshaer-news.com/?p=3026&utm_medium=social&utm_source=heylink.me" "Mozilla/5.0 (Linux; Android 13; RMX3834 Build/TP1A.220624.014; wv) AppleWebKit/537.36 (KHTML, like Gecko) Version/4.0 Chrome/137.0.7151.90 Mobile Safari/537.36 [FB_IAB/FB4A;FBAV/530.0.0.48.74;IABMV/1;]"
5.155.15.51 - - [16/Sep/2025:08:13:12 -0400] "GET /wp-content/plugins/contact-form-7/includes/js/index.js?ver=6.0.6 HTTP/1.1" 200 4008 "https://alshaer-news.com/?p=3026&utm_medium=social&utm_source=heylink.me" "Mozilla/5.0 (Linux; Android 13; RMX3834 Build/TP1A.220624.014; wv) AppleWebKit/537.36 (KHTML, like Gecko) Version/4.0 Chrome/137.0.7151.90 Mobile Safari/537.36 [FB_IAB/FB4A;FBAV/530.0.0.48.74;IABMV/1;]"
5.155.15.51 - - [16/Sep/2025:08:13:12 -0400] "GET /wp-content/themes/newsplus/assets/js/main.js?ver=37.00 HTTP/1.1" 200 1317 "https://alshaer-news.com/?p=3026&utm_medium=social&utm_source=heylink.me" "Mozilla/5.0 (Linux; Android 13; RMX3834 Build/TP1A.220624.014; wv) AppleWebKit/537.36 (KHTML, like Gecko) Version/4.0 Chrome/137.0.7151.90 Mobile Safari/537.36 [FB_IAB/FB4A;FBAV/530.0.0.48.74;IABMV/1;]"
102.164.96.68 - - [16/Sep/2025:08:13:13 -0400] "GET /?p=3014&utm_medium=social&utm_source=heylink.me HTTP/1.1" 200 14796 "https://heylink.me/whatsappcomchannel0029VbB7Nu58PgsMqBc0LS26/?fbclid=IwY2xjawM2M55leHRuA2FlbQIxMQABHm8GNLan6Mx1KRtHkf7E6jj8cMX14l42ubXHbU7LbtdEWpeDKy1Ew3Ia1Fum_aem_7sgB6YG3e_xhVI_dgPmZbg" "Mozilla/5.0 (Linux; Android 13; SM-A035F Build/TP1A.220624.014; wv) AppleWebKit/537.36 (KHTML, like Gecko) Version/4.0 Chrome/139.0.7258.151 Mobile Safari/537.36 [FB_IAB/FB4A;FBAV/528.0.0.62.74;IABMV/1;]"
102.164.96.68 - - [16/Sep/2025:08:13:14 -0400] "GET /wp-includes/css/dist/block-library/style-rtl.min.css?ver=6.8.2 HTTP/1.1" 200 14312 "https://alshaer-news.com/?p=3014&utm_medium=social&utm_source=heylink.me" "Mozilla/5.0 (Linux; Android 13; SM-A035F Build/TP1A.220624.014; wv) AppleWebKit/537.36 (KHTML, like Gecko) Version/4.0 Chrome/139.0.7258.151 Mobile Safari/537.36 [FB_IAB/FB4A;FBAV/528.0.0.62.74;IABMV/1;]"
102.164.96.68 - - [16/Sep/2025:08:13:14 -0400] "GET /wp-content/plugins/contact-form-7/includes/css/styles.css?ver=6.0.6 HTTP/1.1" 200 890 "https://alshaer-news.com/?p=3014&utm_medium=social&utm_source=heylink.me" "Mozilla/5.0 (Linux; Android 13; SM-A035F Build/TP1A.220624.014; wv) AppleWebKit/537.36 (KHTML, like Gecko) Version/4.0 Chrome/139.0.7258.151 Mobile Safari/537.36 [FB_IAB/FB4A;FBAV/528.0.0.62.74;IABMV/1;]"
102.164.96.68 - - [16/Sep/2025:08:13:14 -0400] "GET /wp-content/plugins/contact-form-7/includes/css/styles-rtl.css?ver=6.0.6 HTTP/1.1" 200 152 "https://alshaer-news.com/?p=3014&utm_medium=social&utm_source=heylink.me" "Mozilla/5.0 (Linux; Android 13; SM-A035F Build/TP1A.220624.014; wv) AppleWebKit/537.36 (KHTML, like Gecko) Version/4.0 Chrome/139.0.7258.151 Mobile Safari/537.36 [FB_IAB/FB4A;FBAV/528.0.0.62.74;IABMV/1;]"
102.164.96.68 - - [16/Sep/2025:08:13:14 -0400] "GET /wp-content/plugins/cookie-notice/css/front.min.css?ver=2.5.6 HTTP/1.1" 200 951 "https://alshaer-news.com/?p=3014&utm_medium=social&utm_source=heylink.me" "Mozilla/5.0 (Linux; Android 13; SM-A035F Build/TP1A.220624.014; wv) AppleWebKit/537.36 (KHTML, like Gecko) Version/4.0 Chrome/139.0.7258.151 Mobile Safari/537.36 [FB_IAB/FB4A;FBAV/528.0.0.62.74;IABMV/1;]"
102.164.96.68 - - [16/Sep/2025:08:13:14 -0400] "GET /wp-content/themes/newsplus/assets/css/bootstrap.min.css?ver=37.00 HTTP/1.1" 200 17696 "https://alshaer-news.com/?p=3014&utm_medium=social&utm_source=heylink.me" "Mozilla/5.0 (Linux; Android 13; SM-A035F Build/TP1A.220624.014; wv) AppleWebKit/537.36 (KHTML, like Gecko) Version/4.0 Chrome/139.0.7258.151 Mobile Safari/537.36 [FB_IAB/FB4A;FBAV/528.0.0.62.74;IABMV/1;]"
102.164.96.68 - - [16/Sep/2025:08:13:14 -0400] "GET /wp-content/themes/newsplus/assets/fonts/fonts.css?ver=37.00 HTTP/1.1" 200 335 "https://alshaer-news.com/?p=3014&utm_medium=social&utm_source=heylink.me" "Mozilla/5.0 (Linux; Android 13; SM-A035F Build/TP1A.220624.014; wv) AppleWebKit/537.36 (KHTML, like Gecko) Version/4.0 Chrome/139.0.7258.151 Mobile Safari/537.36 [FB_IAB/FB4A;FBAV/528.0.0.62.74;IABMV/1;]"
102.164.96.68 - - [16/Sep/2025:08:13:14 -0400] "GET /wp-content/themes/newsplus/style.css?ver=37.00 HTTP/1.1" 200 7414 "https://alshaer-news.com/?p=3014&utm_medium=social&utm_source=heylink.me" "Mozilla/5.0 (Linux; Android 13; SM-A035F Build/TP1A.220624.014; wv) AppleWebKit/537.36 (KHTML, like Gecko) Version/4.0 Chrome/139.0.7258.151 Mobile Safari/537.36 [FB_IAB/FB4A;FBAV/528.0.0.62.74;IABMV/1;]"
102.164.96.68 - - [16/Sep/2025:08:13:14 -0400] "GET /wp-content/plugins/cookie-notice/js/front.min.js?ver=2.5.6 HTTP/1.1" 200 1964 "https://alshaer-news.com/?p=3014&utm_medium=social&utm_source=heylink.me" "Mozilla/5.0 (Linux; Android 13; SM-A035F Build/TP1A.220624.014; wv) AppleWebKit/537.36 (KHTML, like Gecko) Version/4.0 Chrome/139.0.7258.151 Mobile Safari/537.36 [FB_IAB/FB4A;FBAV/528.0.0.62.74;IABMV/1;]"
102.164.96.68 - - [16/Sep/2025:08:13:14 -0400] "GET /wp-includes/js/jquery/jquery.min.js?ver=3.7.1 HTTP/1.1" 200 29744 "https://alshaer-news.com/?p=3014&utm_medium=social&utm_source=heylink.me" "Mozilla/5.0 (Linux; Android 13; SM-A035F Build/TP1A.220624.014; wv) AppleWebKit/537.36 (KHTML, like Gecko) Version/4.0 Chrome/139.0.7258.151 Mobile Safari/537.36 [FB_IAB/FB4A;FBAV/528.0.0.62.74;IABMV/1;]"
102.164.96.68 - - [16/Sep/2025:08:13:14 -0400] "GET /wp-includes/js/jquery/jquery-migrate.min.js?ver=3.4.1 HTTP/1.1" 200 4678 "https://alshaer-news.com/?p=3014&utm_medium=social&utm_source=heylink.me" "Mozilla/5.0 (Linux; Android 13; SM-A035F Build/TP1A.220624.014; wv) AppleWebKit/537.36 (KHTML, like Gecko) Version/4.0 Chrome/139.0.7258.151 Mobile Safari/537.36 [FB_IAB/FB4A;FBAV/528.0.0.62.74;IABMV/1;]"
5.155.15.51 - - [16/Sep/2025:08:13:14 -0400] "GET /wp-includes/js/comment-reply.min.js?ver=6.8.2 HTTP/1.1" 200 1247 "https://alshaer-news.com/?p=3026&utm_medium=social&utm_source=heylink.me" "Mozilla/5.0 (Linux; Android 13; RMX3834 Build/TP1A.220624.014; wv) AppleWebKit/537.36 (KHTML, like Gecko) Version/4.0 Chrome/137.0.7151.90 Mobile Safari/537.36 [FB_IAB/FB4A;FBAV/530.0.0.48.74;IABMV/1;]"
5.155.15.51 - - [16/Sep/2025:08:13:14 -0400] "GET /wp-content/uploads/2025/07/IMG_8282480856-360x200.jpg HTTP/1.1" 200 20934 "https://alshaer-news.com/?p=3026&utm_medium=social&utm_source=heylink.me" "Mozilla/5.0 (Linux; Android 13; RMX3834 Build/TP1A.220624.014; wv) AppleWebKit/537.36 (KHTML, like Gecko) Version/4.0 Chrome/137.0.7151.90 Mobile Safari/537.36 [FB_IAB/FB4A;FBAV/530.0.0.48.74;IABMV/1;]"
5.155.15.51 - - [16/Sep/2025:08:13:14 -0400] "GET /wp-content/uploads/2025/08/IMG-20250824-WA0030-360x200.jpg HTTP/1.1" 200 15692 "https://alshaer-news.com/?p=3026&utm_medium=social&utm_source=heylink.me" "Mozilla/5.0 (Linux; Android 13; RMX3834 Build/TP1A.220624.014; wv) AppleWebKit/537.36 (KHTML, like Gecko) Version/4.0 Chrome/137.0.7151.90 Mobile Safari/537.36 [FB_IAB/FB4A;FBAV/530.0.0.48.74;IABMV/1;]"
5.155.15.51 - - [16/Sep/2025:08:13:14 -0400] "GET /wp-content/uploads/2025/05/FB_IMG_1746291435288-360x200.jpg HTTP/1.1" 200 16248 "https://alshaer-news.com/?p=3026&utm_medium=social&utm_source=heylink.me" "Mozilla/5.0 (Linux; Android 13; RMX3834 Build/TP1A.220624.014; wv) AppleWebKit/537.36 (KHTML, like Gecko) Version/4.0 Chrome/137.0.7151.90 Mobile Safari/537.36 [FB_IAB/FB4A;FBAV/530.0.0.48.74;IABMV/1;]"
102.164.96.68 - - [16/Sep/2025:08:13:15 -0400] "GET /wp-content/uploads/2025/06/IMG_4412545132-768x768.jpg HTTP/1.1" 200 88818 "https://alshaer-news.com/?p=3014&utm_medium=social&utm_source=heylink.me" "Mozilla/5.0 (Linux; Android 13; SM-A035F Build/TP1A.220624.014; wv) AppleWebKit/537.36 (KHTML, like Gecko) Version/4.0 Chrome/139.0.7258.151 Mobile Safari/537.36 [FB_IAB/FB4A;FBAV/528.0.0.62.74;IABMV/1;]"
102.164.96.68 - - [16/Sep/2025:08:13:18 -0400] "GET /wp-content/themes/newsplus/assets/img/logo.png HTTP/1.1" 200 43754 "https://alshaer-news.com/?p=3014&utm_medium=social&utm_source=heylink.me" "Mozilla/5.0 (Linux; Android 13; SM-A035F Build/TP1A.220624.014; wv) AppleWebKit/537.36 (KHTML, like Gecko) Version/4.0 Chrome/139.0.7258.151 Mobile Safari/537.36 [FB_IAB/FB4A;FBAV/528.0.0.62.74;IABMV/1;]"
102.164.96.68 - - [16/Sep/2025:08:13:18 -0400] "GET /wp-includes/js/dist/hooks.min.js?ver=4d63a3d491d11ffd8ac6 HTTP/1.1" 200 1571 "https://alshaer-news.com/?p=3014&utm_medium=social&utm_source=heylink.me" "Mozilla/5.0 (Linux; Android 13; SM-A035F Build/TP1A.220624.014; wv) AppleWebKit/537.36 (KHTML, like Gecko) Version/4.0 Chrome/139.0.7258.151 Mobile Safari/537.36 [FB_IAB/FB4A;FBAV/528.0.0.62.74;IABMV/1;]"
102.164.96.68 - - [16/Sep/2025:08:13:19 -0400] "GET /wp-includes/js/dist/i18n.min.js?ver=5e580eb46a90c2b997e6 HTTP/1.1" 200 3542 "https://alshaer-news.com/?p=3014&utm_medium=social&utm_source=heylink.me" "Mozilla/5.0 (Linux; Android 13; SM-A035F Build/TP1A.220624.014; wv) AppleWebKit/537.36 (KHTML, like Gecko) Version/4.0 Chrome/139.0.7258.151 Mobile Safari/537.36 [FB_IAB/FB4A;FBAV/528.0.0.62.74;IABMV/1;]"
102.164.96.68 - - [16/Sep/2025:08:13:19 -0400] "GET /wp-content/plugins/contact-form-7/includes/swv/js/index.js?ver=6.0.6 HTTP/1.1" 200 3369 "https://alshaer-news.com/?p=3014&utm_medium=social&utm_source=heylink.me" "Mozilla/5.0 (Linux; Android 13; SM-A035F Build/TP1A.220624.014; wv) AppleWebKit/537.36 (KHTML, like Gecko) Version/4.0 Chrome/139.0.7258.151 Mobile Safari/537.36 [FB_IAB/FB4A;FBAV/528.0.0.62.74;IABMV/1;]"
102.164.96.68 - - [16/Sep/2025:08:13:19 -0400] "GET /wp-content/plugins/contact-form-7/includes/js/index.js?ver=6.0.6 HTTP/1.1" 200 4008 "https://alshaer-news.com/?p=3014&utm_medium=social&utm_source=heylink.me" "Mozilla/5.0 (Linux; Android 13; SM-A035F Build/TP1A.220624.014; wv) AppleWebKit/537.36 (KHTML, like Gecko) Version/4.0 Chrome/139.0.7258.151 Mobile Safari/537.36 [FB_IAB/FB4A;FBAV/528.0.0.62.74;IABMV/1;]"
102.164.96.68 - - [16/Sep/2025:08:13:19 -0400] "GET /wp-content/uploads/2025/06/IMG_4412545132-360x200.jpg HTTP/1.1" 200 21437 "https://alshaer-news.com/?p=3014&utm_medium=social&utm_source=heylink.me" "Mozilla/5.0 (Linux; Android 13; SM-A035F Build/TP1A.220624.014; wv) AppleWebKit/537.36 (KHTML, like Gecko) Version/4.0 Chrome/139.0.7258.151 Mobile Safari/537.36 [FB_IAB/FB4A;FBAV/528.0.0.62.74;IABMV/1;]"
102.164.96.68 - - [16/Sep/2025:08:13:19 -0400] "GET /wp-content/themes/newsplus/assets/js/main.js?ver=37.00 HTTP/1.1" 200 1317 "https://alshaer-news.com/?p=3014&utm_medium=social&utm_source=heylink.me" "Mozilla/5.0 (Linux; Android 13; SM-A035F Build/TP1A.220624.014; wv) AppleWebKit/537.36 (KHTML, like Gecko) Version/4.0 Chrome/139.0.7258.151 Mobile Safari/537.36 [FB_IAB/FB4A;FBAV/528.0.0.62.74;IABMV/1;]"
5.155.15.51 - - [16/Sep/2025:08:13:20 -0400] "GET /wp-content/uploads/2025/02/%D9%A2%D9%A0%D9%A2%D9%A5%D9%A0%D9%A2%D9%A0%D9%A6_%D9%A2%D9%A2%D9%A4%D9%A9%D9%A0%D9%A1-360x200.jpg HTTP/1.1" 200 17316 "https://alshaer-news.com/?p=3026&utm_medium=social&utm_source=heylink.me" "Mozilla/5.0 (Linux; Android 13; RMX3834 Build/TP1A.220624.014; wv) AppleWebKit/537.36 (KHTML, like Gecko) Version/4.0 Chrome/137.0.7151.90 Mobile Safari/537.36 [FB_IAB/FB4A;FBAV/530.0.0.48.74;IABMV/1;]"
5.155.15.51 - - [16/Sep/2025:08:13:20 -0400] "GET /wp-content/uploads/2024/12/%D9%85%D8%AD%D9%85%D8%AF-%D8%A8%D9%86-%D8%B3%D9%84%D9%85%D8%A7%D9%86--360x200.jpg HTTP/1.1" 200 17160 "https://alshaer-news.com/?p=3026&utm_medium=social&utm_source=heylink.me" "Mozilla/5.0 (Linux; Android 13; RMX3834 Build/TP1A.220624.014; wv) AppleWebKit/537.36 (KHTML, like Gecko) Version/4.0 Chrome/137.0.7151.90 Mobile Safari/537.36 [FB_IAB/FB4A;FBAV/530.0.0.48.74;IABMV/1;]"
102.164.96.68 - - [16/Sep/2025:08:13:21 -0400] "GET /wp-includes/js/comment-reply.min.js?ver=6.8.2 HTTP/1.1" 200 1247 "https://alshaer-news.com/?p=3014&utm_medium=social&utm_source=heylink.me" "Mozilla/5.0 (Linux; Android 13; SM-A035F Build/TP1A.220624.014; wv) AppleWebKit/537.36 (KHTML, like Gecko) Version/4.0 Chrome/139.0.7258.151 Mobile Safari/537.36 [FB_IAB/FB4A;FBAV/528.0.0.62.74;IABMV/1;]"
102.164.96.68 - - [16/Sep/2025:08:13:21 -0400] "GET /wp-content/uploads/2025/04/IMG_2620482203-360x200.jpg HTTP/1.1" 200 19869 "https://alshaer-news.com/?p=3014&utm_medium=social&utm_source=heylink.me" "Mozilla/5.0 (Linux; Android 13; SM-A035F Build/TP1A.220624.014; wv) AppleWebKit/537.36 (KHTML, like Gecko) Version/4.0 Chrome/139.0.7258.151 Mobile Safari/537.36 [FB_IAB/FB4A;FBAV/528.0.0.62.74;IABMV/1;]"
102.164.96.68 - - [16/Sep/2025:08:13:21 -0400] "GET /wp-content/uploads/2024/08/FB_IMG_1723739515245-360x200.jpg HTTP/1.1" 200 12051 "https://alshaer-news.com/?p=3014&utm_medium=social&utm_source=heylink.me" "Mozilla/5.0 (Linux; Android 13; SM-A035F Build/TP1A.220624.014; wv) AppleWebKit/537.36 (KHTML, like Gecko) Version/4.0 Chrome/139.0.7258.151 Mobile Safari/537.36 [FB_IAB/FB4A;FBAV/528.0.0.62.74;IABMV/1;]"
102.164.96.68 - - [16/Sep/2025:08:13:21 -0400] "GET /wp-content/uploads/2024/08/%D8%A8%D9%84%D8%AF%D9%8A%D8%A9-%D8%AA%D9%88%D9%86%D8%B3-%D8%B3%D8%A7%D8%AD%D8%A9-%D8%A7%D9%84%D9%82%D8%B5%D8%A8%D8%A9-Godong-Getty-360x200.jpg HTTP/1.1" 200 15774 "https://alshaer-news.com/?p=3014&utm_medium=social&utm_source=heylink.me" "Mozilla/5.0 (Linux; Android 13; SM-A035F Build/TP1A.220624.014; wv) AppleWebKit/537.36 (KHTML, like Gecko) Version/4.0 Chrome/139.0.7258.151 Mobile Safari/537.36 [FB_IAB/FB4A;FBAV/528.0.0.62.74;IABMV/1;]"
5.155.15.51 - - [16/Sep/2025:08:13:21 -0400] "GET /wp-content/uploads/2024/09/%D9%85%D8%B2%D8%A7%D8%AF-%D8%AC%D9%85%D8%A7%D8%B1%D9%83--360x200.jpg HTTP/1.1" 200 27863 "https://alshaer-news.com/?p=3026&utm_medium=social&utm_source=heylink.me" "Mozilla/5.0 (Linux; Android 13; RMX3834 Build/TP1A.220624.014; wv) AppleWebKit/537.36 (KHTML, like Gecko) Version/4.0 Chrome/137.0.7151.90 Mobile Safari/537.36 [FB_IAB/FB4A;FBAV/530.0.0.48.74;IABMV/1;]"
102.164.96.68 - - [16/Sep/2025:08:13:21 -0400] "GET /wp-content/uploads/2024/08/GettyImages-644501407_1-360x200.jpg HTTP/1.1" 200 15364 "https://alshaer-news.com/?p=3014&utm_medium=social&utm_source=heylink.me" "Mozilla/5.0 (Linux; Android 13; SM-A035F Build/TP1A.220624.014; wv) AppleWebKit/537.36 (KHTML, like Gecko) Version/4.0 Chrome/139.0.7258.151 Mobile Safari/537.36 [FB_IAB/FB4A;FBAV/528.0.0.62.74;IABMV/1;]"
102.164.96.68 - - [16/Sep/2025:08:13:21 -0400] "GET /wp-content/uploads/2024/07/%D9%A2%D9%A0%D9%A2%D9%A4%D9%A0%D9%A7%D9%A2%D9%A8_%D9%A1%D9%A1%D9%A4%D9%A5%D9%A5%D9%A3-360x200.jpg HTTP/1.1" 200 11944 "https://alshaer-news.com/?p=3014&utm_medium=social&utm_source=heylink.me" "Mozilla/5.0 (Linux; Android 13; SM-A035F Build/TP1A.220624.014; wv) AppleWebKit/537.36 (KHTML, like Gecko) Version/4.0 Chrome/139.0.7258.151 Mobile Safari/537.36 [FB_IAB/FB4A;FBAV/528.0.0.62.74;IABMV/1;]"
102.164.96.68 - - [16/Sep/2025:08:13:22 -0400] "GET /wp-content/uploads/2025/09/IMG-20250910-WA0000-360x200.jpg HTTP/1.1" 200 17269 "https://alshaer-news.com/?p=3014&utm_medium=social&utm_source=heylink.me" "Mozilla/5.0 (Linux; Android 13; SM-A035F Build/TP1A.220624.014; wv) AppleWebKit/537.36 (KHTML, like Gecko) Version/4.0 Chrome/139.0.7258.151 Mobile Safari/537.36 [FB_IAB/FB4A;FBAV/528.0.0.62.74;IABMV/1;]"
102.164.96.68 - - [16/Sep/2025:08:13:22 -0400] "GET /wp-content/uploads/2025/09/%D9%A2%D9%A0%D9%A2%D9%A5%D9%A0%D9%A9%D9%A0%D9%A9_%D9%A2%D9%A3%D9%A4%D9%A9%D9%A3%D9%A7-360x200.jpg HTTP/1.1" 200 22224 "https://alshaer-news.com/?p=3014&utm_medium=social&utm_source=heylink.me" "Mozilla/5.0 (Linux; Android 13; SM-A035F Build/TP1A.220624.014; wv) AppleWebKit/537.36 (KHTML, like Gecko) Version/4.0 Chrome/139.0.7258.151 Mobile Safari/537.36 [FB_IAB/FB4A;FBAV/528.0.0.62.74;IABMV/1;]"
102.164.96.68 - - [16/Sep/2025:08:13:22 -0400] "GET /wp-content/uploads/2025/08/IMG-20250824-WA0030-360x200.jpg HTTP/1.1" 200 15692 "https://alshaer-news.com/?p=3014&utm_medium=social&utm_source=heylink.me" "Mozilla/5.0 (Linux; Android 13; SM-A035F Build/TP1A.220624.014; wv) AppleWebKit/537.36 (KHTML, like Gecko) Version/4.0 Chrome/139.0.7258.151 Mobile Safari/537.36 [FB_IAB/FB4A;FBAV/528.0.0.62.74;IABMV/1;]"
102.164.96.68 - - [16/Sep/2025:08:13:22 -0400] "GET /wp-content/uploads/2025/07/IMG_8282480856-360x200.jpg HTTP/1.1" 200 20934 "https://alshaer-news.com/?p=3014&utm_medium=social&utm_source=heylink.me" "Mozilla/5.0 (Linux; Android 13; SM-A035F Build/TP1A.220624.014; wv) AppleWebKit/537.36 (KHTML, like Gecko) Version/4.0 Chrome/139.0.7258.151 Mobile Safari/537.36 [FB_IAB/FB4A;FBAV/528.0.0.62.74;IABMV/1;]"
102.164.96.68 - - [16/Sep/2025:08:13:22 -0400] "GET /wp-content/uploads/2025/05/FB_IMG_1746291435288-360x200.jpg HTTP/1.1" 200 16248 "https://alshaer-news.com/?p=3014&utm_medium=social&utm_source=heylink.me" "Mozilla/5.0 (Linux; Android 13; SM-A035F Build/TP1A.220624.014; wv) AppleWebKit/537.36 (KHTML, like Gecko) Version/4.0 Chrome/139.0.7258.151 Mobile Safari/537.36 [FB_IAB/FB4A;FBAV/528.0.0.62.74;IABMV/1;]"
102.164.96.68 - - [16/Sep/2025:08:13:22 -0400] "GET /wp-content/uploads/2025/02/%D9%A2%D9%A0%D9%A2%D9%A5%D9%A0%D9%A2%D9%A0%D9%A6_%D9%A2%D9%A2%D9%A4%D9%A9%D9%A0%D9%A1-360x200.jpg HTTP/1.1" 200 17316 "https://alshaer-news.com/?p=3014&utm_medium=social&utm_source=heylink.me" "Mozilla/5.0 (Linux; Android 13; SM-A035F Build/TP1A.220624.014; wv) AppleWebKit/537.36 (KHTML, like Gecko) Version/4.0 Chrome/139.0.7258.151 Mobile Safari/537.36 [FB_IAB/FB4A;FBAV/528.0.0.62.74;IABMV/1;]"
102.164.96.68 - - [16/Sep/2025:08:13:22 -0400] "GET /wp-content/uploads/2024/12/%D9%85%D8%AD%D9%85%D8%AF-%D8%A8%D9%86-%D8%B3%D9%84%D9%85%D8%A7%D9%86--360x200.jpg HTTP/1.1" 200 17160 "https://alshaer-news.com/?p=3014&utm_medium=social&utm_source=heylink.me" "Mozilla/5.0 (Linux; Android 13; SM-A035F Build/TP1A.220624.014; wv) AppleWebKit/537.36 (KHTML, like Gecko) Version/4.0 Chrome/139.0.7258.151 Mobile Safari/537.36 [FB_IAB/FB4A;FBAV/528.0.0.62.74;IABMV/1;]"
102.164.96.68 - - [16/Sep/2025:08:13:22 -0400] "GET /wp-content/uploads/2024/09/%D9%85%D8%B2%D8%A7%D8%AF-%D8%AC%D9%85%D8%A7%D8%B1%D9%83--360x200.jpg HTTP/1.1" 200 27863 "https://alshaer-news.com/?p=3014&utm_medium=social&utm_source=heylink.me" "Mozilla/5.0 (Linux; Android 13; SM-A035F Build/TP1A.220624.014; wv) AppleWebKit/537.36 (KHTML, like Gecko) Version/4.0 Chrome/139.0.7258.151 Mobile Safari/537.36 [FB_IAB/FB4A;FBAV/528.0.0.62.74;IABMV/1;]"
5.155.15.51 - - [16/Sep/2025:08:13:23 -0400] "GET /wp-content/uploads/2025/09/IMG-20250910-WA0000-360x200.jpg HTTP/1.1" 200 17269 "https://alshaer-news.com/?p=3026&utm_medium=social&utm_source=heylink.me" "Mozilla/5.0 (Linux; Android 13; RMX3834 Build/TP1A.220624.014; wv) AppleWebKit/537.36 (KHTML, like Gecko) Version/4.0 Chrome/137.0.7151.90 Mobile Safari/537.36 [FB_IAB/FB4A;FBAV/530.0.0.48.74;IABMV/1;]"
5.155.15.51 - - [16/Sep/2025:08:13:23 -0400] "GET /wp-content/uploads/2025/09/%D9%A2%D9%A0%D9%A2%D9%A5%D9%A0%D9%A9%D9%A0%D9%A9_%D9%A2%D9%A3%D9%A4%D9%A9%D9%A3%D9%A7-360x200.jpg HTTP/1.1" 200 22224 "https://alshaer-news.com/?p=3026&utm_medium=social&utm_source=heylink.me" "Mozilla/5.0 (Linux; Android 13; RMX3834 Build/TP1A.220624.014; wv) AppleWebKit/537.36 (KHTML, like Gecko) Version/4.0 Chrome/137.0.7151.90 Mobile Safari/537.36 [FB_IAB/FB4A;FBAV/530.0.0.48.74;IABMV/1;]"
5.155.15.51 - - [16/Sep/2025:08:13:23 -0400] "GET /wp-content/uploads/2025/06/IMG_4412545132-360x200.jpg HTTP/1.1" 200 21437 "https://alshaer-news.com/?p=3026&utm_medium=social&utm_source=heylink.me" "Mozilla/5.0 (Linux; Android 13; RMX3834 Build/TP1A.220624.014; wv) AppleWebKit/537.36 (KHTML, like Gecko) Version/4.0 Chrome/137.0.7151.90 Mobile Safari/537.36 [FB_IAB/FB4A;FBAV/530.0.0.48.74;IABMV/1;]"
102.164.96.68 - - [16/Sep/2025:08:13:23 -0400] "GET /wp-includes/js/wp-emoji-release.min.js?ver=6.8.2 HTTP/1.1" 200 4769 "https://alshaer-news.com/?p=3014&utm_medium=social&utm_source=heylink.me" "Mozilla/5.0 (Linux; Android 13; SM-A035F Build/TP1A.220624.014; wv) AppleWebKit/537.36 (KHTML, like Gecko) Version/4.0 Chrome/139.0.7258.151 Mobile Safari/537.36 [FB_IAB/FB4A;FBAV/528.0.0.62.74;IABMV/1;]"
5.155.15.51 - - [16/Sep/2025:08:13:23 -0400] "GET /wp-content/uploads/2025/04/IMG_2620482203-360x200.jpg HTTP/1.1" 200 19869 "https://alshaer-news.com/?p=3026&utm_medium=social&utm_source=heylink.me" "Mozilla/5.0 (Linux; Android 13; RMX3834 Build/TP1A.220624.014; wv) AppleWebKit/537.36 (KHTML, like Gecko) Version/4.0 Chrome/137.0.7151.90 Mobile Safari/537.36 [FB_IAB/FB4A;FBAV/530.0.0.48.74;IABMV/1;]"
5.155.15.51 - - [16/Sep/2025:08:13:23 -0400] "GET /wp-includes/js/wp-emoji-release.min.js?ver=6.8.2 HTTP/1.1" 200 4769 "https://alshaer-news.com/?p=3026&utm_medium=social&utm_source=heylink.me" "Mozilla/5.0 (Linux; Android 13; RMX3834 Build/TP1A.220624.014; wv) AppleWebKit/537.36 (KHTML, like Gecko) Version/4.0 Chrome/137.0.7151.90 Mobile Safari/537.36 [FB_IAB/FB4A;FBAV/530.0.0.48.74;IABMV/1;]"
188.229.137.49 - - [16/Sep/2025:08:13:35 -0400] "GET /wp-content/themes/newsplus/assets/img/logo.png HTTP/1.1" 200 43754 "fbapp://350685531728/unknown" "[FBAN/FB4A;FBAV/529.0.0.44.73;FBBV/786632837;FBDM/{density=1.75,width=720,height=1382};FBLC/ar_AR;FBRV/791116052;FBCR/MTN;FBMF/samsung;FBBD/samsung;FBPN/com.facebook.katana;FBDV/SM-A105F;FBSV/10;FBOP/19;FBCA/armeabi-v7a:armeabi;]"
188.229.137.49 - - [16/Sep/2025:08:13:35 -0400] "GET /wp-content/uploads/2025/07/IMG_8282480856.jpg HTTP/1.1" 200 836802 "fbapp://350685531728/unknown" "[FBAN/FB4A;FBAV/529.0.0.44.73;FBBV/786632837;FBDM/{density=1.75,width=720,height=1382};FBLC/ar_AR;FBRV/791116052;FBCR/MTN;FBMF/samsung;FBBD/samsung;FBPN/com.facebook.katana;FBDV/SM-A105F;FBSV/10;FBOP/19;FBCA/armeabi-v7a:armeabi;]"
195.62.50.52 - - [16/Sep/2025:08:13:57 -0400] "GET /wp-includes/js/wp-emoji-release.min.js?ver=6.8.2 HTTP/1.1" 200 4769 "https://alshaer-news.com/?p=2938&utm_medium=social&utm_source=heylink.me" "Mozilla/5.0 (Linux; Android 14; 2312DRA50G Build/UKQ1.231003.002; wv) AppleWebKit/537.36 (KHTML, like Gecko) Version/4.0 Chrome/140.0.7339.119 Mobile Safari/537.36 [FB_IAB/FB4A;FBAV/530.0.0.48.74;IABMV/1;]"
195.62.50.52 - - [16/Sep/2025:08:14:14 -0400] "GET /?p=3000&utm_medium=social&utm_source=heylink.me HTTP/1.1" 200 14304 "https://heylink.me/whatsappcomchannel0029Vb6nFL02v1IrjKKy3d1v/?fbclid=IwY2xjawM2MwVleHRuA2FlbQIxMQABHqL0NxkRfbnZh4Xs4n3mRo402T44aGyto0xcxaPh1jI1Z_icV_rKDdBz54BG_aem_TNarL6X4JVl4yif165YiTQ" "Mozilla/5.0 (Linux; Android 14; 2312DRA50G Build/UKQ1.231003.002; wv) AppleWebKit/537.36 (KHTML, like Gecko) Version/4.0 Chrome/140.0.7339.119 Mobile Safari/537.36 [FB_IAB/FB4A;FBAV/530.0.0.48.74;IABMV/1;]"
207.46.13.141 - - [16/Sep/2025:08:14:17 -0400] "GET /?p=2169 HTTP/1.1" 500 1112 "-" "Mozilla/5.0 AppleWebKit/537.36 (KHTML, like Gecko; compatible; bingbot/2.0; +http://www.bing.com/bingbot.htm) Chrome/116.0.1938.76 Safari/537.36"
5.155.15.51 - - [16/Sep/2025:08:14:27 -0400] "GET /favicon.ico HTTP/1.1" 500 1112 "https://alshaer-news.com/?p=3026&utm_medium=social&utm_source=heylink.me" "Mozilla/5.0 (Linux; Android 13; RMX3834 Build/TP1A.220624.014; wv) AppleWebKit/537.36 (KHTML, like Gecko) Version/4.0 Chrome/137.0.7151.90 Mobile Safari/537.36 [FB_IAB/FB4A;FBAV/530.0.0.48.74;IABMV/1;]"
195.62.50.52 - - [16/Sep/2025:08:14:29 -0400] "GET /wp-content/uploads/2025/05/FB_IMG_1746291435288.jpg HTTP/1.1" 200 37830 "https://alshaer-news.com/?p=3000&utm_medium=social&utm_source=heylink.me" "Mozilla/5.0 (Linux; Android 14; 2312DRA50G Build/UKQ1.231003.002; wv) AppleWebKit/537.36 (KHTML, like Gecko) Version/4.0 Chrome/140.0.7339.119 Mobile Safari/537.36 [FB_IAB/FB4A;FBAV/530.0.0.48.74;IABMV/1;]"
195.62.50.52 - - [16/Sep/2025:08:14:31 -0400] "GET /wp-content/uploads/2025/06/IMG_4412545132-360x200.jpg HTTP/1.1" 200 21437 "https://alshaer-news.com/?p=3000&utm_medium=social&utm_source=heylink.me" "Mozilla/5.0 (Linux; Android 14; 2312DRA50G Build/UKQ1.231003.002; wv) AppleWebKit/537.36 (KHTML, like Gecko) Version/4.0 Chrome/140.0.7339.119 Mobile Safari/537.36 [FB_IAB/FB4A;FBAV/530.0.0.48.74;IABMV/1;]"
195.62.50.52 - - [16/Sep/2025:08:14:31 -0400] "GET /wp-content/uploads/2025/04/IMG_2620482203-360x200.jpg HTTP/1.1" 200 19869 "https://alshaer-news.com/?p=3000&utm_medium=social&utm_source=heylink.me" "Mozilla/5.0 (Linux; Android 14; 2312DRA50G Build/UKQ1.231003.002; wv) AppleWebKit/537.36 (KHTML, like Gecko) Version/4.0 Chrome/140.0.7339.119 Mobile Safari/537.36 [FB_IAB/FB4A;FBAV/530.0.0.48.74;IABMV/1;]"
195.62.50.52 - - [16/Sep/2025:08:14:31 -0400] "GET /wp-content/uploads/2025/09/IMG-20250910-WA0000-360x200.jpg HTTP/1.1" 206 1 "https://alshaer-news.com/?p=3000&utm_medium=social&utm_source=heylink.me" "Mozilla/5.0 (Linux; Android 14; 2312DRA50G Build/UKQ1.231003.002; wv) AppleWebKit/537.36 (KHTML, like Gecko) Version/4.0 Chrome/140.0.7339.119 Mobile Safari/537.36 [FB_IAB/FB4A;FBAV/530.0.0.48.74;IABMV/1;]"
195.62.50.52 - - [16/Sep/2025:08:14:31 -0400] "GET /wp-content/uploads/2025/09/%D9%A2%D9%A0%D9%A2%D9%A5%D9%A0%D9%A9%D9%A0%D9%A9_%D9%A2%D9%A3%D9%A4%D9%A9%D9%A3%D9%A7-360x200.jpg HTTP/1.1" 206 1 "https://alshaer-news.com/?p=3000&utm_medium=social&utm_source=heylink.me" "Mozilla/5.0 (Linux; Android 14; 2312DRA50G Build/UKQ1.231003.002; wv) AppleWebKit/537.36 (KHTML, like Gecko) Version/4.0 Chrome/140.0.7339.119 Mobile Safari/537.36 [FB_IAB/FB4A;FBAV/530.0.0.48.74;IABMV/1;]"
195.62.50.52 - - [16/Sep/2025:08:14:31 -0400] "GET /wp-includes/js/wp-emoji-release.min.js?ver=6.8.2 HTTP/1.1" 200 4769 "https://alshaer-news.com/?p=3000&utm_medium=social&utm_source=heylink.me" "Mozilla/5.0 (Linux; Android 14; 2312DRA50G Build/UKQ1.231003.002; wv) AppleWebKit/537.36 (KHTML, like Gecko) Version/4.0 Chrome/140.0.7339.119 Mobile Safari/537.36 [FB_IAB/FB4A;FBAV/530.0.0.48.74;IABMV/1;]"
165.16.48.243 - - [16/Sep/2025:08:14:32 -0400] "GET /?p=3014 HTTP/1.1" 200 14766 "http://m.facebook.com/" "Mozilla/5.0 (Linux; Android 11; M2006C3LG Build/RP1A.200720.011; wv) AppleWebKit/537.36 (KHTML, like Gecko) Version/4.0 Chrome/140.0.7339.119 Mobile Safari/537.36 [FB_IAB/FB4A;FBAV/530.0.0.48.74;IABMV/1;]"
165.16.48.243 - - [16/Sep/2025:08:14:33 -0400] "GET /wp-includes/css/dist/block-library/style-rtl.min.css?ver=6.8.2 HTTP/1.1" 200 14312 "https://alshaer-news.com/?p=3014" "Mozilla/5.0 (Linux; Android 11; M2006C3LG Build/RP1A.200720.011; wv) AppleWebKit/537.36 (KHTML, like Gecko) Version/4.0 Chrome/140.0.7339.119 Mobile Safari/537.36 [FB_IAB/FB4A;FBAV/530.0.0.48.74;IABMV/1;]"
165.16.48.243 - - [16/Sep/2025:08:14:33 -0400] "GET /wp-content/plugins/contact-form-7/includes/css/styles.css?ver=6.0.6 HTTP/1.1" 200 890 "https://alshaer-news.com/?p=3014" "Mozilla/5.0 (Linux; Android 11; M2006C3LG Build/RP1A.200720.011; wv) AppleWebKit/537.36 (KHTML, like Gecko) Version/4.0 Chrome/140.0.7339.119 Mobile Safari/537.36 [FB_IAB/FB4A;FBAV/530.0.0.48.74;IABMV/1;]"
165.16.48.243 - - [16/Sep/2025:08:14:33 -0400] "GET /wp-content/plugins/contact-form-7/includes/css/styles-rtl.css?ver=6.0.6 HTTP/1.1" 200 152 "https://alshaer-news.com/?p=3014" "Mozilla/5.0 (Linux; Android 11; M2006C3LG Build/RP1A.200720.011; wv) AppleWebKit/537.36 (KHTML, like Gecko) Version/4.0 Chrome/140.0.7339.119 Mobile Safari/537.36 [FB_IAB/FB4A;FBAV/530.0.0.48.74;IABMV/1;]"
165.16.48.243 - - [16/Sep/2025:08:14:33 -0400] "GET /wp-content/plugins/cookie-notice/css/front.min.css?ver=2.5.6 HTTP/1.1" 200 951 "https://alshaer-news.com/?p=3014" "Mozilla/5.0 (Linux; Android 11; M2006C3LG Build/RP1A.200720.011; wv) AppleWebKit/537.36 (KHTML, like Gecko) Version/4.0 Chrome/140.0.7339.119 Mobile Safari/537.36 [FB_IAB/FB4A;FBAV/530.0.0.48.74;IABMV/1;]"
165.16.48.243 - - [16/Sep/2025:08:14:33 -0400] "GET /wp-content/themes/newsplus/assets/css/bootstrap.min.css?ver=37.00 HTTP/1.1" 200 17696 "https://alshaer-news.com/?p=3014" "Mozilla/5.0 (Linux; Android 11; M2006C3LG Build/RP1A.200720.011; wv) AppleWebKit/537.36 (KHTML, like Gecko) Version/4.0 Chrome/140.0.7339.119 Mobile Safari/537.36 [FB_IAB/FB4A;FBAV/530.0.0.48.74;IABMV/1;]"
165.16.48.243 - - [16/Sep/2025:08:14:33 -0400] "GET /wp-content/themes/newsplus/assets/fonts/fonts.css?ver=37.00 HTTP/1.1" 200 335 "https://alshaer-news.com/?p=3014" "Mozilla/5.0 (Linux; Android 11; M2006C3LG Build/RP1A.200720.011; wv) AppleWebKit/537.36 (KHTML, like Gecko) Version/4.0 Chrome/140.0.7339.119 Mobile Safari/537.36 [FB_IAB/FB4A;FBAV/530.0.0.48.74;IABMV/1;]"
165.16.48.243 - - [16/Sep/2025:08:14:33 -0400] "GET /wp-content/themes/newsplus/style.css?ver=37.00 HTTP/1.1" 200 7414 "https://alshaer-news.com/?p=3014" "Mozilla/5.0 (Linux; Android 11; M2006C3LG Build/RP1A.200720.011; wv) AppleWebKit/537.36 (KHTML, like Gecko) Version/4.0 Chrome/140.0.7339.119 Mobile Safari/537.36 [FB_IAB/FB4A;FBAV/530.0.0.48.74;IABMV/1;]"
165.16.48.243 - - [16/Sep/2025:08:14:33 -0400] "GET /wp-content/plugins/cookie-notice/js/front.min.js?ver=2.5.6 HTTP/1.1" 200 1964 "https://alshaer-news.com/?p=3014" "Mozilla/5.0 (Linux; Android 11; M2006C3LG Build/RP1A.200720.011; wv) AppleWebKit/537.36 (KHTML, like Gecko) Version/4.0 Chrome/140.0.7339.119 Mobile Safari/537.36 [FB_IAB/FB4A;FBAV/530.0.0.48.74;IABMV/1;]"
165.16.48.243 - - [16/Sep/2025:08:14:33 -0400] "GET /wp-includes/js/jquery/jquery.min.js?ver=3.7.1 HTTP/1.1" 200 29744 "https://alshaer-news.com/?p=3014" "Mozilla/5.0 (Linux; Android 11; M2006C3LG Build/RP1A.200720.011; wv) AppleWebKit/537.36 (KHTML, like Gecko) Version/4.0 Chrome/140.0.7339.119 Mobile Safari/537.36 [FB_IAB/FB4A;FBAV/530.0.0.48.74;IABMV/1;]"
165.16.48.243 - - [16/Sep/2025:08:14:33 -0400] "GET /wp-includes/js/jquery/jquery-migrate.min.js?ver=3.4.1 HTTP/1.1" 200 4678 "https://alshaer-news.com/?p=3014" "Mozilla/5.0 (Linux; Android 11; M2006C3LG Build/RP1A.200720.011; wv) AppleWebKit/537.36 (KHTML, like Gecko) Version/4.0 Chrome/140.0.7339.119 Mobile Safari/537.36 [FB_IAB/FB4A;FBAV/530.0.0.48.74;IABMV/1;]"
165.16.48.243 - - [16/Sep/2025:08:14:33 -0400] "GET /wp-content/themes/newsplus/assets/img/logo.png HTTP/1.1" 200 43754 "https://alshaer-news.com/?p=3014" "Mozilla/5.0 (Linux; Android 11; M2006C3LG Build/RP1A.200720.011; wv) AppleWebKit/537.36 (KHTML, like Gecko) Version/4.0 Chrome/140.0.7339.119 Mobile Safari/537.36 [FB_IAB/FB4A;FBAV/530.0.0.48.74;IABMV/1;]"
165.16.48.243 - - [16/Sep/2025:08:14:33 -0400] "GET /wp-content/uploads/2025/06/IMG_4412545132-768x768.jpg HTTP/1.1" 200 88818 "https://alshaer-news.com/?p=3014" "Mozilla/5.0 (Linux; Android 11; M2006C3LG Build/RP1A.200720.011; wv) AppleWebKit/537.36 (KHTML, like Gecko) Version/4.0 Chrome/140.0.7339.119 Mobile Safari/537.36 [FB_IAB/FB4A;FBAV/530.0.0.48.74;IABMV/1;]"
