102.221.56.29 - - [16/Sep/2025:08:21:53 -0400] "GET /wp-content/themes/newsplus/assets/fonts/fonts.css?ver=37.00 HTTP/1.1" 200 335 "https://alshaer-news.com/?p=2938&utm_medium=social&utm_source=heylink.me" "Mozilla/5.0 (Linux; Android 15; SM-A165F Build/AP3A.240905.015.A2; wv) AppleWebKit/537.36 (KHTML, like Gecko) Version/4.0 Chrome/139.0.7258.158 Mobile Safari/537.36 [FB_IAB/FB4A;FBAV/530.0.0.48.74;IABMV/1;]"
102.221.56.29 - - [16/Sep/2025:08:21:53 -0400] "GET /wp-content/themes/newsplus/style.css?ver=37.00 HTTP/1.1" 200 7414 "https://alshaer-news.com/?p=2938&utm_medium=social&utm_source=heylink.me" "Mozilla/5.0 (Linux; Android 15; SM-A165F Build/AP3A.240905.015.A2; wv) AppleWebKit/537.36 (KHTML, like Gecko) Version/4.0 Chrome/139.0.7258.158 Mobile Safari/537.36 [FB_IAB/FB4A;FBAV/530.0.0.48.74;IABMV/1;]"
102.221.56.29 - - [16/Sep/2025:08:21:53 -0400] "GET /wp-content/plugins/cookie-notice/js/front.min.js?ver=2.5.6 HTTP/1.1" 200 1964 "https://alshaer-news.com/?p=2938&utm_medium=social&utm_source=heylink.me" "Mozilla/5.0 (Linux; Android 15; SM-A165F Build/AP3A.240905.015.A2; wv) AppleWebKit/537.36 (KHTML, like Gecko) Version/4.0 Chrome/139.0.7258.158 Mobile Safari/537.36 [FB_IAB/FB4A;FBAV/530.0.0.48.74;IABMV/1;]"
102.221.56.29 - - [16/Sep/2025:08:21:53 -0400] "GET /wp-includes/js/jquery/jquery.min.js?ver=3.7.1 HTTP/1.1" 200 29744 "https://alshaer-news.com/?p=2938&utm_medium=social&utm_source=heylink.me" "Mozilla/5.0 (Linux; Android 15; SM-A165F Build/AP3A.240905.015.A2; wv) AppleWebKit/537.36 (KHTML, like Gecko) Version/4.0 Chrome/139.0.7258.158 Mobile Safari/537.36 [FB_IAB/FB4A;FBAV/530.0.0.48.74;IABMV/1;]"
102.221.56.29 - - [16/Sep/2025:08:21:53 -0400] "GET /wp-includes/js/jquery/jquery-migrate.min.js?ver=3.4.1 HTTP/1.1" 200 4678 "https://alshaer-news.com/?p=2938&utm_medium=social&utm_source=heylink.me" "Mozilla/5.0 (Linux; Android 15; SM-A165F Build/AP3A.240905.015.A2; wv) AppleWebKit/537.36 (KHTML, like Gecko) Version/4.0 Chrome/139.0.7258.158 Mobile Safari/537.36 [FB_IAB/FB4A;FBAV/530.0.0.48.74;IABMV/1;]"
102.221.56.29 - - [16/Sep/2025:08:21:53 -0400] "GET /wp-content/themes/newsplus/assets/img/logo.png HTTP/1.1" 200 43754 "https://alshaer-news.com/?p=2938&utm_medium=social&utm_source=heylink.me" "Mozilla/5.0 (Linux; Android 15; SM-A165F Build/AP3A.240905.015.A2; wv) AppleWebKit/537.36 (KHTML, like Gecko) Version/4.0 Chrome/139.0.7258.158 Mobile Safari/537.36 [FB_IAB/FB4A;FBAV/530.0.0.48.74;IABMV/1;]"
102.221.56.29 - - [16/Sep/2025:08:21:53 -0400] "GET /wp-includes/js/dist/hooks.min.js?ver=4d63a3d491d11ffd8ac6 HTTP/1.1" 200 1571 "https://alshaer-news.com/?p=2938&utm_medium=social&utm_source=heylink.me" "Mozilla/5.0 (Linux; Android 15; SM-A165F Build/AP3A.240905.015.A2; wv) AppleWebKit/537.36 (KHTML, like Gecko) Version/4.0 Chrome/139.0.7258.158 Mobile Safari/537.36 [FB_IAB/FB4A;FBAV/530.0.0.48.74;IABMV/1;]"
102.221.56.29 - - [16/Sep/2025:08:21:53 -0400] "GET /wp-content/uploads/2024/09/%D9%85%D8%B2%D8%A7%D8%AF-%D8%AC%D9%85%D8%A7%D8%B1%D9%83-.jpg HTTP/1.1" 200 51411 "https://alshaer-news.com/?p=2938&utm_medium=social&utm_source=heylink.me" "Mozilla/5.0 (Linux; Android 15; SM-A165F Build/AP3A.240905.015.A2; wv) AppleWebKit/537.36 (KHTML, like Gecko) Version/4.0 Chrome/139.0.7258.158 Mobile Safari/537.36 [FB_IAB/FB4A;FBAV/530.0.0.48.74;IABMV/1;]"
102.221.56.29 - - [16/Sep/2025:08:21:54 -0400] "GET /wp-includes/js/dist/i18n.min.js?ver=5e580eb46a90c2b997e6 HTTP/1.1" 200 3542 "https://alshaer-news.com/?p=2938&utm_medium=social&utm_source=heylink.me" "Mozilla/5.0 (Linux; Android 15; SM-A165F Build/AP3A.240905.015.A2; wv) AppleWebKit/537.36 (KHTML, like Gecko) Version/4.0 Chrome/139.0.7258.158 Mobile Safari/537.36 [FB_IAB/FB4A;FBAV/530.0.0.48.74;IABMV/1;]"
102.221.56.29 - - [16/Sep/2025:08:21:55 -0400] "GET /wp-content/plugins/contact-form-7/includes/swv/js/index.js?ver=6.0.6 HTTP/1.1" 200 3369 "https://alshaer-news.com/?p=2938&utm_medium=social&utm_source=heylink.me" "Mozilla/5.0 (Linux; Android 15; SM-A165F Build/AP3A.240905.015.A2; wv) AppleWebKit/537.36 (KHTML, like Gecko) Version/4.0 Chrome/139.0.7258.158 Mobile Safari/537.36 [FB_IAB/FB4A;FBAV/530.0.0.48.74;IABMV/1;]"
102.221.56.29 - - [16/Sep/2025:08:21:55 -0400] "GET /wp-content/plugins/contact-form-7/includes/js/index.js?ver=6.0.6 HTTP/1.1" 200 4008 "https://alshaer-news.com/?p=2938&utm_medium=social&utm_source=heylink.me" "Mozilla/5.0 (Linux; Android 15; SM-A165F Build/AP3A.240905.015.A2; wv) AppleWebKit/537.36 (KHTML, like Gecko) Version/4.0 Chrome/139.0.7258.158 Mobile Safari/537.36 [FB_IAB/FB4A;FBAV/530.0.0.48.74;IABMV/1;]"
102.221.56.29 - - [16/Sep/2025:08:21:55 -0400] "GET /wp-content/themes/newsplus/assets/js/main.js?ver=37.00 HTTP/1.1" 200 1317 "https://alshaer-news.com/?p=2938&utm_medium=social&utm_source=heylink.me" "Mozilla/5.0 (Linux; Android 15; SM-A165F Build/AP3A.240905.015.A2; wv) AppleWebKit/537.36 (KHTML, like Gecko) Version/4.0 Chrome/139.0.7258.158 Mobile Safari/537.36 [FB_IAB/FB4A;FBAV/530.0.0.48.74;IABMV/1;]"
102.221.56.29 - - [16/Sep/2025:08:21:55 -0400] "GET /wp-includes/js/comment-reply.min.js?ver=6.8.2 HTTP/1.1" 200 1247 "https://alshaer-news.com/?p=2938&utm_medium=social&utm_source=heylink.me" "Mozilla/5.0 (Linux; Android 15; SM-A165F Build/AP3A.240905.015.A2; wv) AppleWebKit/537.36 (KHTML, like Gecko) Version/4.0 Chrome/139.0.7258.158 Mobile Safari/537.36 [FB_IAB/FB4A;FBAV/530.0.0.48.74;IABMV/1;]"
102.221.56.29 - - [16/Sep/2025:08:21:55 -0400] "GET /wp-content/uploads/2024/09/%D9%85%D8%B2%D8%A7%D8%AF-%D8%AC%D9%85%D8%A7%D8%B1%D9%83--360x200.jpg HTTP/1.1" 200 27863 "https://alshaer-news.com/?p=2938&utm_medium=social&utm_source=heylink.me" "Mozilla/5.0 (Linux; Android 15; SM-A165F Build/AP3A.240905.015.A2; wv) AppleWebKit/537.36 (KHTML, like Gecko) Version/4.0 Chrome/139.0.7258.158 Mobile Safari/537.36 [FB_IAB/FB4A;FBAV/530.0.0.48.74;IABMV/1;]"
102.221.56.29 - - [16/Sep/2025:08:21:55 -0400] "GET /wp-content/uploads/2025/08/IMG-20250824-WA0030-360x200.jpg HTTP/1.1" 200 15692 "https://alshaer-news.com/?p=2938&utm_medium=social&utm_source=heylink.me" "Mozilla/5.0 (Linux; Android 15; SM-A165F Build/AP3A.240905.015.A2; wv) AppleWebKit/537.36 (KHTML, like Gecko) Version/4.0 Chrome/139.0.7258.158 Mobile Safari/537.36 [FB_IAB/FB4A;FBAV/530.0.0.48.74;IABMV/1;]"
102.221.56.29 - - [16/Sep/2025:08:21:55 -0400] "GET /wp-content/uploads/2025/07/IMG_8282480856-360x200.jpg HTTP/1.1" 200 20934 "https://alshaer-news.com/?p=2938&utm_medium=social&utm_source=heylink.me" "Mozilla/5.0 (Linux; Android 15; SM-A165F Build/AP3A.240905.015.A2; wv) AppleWebKit/537.36 (KHTML, like Gecko) Version/4.0 Chrome/139.0.7258.158 Mobile Safari/537.36 [FB_IAB/FB4A;FBAV/530.0.0.48.74;IABMV/1;]"
102.221.56.29 - - [16/Sep/2025:08:21:55 -0400] "GET /wp-content/uploads/2025/05/FB_IMG_1746291435288-360x200.jpg HTTP/1.1" 200 16248 "https://alshaer-news.com/?p=2938&utm_medium=social&utm_source=heylink.me" "Mozilla/5.0 (Linux; Android 15; SM-A165F Build/AP3A.240905.015.A2; wv) AppleWebKit/537.36 (KHTML, like Gecko) Version/4.0 Chrome/139.0.7258.158 Mobile Safari/537.36 [FB_IAB/FB4A;FBAV/530.0.0.48.74;IABMV/1;]"
102.221.56.29 - - [16/Sep/2025:08:21:55 -0400] "GET /wp-content/uploads/2025/02/%D9%A2%D9%A0%D9%A2%D9%A5%D9%A0%D9%A2%D9%A0%D9%A6_%D9%A2%D9%A2%D9%A4%D9%A9%D9%A0%D9%A1-360x200.jpg HTTP/1.1" 200 17316 "https://alshaer-news.com/?p=2938&utm_medium=social&utm_source=heylink.me" "Mozilla/5.0 (Linux; Android 15; SM-A165F Build/AP3A.240905.015.A2; wv) AppleWebKit/537.36 (KHTML, like Gecko) Version/4.0 Chrome/139.0.7258.158 Mobile Safari/537.36 [FB_IAB/FB4A;FBAV/530.0.0.48.74;IABMV/1;]"
102.221.56.29 - - [16/Sep/2025:08:21:55 -0400] "GET /wp-content/uploads/2024/12/%D9%85%D8%AD%D9%85%D8%AF-%D8%A8%D9%86-%D8%B3%D9%84%D9%85%D8%A7%D9%86--360x200.jpg HTTP/1.1" 200 17160 "https://alshaer-news.com/?p=2938&utm_medium=social&utm_source=heylink.me" "Mozilla/5.0 (Linux; Android 15; SM-A165F Build/AP3A.240905.015.A2; wv) AppleWebKit/537.36 (KHTML, like Gecko) Version/4.0 Chrome/139.0.7258.158 Mobile Safari/537.36 [FB_IAB/FB4A;FBAV/530.0.0.48.74;IABMV/1;]"
102.221.56.29 - - [16/Sep/2025:08:21:55 -0400] "GET /wp-content/uploads/2025/09/IMG-20250910-WA0000-360x200.jpg HTTP/1.1" 200 17269 "https://alshaer-news.com/?p=2938&utm_medium=social&utm_source=heylink.me" "Mozilla/5.0 (Linux; Android 15; SM-A165F Build/AP3A.240905.015.A2; wv) AppleWebKit/537.36 (KHTML, like Gecko) Version/4.0 Chrome/139.0.7258.158 Mobile Safari/537.36 [FB_IAB/FB4A;FBAV/530.0.0.48.74;IABMV/1;]"
102.221.56.29 - - [16/Sep/2025:08:21:55 -0400] "GET /wp-content/uploads/2025/09/%D9%A2%D9%A0%D9%A2%D9%A5%D9%A0%D9%A9%D9%A0%D9%A9_%D9%A2%D9%A3%D9%A4%D9%A9%D9%A3%D9%A7-360x200.jpg HTTP/1.1" 200 22224 "https://alshaer-news.com/?p=2938&utm_medium=social&utm_source=heylink.me" "Mozilla/5.0 (Linux; Android 15; SM-A165F Build/AP3A.240905.015.A2; wv) AppleWebKit/537.36 (KHTML, like Gecko) Version/4.0 Chrome/139.0.7258.158 Mobile Safari/537.36 [FB_IAB/FB4A;FBAV/530.0.0.48.74;IABMV/1;]"
102.221.56.29 - - [16/Sep/2025:08:21:55 -0400] "GET /wp-content/uploads/2025/06/IMG_4412545132-360x200.jpg HTTP/1.1" 200 21437 "https://alshaer-news.com/?p=2938&utm_medium=social&utm_source=heylink.me" "Mozilla/5.0 (Linux; Android 15; SM-A165F Build/AP3A.240905.015.A2; wv) AppleWebKit/537.36 (KHTML, like Gecko) Version/4.0 Chrome/139.0.7258.158 Mobile Safari/537.36 [FB_IAB/FB4A;FBAV/530.0.0.48.74;IABMV/1;]"
102.221.56.29 - - [16/Sep/2025:08:21:55 -0400] "GET /wp-content/uploads/2025/04/IMG_2620482203-360x200.jpg HTTP/1.1" 200 19869 "https://alshaer-news.com/?p=2938&utm_medium=social&utm_source=heylink.me" "Mozilla/5.0 (Linux; Android 15; SM-A165F Build/AP3A.240905.015.A2; wv) AppleWebKit/537.36 (KHTML, like Gecko) Version/4.0 Chrome/139.0.7258.158 Mobile Safari/537.36 [FB_IAB/FB4A;FBAV/530.0.0.48.74;IABMV/1;]"
77.44.135.87 - - [16/Sep/2025:08:21:55 -0400] "GET /favicon.ico HTTP/1.1" 500 1307 "https://alshaer-news.com/?author=1" "Mozilla/5.0 (Linux; Android 10; ART-L29 Build/HUAWEIART-L29; wv) AppleWebKit/537.36 (KHTML, like Gecko) Version/4.0 Chrome/92.0.4515.105 Mobile Safari/537.36 [FB_IAB/FB4A;FBAV/511.0.0.73.36;]"
77.44.135.87 - - [16/Sep/2025:08:21:56 -0400] "GET /?p=2885&utm_medium=social&utm_source=heylink.me HTTP/1.1" 200 16885 "https://heylink.me/tmeCar/?fbclid=IwY2xjawM2NW5leHRuA2FlbQIxMQABHirGU69hzWvmyVkuhfnuuthJUgsRYki3J1bnI4EjybI8nEA9KItjyVgechpl_aem_p2rU-ErABeTM4Gu2m9ZFjA" "Mozilla/5.0 (Linux; Android 10; ART-L29 Build/HUAWEIART-L29; wv) AppleWebKit/537.36 (KHTML, like Gecko) Version/4.0 Chrome/92.0.4515.105 Mobile Safari/537.36 [FB_IAB/FB4A;FBAV/511.0.0.73.36;]"
185.225.40.81 - - [16/Sep/2025:08:21:59 -0400] "GET /favicon.ico HTTP/1.1" 500 1112 "https://alshaer-news.com/?p=3026&utm_medium=social&utm_source=heylink.me" "Mozilla/5.0 (Linux; Android 14; Infinix X678B Build/UP1A.231005.007; wv) AppleWebKit/537.36 (KHTML, like Gecko) Version/4.0 Chrome/139.0.7258.151 Mobile Safari/537.36 [FB_IAB/FB4A;FBAV/528.0.0.62.74;IABMV/1;]"
178.52.85.190 - - [16/Sep/2025:08:22:06 -0400] "GET /?p=3026&utm_medium=social&utm_source=heylink.me HTTP/1.1" 200 14343 "https://heylink.me/tmeCar/" "Mozilla/5.0 (Linux; Android 15; SM-A245F Build/AP3A.240905.015.A2; wv) AppleWebKit/537.36 (KHTML, like Gecko) Version/4.0 Chrome/139.0.7258.151 Mobile Safari/537.36 [FB_IAB/FB4A;FBAV/528.0.0.62.74;IABMV/1;]"
178.52.85.190 - - [16/Sep/2025:08:22:06 -0400] "GET /wp-includes/css/dist/block-library/style-rtl.min.css?ver=6.8.2 HTTP/1.1" 200 14312 "https://alshaer-news.com/?p=3026&utm_medium=social&utm_source=heylink.me" "Mozilla/5.0 (Linux; Android 15; SM-A245F Build/AP3A.240905.015.A2; wv) AppleWebKit/537.36 (KHTML, like Gecko) Version/4.0 Chrome/139.0.7258.151 Mobile Safari/537.36 [FB_IAB/FB4A;FBAV/528.0.0.62.74;IABMV/1;]"
178.52.85.190 - - [16/Sep/2025:08:22:06 -0400] "GET /wp-content/plugins/contact-form-7/includes/css/styles.css?ver=6.0.6 HTTP/1.1" 200 890 "https://alshaer-news.com/?p=3026&utm_medium=social&utm_source=heylink.me" "Mozilla/5.0 (Linux; Android 15; SM-A245F Build/AP3A.240905.015.A2; wv) AppleWebKit/537.36 (KHTML, like Gecko) Version/4.0 Chrome/139.0.7258.151 Mobile Safari/537.36 [FB_IAB/FB4A;FBAV/528.0.0.62.74;IABMV/1;]"
178.52.85.190 - - [16/Sep/2025:08:22:06 -0400] "GET /wp-content/plugins/contact-form-7/includes/css/styles-rtl.css?ver=6.0.6 HTTP/1.1" 200 152 "https://alshaer-news.com/?p=3026&utm_medium=social&utm_source=heylink.me" "Mozilla/5.0 (Linux; Android 15; SM-A245F Build/AP3A.240905.015.A2; wv) AppleWebKit/537.36 (KHTML, like Gecko) Version/4.0 Chrome/139.0.7258.151 Mobile Safari/537.36 [FB_IAB/FB4A;FBAV/528.0.0.62.74;IABMV/1;]"
178.52.85.190 - - [16/Sep/2025:08:22:06 -0400] "GET /wp-content/plugins/cookie-notice/css/front.min.css?ver=2.5.6 HTTP/1.1" 200 951 "https://alshaer-news.com/?p=3026&utm_medium=social&utm_source=heylink.me" "Mozilla/5.0 (Linux; Android 15; SM-A245F Build/AP3A.240905.015.A2; wv) AppleWebKit/537.36 (KHTML, like Gecko) Version/4.0 Chrome/139.0.7258.151 Mobile Safari/537.36 [FB_IAB/FB4A;FBAV/528.0.0.62.74;IABMV/1;]"
178.52.85.190 - - [16/Sep/2025:08:22:06 -0400] "GET /wp-content/themes/newsplus/assets/css/bootstrap.min.css?ver=37.00 HTTP/1.1" 200 17696 "https://alshaer-news.com/?p=3026&utm_medium=social&utm_source=heylink.me" "Mozilla/5.0 (Linux; Android 15; SM-A245F Build/AP3A.240905.015.A2; wv) AppleWebKit/537.36 (KHTML, like Gecko) Version/4.0 Chrome/139.0.7258.151 Mobile Safari/537.36 [FB_IAB/FB4A;FBAV/528.0.0.62.74;IABMV/1;]"
178.52.85.190 - - [16/Sep/2025:08:22:06 -0400] "GET /wp-content/themes/newsplus/assets/fonts/fonts.css?ver=37.00 HTTP/1.1" 200 335 "https://alshaer-news.com/?p=3026&utm_medium=social&utm_source=heylink.me" "Mozilla/5.0 (Linux; Android 15; SM-A245F Build/AP3A.240905.015.A2; wv) AppleWebKit/537.36 (KHTML, like Gecko) Version/4.0 Chrome/139.0.7258.151 Mobile Safari/537.36 [FB_IAB/FB4A;FBAV/528.0.0.62.74;IABMV/1;]"
178.52.85.190 - - [16/Sep/2025:08:22:06 -0400] "GET /wp-content/themes/newsplus/style.css?ver=37.00 HTTP/1.1" 200 7414 "https://alshaer-news.com/?p=3026&utm_medium=social&utm_source=heylink.me" "Mozilla/5.0 (Linux; Android 15; SM-A245F Build/AP3A.240905.015.A2; wv) AppleWebKit/537.36 (KHTML, like Gecko) Version/4.0 Chrome/139.0.7258.151 Mobile Safari/537.36 [FB_IAB/FB4A;FBAV/528.0.0.62.74;IABMV/1;]"
178.52.85.190 - - [16/Sep/2025:08:22:06 -0400] "GET /wp-content/plugins/cookie-notice/js/front.min.js?ver=2.5.6 HTTP/1.1" 200 1964 "https://alshaer-news.com/?p=3026&utm_medium=social&utm_source=heylink.me" "Mozilla/5.0 (Linux; Android 15; SM-A245F Build/AP3A.240905.015.A2; wv) AppleWebKit/537.36 (KHTML, like Gecko) Version/4.0 Chrome/139.0.7258.151 Mobile Safari/537.36 [FB_IAB/FB4A;FBAV/528.0.0.62.74;IABMV/1;]"
178.52.85.190 - - [16/Sep/2025:08:22:06 -0400] "GET /wp-includes/js/jquery/jquery.min.js?ver=3.7.1 HTTP/1.1" 200 29744 "https://alshaer-news.com/?p=3026&utm_medium=social&utm_source=heylink.me" "Mozilla/5.0 (Linux; Android 15; SM-A245F Build/AP3A.240905.015.A2; wv) AppleWebKit/537.36 (KHTML, like Gecko) Version/4.0 Chrome/139.0.7258.151 Mobile Safari/537.36 [FB_IAB/FB4A;FBAV/528.0.0.62.74;IABMV/1;]"
178.52.85.190 - - [16/Sep/2025:08:22:06 -0400] "GET /wp-includes/js/jquery/jquery-migrate.min.js?ver=3.4.1 HTTP/1.1" 200 4678 "https://alshaer-news.com/?p=3026&utm_medium=social&utm_source=heylink.me" "Mozilla/5.0 (Linux; Android 15; SM-A245F Build/AP3A.240905.015.A2; wv) AppleWebKit/537.36 (KHTML, like Gecko) Version/4.0 Chrome/139.0.7258.151 Mobile Safari/537.36 [FB_IAB/FB4A;FBAV/528.0.0.62.74;IABMV/1;]"
178.52.85.190 - - [16/Sep/2025:08:22:06 -0400] "GET /wp-content/themes/newsplus/assets/img/logo.png HTTP/1.1" 200 43754 "https://alshaer-news.com/?p=3026&utm_medium=social&utm_source=heylink.me" "Mozilla/5.0 (Linux; Android 15; SM-A245F Build/AP3A.240905.015.A2; wv) AppleWebKit/537.36 (KHTML, like Gecko) Version/4.0 Chrome/139.0.7258.151 Mobile Safari/537.36 [FB_IAB/FB4A;FBAV/528.0.0.62.74;IABMV/1;]"
178.52.85.190 - - [16/Sep/2025:08:22:06 -0400] "GET /wp-content/uploads/2025/07/IMG_8282480856-1536x1431.jpg HTTP/1.1" 200 270775 "https://alshaer-news.com/?p=3026&utm_medium=social&utm_source=heylink.me" "Mozilla/5.0 (Linux; Android 15; SM-A245F Build/AP3A.240905.015.A2; wv) AppleWebKit/537.36 (KHTML, like Gecko) Version/4.0 Chrome/139.0.7258.151 Mobile Safari/537.36 [FB_IAB/FB4A;FBAV/528.0.0.62.74;IABMV/1;]"
178.52.85.190 - - [16/Sep/2025:08:22:06 -0400] "GET /wp-includes/js/dist/hooks.min.js?ver=4d63a3d491d11ffd8ac6 HTTP/1.1" 200 1571 "https://alshaer-news.com/?p=3026&utm_medium=social&utm_source=heylink.me" "Mozilla/5.0 (Linux; Android 15; SM-A245F Build/AP3A.240905.015.A2; wv) AppleWebKit/537.36 (KHTML, like Gecko) Version/4.0 Chrome/139.0.7258.151 Mobile Safari/537.36 [FB_IAB/FB4A;FBAV/528.0.0.62.74;IABMV/1;]"
178.52.85.190 - - [16/Sep/2025:08:22:07 -0400] "GET /wp-includes/js/dist/i18n.min.js?ver=5e580eb46a90c2b997e6 HTTP/1.1" 200 3542 "https://alshaer-news.com/?p=3026&utm_medium=social&utm_source=heylink.me" "Mozilla/5.0 (Linux; Android 15; SM-A245F Build/AP3A.240905.015.A2; wv) AppleWebKit/537.36 (KHTML, like Gecko) Version/4.0 Chrome/139.0.7258.151 Mobile Safari/537.36 [FB_IAB/FB4A;FBAV/528.0.0.62.74;IABMV/1;]"
178.52.85.190 - - [16/Sep/2025:08:22:07 -0400] "GET /wp-content/plugins/contact-form-7/includes/swv/js/index.js?ver=6.0.6 HTTP/1.1" 200 3369 "https://alshaer-news.com/?p=3026&utm_medium=social&utm_source=heylink.me" "Mozilla/5.0 (Linux; Android 15; SM-A245F Build/AP3A.240905.015.A2; wv) AppleWebKit/537.36 (KHTML, like Gecko) Version/4.0 Chrome/139.0.7258.151 Mobile Safari/537.36 [FB_IAB/FB4A;FBAV/528.0.0.62.74;IABMV/1;]"
178.52.85.190 - - [16/Sep/2025:08:22:07 -0400] "GET /wp-content/plugins/contact-form-7/includes/js/index.js?ver=6.0.6 HTTP/1.1" 200 4008 "https://alshaer-news.com/?p=3026&utm_medium=social&utm_source=heylink.me" "Mozilla/5.0 (Linux; Android 15; SM-A245F Build/AP3A.240905.015.A2; wv) AppleWebKit/537.36 (KHTML, like Gecko) Version/4.0 Chrome/139.0.7258.151 Mobile Safari/537.36 [FB_IAB/FB4A;FBAV/528.0.0.62.74;IABMV/1;]"
178.52.85.190 - - [16/Sep/2025:08:22:07 -0400] "GET /wp-content/themes/newsplus/assets/js/main.js?ver=37.00 HTTP/1.1" 200 1317 "https://alshaer-news.com/?p=3026&utm_medium=social&utm_source=heylink.me" "Mozilla/5.0 (Linux; Android 15; SM-A245F Build/AP3A.240905.015.A2; wv) AppleWebKit/537.36 (KHTML, like Gecko) Version/4.0 Chrome/139.0.7258.151 Mobile Safari/537.36 [FB_IAB/FB4A;FBAV/528.0.0.62.74;IABMV/1;]"
178.52.85.190 - - [16/Sep/2025:08:22:08 -0400] "GET /wp-includes/js/comment-reply.min.js?ver=6.8.2 HTTP/1.1" 200 1247 "https://alshaer-news.com/?p=3026&utm_medium=social&utm_source=heylink.me" "Mozilla/5.0 (Linux; Android 15; SM-A245F Build/AP3A.240905.015.A2; wv) AppleWebKit/537.36 (KHTML, like Gecko) Version/4.0 Chrome/139.0.7258.151 Mobile Safari/537.36 [FB_IAB/FB4A;FBAV/528.0.0.62.74;IABMV/1;]"
178.52.85.190 - - [16/Sep/2025:08:22:08 -0400] "GET /wp-content/uploads/2025/07/IMG_8282480856-360x200.jpg HTTP/1.1" 200 20934 "https://alshaer-news.com/?p=3026&utm_medium=social&utm_source=heylink.me" "Mozilla/5.0 (Linux; Android 15; SM-A245F Build/AP3A.240905.015.A2; wv) AppleWebKit/537.36 (KHTML, like Gecko) Version/4.0 Chrome/139.0.7258.151 Mobile Safari/537.36 [FB_IAB/FB4A;FBAV/528.0.0.62.74;IABMV/1;]"
178.52.85.190 - - [16/Sep/2025:08:22:08 -0400] "GET /wp-content/uploads/2025/08/IMG-20250824-WA0030-360x200.jpg HTTP/1.1" 200 15692 "https://alshaer-news.com/?p=3026&utm_medium=social&utm_source=heylink.me" "Mozilla/5.0 (Linux; Android 15; SM-A245F Build/AP3A.240905.015.A2; wv) AppleWebKit/537.36 (KHTML, like Gecko) Version/4.0 Chrome/139.0.7258.151 Mobile Safari/537.36 [FB_IAB/FB4A;FBAV/528.0.0.62.74;IABMV/1;]"
178.52.85.190 - - [16/Sep/2025:08:22:08 -0400] "GET /wp-content/uploads/2025/05/FB_IMG_1746291435288-360x200.jpg HTTP/1.1" 200 16248 "https://alshaer-news.com/?p=3026&utm_medium=social&utm_source=heylink.me" "Mozilla/5.0 (Linux; Android 15; SM-A245F Build/AP3A.240905.015.A2; wv) AppleWebKit/537.36 (KHTML, like Gecko) Version/4.0 Chrome/139.0.7258.151 Mobile Safari/537.36 [FB_IAB/FB4A;FBAV/528.0.0.62.74;IABMV/1;]"
178.52.85.190 - - [16/Sep/2025:08:22:08 -0400] "GET /wp-content/uploads/2025/02/%D9%A2%D9%A0%D9%A2%D9%A5%D9%A0%D9%A2%D9%A0%D9%A6_%D9%A2%D9%A2%D9%A4%D9%A9%D9%A0%D9%A1-360x200.jpg HTTP/1.1" 200 17316 "https://alshaer-news.com/?p=3026&utm_medium=social&utm_source=heylink.me" "Mozilla/5.0 (Linux; Android 15; SM-A245F Build/AP3A.240905.015.A2; wv) AppleWebKit/537.36 (KHTML, like Gecko) Version/4.0 Chrome/139.0.7258.151 Mobile Safari/537.36 [FB_IAB/FB4A;FBAV/528.0.0.62.74;IABMV/1;]"
178.52.85.190 - - [16/Sep/2025:08:22:08 -0400] "GET /wp-content/uploads/2024/12/%D9%85%D8%AD%D9%85%D8%AF-%D8%A8%D9%86-%D8%B3%D9%84%D9%85%D8%A7%D9%86--360x200.jpg HTTP/1.1" 200 17160 "https://alshaer-news.com/?p=3026&utm_medium=social&utm_source=heylink.me" "Mozilla/5.0 (Linux; Android 15; SM-A245F Build/AP3A.240905.015.A2; wv) AppleWebKit/537.36 (KHTML, like Gecko) Version/4.0 Chrome/139.0.7258.151 Mobile Safari/537.36 [FB_IAB/FB4A;FBAV/528.0.0.62.74;IABMV/1;]"
178.52.85.190 - - [16/Sep/2025:08:22:08 -0400] "GET /wp-content/uploads/2024/09/%D9%85%D8%B2%D8%A7%D8%AF-%D8%AC%D9%85%D8%A7%D8%B1%D9%83--360x200.jpg HTTP/1.1" 200 27863 "https://alshaer-news.com/?p=3026&utm_medium=social&utm_source=heylink.me" "Mozilla/5.0 (Linux; Android 15; SM-A245F Build/AP3A.240905.015.A2; wv) AppleWebKit/537.36 (KHTML, like Gecko) Version/4.0 Chrome/139.0.7258.151 Mobile Safari/537.36 [FB_IAB/FB4A;FBAV/528.0.0.62.74;IABMV/1;]"
178.52.85.190 - - [16/Sep/2025:08:22:08 -0400] "GET /wp-content/uploads/2025/09/IMG-20250910-WA0000-360x200.jpg HTTP/1.1" 200 17269 "https://alshaer-news.com/?p=3026&utm_medium=social&utm_source=heylink.me" "Mozilla/5.0 (Linux; Android 15; SM-A245F Build/AP3A.240905.015.A2; wv) AppleWebKit/537.36 (KHTML, like Gecko) Version/4.0 Chrome/139.0.7258.151 Mobile Safari/537.36 [FB_IAB/FB4A;FBAV/528.0.0.62.74;IABMV/1;]"
178.52.85.190 - - [16/Sep/2025:08:22:08 -0400] "GET /wp-content/uploads/2025/09/%D9%A2%D9%A0%D9%A2%D9%A5%D9%A0%D9%A9%D9%A0%D9%A9_%D9%A2%D9%A3%D9%A4%D9%A9%D9%A3%D9%A7-360x200.jpg HTTP/1.1" 200 22224 "https://alshaer-news.com/?p=3026&utm_medium=social&utm_source=heylink.me" "Mozilla/5.0 (Linux; Android 15; SM-A245F Build/AP3A.240905.015.A2; wv) AppleWebKit/537.36 (KHTML, like Gecko) Version/4.0 Chrome/139.0.7258.151 Mobile Safari/537.36 [FB_IAB/FB4A;FBAV/528.0.0.62.74;IABMV/1;]"
178.52.85.190 - - [16/Sep/2025:08:22:08 -0400] "GET /wp-content/uploads/2025/06/IMG_4412545132-360x200.jpg HTTP/1.1" 200 21437 "https://alshaer-news.com/?p=3026&utm_medium=social&utm_source=heylink.me" "Mozilla/5.0 (Linux; Android 15; SM-A245F Build/AP3A.240905.015.A2; wv) AppleWebKit/537.36 (KHTML, like Gecko) Version/4.0 Chrome/139.0.7258.151 Mobile Safari/537.36 [FB_IAB/FB4A;FBAV/528.0.0.62.74;IABMV/1;]"
178.52.85.190 - - [16/Sep/2025:08:22:08 -0400] "GET /wp-content/uploads/2025/04/IMG_2620482203-360x200.jpg HTTP/1.1" 200 19869 "https://alshaer-news.com/?p=3026&utm_medium=social&utm_source=heylink.me" "Mozilla/5.0 (Linux; Android 15; SM-A245F Build/AP3A.240905.015.A2; wv) AppleWebKit/537.36 (KHTML, like Gecko) Version/4.0 Chrome/139.0.7258.151 Mobile Safari/537.36 [FB_IAB/FB4A;FBAV/528.0.0.62.74;IABMV/1;]"
102.221.56.29 - - [16/Sep/2025:08:22:10 -0400] "GET /favicon.ico HTTP/1.1" 500 1112 "https://alshaer-news.com/?p=2938&utm_medium=social&utm_source=heylink.me" "Mozilla/5.0 (Linux; Android 15; SM-A165F Build/AP3A.240905.015.A2; wv) AppleWebKit/537.36 (KHTML, like Gecko) Version/4.0 Chrome/139.0.7258.158 Mobile Safari/537.36 [FB_IAB/FB4A;FBAV/530.0.0.48.74;IABMV/1;]"
188.160.236.60 - - [16/Sep/2025:08:22:16 -0400] "GET /favicon.ico HTTP/1.1" 500 1112 "https://alshaer-news.com/?p=3026&utm_medium=social&utm_source=heylink.me" "Mozilla/5.0 (Linux; Android 10; Infinix X682B Build/QP1A.190711.020; wv) AppleWebKit/537.36 (KHTML, like Gecko) Version/4.0 Chrome/139.0.7258.160 Mobile Safari/537.36 [FB_IAB/FB4A;FBAV/530.0.0.48.74;IABMV/1;]"
178.52.85.190 - - [16/Sep/2025:08:22:17 -0400] "GET /favicon.ico HTTP/1.1" 500 1112 "https://alshaer-news.com/?p=3026&utm_medium=social&utm_source=heylink.me" "Mozilla/5.0 (Linux; Android 15; SM-A245F Build/AP3A.240905.015.A2; wv) AppleWebKit/537.36 (KHTML, like Gecko) Version/4.0 Chrome/139.0.7258.151 Mobile Safari/537.36 [FB_IAB/FB4A;FBAV/528.0.0.62.74;IABMV/1;]"
188.160.236.60 - - [16/Sep/2025:08:22:18 -0400] "GET /wp-content/themes/newsplus/assets/img/logo.png HTTP/1.1" 200 43754 "fbapp://350685531728/unknown" "[FBAN/FB4A;FBAV/530.0.0.48.74;FBBV/789633415;FBDM/{density=2.0,width=720,height=1464};FBLC/ar_AR;FBRV/792245187;FBCR/MTN;FBMF/INFINIX MOBILITY LIMITED;FBBD/Infinix;FBPN/com.facebook.katana;FBDV/Infinix X682B;FBSV/10;FBOP/1;FBCA/arm64-v8a:;]"
188.160.236.60 - - [16/Sep/2025:08:22:18 -0400] "GET /wp-content/uploads/2025/07/IMG_8282480856.jpg HTTP/1.1" 200 836802 "fbapp://350685531728/unknown" "[FBAN/FB4A;FBAV/530.0.0.48.74;FBBV/789633415;FBDM/{density=2.0,width=720,height=1464};FBLC/ar_AR;FBRV/792245187;FBCR/MTN;FBMF/INFINIX MOBILITY LIMITED;FBBD/Infinix;FBPN/com.facebook.katana;FBDV/Infinix X682B;FBSV/10;FBOP/1;FBCA/arm64-v8a:;]"
102.221.56.29 - - [16/Sep/2025:08:22:36 -0400] "GET /?p=3026&utm_medium=social&utm_source=heylink.me HTTP/1.1" 200 14343 "https://heylink.me/whatsappcomchannel0029Vb6nFL02v1IrjKKy3d1v/?fbclid=IwY2xjawM2NZ9leHRuA2FlbQIxMQABHnUiH7BLVEE00TQ6NduZGmnWrE42g1oGneV3Ub1HEyNkp2UjEShqTUPCQK3v_aem_jbFBytcyMvT8sVG2g7Cmvw" "Mozilla/5.0 (Linux; Android 15; SM-A165F Build/AP3A.240905.015.A2; wv) AppleWebKit/537.36 (KHTML, like Gecko) Version/4.0 Chrome/139.0.7258.158 Mobile Safari/537.36 [FB_IAB/FB4A;FBAV/530.0.0.48.74;IABMV/1;]"
102.221.56.29 - - [16/Sep/2025:08:22:37 -0400] "GET /wp-content/uploads/2025/07/IMG_8282480856-1536x1431.jpg HTTP/1.1" 200 270775 "https://alshaer-news.com/?p=3026&utm_medium=social&utm_source=heylink.me" "Mozilla/5.0 (Linux; Android 15; SM-A165F Build/AP3A.240905.015.A2; wv) AppleWebKit/537.36 (KHTML, like Gecko) Version/4.0 Chrome/139.0.7258.158 Mobile Safari/537.36 [FB_IAB/FB4A;FBAV/530.0.0.48.74;IABMV/1;]"
156.38.54.186 - - [16/Sep/2025:08:22:38 -0400] "GET /?p=3014&utm_medium=social&utm_source=heylink.me HTTP/1.1" 200 14796 "https://heylink.me/whatsappcomchannel0029VbB7Nu58PgsMqBc0LS26/" "Mozilla/5.0 (Linux; U; Android 11; ar-ly; Infinix X695 Build/RP1A.200720.011) AppleWebKit/537.36 (KHTML, like Gecko) Chrome/109.0.5414.85 Mobile Safari/537.36 PHX/19.3"
156.38.54.186 - - [16/Sep/2025:08:22:38 -0400] "GET /wp-includes/css/dist/block-library/style-rtl.min.css?ver=6.8.2 HTTP/1.1" 200 14312 "https://alshaer-news.com/?p=3014&utm_medium=social&utm_source=heylink.me" "Mozilla/5.0 (Linux; U; Android 11; ar-ly; Infinix X695 Build/RP1A.200720.011) AppleWebKit/537.36 (KHTML, like Gecko) Chrome/109.0.5414.85 Mobile Safari/537.36 PHX/19.3"
156.38.54.186 - - [16/Sep/2025:08:22:38 -0400] "GET /wp-content/plugins/contact-form-7/includes/css/styles.css?ver=6.0.6 HTTP/1.1" 200 890 "https://alshaer-news.com/?p=3014&utm_medium=social&utm_source=heylink.me" "Mozilla/5.0 (Linux; U; Android 11; ar-ly; Infinix X695 Build/RP1A.200720.011) AppleWebKit/537.36 (KHTML, like Gecko) Chrome/109.0.5414.85 Mobile Safari/537.36 PHX/19.3"
156.38.54.186 - - [16/Sep/2025:08:22:38 -0400] "GET /wp-content/plugins/contact-form-7/includes/css/styles-rtl.css?ver=6.0.6 HTTP/1.1" 200 152 "https://alshaer-news.com/?p=3014&utm_medium=social&utm_source=heylink.me" "Mozilla/5.0 (Linux; U; Android 11; ar-ly; Infinix X695 Build/RP1A.200720.011) AppleWebKit/537.36 (KHTML, like Gecko) Chrome/109.0.5414.85 Mobile Safari/537.36 PHX/19.3"
156.38.54.186 - - [16/Sep/2025:08:22:38 -0400] "GET /wp-content/plugins/cookie-notice/css/front.min.css?ver=2.5.6 HTTP/1.1" 200 951 "https://alshaer-news.com/?p=3014&utm_medium=social&utm_source=heylink.me" "Mozilla/5.0 (Linux; U; Android 11; ar-ly; Infinix X695 Build/RP1A.200720.011) AppleWebKit/537.36 (KHTML, like Gecko) Chrome/109.0.5414.85 Mobile Safari/537.36 PHX/19.3"
156.38.54.186 - - [16/Sep/2025:08:22:38 -0400] "GET /wp-content/themes/newsplus/assets/fonts/fonts.css?ver=37.00 HTTP/1.1" 200 335 "https://alshaer-news.com/?p=3014&utm_medium=social&utm_source=heylink.me" "Mozilla/5.0 (Linux; U; Android 11; ar-ly; Infinix X695 Build/RP1A.200720.011) AppleWebKit/537.36 (KHTML, like Gecko) Chrome/109.0.5414.85 Mobile Safari/537.36 PHX/19.3"
156.38.54.186 - - [16/Sep/2025:08:22:38 -0400] "GET /wp-content/themes/newsplus/assets/css/bootstrap.min.css?ver=37.00 HTTP/1.1" 200 17696 "https://alshaer-news.com/?p=3014&utm_medium=social&utm_source=heylink.me" "Mozilla/5.0 (Linux; U; Android 11; ar-ly; Infinix X695 Build/RP1A.200720.011) AppleWebKit/537.36 (KHTML, like Gecko) Chrome/109.0.5414.85 Mobile Safari/537.36 PHX/19.3"
156.38.54.186 - - [16/Sep/2025:08:22:38 -0400] "GET /wp-content/themes/newsplus/style.css?ver=37.00 HTTP/1.1" 200 7414 "https://alshaer-news.com/?p=3014&utm_medium=social&utm_source=heylink.me" "Mozilla/5.0 (Linux; U; Android 11; ar-ly; Infinix X695 Build/RP1A.200720.011) AppleWebKit/537.36 (KHTML, like Gecko) Chrome/109.0.5414.85 Mobile Safari/537.36 PHX/19.3"
156.38.54.186 - - [16/Sep/2025:08:22:38 -0400] "GET /wp-includes/js/jquery/jquery.min.js?ver=3.7.1 HTTP/1.1" 200 29744 "https://alshaer-news.com/?p=3014&utm_medium=social&utm_source=heylink.me" "Mozilla/5.0 (Linux; U; Android 11; ar-ly; Infinix X695 Build/RP1A.200720.011) AppleWebKit/537.36 (KHTML, like Gecko) Chrome/109.0.5414.85 Mobile Safari/537.36 PHX/19.3"
156.38.54.186 - - [16/Sep/2025:08:22:38 -0400] "GET /wp-includes/js/jquery/jquery-migrate.min.js?ver=3.4.1 HTTP/1.1" 200 4678 "https://alshaer-news.com/?p=3014&utm_medium=social&utm_source=heylink.me" "Mozilla/5.0 (Linux; U; Android 11; ar-ly; Infinix X695 Build/RP1A.200720.011) AppleWebKit/537.36 (KHTML, like Gecko) Chrome/109.0.5414.85 Mobile Safari/537.36 PHX/19.3"
156.38.54.186 - - [16/Sep/2025:08:22:38 -0400] "GET /wp-content/plugins/cookie-notice/js/front.min.js?ver=2.5.6 HTTP/1.1" 200 1964 "https://alshaer-news.com/?p=3014&utm_medium=social&utm_source=heylink.me" "Mozilla/5.0 (Linux; U; Android 11; ar-ly; Infinix X695 Build/RP1A.200720.011) AppleWebKit/537.36 (KHTML, like Gecko) Chrome/109.0.5414.85 Mobile Safari/537.36 PHX/19.3"
156.38.54.186 - - [16/Sep/2025:08:22:38 -0400] "GET /wp-includes/js/dist/hooks.min.js?ver=4d63a3d491d11ffd8ac6 HTTP/1.1" 200 1571 "https://alshaer-news.com/?p=3014&utm_medium=social&utm_source=heylink.me" "Mozilla/5.0 (Linux; U; Android 11; ar-ly; Infinix X695 Build/RP1A.200720.011) AppleWebKit/537.36 (KHTML, like Gecko) Chrome/109.0.5414.85 Mobile Safari/537.36 PHX/19.3"
156.38.54.186 - - [16/Sep/2025:08:22:38 -0400] "GET /wp-content/themes/newsplus/assets/img/logo.png HTTP/1.1" 200 43754 "https://alshaer-news.com/?p=3014&utm_medium=social&utm_source=heylink.me" "Mozilla/5.0 (Linux; U; Android 11; ar-ly; Infinix X695 Build/RP1A.200720.011) AppleWebKit/537.36 (KHTML, like Gecko) Chrome/109.0.5414.85 Mobile Safari/537.36 PHX/19.3"
156.38.54.186 - - [16/Sep/2025:08:22:38 -0400] "GET /wp-content/uploads/2025/06/IMG_4412545132-1536x1536.jpg HTTP/1.1" 200 257700 "https://alshaer-news.com/?p=3014&utm_medium=social&utm_source=heylink.me" "Mozilla/5.0 (Linux; U; Android 11; ar-ly; Infinix X695 Build/RP1A.200720.011) AppleWebKit/537.36 (KHTML, like Gecko) Chrome/109.0.5414.85 Mobile Safari/537.36 PHX/19.3"
156.38.54.186 - - [16/Sep/2025:08:22:39 -0400] "GET /wp-includes/js/dist/i18n.min.js?ver=5e580eb46a90c2b997e6 HTTP/1.1" 200 3542 "https://alshaer-news.com/?p=3014&utm_medium=social&utm_source=heylink.me" "Mozilla/5.0 (Linux; U; Android 11; ar-ly; Infinix X695 Build/RP1A.200720.011) AppleWebKit/537.36 (KHTML, like Gecko) Chrome/109.0.5414.85 Mobile Safari/537.36 PHX/19.3"
156.38.54.186 - - [16/Sep/2025:08:22:39 -0400] "GET /wp-content/plugins/contact-form-7/includes/swv/js/index.js?ver=6.0.6 HTTP/1.1" 200 3369 "https://alshaer-news.com/?p=3014&utm_medium=social&utm_source=heylink.me" "Mozilla/5.0 (Linux; U; Android 11; ar-ly; Infinix X695 Build/RP1A.200720.011) AppleWebKit/537.36 (KHTML, like Gecko) Chrome/109.0.5414.85 Mobile Safari/537.36 PHX/19.3"
156.38.54.186 - - [16/Sep/2025:08:22:39 -0400] "GET /wp-content/plugins/contact-form-7/includes/js/index.js?ver=6.0.6 HTTP/1.1" 200 4008 "https://alshaer-news.com/?p=3014&utm_medium=social&utm_source=heylink.me" "Mozilla/5.0 (Linux; U; Android 11; ar-ly; Infinix X695 Build/RP1A.200720.011) AppleWebKit/537.36 (KHTML, like Gecko) Chrome/109.0.5414.85 Mobile Safari/537.36 PHX/19.3"
156.38.54.186 - - [16/Sep/2025:08:22:39 -0400] "GET /wp-content/themes/newsplus/assets/js/main.js?ver=37.00 HTTP/1.1" 200 1317 "https://alshaer-news.com/?p=3014&utm_medium=social&utm_source=heylink.me" "Mozilla/5.0 (Linux; U; Android 11; ar-ly; Infinix X695 Build/RP1A.200720.011) AppleWebKit/537.36 (KHTML, like Gecko) Chrome/109.0.5414.85 Mobile Safari/537.36 PHX/19.3"
156.38.54.186 - - [16/Sep/2025:08:22:39 -0400] "GET /wp-includes/js/comment-reply.min.js?ver=6.8.2 HTTP/1.1" 200 1247 "https://alshaer-news.com/?p=3014&utm_medium=social&utm_source=heylink.me" "Mozilla/5.0 (Linux; U; Android 11; ar-ly; Infinix X695 Build/RP1A.200720.011) AppleWebKit/537.36 (KHTML, like Gecko) Chrome/109.0.5414.85 Mobile Safari/537.36 PHX/19.3"
156.38.54.186 - - [16/Sep/2025:08:22:39 -0400] "GET /wp-content/uploads/2025/06/IMG_4412545132-360x200.jpg HTTP/1.1" 200 21437 "https://alshaer-news.com/?p=3014&utm_medium=social&utm_source=heylink.me" "Mozilla/5.0 (Linux; U; Android 11; ar-ly; Infinix X695 Build/RP1A.200720.011) AppleWebKit/537.36 (KHTML, like Gecko) Chrome/109.0.5414.85 Mobile Safari/537.36 PHX/19.3"
156.38.54.186 - - [16/Sep/2025:08:22:39 -0400] "GET /wp-content/uploads/2025/04/IMG_2620482203-360x200.jpg HTTP/1.1" 200 19869 "https://alshaer-news.com/?p=3014&utm_medium=social&utm_source=heylink.me" "Mozilla/5.0 (Linux; U; Android 11; ar-ly; Infinix X695 Build/RP1A.200720.011) AppleWebKit/537.36 (KHTML, like Gecko) Chrome/109.0.5414.85 Mobile Safari/537.36 PHX/19.3"
156.38.54.186 - - [16/Sep/2025:08:22:39 -0400] "GET /wp-content/uploads/2024/08/FB_IMG_1723739515245-360x200.jpg HTTP/1.1" 200 12051 "https://alshaer-news.com/?p=3014&utm_medium=social&utm_source=heylink.me" "Mozilla/5.0 (Linux; U; Android 11; ar-ly; Infinix X695 Build/RP1A.200720.011) AppleWebKit/537.36 (KHTML, like Gecko) Chrome/109.0.5414.85 Mobile Safari/537.36 PHX/19.3"
156.38.54.186 - - [16/Sep/2025:08:22:39 -0400] "GET /wp-content/uploads/2024/08/%D8%A8%D9%84%D8%AF%D9%8A%D8%A9-%D8%AA%D9%88%D9%86%D8%B3-%D8%B3%D8%A7%D8%AD%D8%A9-%D8%A7%D9%84%D9%82%D8%B5%D8%A8%D8%A9-Godong-Getty-360x200.jpg HTTP/1.1" 200 15774 "https://alshaer-news.com/?p=3014&utm_medium=social&utm_source=heylink.me" "Mozilla/5.0 (Linux; U; Android 11; ar-ly; Infinix X695 Build/RP1A.200720.011) AppleWebKit/537.36 (KHTML, like Gecko) Chrome/109.0.5414.85 Mobile Safari/537.36 PHX/19.3"
156.38.54.186 - - [16/Sep/2025:08:22:39 -0400] "GET /wp-content/uploads/2024/08/GettyImages-644501407_1-360x200.jpg HTTP/1.1" 200 15364 "https://alshaer-news.com/?p=3014&utm_medium=social&utm_source=heylink.me" "Mozilla/5.0 (Linux; U; Android 11; ar-ly; Infinix X695 Build/RP1A.200720.011) AppleWebKit/537.36 (KHTML, like Gecko) Chrome/109.0.5414.85 Mobile Safari/537.36 PHX/19.3"
156.38.54.186 - - [16/Sep/2025:08:22:39 -0400] "GET /wp-content/uploads/2024/07/%D9%A2%D9%A0%D9%A2%D9%A4%D9%A0%D9%A7%D9%A2%D9%A8_%D9%A1%D9%A1%D9%A4%D9%A5%D9%A5%D9%A3-360x200.jpg HTTP/1.1" 200 11944 "https://alshaer-news.com/?p=3014&utm_medium=social&utm_source=heylink.me" "Mozilla/5.0 (Linux; U; Android 11; ar-ly; Infinix X695 Build/RP1A.200720.011) AppleWebKit/537.36 (KHTML, like Gecko) Chrome/109.0.5414.85 Mobile Safari/537.36 PHX/19.3"
156.38.54.186 - - [16/Sep/2025:08:22:39 -0400] "GET /wp-content/uploads/2025/07/IMG_8282480856-360x200.jpg HTTP/1.1" 200 20934 "https://alshaer-news.com/?p=3014&utm_medium=social&utm_source=heylink.me" "Mozilla/5.0 (Linux; U; Android 11; ar-ly; Infinix X695 Build/RP1A.200720.011) AppleWebKit/537.36 (KHTML, like Gecko) Chrome/109.0.5414.85 Mobile Safari/537.36 PHX/19.3"
156.38.54.186 - - [16/Sep/2025:08:22:39 -0400] "GET /wp-content/uploads/2025/09/IMG-20250910-WA0000-360x200.jpg HTTP/1.1" 200 17269 "https://alshaer-news.com/?p=3014&utm_medium=social&utm_source=heylink.me" "Mozilla/5.0 (Linux; U; Android 11; ar-ly; Infinix X695 Build/RP1A.200720.011) AppleWebKit/537.36 (KHTML, like Gecko) Chrome/109.0.5414.85 Mobile Safari/537.36 PHX/19.3"
156.38.54.186 - - [16/Sep/2025:08:22:39 -0400] "GET /wp-content/uploads/2025/08/IMG-20250824-WA0030-360x200.jpg HTTP/1.1" 200 15692 "https://alshaer-news.com/?p=3014&utm_medium=social&utm_source=heylink.me" "Mozilla/5.0 (Linux; U; Android 11; ar-ly; Infinix X695 Build/RP1A.200720.011) AppleWebKit/537.36 (KHTML, like Gecko) Chrome/109.0.5414.85 Mobile Safari/537.36 PHX/19.3"
156.38.54.186 - - [16/Sep/2025:08:22:39 -0400] "GET /wp-content/uploads/2025/05/FB_IMG_1746291435288-360x200.jpg HTTP/1.1" 200 16248 "https://alshaer-news.com/?p=3014&utm_medium=social&utm_source=heylink.me" "Mozilla/5.0 (Linux; U; Android 11; ar-ly; Infinix X695 Build/RP1A.200720.011) AppleWebKit/537.36 (KHTML, like Gecko) Chrome/109.0.5414.85 Mobile Safari/537.36 PHX/19.3"
156.38.54.186 - - [16/Sep/2025:08:22:39 -0400] "GET /wp-content/uploads/2025/09/%D9%A2%D9%A0%D9%A2%D9%A5%D9%A0%D9%A9%D9%A0%D9%A9_%D9%A2%D9%A3%D9%A4%D9%A9%D9%A3%D9%A7-360x200.jpg HTTP/1.1" 200 22224 "https://alshaer-news.com/?p=3014&utm_medium=social&utm_source=heylink.me" "Mozilla/5.0 (Linux; U; Android 11; ar-ly; Infinix X695 Build/RP1A.200720.011) AppleWebKit/537.36 (KHTML, like Gecko) Chrome/109.0.5414.85 Mobile Safari/537.36 PHX/19.3"
156.38.54.186 - - [16/Sep/2025:08:22:39 -0400] "GET /wp-content/uploads/2025/02/%D9%A2%D9%A0%D9%A2%D9%A5%D9%A0%D9%A2%D9%A0%D9%A6_%D9%A2%D9%A2%D9%A4%D9%A9%D9%A0%D9%A1-360x200.jpg HTTP/1.1" 200 17316 "https://alshaer-news.com/?p=3014&utm_medium=social&utm_source=heylink.me" "Mozilla/5.0 (Linux; U; Android 11; ar-ly; Infinix X695 Build/RP1A.200720.011) AppleWebKit/537.36 (KHTML, like Gecko) Chrome/109.0.5414.85 Mobile Safari/537.36 PHX/19.3"
156.38.54.186 - - [16/Sep/2025:08:22:39 -0400] "GET /wp-content/uploads/2024/09/%D9%85%D8%B2%D8%A7%D8%AF-%D8%AC%D9%85%D8%A7%D8%B1%D9%83--360x200.jpg HTTP/1.1" 200 27863 "https://alshaer-news.com/?p=3014&utm_medium=social&utm_source=heylink.me" "Mozilla/5.0 (Linux; U; Android 11; ar-ly; Infinix X695 Build/RP1A.200720.011) AppleWebKit/537.36 (KHTML, like Gecko) Chrome/109.0.5414.85 Mobile Safari/537.36 PHX/19.3"
156.38.54.186 - - [16/Sep/2025:08:22:39 -0400] "GET /wp-content/uploads/2024/12/%D9%85%D8%AD%D9%85%D8%AF-%D8%A8%D9%86-%D8%B3%D9%84%D9%85%D8%A7%D9%86--360x200.jpg HTTP/1.1" 200 17160 "https://alshaer-news.com/?p=3014&utm_medium=social&utm_source=heylink.me" "Mozilla/5.0 (Linux; U; Android 11; ar-ly; Infinix X695 Build/RP1A.200720.011) AppleWebKit/537.36 (KHTML, like Gecko) Chrome/109.0.5414.85 Mobile Safari/537.36 PHX/19.3"
156.38.54.186 - - [16/Sep/2025:08:22:40 -0400] "GET /wp-includes/js/wp-emoji-release.min.js?ver=6.8.2 HTTP/1.1" 200 4769 "https://alshaer-news.com/?p=3014&utm_medium=social&utm_source=heylink.me" "Mozilla/5.0 (Linux; U; Android 11; ar-ly; Infinix X695 Build/RP1A.200720.011) AppleWebKit/537.36 (KHTML, like Gecko) Chrome/109.0.5414.85 Mobile Safari/537.36 PHX/19.3"
156.38.54.186 - - [16/Sep/2025:08:22:40 -0400] "GET /favicon.ico HTTP/1.1" 500 1112 "https://alshaer-news.com/?p=3014&utm_medium=social&utm_source=heylink.me" "Mozilla/5.0 (Linux; U; Android 11; ar-ly; Infinix X695 Build/RP1A.200720.011) AppleWebKit/537.36 (KHTML, like Gecko) Chrome/109.0.5414.85 Mobile Safari/537.36 PHX/19.3"
156.38.54.186 - - [16/Sep/2025:08:22:40 -0400] "GET /wp-content/uploads/2025/06/IMG_4412545132.jpg HTTP/1.1" 200 886957 "-" "okhttp/4.10.0"
54.211.97.174 - - [16/Sep/2025:08:22:41 -0400] "GET / HTTP/1.1" 200 13511 "-" "Mozilla/5.0 (compatible; proximic; +https://www.comscore.com/Web-Crawler)"
100.29.42.215 - - [16/Sep/2025:08:22:41 -0400] "GET /robots.txt HTTP/1.1" 500 1307 "-" "Mozilla/5.0 AppleWebKit (KHTML, like Gecko) Chrome Safari"
178.52.85.190 - - [16/Sep/2025:08:22:48 -0400] "GET /?p=2885&utm_medium=social&utm_source=heylink.me HTTP/1.1" 200 14678 "https://heylink.me/tmeCar/" "Mozilla/5.0 (Linux; Android 15; SM-A245F Build/AP3A.240905.015.A2; wv) AppleWebKit/537.36 (KHTML, like Gecko) Version/4.0 Chrome/139.0.7258.151 Mobile Safari/537.36 [FB_IAB/FB4A;FBAV/528.0.0.62.74;IABMV/1;]"
102.221.56.29 - - [16/Sep/2025:08:22:48 -0400] "GET /favicon.ico HTTP/1.1" 500 1112 "https://alshaer-news.com/?p=3026&utm_medium=social&utm_source=heylink.me" "Mozilla/5.0 (Linux; Android 15; SM-A165F Build/AP3A.240905.015.A2; wv) AppleWebKit/537.36 (KHTML, like Gecko) Version/4.0 Chrome/139.0.7258.158 Mobile Safari/537.36 [FB_IAB/FB4A;FBAV/530.0.0.48.74;IABMV/1;]"
178.52.85.190 - - [16/Sep/2025:08:22:48 -0400] "GET /wp-content/uploads/2024/04/%D9%A2%D9%A0%D9%A2%D9%A3%D9%A1%D9%A1%D9%A2%D9%A2_%D9%A1%D9%A6%D9%A4%D9%A0%D9%A2%D9%A5-1536x1536.jpg HTTP/1.1" 200 420095 "https://alshaer-news.com/?p=2885&utm_medium=social&utm_source=heylink.me" "Mozilla/5.0 (Linux; Android 15; SM-A245F Build/AP3A.240905.015.A2; wv) AppleWebKit/537.36 (KHTML, like Gecko) Version/4.0 Chrome/139.0.7258.151 Mobile Safari/537.36 [FB_IAB/FB4A;FBAV/528.0.0.62.74;IABMV/1;]"
156.38.54.186 - - [16/Sep/2025:08:22:49 -0400] "GET /favicon.ico HTTP/1.1" 500 1112 "https://alshaer-news.com/?p=3014&utm_medium=social&utm_source=heylink.me" "Mozilla/5.0 (Linux; U; Android 11; ar-ly; Infinix X695 Build/RP1A.200720.011) AppleWebKit/537.36 (KHTML, like Gecko) Chrome/109.0.5414.85 Mobile Safari/537.36 PHX/19.3"
178.52.85.190 - - [16/Sep/2025:08:22:49 -0400] "GET /wp-content/uploads/2023/07/FB_IMG_1689354411978-360x200.jpg HTTP/1.1" 200 14147 "https://alshaer-news.com/?p=2885&utm_medium=social&utm_source=heylink.me" "Mozilla/5.0 (Linux; Android 15; SM-A245F Build/AP3A.240905.015.A2; wv) AppleWebKit/537.36 (KHTML, like Gecko) Version/4.0 Chrome/139.0.7258.151 Mobile Safari/537.36 [FB_IAB/FB4A;FBAV/528.0.0.62.74;IABMV/1;]"
178.52.85.190 - - [16/Sep/2025:08:22:49 -0400] "GET /wp-content/uploads/2023/09/%D8%A7%D9%84%D8%B4%D8%B9%D8%B1-%D9%86%D9%8A%D9%88%D8%B2-3-360x200.jpg HTTP/1.1" 200 19752 "https://alshaer-news.com/?p=2885&utm_medium=social&utm_source=heylink.me" "Mozilla/5.0 (Linux; Android 15; SM-A245F Build/AP3A.240905.015.A2; wv) AppleWebKit/537.36 (KHTML, like Gecko) Version/4.0 Chrome/139.0.7258.151 Mobile Safari/537.36 [FB_IAB/FB4A;FBAV/528.0.0.62.74;IABMV/1;]"
178.52.85.190 - - [16/Sep/2025:08:22:49 -0400] "GET /wp-content/uploads/2023/09/%D8%A7%D9%84%D8%B4%D8%B9%D8%B1-%D9%86%D9%8A%D9%88%D8%B2-360x200.jpeg HTTP/1.1" 200 22498 "https://alshaer-news.com/?p=2885&utm_medium=social&utm_source=heylink.me" "Mozilla/5.0 (Linux; Android 15; SM-A245F Build/AP3A.240905.015.A2; wv) AppleWebKit/537.36 (KHTML, like Gecko) Version/4.0 Chrome/139.0.7258.151 Mobile Safari/537.36 [FB_IAB/FB4A;FBAV/528.0.0.62.74;IABMV/1;]"
178.52.85.190 - - [16/Sep/2025:08:22:49 -0400] "GET /wp-content/uploads/2023/07/Screenshot_%D9%A2%D9%A0%D9%A2%D9%A3%D9%A0%D9%A7%D9%A0%D9%A1-%D9%A2%D9%A3%D9%A0%D9%A5%D9%A1%D9%A1_Instagram_remastered-1-360x200.jpg HTTP/1.1" 200 22205 "https://alshaer-news.com/?p=2885&utm_medium=social&utm_source=heylink.me" "Mozilla/5.0 (Linux; Android 15; SM-A245F Build/AP3A.240905.015.A2; wv) AppleWebKit/537.36 (KHTML, like Gecko) Version/4.0 Chrome/139.0.7258.151 Mobile Safari/537.36 [FB_IAB/FB4A;FBAV/528.0.0.62.74;IABMV/1;]"
178.52.85.190 - - [16/Sep/2025:08:22:49 -0400] "GET /wp-content/uploads/2023/03/image_750x_60731ff96ea0a-360x200.jpg HTTP/1.1" 200 12949 "https://alshaer-news.com/?p=2885&utm_medium=social&utm_source=heylink.me" "Mozilla/5.0 (Linux; Android 15; SM-A245F Build/AP3A.240905.015.A2; wv) AppleWebKit/537.36 (KHTML, like Gecko) Version/4.0 Chrome/139.0.7258.151 Mobile Safari/537.36 [FB_IAB/FB4A;FBAV/528.0.0.62.74;IABMV/1;]"
178.52.85.190 - - [16/Sep/2025:08:22:49 -0400] "GET /wp-content/uploads/2023/06/%D8%B2%D9%84%D8%B2%D8%A7%D9%84-70268bf3-6556-4dbb-90fe-10084a8fd6f2-360x200.jpeg HTTP/1.1" 200 12816 "https://alshaer-news.com/?p=2885&utm_medium=social&utm_source=heylink.me" "Mozilla/5.0 (Linux; Android 15; SM-A245F Build/AP3A.240905.015.A2; wv) AppleWebKit/537.36 (KHTML, like Gecko) Version/4.0 Chrome/139.0.7258.151 Mobile Safari/537.36 [FB_IAB/FB4A;FBAV/528.0.0.62.74;IABMV/1;]"
156.38.54.186 - - [16/Sep/2025:08:22:54 -0400] "GET /favicon.ico HTTP/1.1" 500 1112 "https://alshaer-news.com/?p=3014&utm_medium=social&utm_source=heylink.me" "Mozilla/5.0 (Linux; U; Android 11; ar-ly; Infinix X695 Build/RP1A.200720.011) AppleWebKit/537.36 (KHTML, like Gecko) Chrome/109.0.5414.85 Mobile Safari/537.36 PHX/19.3"
178.52.85.190 - - [16/Sep/2025:08:22:56 -0400] "GET /favicon.ico HTTP/1.1" 500 1112 "https://alshaer-news.com/?p=2885&utm_medium=social&utm_source=heylink.me" "Mozilla/5.0 (Linux; Android 15; SM-A245F Build/AP3A.240905.015.A2; wv) AppleWebKit/537.36 (KHTML, like Gecko) Version/4.0 Chrome/139.0.7258.151 Mobile Safari/537.36 [FB_IAB/FB4A;FBAV/528.0.0.62.74;IABMV/1;]"
156.38.54.186 - - [16/Sep/2025:08:23:07 -0400] "GET /?p=3014&utm_medium=social&utm_source=heylink.me HTTP/1.1" 200 14796 "https://heylink.me/whatsappcomchannel0029VbB7Nu58PgsMqBc0LS26/" "Mozilla/5.0 (Linux; U; Android 11; ar-ly; Infinix X695 Build/RP1A.200720.011) AppleWebKit/537.36 (KHTML, like Gecko) Chrome/109.0.5414.85 Mobile Safari/537.36 PHX/19.3"
156.38.54.186 - - [16/Sep/2025:08:23:08 -0400] "GET /favicon.ico HTTP/1.1" 500 1112 "https://alshaer-news.com/?p=3014&utm_medium=social&utm_source=heylink.me" "Mozilla/5.0 (Linux; U; Android 11; ar-ly; Infinix X695 Build/RP1A.200720.011) AppleWebKit/537.36 (KHTML, like Gecko) Chrome/109.0.5414.85 Mobile Safari/537.36 PHX/19.3"
156.38.54.186 - - [16/Sep/2025:08:23:11 -0400] "GET /?p=3014 HTTP/1.1" 200 14766 "https://alshaer-news.com/?p=3014&utm_medium=social&utm_source=heylink.me" "Mozilla/5.0 (Linux; U; Android 11; ar-ly; Infinix X695 Build/RP1A.200720.011) AppleWebKit/537.36 (KHTML, like Gecko) Chrome/109.0.5414.85 Mobile Safari/537.36 PHX/19.3"
156.38.54.186 - - [16/Sep/2025:08:23:11 -0400] "GET /favicon.ico HTTP/1.1" 500 1112 "https://alshaer-news.com/?p=3014&utm_medium=social&utm_source=heylink.me" "Mozilla/5.0 (Linux; U; Android 11; ar-ly; Infinix X695 Build/RP1A.200720.011) AppleWebKit/537.36 (KHTML, like Gecko) Chrome/109.0.5414.85 Mobile Safari/537.36 PHX/19.3"
156.38.54.186 - - [16/Sep/2025:08:23:11 -0400] "GET /favicon.ico HTTP/1.1" 500 1112 "https://alshaer-news.com/?p=3014" "Mozilla/5.0 (Linux; U; Android 11; ar-ly; Infinix X695 Build/RP1A.200720.011) AppleWebKit/537.36 (KHTML, like Gecko) Chrome/109.0.5414.85 Mobile Safari/537.36 PHX/19.3"
156.38.54.186 - - [16/Sep/2025:08:23:13 -0400] "GET /?p=3014 HTTP/1.1" 200 14766 "https://alshaer-news.com/?p=3014" "Mozilla/5.0 (Linux; U; Android 11; ar-ly; Infinix X695 Build/RP1A.200720.011) AppleWebKit/537.36 (KHTML, like Gecko) Chrome/109.0.5414.85 Mobile Safari/537.36 PHX/19.3"
156.38.54.186 - - [16/Sep/2025:08:23:13 -0400] "GET /favicon.ico HTTP/1.1" 500 1112 "https://alshaer-news.com/?p=3014" "Mozilla/5.0 (Linux; U; Android 11; ar-ly; Infinix X695 Build/RP1A.200720.011) AppleWebKit/537.36 (KHTML, like Gecko) Chrome/109.0.5414.85 Mobile Safari/537.36 PHX/19.3"
156.38.54.186 - - [16/Sep/2025:08:23:14 -0400] "GET /favicon.ico HTTP/1.1" 500 1112 "https://alshaer-news.com/?p=3014" "Mozilla/5.0 (Linux; U; Android 11; ar-ly; Infinix X695 Build/RP1A.200720.011) AppleWebKit/537.36 (KHTML, like Gecko) Chrome/109.0.5414.85 Mobile Safari/537.36 PHX/19.3"
156.38.54.186 - - [16/Sep/2025:08:23:19 -0400] "GET /favicon.ico HTTP/1.1" 500 1112 "https://alshaer-news.com/?p=3014" "Mozilla/5.0 (Linux; U; Android 11; ar-ly; Infinix X695 Build/RP1A.200720.011) AppleWebKit/537.36 (KHTML, like Gecko) Chrome/109.0.5414.85 Mobile Safari/537.36 PHX/19.3"
156.38.54.186 - - [16/Sep/2025:08:23:24 -0400] "GET /wp-content/uploads/2025/06/IMG_4412545132.jpg HTTP/1.1" 200 886957 "https://alshaer-news.com/?p=3014" "Mozilla/5.0 (Linux; U; Android 11; ar-ly; Infinix X695 Build/RP1A.200720.011) AppleWebKit/537.36 (KHTML, like Gecko) Chrome/109.0.5414.85 Mobile Safari/537.36 PHX/19.3"
156.38.54.186 - - [16/Sep/2025:08:23:24 -0400] "GET /favicon.ico HTTP/1.1" 500 1112 "https://alshaer-news.com/?p=3014" "Mozilla/5.0 (Linux; U; Android 11; ar-ly; Infinix X695 Build/RP1A.200720.011) AppleWebKit/537.36 (KHTML, like Gecko) Chrome/109.0.5414.85 Mobile Safari/537.36 PHX/19.3"
156.38.54.186 - - [16/Sep/2025:08:23:26 -0400] "GET /favicon.ico HTTP/1.1" 500 1112 "https://alshaer-news.com/?p=3014" "Mozilla/5.0 (Linux; U; Android 11; ar-ly; Infinix X695 Build/RP1A.200720.011) AppleWebKit/537.36 (KHTML, like Gecko) Chrome/109.0.5414.85 Mobile Safari/537.36 PHX/19.3"
156.38.54.186 - - [16/Sep/2025:08:23:26 -0400] "GET /favicon.ico HTTP/1.1" 500 1112 "https://alshaer-news.com/wp-content/uploads/2025/06/IMG_4412545132.jpg" "Mozilla/5.0 (Linux; U; Android 11; ar-ly; Infinix X695 Build/RP1A.200720.011) AppleWebKit/537.36 (KHTML, like Gecko) Chrome/109.0.5414.85 Mobile Safari/537.36 PHX/19.3"
156.38.54.186 - - [16/Sep/2025:08:23:33 -0400] "GET /favicon.ico HTTP/1.1" 500 1112 "https://alshaer-news.com/?p=3014" "Mozilla/5.0 (Linux; U; Android 11; ar-ly; Infinix X695 Build/RP1A.200720.011) AppleWebKit/537.36 (KHTML, like Gecko) Chrome/109.0.5414.85 Mobile Safari/537.36 PHX/19.3"
94.23.203.52 - - [16/Sep/2025:08:23:35 -0400] "GET /robots.txt HTTP/1.1" 500 2728 "-" "Mozilla/5.0 (compatible; MJ12bot/v1.4.8; http://mj12bot.com/)"
156.38.54.186 - - [16/Sep/2025:08:23:43 -0400] "GET /favicon.ico HTTP/1.1" 500 1112 "https://alshaer-news.com/?p=3014" "Mozilla/5.0 (Linux; U; Android 11; ar-ly; Infinix X695 Build/RP1A.200720.011) AppleWebKit/537.36 (KHTML, like Gecko) Chrome/109.0.5414.85 Mobile Safari/537.36 PHX/19.3"
114.119.157.221 - - [16/Sep/2025:08:23:46 -0400] "GET /?p=994 HTTP/1.1" 500 1307 "https://alshaer-news.com/?paged=20&author=2&page=38" "Mozilla/5.0 (Linux; Android 7.0;) AppleWebKit/537.36 (KHTML, like Gecko) Mobile Safari/537.36 (compatible; PetalBot;+https://webmaster.petalsearch.com/site/petalbot)"
