41.254.104.132 - - [16/Sep/2025:09:08:11 -0400] "GET /wp-content/uploads/2024/12/%D9%85%D8%AD%D9%85%D8%AF-%D8%A8%D9%86-%D8%B3%D9%84%D9%85%D8%A7%D9%86--360x200.jpg HTTP/1.1" 200 17160 "https://alshaer-news.com/?p=3014&utm_medium=social&utm_source=heylink.me" "Mozilla/5.0 (Linux; Android 12; Infinix X6515 Build/SP1A.210812.016; wv) AppleWebKit/537.36 (KHTML, like Gecko) Version/4.0 Chrome/140.0.7339.119 Mobile Safari/537.36 [FB_IAB/FB4A;FBAV/530.0.0.48.74;IABMV/1;]"
41.254.104.132 - - [16/Sep/2025:09:08:11 -0400] "GET /wp-content/uploads/2024/09/%D9%85%D8%B2%D8%A7%D8%AF-%D8%AC%D9%85%D8%A7%D8%B1%D9%83--360x200.jpg HTTP/1.1" 200 27863 "https://alshaer-news.com/?p=3014&utm_medium=social&utm_source=heylink.me" "Mozilla/5.0 (Linux; Android 12; Infinix X6515 Build/SP1A.210812.016; wv) AppleWebKit/537.36 (KHTML, like Gecko) Version/4.0 Chrome/140.0.7339.119 Mobile Safari/537.36 [FB_IAB/FB4A;FBAV/530.0.0.48.74;IABMV/1;]"
102.164.100.94 - - [16/Sep/2025:09:08:15 -0400] "GET /favicon.ico HTTP/1.1" 500 1112 "https://alshaer-news.com/?p=3014" "Mozilla/5.0 (Linux; Android 13; 220333QAG Build/TKQ1.221114.001; wv) AppleWebKit/537.36 (KHTML, like Gecko) Version/4.0 Chrome/140.0.7339.119 Mobile Safari/537.36 [FB_IAB/FB4A;FBAV/530.0.0.48.74;IABMV/1;]"
41.254.104.132 - - [16/Sep/2025:09:08:17 -0400] "GET /wp-includes/js/wp-emoji-release.min.js?ver=6.8.2 HTTP/1.1" 200 4769 "https://alshaer-news.com/?p=3014&utm_medium=social&utm_source=heylink.me" "Mozilla/5.0 (Linux; Android 12; Infinix X6515 Build/SP1A.210812.016; wv) AppleWebKit/537.36 (KHTML, like Gecko) Version/4.0 Chrome/140.0.7339.119 Mobile Safari/537.36 [FB_IAB/FB4A;FBAV/530.0.0.48.74;IABMV/1;]"
94.47.76.164 - - [16/Sep/2025:09:08:21 -0400] "GET /?p=2938&utm_medium=social&utm_source=heylink.me HTTP/1.1" 200 16580 "https://heylink.me/whatsappcomchannel0029Vb6nFL02v1IrjKKy3d1v/?fbclid=IwY2xjawM2QGdleHRuA2FlbQIxMQABHoNNMDOyqDeIVJw-8bkGBRWQPJM9_MO5dw44xyYTIVAvvVrZk8qtBP48EzEA_aem_rqxMqI5UEjVSwVRsh8zePQ" "Mozilla/5.0 (Linux; Android 12; M2003J15SC Build/SP1A.210812.016; wv) AppleWebKit/537.36 (KHTML, like Gecko) Version/4.0 Chrome/103.0.5060.129 Mobile Safari/537.36 [FB_IAB/FB4A;FBAV/518.0.0.63.86;]"
94.47.76.164 - - [16/Sep/2025:09:08:22 -0400] "GET /?p=2938&utm_medium=social&utm_source=heylink.me HTTP/1.1" 200 16580 "https://heylink.me/whatsappcomchannel0029Vb6nFL02v1IrjKKy3d1v/?fbclid=IwY2xjawM2QGdleHRuA2FlbQIxMQABHoNNMDOyqDeIVJw-8bkGBRWQPJM9_MO5dw44xyYTIVAvvVrZk8qtBP48EzEA_aem_rqxMqI5UEjVSwVRsh8zePQ" "Mozilla/5.0 (Linux; Android 12; M2003J15SC Build/SP1A.210812.016; wv) AppleWebKit/537.36 (KHTML, like Gecko) Version/4.0 Chrome/103.0.5060.129 Mobile Safari/537.36 [FB_IAB/FB4A;FBAV/518.0.0.63.86;]"
94.47.76.164 - - [16/Sep/2025:09:08:22 -0400] "GET /?p=2938&utm_medium=social&utm_source=heylink.me HTTP/1.1" 200 16580 "https://heylink.me/whatsappcomchannel0029Vb6nFL02v1IrjKKy3d1v/?fbclid=IwY2xjawM2QGdleHRuA2FlbQIxMQABHoNNMDOyqDeIVJw-8bkGBRWQPJM9_MO5dw44xyYTIVAvvVrZk8qtBP48EzEA_aem_rqxMqI5UEjVSwVRsh8zePQ" "Mozilla/5.0 (Linux; Android 12; M2003J15SC Build/SP1A.210812.016; wv) AppleWebKit/537.36 (KHTML, like Gecko) Version/4.0 Chrome/103.0.5060.129 Mobile Safari/537.36 [FB_IAB/FB4A;FBAV/518.0.0.63.86;]"
94.47.76.164 - - [16/Sep/2025:09:08:23 -0400] "GET /?p=2938&utm_medium=social&utm_source=heylink.me HTTP/1.1" 200 16580 "https://heylink.me/whatsappcomchannel0029Vb6nFL02v1IrjKKy3d1v/?fbclid=IwY2xjawM2QGdleHRuA2FlbQIxMQABHoNNMDOyqDeIVJw-8bkGBRWQPJM9_MO5dw44xyYTIVAvvVrZk8qtBP48EzEA_aem_rqxMqI5UEjVSwVRsh8zePQ" "Mozilla/5.0 (Linux; Android 12; M2003J15SC Build/SP1A.210812.016; wv) AppleWebKit/537.36 (KHTML, like Gecko) Version/4.0 Chrome/103.0.5060.129 Mobile Safari/537.36 [FB_IAB/FB4A;FBAV/518.0.0.63.86;]"
94.47.76.164 - - [16/Sep/2025:09:08:23 -0400] "GET /?p=2938&utm_medium=social&utm_source=heylink.me HTTP/1.1" 200 16580 "https://heylink.me/whatsappcomchannel0029Vb6nFL02v1IrjKKy3d1v/?fbclid=IwY2xjawM2QGdleHRuA2FlbQIxMQABHoNNMDOyqDeIVJw-8bkGBRWQPJM9_MO5dw44xyYTIVAvvVrZk8qtBP48EzEA_aem_rqxMqI5UEjVSwVRsh8zePQ" "Mozilla/5.0 (Linux; Android 12; M2003J15SC Build/SP1A.210812.016; wv) AppleWebKit/537.36 (KHTML, like Gecko) Version/4.0 Chrome/103.0.5060.129 Mobile Safari/537.36 [FB_IAB/FB4A;FBAV/518.0.0.63.86;]"
94.47.76.164 - - [16/Sep/2025:09:08:25 -0400] "GET /?p=2938&utm_medium=social&utm_source=heylink.me HTTP/1.1" 200 16580 "https://heylink.me/whatsappcomchannel0029Vb6nFL02v1IrjKKy3d1v/?fbclid=IwY2xjawM2QGdleHRuA2FlbQIxMQABHoNNMDOyqDeIVJw-8bkGBRWQPJM9_MO5dw44xyYTIVAvvVrZk8qtBP48EzEA_aem_rqxMqI5UEjVSwVRsh8zePQ" "Mozilla/5.0 (Linux; Android 12; M2003J15SC Build/SP1A.210812.016; wv) AppleWebKit/537.36 (KHTML, like Gecko) Version/4.0 Chrome/103.0.5060.129 Mobile Safari/537.36 [FB_IAB/FB4A;FBAV/518.0.0.63.86;]"
102.164.100.94 - - [16/Sep/2025:09:08:26 -0400] "GET /?p=3014 HTTP/1.1" 200 14766 "https://mez.ink/" "Mozilla/5.0 (Linux; Android 13; 220333QAG Build/TKQ1.221114.001; wv) AppleWebKit/537.36 (KHTML, like Gecko) Version/4.0 Chrome/140.0.7339.119 Mobile Safari/537.36 [FB_IAB/FB4A;FBAV/530.0.0.48.74;IABMV/1;]"
94.47.76.164 - - [16/Sep/2025:09:08:27 -0400] "GET /wp-includes/css/dist/block-library/style-rtl.min.css?ver=6.8.2 HTTP/1.1" 200 19581 "https://alshaer-news.com/?p=2938&utm_medium=social&utm_source=heylink.me" "Mozilla/5.0 (Linux; Android 12; M2003J15SC Build/SP1A.210812.016; wv) AppleWebKit/537.36 (KHTML, like Gecko) Version/4.0 Chrome/103.0.5060.129 Mobile Safari/537.36 [FB_IAB/FB4A;FBAV/518.0.0.63.86;]"
94.47.76.164 - - [16/Sep/2025:09:08:27 -0400] "GET /wp-content/plugins/contact-form-7/includes/css/styles.css?ver=6.0.6 HTTP/1.1" 200 1101 "https://alshaer-news.com/?p=2938&utm_medium=social&utm_source=heylink.me" "Mozilla/5.0 (Linux; Android 12; M2003J15SC Build/SP1A.210812.016; wv) AppleWebKit/537.36 (KHTML, like Gecko) Version/4.0 Chrome/103.0.5060.129 Mobile Safari/537.36 [FB_IAB/FB4A;FBAV/518.0.0.63.86;]"
94.47.76.164 - - [16/Sep/2025:09:08:27 -0400] "GET /wp-content/plugins/contact-form-7/includes/css/styles-rtl.css?ver=6.0.6 HTTP/1.1" 200 152 "https://alshaer-news.com/?p=2938&utm_medium=social&utm_source=heylink.me" "Mozilla/5.0 (Linux; Android 12; M2003J15SC Build/SP1A.210812.016; wv) AppleWebKit/537.36 (KHTML, like Gecko) Version/4.0 Chrome/103.0.5060.129 Mobile Safari/537.36 [FB_IAB/FB4A;FBAV/518.0.0.63.86;]"
94.47.76.164 - - [16/Sep/2025:09:08:27 -0400] "GET /wp-content/plugins/cookie-notice/css/front.min.css?ver=2.5.6 HTTP/1.1" 200 1229 "https://alshaer-news.com/?p=2938&utm_medium=social&utm_source=heylink.me" "Mozilla/5.0 (Linux; Android 12; M2003J15SC Build/SP1A.210812.016; wv) AppleWebKit/537.36 (KHTML, like Gecko) Version/4.0 Chrome/103.0.5060.129 Mobile Safari/537.36 [FB_IAB/FB4A;FBAV/518.0.0.63.86;]"
94.47.76.164 - - [16/Sep/2025:09:08:27 -0400] "GET /wp-content/themes/newsplus/assets/css/bootstrap.min.css?ver=37.00 HTTP/1.1" 200 26089 "https://alshaer-news.com/?p=2938&utm_medium=social&utm_source=heylink.me" "Mozilla/5.0 (Linux; Android 12; M2003J15SC Build/SP1A.210812.016; wv) AppleWebKit/537.36 (KHTML, like Gecko) Version/4.0 Chrome/103.0.5060.129 Mobile Safari/537.36 [FB_IAB/FB4A;FBAV/518.0.0.63.86;]"
94.47.76.164 - - [16/Sep/2025:09:08:27 -0400] "GET /wp-content/themes/newsplus/assets/fonts/fonts.css?ver=37.00 HTTP/1.1" 200 372 "https://alshaer-news.com/?p=2938&utm_medium=social&utm_source=heylink.me" "Mozilla/5.0 (Linux; Android 12; M2003J15SC Build/SP1A.210812.016; wv) AppleWebKit/537.36 (KHTML, like Gecko) Version/4.0 Chrome/103.0.5060.129 Mobile Safari/537.36 [FB_IAB/FB4A;FBAV/518.0.0.63.86;]"
94.47.76.164 - - [16/Sep/2025:09:08:28 -0400] "GET /wp-content/themes/newsplus/style.css?ver=37.00 HTTP/1.1" 200 9946 "https://alshaer-news.com/?p=2938&utm_medium=social&utm_source=heylink.me" "Mozilla/5.0 (Linux; Android 12; M2003J15SC Build/SP1A.210812.016; wv) AppleWebKit/537.36 (KHTML, like Gecko) Version/4.0 Chrome/103.0.5060.129 Mobile Safari/537.36 [FB_IAB/FB4A;FBAV/518.0.0.63.86;]"
94.47.76.164 - - [16/Sep/2025:09:08:28 -0400] "GET /wp-content/plugins/cookie-notice/js/front.min.js?ver=2.5.6 HTTP/1.1" 200 2379 "https://alshaer-news.com/?p=2938&utm_medium=social&utm_source=heylink.me" "Mozilla/5.0 (Linux; Android 12; M2003J15SC Build/SP1A.210812.016; wv) AppleWebKit/537.36 (KHTML, like Gecko) Version/4.0 Chrome/103.0.5060.129 Mobile Safari/537.36 [FB_IAB/FB4A;FBAV/518.0.0.63.86;]"
94.47.76.164 - - [16/Sep/2025:09:08:28 -0400] "GET /wp-includes/js/jquery/jquery.min.js?ver=3.7.1 HTTP/1.1" 200 35438 "https://alshaer-news.com/?p=2938&utm_medium=social&utm_source=heylink.me" "Mozilla/5.0 (Linux; Android 12; M2003J15SC Build/SP1A.210812.016; wv) AppleWebKit/537.36 (KHTML, like Gecko) Version/4.0 Chrome/103.0.5060.129 Mobile Safari/537.36 [FB_IAB/FB4A;FBAV/518.0.0.63.86;]"
94.47.76.164 - - [16/Sep/2025:09:08:28 -0400] "GET /wp-includes/js/jquery/jquery-migrate.min.js?ver=3.4.1 HTTP/1.1" 200 5342 "https://alshaer-news.com/?p=2938&utm_medium=social&utm_source=heylink.me" "Mozilla/5.0 (Linux; Android 12; M2003J15SC Build/SP1A.210812.016; wv) AppleWebKit/537.36 (KHTML, like Gecko) Version/4.0 Chrome/103.0.5060.129 Mobile Safari/537.36 [FB_IAB/FB4A;FBAV/518.0.0.63.86;]"
94.47.76.164 - - [16/Sep/2025:09:08:28 -0400] "GET /wp-content/uploads/2024/09/%D9%85%D8%B2%D8%A7%D8%AF-%D8%AC%D9%85%D8%A7%D8%B1%D9%83-.jpg HTTP/1.1" 200 51411 "https://alshaer-news.com/?p=2938&utm_medium=social&utm_source=heylink.me" "Mozilla/5.0 (Linux; Android 12; M2003J15SC Build/SP1A.210812.016; wv) AppleWebKit/537.36 (KHTML, like Gecko) Version/4.0 Chrome/103.0.5060.129 Mobile Safari/537.36 [FB_IAB/FB4A;FBAV/518.0.0.63.86;]"
41.254.104.132 - - [16/Sep/2025:09:08:29 -0400] "GET /favicon.ico HTTP/1.1" 500 1112 "https://alshaer-news.com/?p=3014&utm_medium=social&utm_source=heylink.me" "Mozilla/5.0 (Linux; Android 12; Infinix X6515 Build/SP1A.210812.016; wv) AppleWebKit/537.36 (KHTML, like Gecko) Version/4.0 Chrome/140.0.7339.119 Mobile Safari/537.36 [FB_IAB/FB4A;FBAV/530.0.0.48.74;IABMV/1;]"
102.164.100.94 - - [16/Sep/2025:09:08:31 -0400] "GET /favicon.ico HTTP/1.1" 500 1112 "https://alshaer-news.com/?p=3014" "Mozilla/5.0 (Linux; Android 13; 220333QAG Build/TKQ1.221114.001; wv) AppleWebKit/537.36 (KHTML, like Gecko) Version/4.0 Chrome/140.0.7339.119 Mobile Safari/537.36 [FB_IAB/FB4A;FBAV/530.0.0.48.74;IABMV/1;]"
94.47.76.164 - - [16/Sep/2025:09:08:32 -0400] "GET /wp-includes/js/dist/hooks.min.js?ver=4d63a3d491d11ffd8ac6 HTTP/1.1" 200 1758 "https://alshaer-news.com/?p=2938&utm_medium=social&utm_source=heylink.me" "Mozilla/5.0 (Linux; Android 12; M2003J15SC Build/SP1A.210812.016; wv) AppleWebKit/537.36 (KHTML, like Gecko) Version/4.0 Chrome/103.0.5060.129 Mobile Safari/537.36 [FB_IAB/FB4A;FBAV/518.0.0.63.86;]"
94.47.76.164 - - [16/Sep/2025:09:08:34 -0400] "GET /wp-includes/js/dist/i18n.min.js?ver=5e580eb46a90c2b997e6 HTTP/1.1" 200 3910 "https://alshaer-news.com/?p=2938&utm_medium=social&utm_source=heylink.me" "Mozilla/5.0 (Linux; Android 12; M2003J15SC Build/SP1A.210812.016; wv) AppleWebKit/537.36 (KHTML, like Gecko) Version/4.0 Chrome/103.0.5060.129 Mobile Safari/537.36 [FB_IAB/FB4A;FBAV/518.0.0.63.86;]"
94.47.76.164 - - [16/Sep/2025:09:08:36 -0400] "GET /wp-content/plugins/contact-form-7/includes/swv/js/index.js?ver=6.0.6 HTTP/1.1" 200 3878 "https://alshaer-news.com/?p=2938&utm_medium=social&utm_source=heylink.me" "Mozilla/5.0 (Linux; Android 12; M2003J15SC Build/SP1A.210812.016; wv) AppleWebKit/537.36 (KHTML, like Gecko) Version/4.0 Chrome/103.0.5060.129 Mobile Safari/537.36 [FB_IAB/FB4A;FBAV/518.0.0.63.86;]"
94.47.76.164 - - [16/Sep/2025:09:08:38 -0400] "GET /wp-content/plugins/contact-form-7/includes/js/index.js?ver=6.0.6 HTTP/1.1" 200 4788 "https://alshaer-news.com/?p=2938&utm_medium=social&utm_source=heylink.me" "Mozilla/5.0 (Linux; Android 12; M2003J15SC Build/SP1A.210812.016; wv) AppleWebKit/537.36 (KHTML, like Gecko) Version/4.0 Chrome/103.0.5060.129 Mobile Safari/537.36 [FB_IAB/FB4A;FBAV/518.0.0.63.86;]"
94.47.76.164 - - [16/Sep/2025:09:08:39 -0400] "GET /wp-content/themes/newsplus/assets/js/main.js?ver=37.00 HTTP/1.1" 200 1579 "https://alshaer-news.com/?p=2938&utm_medium=social&utm_source=heylink.me" "Mozilla/5.0 (Linux; Android 12; M2003J15SC Build/SP1A.210812.016; wv) AppleWebKit/537.36 (KHTML, like Gecko) Version/4.0 Chrome/103.0.5060.129 Mobile Safari/537.36 [FB_IAB/FB4A;FBAV/518.0.0.63.86;]"
38.50.6.252 - - [16/Sep/2025:09:08:40 -0400] "GET /?p=3014&utm_medium=social&utm_source=heylink.me HTTP/1.1" 200 14796 "https://heylink.me/whatsappcomchannel0029VbB7Nu58PgsMqBc0LS26/?fbclid=IwY2xjawM2QJtleHRuA2FlbQIxMQABHgNG4J9hROCHnTzdFbUXJivjjP3hhinYMb1TWG1758hysaQtzTrcydHoBtsq_aem_zJ6MXU2FEN72KRvs5NSFOA" "Mozilla/5.0 (Linux; Android 15; SM-A165F Build/AP3A.240905.015.A2; wv) AppleWebKit/537.36 (KHTML, like Gecko) Version/4.0 Chrome/140.0.7339.119 Mobile Safari/537.36 [FB_IAB/FB4A;FBAV/530.0.0.48.74;IABMV/1;]"
38.50.6.252 - - [16/Sep/2025:09:08:41 -0400] "GET /wp-includes/css/dist/block-library/style-rtl.min.css?ver=6.8.2 HTTP/1.1" 200 14312 "https://alshaer-news.com/?p=3014&utm_medium=social&utm_source=heylink.me" "Mozilla/5.0 (Linux; Android 15; SM-A165F Build/AP3A.240905.015.A2; wv) AppleWebKit/537.36 (KHTML, like Gecko) Version/4.0 Chrome/140.0.7339.119 Mobile Safari/537.36 [FB_IAB/FB4A;FBAV/530.0.0.48.74;IABMV/1;]"
38.50.6.252 - - [16/Sep/2025:09:08:41 -0400] "GET /wp-content/plugins/contact-form-7/includes/css/styles-rtl.css?ver=6.0.6 HTTP/1.1" 200 152 "https://alshaer-news.com/?p=3014&utm_medium=social&utm_source=heylink.me" "Mozilla/5.0 (Linux; Android 15; SM-A165F Build/AP3A.240905.015.A2; wv) AppleWebKit/537.36 (KHTML, like Gecko) Version/4.0 Chrome/140.0.7339.119 Mobile Safari/537.36 [FB_IAB/FB4A;FBAV/530.0.0.48.74;IABMV/1;]"
38.50.6.252 - - [16/Sep/2025:09:08:41 -0400] "GET /wp-content/plugins/contact-form-7/includes/css/styles.css?ver=6.0.6 HTTP/1.1" 200 890 "https://alshaer-news.com/?p=3014&utm_medium=social&utm_source=heylink.me" "Mozilla/5.0 (Linux; Android 15; SM-A165F Build/AP3A.240905.015.A2; wv) AppleWebKit/537.36 (KHTML, like Gecko) Version/4.0 Chrome/140.0.7339.119 Mobile Safari/537.36 [FB_IAB/FB4A;FBAV/530.0.0.48.74;IABMV/1;]"
38.50.6.252 - - [16/Sep/2025:09:08:41 -0400] "GET /wp-content/plugins/cookie-notice/css/front.min.css?ver=2.5.6 HTTP/1.1" 200 951 "https://alshaer-news.com/?p=3014&utm_medium=social&utm_source=heylink.me" "Mozilla/5.0 (Linux; Android 15; SM-A165F Build/AP3A.240905.015.A2; wv) AppleWebKit/537.36 (KHTML, like Gecko) Version/4.0 Chrome/140.0.7339.119 Mobile Safari/537.36 [FB_IAB/FB4A;FBAV/530.0.0.48.74;IABMV/1;]"
38.50.6.252 - - [16/Sep/2025:09:08:41 -0400] "GET /wp-content/themes/newsplus/assets/css/bootstrap.min.css?ver=37.00 HTTP/1.1" 200 17696 "https://alshaer-news.com/?p=3014&utm_medium=social&utm_source=heylink.me" "Mozilla/5.0 (Linux; Android 15; SM-A165F Build/AP3A.240905.015.A2; wv) AppleWebKit/537.36 (KHTML, like Gecko) Version/4.0 Chrome/140.0.7339.119 Mobile Safari/537.36 [FB_IAB/FB4A;FBAV/530.0.0.48.74;IABMV/1;]"
38.50.6.252 - - [16/Sep/2025:09:08:41 -0400] "GET /wp-content/themes/newsplus/assets/fonts/fonts.css?ver=37.00 HTTP/1.1" 200 335 "https://alshaer-news.com/?p=3014&utm_medium=social&utm_source=heylink.me" "Mozilla/5.0 (Linux; Android 15; SM-A165F Build/AP3A.240905.015.A2; wv) AppleWebKit/537.36 (KHTML, like Gecko) Version/4.0 Chrome/140.0.7339.119 Mobile Safari/537.36 [FB_IAB/FB4A;FBAV/530.0.0.48.74;IABMV/1;]"
38.50.6.252 - - [16/Sep/2025:09:08:41 -0400] "GET /wp-content/themes/newsplus/style.css?ver=37.00 HTTP/1.1" 200 7414 "https://alshaer-news.com/?p=3014&utm_medium=social&utm_source=heylink.me" "Mozilla/5.0 (Linux; Android 15; SM-A165F Build/AP3A.240905.015.A2; wv) AppleWebKit/537.36 (KHTML, like Gecko) Version/4.0 Chrome/140.0.7339.119 Mobile Safari/537.36 [FB_IAB/FB4A;FBAV/530.0.0.48.74;IABMV/1;]"
38.50.6.252 - - [16/Sep/2025:09:08:41 -0400] "GET /wp-content/plugins/cookie-notice/js/front.min.js?ver=2.5.6 HTTP/1.1" 200 1964 "https://alshaer-news.com/?p=3014&utm_medium=social&utm_source=heylink.me" "Mozilla/5.0 (Linux; Android 15; SM-A165F Build/AP3A.240905.015.A2; wv) AppleWebKit/537.36 (KHTML, like Gecko) Version/4.0 Chrome/140.0.7339.119 Mobile Safari/537.36 [FB_IAB/FB4A;FBAV/530.0.0.48.74;IABMV/1;]"
38.50.6.252 - - [16/Sep/2025:09:08:41 -0400] "GET /wp-includes/js/jquery/jquery.min.js?ver=3.7.1 HTTP/1.1" 200 29744 "https://alshaer-news.com/?p=3014&utm_medium=social&utm_source=heylink.me" "Mozilla/5.0 (Linux; Android 15; SM-A165F Build/AP3A.240905.015.A2; wv) AppleWebKit/537.36 (KHTML, like Gecko) Version/4.0 Chrome/140.0.7339.119 Mobile Safari/537.36 [FB_IAB/FB4A;FBAV/530.0.0.48.74;IABMV/1;]"
38.50.6.252 - - [16/Sep/2025:09:08:41 -0400] "GET /wp-includes/js/jquery/jquery-migrate.min.js?ver=3.4.1 HTTP/1.1" 200 4678 "https://alshaer-news.com/?p=3014&utm_medium=social&utm_source=heylink.me" "Mozilla/5.0 (Linux; Android 15; SM-A165F Build/AP3A.240905.015.A2; wv) AppleWebKit/537.36 (KHTML, like Gecko) Version/4.0 Chrome/140.0.7339.119 Mobile Safari/537.36 [FB_IAB/FB4A;FBAV/530.0.0.48.74;IABMV/1;]"
38.50.6.252 - - [16/Sep/2025:09:08:41 -0400] "GET /wp-content/uploads/2025/06/IMG_4412545132-1536x1536.jpg HTTP/1.1" 200 257700 "https://alshaer-news.com/?p=3014&utm_medium=social&utm_source=heylink.me" "Mozilla/5.0 (Linux; Android 15; SM-A165F Build/AP3A.240905.015.A2; wv) AppleWebKit/537.36 (KHTML, like Gecko) Version/4.0 Chrome/140.0.7339.119 Mobile Safari/537.36 [FB_IAB/FB4A;FBAV/530.0.0.48.74;IABMV/1;]"
38.50.6.252 - - [16/Sep/2025:09:08:41 -0400] "GET /wp-content/themes/newsplus/assets/img/logo.png HTTP/1.1" 200 43754 "https://alshaer-news.com/?p=3014&utm_medium=social&utm_source=heylink.me" "Mozilla/5.0 (Linux; Android 15; SM-A165F Build/AP3A.240905.015.A2; wv) AppleWebKit/537.36 (KHTML, like Gecko) Version/4.0 Chrome/140.0.7339.119 Mobile Safari/537.36 [FB_IAB/FB4A;FBAV/530.0.0.48.74;IABMV/1;]"
38.50.6.252 - - [16/Sep/2025:09:08:41 -0400] "GET /wp-includes/js/dist/hooks.min.js?ver=4d63a3d491d11ffd8ac6 HTTP/1.1" 200 1571 "https://alshaer-news.com/?p=3014&utm_medium=social&utm_source=heylink.me" "Mozilla/5.0 (Linux; Android 15; SM-A165F Build/AP3A.240905.015.A2; wv) AppleWebKit/537.36 (KHTML, like Gecko) Version/4.0 Chrome/140.0.7339.119 Mobile Safari/537.36 [FB_IAB/FB4A;FBAV/530.0.0.48.74;IABMV/1;]"
38.50.6.252 - - [16/Sep/2025:09:08:42 -0400] "GET /wp-includes/js/dist/i18n.min.js?ver=5e580eb46a90c2b997e6 HTTP/1.1" 200 3542 "https://alshaer-news.com/?p=3014&utm_medium=social&utm_source=heylink.me" "Mozilla/5.0 (Linux; Android 15; SM-A165F Build/AP3A.240905.015.A2; wv) AppleWebKit/537.36 (KHTML, like Gecko) Version/4.0 Chrome/140.0.7339.119 Mobile Safari/537.36 [FB_IAB/FB4A;FBAV/530.0.0.48.74;IABMV/1;]"
38.50.6.252 - - [16/Sep/2025:09:08:42 -0400] "GET /wp-content/plugins/contact-form-7/includes/swv/js/index.js?ver=6.0.6 HTTP/1.1" 200 3369 "https://alshaer-news.com/?p=3014&utm_medium=social&utm_source=heylink.me" "Mozilla/5.0 (Linux; Android 15; SM-A165F Build/AP3A.240905.015.A2; wv) AppleWebKit/537.36 (KHTML, like Gecko) Version/4.0 Chrome/140.0.7339.119 Mobile Safari/537.36 [FB_IAB/FB4A;FBAV/530.0.0.48.74;IABMV/1;]"
38.50.6.252 - - [16/Sep/2025:09:08:42 -0400] "GET /wp-content/plugins/contact-form-7/includes/js/index.js?ver=6.0.6 HTTP/1.1" 200 4008 "https://alshaer-news.com/?p=3014&utm_medium=social&utm_source=heylink.me" "Mozilla/5.0 (Linux; Android 15; SM-A165F Build/AP3A.240905.015.A2; wv) AppleWebKit/537.36 (KHTML, like Gecko) Version/4.0 Chrome/140.0.7339.119 Mobile Safari/537.36 [FB_IAB/FB4A;FBAV/530.0.0.48.74;IABMV/1;]"
38.50.6.252 - - [16/Sep/2025:09:08:42 -0400] "GET /wp-content/themes/newsplus/assets/js/main.js?ver=37.00 HTTP/1.1" 200 1317 "https://alshaer-news.com/?p=3014&utm_medium=social&utm_source=heylink.me" "Mozilla/5.0 (Linux; Android 15; SM-A165F Build/AP3A.240905.015.A2; wv) AppleWebKit/537.36 (KHTML, like Gecko) Version/4.0 Chrome/140.0.7339.119 Mobile Safari/537.36 [FB_IAB/FB4A;FBAV/530.0.0.48.74;IABMV/1;]"
38.50.6.252 - - [16/Sep/2025:09:08:42 -0400] "GET /wp-includes/js/comment-reply.min.js?ver=6.8.2 HTTP/1.1" 200 1247 "https://alshaer-news.com/?p=3014&utm_medium=social&utm_source=heylink.me" "Mozilla/5.0 (Linux; Android 15; SM-A165F Build/AP3A.240905.015.A2; wv) AppleWebKit/537.36 (KHTML, like Gecko) Version/4.0 Chrome/140.0.7339.119 Mobile Safari/537.36 [FB_IAB/FB4A;FBAV/530.0.0.48.74;IABMV/1;]"
38.50.6.252 - - [16/Sep/2025:09:08:42 -0400] "GET /wp-content/uploads/2025/06/IMG_4412545132-360x200.jpg HTTP/1.1" 200 21437 "https://alshaer-news.com/?p=3014&utm_medium=social&utm_source=heylink.me" "Mozilla/5.0 (Linux; Android 15; SM-A165F Build/AP3A.240905.015.A2; wv) AppleWebKit/537.36 (KHTML, like Gecko) Version/4.0 Chrome/140.0.7339.119 Mobile Safari/537.36 [FB_IAB/FB4A;FBAV/530.0.0.48.74;IABMV/1;]"
38.50.6.252 - - [16/Sep/2025:09:08:42 -0400] "GET /wp-content/uploads/2025/04/IMG_2620482203-360x200.jpg HTTP/1.1" 200 19869 "https://alshaer-news.com/?p=3014&utm_medium=social&utm_source=heylink.me" "Mozilla/5.0 (Linux; Android 15; SM-A165F Build/AP3A.240905.015.A2; wv) AppleWebKit/537.36 (KHTML, like Gecko) Version/4.0 Chrome/140.0.7339.119 Mobile Safari/537.36 [FB_IAB/FB4A;FBAV/530.0.0.48.74;IABMV/1;]"
38.50.6.252 - - [16/Sep/2025:09:08:42 -0400] "GET /wp-content/uploads/2024/08/FB_IMG_1723739515245-360x200.jpg HTTP/1.1" 200 12051 "https://alshaer-news.com/?p=3014&utm_medium=social&utm_source=heylink.me" "Mozilla/5.0 (Linux; Android 15; SM-A165F Build/AP3A.240905.015.A2; wv) AppleWebKit/537.36 (KHTML, like Gecko) Version/4.0 Chrome/140.0.7339.119 Mobile Safari/537.36 [FB_IAB/FB4A;FBAV/530.0.0.48.74;IABMV/1;]"
38.50.6.252 - - [16/Sep/2025:09:08:42 -0400] "GET /wp-content/uploads/2024/08/%D8%A8%D9%84%D8%AF%D9%8A%D8%A9-%D8%AA%D9%88%D9%86%D8%B3-%D8%B3%D8%A7%D8%AD%D8%A9-%D8%A7%D9%84%D9%82%D8%B5%D8%A8%D8%A9-Godong-Getty-360x200.jpg HTTP/1.1" 200 15774 "https://alshaer-news.com/?p=3014&utm_medium=social&utm_source=heylink.me" "Mozilla/5.0 (Linux; Android 15; SM-A165F Build/AP3A.240905.015.A2; wv) AppleWebKit/537.36 (KHTML, like Gecko) Version/4.0 Chrome/140.0.7339.119 Mobile Safari/537.36 [FB_IAB/FB4A;FBAV/530.0.0.48.74;IABMV/1;]"
38.50.6.252 - - [16/Sep/2025:09:08:42 -0400] "GET /wp-content/uploads/2024/08/GettyImages-644501407_1-360x200.jpg HTTP/1.1" 200 15364 "https://alshaer-news.com/?p=3014&utm_medium=social&utm_source=heylink.me" "Mozilla/5.0 (Linux; Android 15; SM-A165F Build/AP3A.240905.015.A2; wv) AppleWebKit/537.36 (KHTML, like Gecko) Version/4.0 Chrome/140.0.7339.119 Mobile Safari/537.36 [FB_IAB/FB4A;FBAV/530.0.0.48.74;IABMV/1;]"
38.50.6.252 - - [16/Sep/2025:09:08:42 -0400] "GET /wp-content/uploads/2024/07/%D9%A2%D9%A0%D9%A2%D9%A4%D9%A0%D9%A7%D9%A2%D9%A8_%D9%A1%D9%A1%D9%A4%D9%A5%D9%A5%D9%A3-360x200.jpg HTTP/1.1" 200 11944 "https://alshaer-news.com/?p=3014&utm_medium=social&utm_source=heylink.me" "Mozilla/5.0 (Linux; Android 15; SM-A165F Build/AP3A.240905.015.A2; wv) AppleWebKit/537.36 (KHTML, like Gecko) Version/4.0 Chrome/140.0.7339.119 Mobile Safari/537.36 [FB_IAB/FB4A;FBAV/530.0.0.48.74;IABMV/1;]"
38.50.6.252 - - [16/Sep/2025:09:08:42 -0400] "GET /wp-content/uploads/2025/09/IMG-20250910-WA0000-360x200.jpg HTTP/1.1" 200 17269 "https://alshaer-news.com/?p=3014&utm_medium=social&utm_source=heylink.me" "Mozilla/5.0 (Linux; Android 15; SM-A165F Build/AP3A.240905.015.A2; wv) AppleWebKit/537.36 (KHTML, like Gecko) Version/4.0 Chrome/140.0.7339.119 Mobile Safari/537.36 [FB_IAB/FB4A;FBAV/530.0.0.48.74;IABMV/1;]"
38.50.6.252 - - [16/Sep/2025:09:08:42 -0400] "GET /wp-content/uploads/2025/09/%D9%A2%D9%A0%D9%A2%D9%A5%D9%A0%D9%A9%D9%A0%D9%A9_%D9%A2%D9%A3%D9%A4%D9%A9%D9%A3%D9%A7-360x200.jpg HTTP/1.1" 200 22224 "https://alshaer-news.com/?p=3014&utm_medium=social&utm_source=heylink.me" "Mozilla/5.0 (Linux; Android 15; SM-A165F Build/AP3A.240905.015.A2; wv) AppleWebKit/537.36 (KHTML, like Gecko) Version/4.0 Chrome/140.0.7339.119 Mobile Safari/537.36 [FB_IAB/FB4A;FBAV/530.0.0.48.74;IABMV/1;]"
38.50.6.252 - - [16/Sep/2025:09:08:42 -0400] "GET /wp-content/uploads/2025/08/IMG-20250824-WA0030-360x200.jpg HTTP/1.1" 200 15692 "https://alshaer-news.com/?p=3014&utm_medium=social&utm_source=heylink.me" "Mozilla/5.0 (Linux; Android 15; SM-A165F Build/AP3A.240905.015.A2; wv) AppleWebKit/537.36 (KHTML, like Gecko) Version/4.0 Chrome/140.0.7339.119 Mobile Safari/537.36 [FB_IAB/FB4A;FBAV/530.0.0.48.74;IABMV/1;]"
38.50.6.252 - - [16/Sep/2025:09:08:42 -0400] "GET /wp-content/uploads/2025/07/IMG_8282480856-360x200.jpg HTTP/1.1" 200 20934 "https://alshaer-news.com/?p=3014&utm_medium=social&utm_source=heylink.me" "Mozilla/5.0 (Linux; Android 15; SM-A165F Build/AP3A.240905.015.A2; wv) AppleWebKit/537.36 (KHTML, like Gecko) Version/4.0 Chrome/140.0.7339.119 Mobile Safari/537.36 [FB_IAB/FB4A;FBAV/530.0.0.48.74;IABMV/1;]"
38.50.6.252 - - [16/Sep/2025:09:08:42 -0400] "GET /wp-content/uploads/2025/05/FB_IMG_1746291435288-360x200.jpg HTTP/1.1" 200 16248 "https://alshaer-news.com/?p=3014&utm_medium=social&utm_source=heylink.me" "Mozilla/5.0 (Linux; Android 15; SM-A165F Build/AP3A.240905.015.A2; wv) AppleWebKit/537.36 (KHTML, like Gecko) Version/4.0 Chrome/140.0.7339.119 Mobile Safari/537.36 [FB_IAB/FB4A;FBAV/530.0.0.48.74;IABMV/1;]"
38.50.6.252 - - [16/Sep/2025:09:08:42 -0400] "GET /wp-content/uploads/2025/02/%D9%A2%D9%A0%D9%A2%D9%A5%D9%A0%D9%A2%D9%A0%D9%A6_%D9%A2%D9%A2%D9%A4%D9%A9%D9%A0%D9%A1-360x200.jpg HTTP/1.1" 200 17316 "https://alshaer-news.com/?p=3014&utm_medium=social&utm_source=heylink.me" "Mozilla/5.0 (Linux; Android 15; SM-A165F Build/AP3A.240905.015.A2; wv) AppleWebKit/537.36 (KHTML, like Gecko) Version/4.0 Chrome/140.0.7339.119 Mobile Safari/537.36 [FB_IAB/FB4A;FBAV/530.0.0.48.74;IABMV/1;]"
38.50.6.252 - - [16/Sep/2025:09:08:42 -0400] "GET /wp-content/uploads/2024/12/%D9%85%D8%AD%D9%85%D8%AF-%D8%A8%D9%86-%D8%B3%D9%84%D9%85%D8%A7%D9%86--360x200.jpg HTTP/1.1" 200 17160 "https://alshaer-news.com/?p=3014&utm_medium=social&utm_source=heylink.me" "Mozilla/5.0 (Linux; Android 15; SM-A165F Build/AP3A.240905.015.A2; wv) AppleWebKit/537.36 (KHTML, like Gecko) Version/4.0 Chrome/140.0.7339.119 Mobile Safari/537.36 [FB_IAB/FB4A;FBAV/530.0.0.48.74;IABMV/1;]"
38.50.6.252 - - [16/Sep/2025:09:08:42 -0400] "GET /wp-content/uploads/2024/09/%D9%85%D8%B2%D8%A7%D8%AF-%D8%AC%D9%85%D8%A7%D8%B1%D9%83--360x200.jpg HTTP/1.1" 200 27863 "https://alshaer-news.com/?p=3014&utm_medium=social&utm_source=heylink.me" "Mozilla/5.0 (Linux; Android 15; SM-A165F Build/AP3A.240905.015.A2; wv) AppleWebKit/537.36 (KHTML, like Gecko) Version/4.0 Chrome/140.0.7339.119 Mobile Safari/537.36 [FB_IAB/FB4A;FBAV/530.0.0.48.74;IABMV/1;]"
41.254.104.132 - - [16/Sep/2025:09:08:43 -0400] "GET /?p=3014&utm_medium=social&utm_source=heylink.me HTTP/1.1" 200 14796 "https://heylink.me/whatsappcomchannel0029VbB7Nu58PgsMqBc0LS26/?fbclid=IwY2xjawM2QGBleHRuA2FlbQIxMQABHl5ATmi5OUk8FgbSl0LDfC0Jy5yQE_XFH-GrMHnx21OI_sPCCtA0Ka91VJ1J_aem_Dk_YcEkS8i5gTtXyNU58nw" "Mozilla/5.0 (Linux; Android 12; Infinix X6515 Build/SP1A.210812.016; wv) AppleWebKit/537.36 (KHTML, like Gecko) Version/4.0 Chrome/140.0.7339.119 Mobile Safari/537.36 [FB_IAB/FB4A;FBAV/530.0.0.48.74;IABMV/1;]"
94.47.76.164 - - [16/Sep/2025:09:08:45 -0400] "GET /wp-content/themes/newsplus/assets/img/logo.png HTTP/1.1" 200 43754 "https://alshaer-news.com/?p=2938&utm_medium=social&utm_source=heylink.me" "Mozilla/5.0 (Linux; Android 12; M2003J15SC Build/SP1A.210812.016; wv) AppleWebKit/537.36 (KHTML, like Gecko) Version/4.0 Chrome/103.0.5060.129 Mobile Safari/537.36 [FB_IAB/FB4A;FBAV/518.0.0.63.86;]"
94.47.76.164 - - [16/Sep/2025:09:08:46 -0400] "GET /wp-includes/js/comment-reply.min.js?ver=6.8.2 HTTP/1.1" 200 1422 "https://alshaer-news.com/?p=2938&utm_medium=social&utm_source=heylink.me" "Mozilla/5.0 (Linux; Android 12; M2003J15SC Build/SP1A.210812.016; wv) AppleWebKit/537.36 (KHTML, like Gecko) Version/4.0 Chrome/103.0.5060.129 Mobile Safari/537.36 [FB_IAB/FB4A;FBAV/518.0.0.63.86;]"
94.47.76.164 - - [16/Sep/2025:09:08:49 -0400] "GET /wp-content/uploads/2024/09/%D9%85%D8%B2%D8%A7%D8%AF-%D8%AC%D9%85%D8%A7%D8%B1%D9%83--360x200.jpg HTTP/1.1" 200 27863 "https://alshaer-news.com/?p=2938&utm_medium=social&utm_source=heylink.me" "Mozilla/5.0 (Linux; Android 12; M2003J15SC Build/SP1A.210812.016; wv) AppleWebKit/537.36 (KHTML, like Gecko) Version/4.0 Chrome/103.0.5060.129 Mobile Safari/537.36 [FB_IAB/FB4A;FBAV/518.0.0.63.86;]"
150.228.34.6 - - [16/Sep/2025:09:08:49 -0400] "GET /?p=3026&utm_medium=social&utm_source=heylink.me HTTP/1.1" 200 14343 "https://heylink.me/whatsappcomchannel0029Vb6nFL02v1IrjKKy3d1v/?fbclid=IwY2xjawM2QKdleHRuA2FlbQIxMQABHm8-2tY1XSojv5aryV0TEiTfekEvVMsOllMCNt6un-isHjBuDTsS34tLiclV_aem_gjrKrOQ383mLtspdbpcwXw" "Mozilla/5.0 (Linux; Android 10; TECNO KE5k Build/QP1A.190711.020; wv) AppleWebKit/537.36 (KHTML, like Gecko) Version/4.0 Chrome/140.0.7339.119 Mobile Safari/537.36 [FB_IAB/FB4A;FBAV/530.0.0.48.74;IABMV/1;]"
150.228.34.6 - - [16/Sep/2025:09:08:49 -0400] "GET /wp-includes/css/dist/block-library/style-rtl.min.css?ver=6.8.2 HTTP/1.1" 200 14312 "https://alshaer-news.com/?p=3026&utm_medium=social&utm_source=heylink.me" "Mozilla/5.0 (Linux; Android 10; TECNO KE5k Build/QP1A.190711.020; wv) AppleWebKit/537.36 (KHTML, like Gecko) Version/4.0 Chrome/140.0.7339.119 Mobile Safari/537.36 [FB_IAB/FB4A;FBAV/530.0.0.48.74;IABMV/1;]"
150.228.34.6 - - [16/Sep/2025:09:08:49 -0400] "GET /wp-content/plugins/contact-form-7/includes/css/styles.css?ver=6.0.6 HTTP/1.1" 200 890 "https://alshaer-news.com/?p=3026&utm_medium=social&utm_source=heylink.me" "Mozilla/5.0 (Linux; Android 10; TECNO KE5k Build/QP1A.190711.020; wv) AppleWebKit/537.36 (KHTML, like Gecko) Version/4.0 Chrome/140.0.7339.119 Mobile Safari/537.36 [FB_IAB/FB4A;FBAV/530.0.0.48.74;IABMV/1;]"
150.228.34.6 - - [16/Sep/2025:09:08:49 -0400] "GET /wp-content/plugins/contact-form-7/includes/css/styles-rtl.css?ver=6.0.6 HTTP/1.1" 200 152 "https://alshaer-news.com/?p=3026&utm_medium=social&utm_source=heylink.me" "Mozilla/5.0 (Linux; Android 10; TECNO KE5k Build/QP1A.190711.020; wv) AppleWebKit/537.36 (KHTML, like Gecko) Version/4.0 Chrome/140.0.7339.119 Mobile Safari/537.36 [FB_IAB/FB4A;FBAV/530.0.0.48.74;IABMV/1;]"
150.228.34.6 - - [16/Sep/2025:09:08:49 -0400] "GET /wp-content/plugins/cookie-notice/css/front.min.css?ver=2.5.6 HTTP/1.1" 200 951 "https://alshaer-news.com/?p=3026&utm_medium=social&utm_source=heylink.me" "Mozilla/5.0 (Linux; Android 10; TECNO KE5k Build/QP1A.190711.020; wv) AppleWebKit/537.36 (KHTML, like Gecko) Version/4.0 Chrome/140.0.7339.119 Mobile Safari/537.36 [FB_IAB/FB4A;FBAV/530.0.0.48.74;IABMV/1;]"
150.228.34.6 - - [16/Sep/2025:09:08:49 -0400] "GET /wp-content/themes/newsplus/assets/css/bootstrap.min.css?ver=37.00 HTTP/1.1" 200 17696 "https://alshaer-news.com/?p=3026&utm_medium=social&utm_source=heylink.me" "Mozilla/5.0 (Linux; Android 10; TECNO KE5k Build/QP1A.190711.020; wv) AppleWebKit/537.36 (KHTML, like Gecko) Version/4.0 Chrome/140.0.7339.119 Mobile Safari/537.36 [FB_IAB/FB4A;FBAV/530.0.0.48.74;IABMV/1;]"
150.228.34.6 - - [16/Sep/2025:09:08:49 -0400] "GET /wp-content/themes/newsplus/assets/fonts/fonts.css?ver=37.00 HTTP/1.1" 200 335 "https://alshaer-news.com/?p=3026&utm_medium=social&utm_source=heylink.me" "Mozilla/5.0 (Linux; Android 10; TECNO KE5k Build/QP1A.190711.020; wv) AppleWebKit/537.36 (KHTML, like Gecko) Version/4.0 Chrome/140.0.7339.119 Mobile Safari/537.36 [FB_IAB/FB4A;FBAV/530.0.0.48.74;IABMV/1;]"
150.228.34.6 - - [16/Sep/2025:09:08:49 -0400] "GET /wp-content/themes/newsplus/style.css?ver=37.00 HTTP/1.1" 200 7414 "https://alshaer-news.com/?p=3026&utm_medium=social&utm_source=heylink.me" "Mozilla/5.0 (Linux; Android 10; TECNO KE5k Build/QP1A.190711.020; wv) AppleWebKit/537.36 (KHTML, like Gecko) Version/4.0 Chrome/140.0.7339.119 Mobile Safari/537.36 [FB_IAB/FB4A;FBAV/530.0.0.48.74;IABMV/1;]"
150.228.34.6 - - [16/Sep/2025:09:08:49 -0400] "GET /wp-content/plugins/cookie-notice/js/front.min.js?ver=2.5.6 HTTP/1.1" 200 1964 "https://alshaer-news.com/?p=3026&utm_medium=social&utm_source=heylink.me" "Mozilla/5.0 (Linux; Android 10; TECNO KE5k Build/QP1A.190711.020; wv) AppleWebKit/537.36 (KHTML, like Gecko) Version/4.0 Chrome/140.0.7339.119 Mobile Safari/537.36 [FB_IAB/FB4A;FBAV/530.0.0.48.74;IABMV/1;]"
150.228.34.6 - - [16/Sep/2025:09:08:49 -0400] "GET /wp-includes/js/jquery/jquery.min.js?ver=3.7.1 HTTP/1.1" 200 29744 "https://alshaer-news.com/?p=3026&utm_medium=social&utm_source=heylink.me" "Mozilla/5.0 (Linux; Android 10; TECNO KE5k Build/QP1A.190711.020; wv) AppleWebKit/537.36 (KHTML, like Gecko) Version/4.0 Chrome/140.0.7339.119 Mobile Safari/537.36 [FB_IAB/FB4A;FBAV/530.0.0.48.74;IABMV/1;]"
150.228.34.6 - - [16/Sep/2025:09:08:49 -0400] "GET /wp-includes/js/jquery/jquery-migrate.min.js?ver=3.4.1 HTTP/1.1" 200 4678 "https://alshaer-news.com/?p=3026&utm_medium=social&utm_source=heylink.me" "Mozilla/5.0 (Linux; Android 10; TECNO KE5k Build/QP1A.190711.020; wv) AppleWebKit/537.36 (KHTML, like Gecko) Version/4.0 Chrome/140.0.7339.119 Mobile Safari/537.36 [FB_IAB/FB4A;FBAV/530.0.0.48.74;IABMV/1;]"
150.228.34.6 - - [16/Sep/2025:09:08:50 -0400] "GET /wp-content/uploads/2025/07/IMG_8282480856-768x716.jpg HTTP/1.1" 200 94999 "https://alshaer-news.com/?p=3026&utm_medium=social&utm_source=heylink.me" "Mozilla/5.0 (Linux; Android 10; TECNO KE5k Build/QP1A.190711.020; wv) AppleWebKit/537.36 (KHTML, like Gecko) Version/4.0 Chrome/140.0.7339.119 Mobile Safari/537.36 [FB_IAB/FB4A;FBAV/530.0.0.48.74;IABMV/1;]"
150.228.34.6 - - [16/Sep/2025:09:08:50 -0400] "GET /wp-content/themes/newsplus/assets/img/logo.png HTTP/1.1" 200 43754 "https://alshaer-news.com/?p=3026&utm_medium=social&utm_source=heylink.me" "Mozilla/5.0 (Linux; Android 10; TECNO KE5k Build/QP1A.190711.020; wv) AppleWebKit/537.36 (KHTML, like Gecko) Version/4.0 Chrome/140.0.7339.119 Mobile Safari/537.36 [FB_IAB/FB4A;FBAV/530.0.0.48.74;IABMV/1;]"
150.228.34.6 - - [16/Sep/2025:09:08:50 -0400] "GET /wp-includes/js/dist/hooks.min.js?ver=4d63a3d491d11ffd8ac6 HTTP/1.1" 200 1571 "https://alshaer-news.com/?p=3026&utm_medium=social&utm_source=heylink.me" "Mozilla/5.0 (Linux; Android 10; TECNO KE5k Build/QP1A.190711.020; wv) AppleWebKit/537.36 (KHTML, like Gecko) Version/4.0 Chrome/140.0.7339.119 Mobile Safari/537.36 [FB_IAB/FB4A;FBAV/530.0.0.48.74;IABMV/1;]"
94.47.76.164 - - [16/Sep/2025:09:08:50 -0400] "GET /wp-content/uploads/2025/08/IMG-20250824-WA0030-360x200.jpg HTTP/1.1" 200 15692 "https://alshaer-news.com/?p=2938&utm_medium=social&utm_source=heylink.me" "Mozilla/5.0 (Linux; Android 12; M2003J15SC Build/SP1A.210812.016; wv) AppleWebKit/537.36 (KHTML, like Gecko) Version/4.0 Chrome/103.0.5060.129 Mobile Safari/537.36 [FB_IAB/FB4A;FBAV/518.0.0.63.86;]"
38.50.6.252 - - [16/Sep/2025:09:08:51 -0400] "GET /?p=3014&utm_medium=social&utm_source=heylink.me HTTP/1.1" 200 14796 "https://heylink.me/whatsappcomchannel0029VbB7Nu58PgsMqBc0LS26/?fbclid=IwY2xjawM2QJtleHRuA2FlbQIxMQABHgNG4J9hROCHnTzdFbUXJivjjP3hhinYMb1TWG1758hysaQtzTrcydHoBtsq_aem_zJ6MXU2FEN72KRvs5NSFOA" "Mozilla/5.0 (Linux; Android 15; SM-A165F Build/AP3A.240905.015.A2; wv) AppleWebKit/537.36 (KHTML, like Gecko) Version/4.0 Chrome/140.0.7339.119 Mobile Safari/537.36 [FB_IAB/FB4A;FBAV/530.0.0.48.74;IABMV/1;]"
94.47.76.164 - - [16/Sep/2025:09:08:51 -0400] "GET /wp-content/uploads/2025/07/IMG_8282480856-360x200.jpg HTTP/1.1" 200 20934 "https://alshaer-news.com/?p=2938&utm_medium=social&utm_source=heylink.me" "Mozilla/5.0 (Linux; Android 12; M2003J15SC Build/SP1A.210812.016; wv) AppleWebKit/537.36 (KHTML, like Gecko) Version/4.0 Chrome/103.0.5060.129 Mobile Safari/537.36 [FB_IAB/FB4A;FBAV/518.0.0.63.86;]"
94.47.76.164 - - [16/Sep/2025:09:08:51 -0400] "GET /wp-content/uploads/2025/05/FB_IMG_1746291435288-360x200.jpg HTTP/1.1" 200 16248 "https://alshaer-news.com/?p=2938&utm_medium=social&utm_source=heylink.me" "Mozilla/5.0 (Linux; Android 12; M2003J15SC Build/SP1A.210812.016; wv) AppleWebKit/537.36 (KHTML, like Gecko) Version/4.0 Chrome/103.0.5060.129 Mobile Safari/537.36 [FB_IAB/FB4A;FBAV/518.0.0.63.86;]"
94.47.76.164 - - [16/Sep/2025:09:08:51 -0400] "GET /wp-content/uploads/2025/02/%D9%A2%D9%A0%D9%A2%D9%A5%D9%A0%D9%A2%D9%A0%D9%A6_%D9%A2%D9%A2%D9%A4%D9%A9%D9%A0%D9%A1-360x200.jpg HTTP/1.1" 200 17316 "https://alshaer-news.com/?p=2938&utm_medium=social&utm_source=heylink.me" "Mozilla/5.0 (Linux; Android 12; M2003J15SC Build/SP1A.210812.016; wv) AppleWebKit/537.36 (KHTML, like Gecko) Version/4.0 Chrome/103.0.5060.129 Mobile Safari/537.36 [FB_IAB/FB4A;FBAV/518.0.0.63.86;]"
150.228.34.6 - - [16/Sep/2025:09:08:51 -0400] "GET /wp-content/uploads/2025/07/IMG_8282480856-360x200.jpg HTTP/1.1" 200 20934 "https://alshaer-news.com/?p=3026&utm_medium=social&utm_source=heylink.me" "Mozilla/5.0 (Linux; Android 10; TECNO KE5k Build/QP1A.190711.020; wv) AppleWebKit/537.36 (KHTML, like Gecko) Version/4.0 Chrome/140.0.7339.119 Mobile Safari/537.36 [FB_IAB/FB4A;FBAV/530.0.0.48.74;IABMV/1;]"
102.164.96.58 - - [16/Sep/2025:09:08:51 -0400] "GET /?p=2594 HTTP/1.1" 200 14816 "https://mez.ink/" "Mozilla/5.0 (Linux; Android 15; 23053RN02A Build/AP3A.240905.015.A2; wv) AppleWebKit/537.36 (KHTML, like Gecko) Version/4.0 Chrome/139.0.7258.164 Mobile Safari/537.36 [FB_IAB/FB4A;FBAV/529.0.0.44.73;IABMV/1;]"
94.47.76.164 - - [16/Sep/2025:09:08:53 -0400] "GET /wp-content/uploads/2024/12/%D9%85%D8%AD%D9%85%D8%AF-%D8%A8%D9%86-%D8%B3%D9%84%D9%85%D8%A7%D9%86--360x200.jpg HTTP/1.1" 200 17160 "https://alshaer-news.com/?p=2938&utm_medium=social&utm_source=heylink.me" "Mozilla/5.0 (Linux; Android 12; M2003J15SC Build/SP1A.210812.016; wv) AppleWebKit/537.36 (KHTML, like Gecko) Version/4.0 Chrome/103.0.5060.129 Mobile Safari/537.36 [FB_IAB/FB4A;FBAV/518.0.0.63.86;]"
94.47.76.164 - - [16/Sep/2025:09:08:53 -0400] "GET /wp-content/uploads/2025/09/IMG-20250910-WA0000-360x200.jpg HTTP/1.1" 200 17269 "https://alshaer-news.com/?p=2938&utm_medium=social&utm_source=heylink.me" "Mozilla/5.0 (Linux; Android 12; M2003J15SC Build/SP1A.210812.016; wv) AppleWebKit/537.36 (KHTML, like Gecko) Version/4.0 Chrome/103.0.5060.129 Mobile Safari/537.36 [FB_IAB/FB4A;FBAV/518.0.0.63.86;]"
94.47.76.164 - - [16/Sep/2025:09:08:53 -0400] "GET /wp-content/uploads/2025/09/%D9%A2%D9%A0%D9%A2%D9%A5%D9%A0%D9%A9%D9%A0%D9%A9_%D9%A2%D9%A3%D9%A4%D9%A9%D9%A3%D9%A7-360x200.jpg HTTP/1.1" 200 22224 "https://alshaer-news.com/?p=2938&utm_medium=social&utm_source=heylink.me" "Mozilla/5.0 (Linux; Android 12; M2003J15SC Build/SP1A.210812.016; wv) AppleWebKit/537.36 (KHTML, like Gecko) Version/4.0 Chrome/103.0.5060.129 Mobile Safari/537.36 [FB_IAB/FB4A;FBAV/518.0.0.63.86;]"
94.47.76.164 - - [16/Sep/2025:09:08:53 -0400] "GET /wp-content/uploads/2025/06/IMG_4412545132-360x200.jpg HTTP/1.1" 200 21437 "https://alshaer-news.com/?p=2938&utm_medium=social&utm_source=heylink.me" "Mozilla/5.0 (Linux; Android 12; M2003J15SC Build/SP1A.210812.016; wv) AppleWebKit/537.36 (KHTML, like Gecko) Version/4.0 Chrome/103.0.5060.129 Mobile Safari/537.36 [FB_IAB/FB4A;FBAV/518.0.0.63.86;]"
94.47.76.164 - - [16/Sep/2025:09:08:54 -0400] "GET /wp-content/uploads/2025/04/IMG_2620482203-360x200.jpg HTTP/1.1" 200 19869 "https://alshaer-news.com/?p=2938&utm_medium=social&utm_source=heylink.me" "Mozilla/5.0 (Linux; Android 12; M2003J15SC Build/SP1A.210812.016; wv) AppleWebKit/537.36 (KHTML, like Gecko) Version/4.0 Chrome/103.0.5060.129 Mobile Safari/537.36 [FB_IAB/FB4A;FBAV/518.0.0.63.86;]"
94.47.76.164 - - [16/Sep/2025:09:08:54 -0400] "GET /wp-includes/js/wp-emoji-release.min.js?ver=6.8.2 HTTP/1.1" 200 5976 "https://alshaer-news.com/?p=2938&utm_medium=social&utm_source=heylink.me" "Mozilla/5.0 (Linux; Android 12; M2003J15SC Build/SP1A.210812.016; wv) AppleWebKit/537.36 (KHTML, like Gecko) Version/4.0 Chrome/103.0.5060.129 Mobile Safari/537.36 [FB_IAB/FB4A;FBAV/518.0.0.63.86;]"
150.228.34.6 - - [16/Sep/2025:09:08:56 -0400] "GET /wp-includes/js/dist/i18n.min.js?ver=5e580eb46a90c2b997e6 HTTP/1.1" 200 3542 "https://alshaer-news.com/?p=3026&utm_medium=social&utm_source=heylink.me" "Mozilla/5.0 (Linux; Android 10; TECNO KE5k Build/QP1A.190711.020; wv) AppleWebKit/537.36 (KHTML, like Gecko) Version/4.0 Chrome/140.0.7339.119 Mobile Safari/537.36 [FB_IAB/FB4A;FBAV/530.0.0.48.74;IABMV/1;]"
150.228.34.6 - - [16/Sep/2025:09:08:56 -0400] "GET /wp-content/plugins/contact-form-7/includes/swv/js/index.js?ver=6.0.6 HTTP/1.1" 200 3369 "https://alshaer-news.com/?p=3026&utm_medium=social&utm_source=heylink.me" "Mozilla/5.0 (Linux; Android 10; TECNO KE5k Build/QP1A.190711.020; wv) AppleWebKit/537.36 (KHTML, like Gecko) Version/4.0 Chrome/140.0.7339.119 Mobile Safari/537.36 [FB_IAB/FB4A;FBAV/530.0.0.48.74;IABMV/1;]"
150.228.34.6 - - [16/Sep/2025:09:08:56 -0400] "GET /wp-content/themes/newsplus/assets/js/main.js?ver=37.00 HTTP/1.1" 200 1317 "https://alshaer-news.com/?p=3026&utm_medium=social&utm_source=heylink.me" "Mozilla/5.0 (Linux; Android 10; TECNO KE5k Build/QP1A.190711.020; wv) AppleWebKit/537.36 (KHTML, like Gecko) Version/4.0 Chrome/140.0.7339.119 Mobile Safari/537.36 [FB_IAB/FB4A;FBAV/530.0.0.48.74;IABMV/1;]"
150.228.34.6 - - [16/Sep/2025:09:08:56 -0400] "GET /wp-content/plugins/contact-form-7/includes/js/index.js?ver=6.0.6 HTTP/1.1" 200 4008 "https://alshaer-news.com/?p=3026&utm_medium=social&utm_source=heylink.me" "Mozilla/5.0 (Linux; Android 10; TECNO KE5k Build/QP1A.190711.020; wv) AppleWebKit/537.36 (KHTML, like Gecko) Version/4.0 Chrome/140.0.7339.119 Mobile Safari/537.36 [FB_IAB/FB4A;FBAV/530.0.0.48.74;IABMV/1;]"
38.50.6.252 - - [16/Sep/2025:09:08:56 -0400] "GET /?p=2728&utm_medium=social&utm_source=heylink.me HTTP/1.1" 500 1112 "https://heylink.me/whatsappcomchannel0029VbB7Nu58PgsMqBc0LS26/?fbclid=IwY2xjawM2QJtleHRuA2FlbQIxMQABHgNG4J9hROCHnTzdFbUXJivjjP3hhinYMb1TWG1758hysaQtzTrcydHoBtsq_aem_zJ6MXU2FEN72KRvs5NSFOA" "Mozilla/5.0 (Linux; Android 15; SM-A165F Build/AP3A.240905.015.A2; wv) AppleWebKit/537.36 (KHTML, like Gecko) Version/4.0 Chrome/140.0.7339.119 Mobile Safari/537.36 [FB_IAB/FB4A;FBAV/530.0.0.48.74;IABMV/1;]"
38.50.6.252 - - [16/Sep/2025:09:08:57 -0400] "GET /favicon.ico HTTP/1.1" 500 1112 "https://alshaer-news.com/?p=2728&utm_medium=social&utm_source=heylink.me" "Mozilla/5.0 (Linux; Android 15; SM-A165F Build/AP3A.240905.015.A2; wv) AppleWebKit/537.36 (KHTML, like Gecko) Version/4.0 Chrome/140.0.7339.119 Mobile Safari/537.36 [FB_IAB/FB4A;FBAV/530.0.0.48.74;IABMV/1;]"
150.228.34.6 - - [16/Sep/2025:09:08:59 -0400] "GET /wp-includes/js/comment-reply.min.js?ver=6.8.2 HTTP/1.1" 200 1247 "https://alshaer-news.com/?p=3026&utm_medium=social&utm_source=heylink.me" "Mozilla/5.0 (Linux; Android 10; TECNO KE5k Build/QP1A.190711.020; wv) AppleWebKit/537.36 (KHTML, like Gecko) Version/4.0 Chrome/140.0.7339.119 Mobile Safari/537.36 [FB_IAB/FB4A;FBAV/530.0.0.48.74;IABMV/1;]"
150.228.34.6 - - [16/Sep/2025:09:08:59 -0400] "GET /wp-content/uploads/2025/08/IMG-20250824-WA0030-360x200.jpg HTTP/1.1" 200 15692 "https://alshaer-news.com/?p=3026&utm_medium=social&utm_source=heylink.me" "Mozilla/5.0 (Linux; Android 10; TECNO KE5k Build/QP1A.190711.020; wv) AppleWebKit/537.36 (KHTML, like Gecko) Version/4.0 Chrome/140.0.7339.119 Mobile Safari/537.36 [FB_IAB/FB4A;FBAV/530.0.0.48.74;IABMV/1;]"
150.228.34.6 - - [16/Sep/2025:09:08:59 -0400] "GET /wp-content/uploads/2025/05/FB_IMG_1746291435288-360x200.jpg HTTP/1.1" 200 16248 "https://alshaer-news.com/?p=3026&utm_medium=social&utm_source=heylink.me" "Mozilla/5.0 (Linux; Android 10; TECNO KE5k Build/QP1A.190711.020; wv) AppleWebKit/537.36 (KHTML, like Gecko) Version/4.0 Chrome/140.0.7339.119 Mobile Safari/537.36 [FB_IAB/FB4A;FBAV/530.0.0.48.74;IABMV/1;]"
150.228.34.6 - - [16/Sep/2025:09:08:59 -0400] "GET /wp-content/uploads/2025/02/%D9%A2%D9%A0%D9%A2%D9%A5%D9%A0%D9%A2%D9%A0%D9%A6_%D9%A2%D9%A2%D9%A4%D9%A9%D9%A0%D9%A1-360x200.jpg HTTP/1.1" 200 17316 "https://alshaer-news.com/?p=3026&utm_medium=social&utm_source=heylink.me" "Mozilla/5.0 (Linux; Android 10; TECNO KE5k Build/QP1A.190711.020; wv) AppleWebKit/537.36 (KHTML, like Gecko) Version/4.0 Chrome/140.0.7339.119 Mobile Safari/537.36 [FB_IAB/FB4A;FBAV/530.0.0.48.74;IABMV/1;]"
150.228.34.6 - - [16/Sep/2025:09:08:59 -0400] "GET /wp-content/uploads/2024/12/%D9%85%D8%AD%D9%85%D8%AF-%D8%A8%D9%86-%D8%B3%D9%84%D9%85%D8%A7%D9%86--360x200.jpg HTTP/1.1" 200 17160 "https://alshaer-news.com/?p=3026&utm_medium=social&utm_source=heylink.me" "Mozilla/5.0 (Linux; Android 10; TECNO KE5k Build/QP1A.190711.020; wv) AppleWebKit/537.36 (KHTML, like Gecko) Version/4.0 Chrome/140.0.7339.119 Mobile Safari/537.36 [FB_IAB/FB4A;FBAV/530.0.0.48.74;IABMV/1;]"
150.228.34.6 - - [16/Sep/2025:09:08:59 -0400] "GET /wp-content/uploads/2024/09/%D9%85%D8%B2%D8%A7%D8%AF-%D8%AC%D9%85%D8%A7%D8%B1%D9%83--360x200.jpg HTTP/1.1" 200 27863 "https://alshaer-news.com/?p=3026&utm_medium=social&utm_source=heylink.me" "Mozilla/5.0 (Linux; Android 10; TECNO KE5k Build/QP1A.190711.020; wv) AppleWebKit/537.36 (KHTML, like Gecko) Version/4.0 Chrome/140.0.7339.119 Mobile Safari/537.36 [FB_IAB/FB4A;FBAV/530.0.0.48.74;IABMV/1;]"
150.228.34.6 - - [16/Sep/2025:09:08:59 -0400] "GET /wp-content/uploads/2025/09/IMG-20250910-WA0000-360x200.jpg HTTP/1.1" 200 17269 "https://alshaer-news.com/?p=3026&utm_medium=social&utm_source=heylink.me" "Mozilla/5.0 (Linux; Android 10; TECNO KE5k Build/QP1A.190711.020; wv) AppleWebKit/537.36 (KHTML, like Gecko) Version/4.0 Chrome/140.0.7339.119 Mobile Safari/537.36 [FB_IAB/FB4A;FBAV/530.0.0.48.74;IABMV/1;]"
150.228.34.6 - - [16/Sep/2025:09:08:59 -0400] "GET /wp-content/uploads/2025/09/%D9%A2%D9%A0%D9%A2%D9%A5%D9%A0%D9%A9%D9%A0%D9%A9_%D9%A2%D9%A3%D9%A4%D9%A9%D9%A3%D9%A7-360x200.jpg HTTP/1.1" 200 22224 "https://alshaer-news.com/?p=3026&utm_medium=social&utm_source=heylink.me" "Mozilla/5.0 (Linux; Android 10; TECNO KE5k Build/QP1A.190711.020; wv) AppleWebKit/537.36 (KHTML, like Gecko) Version/4.0 Chrome/140.0.7339.119 Mobile Safari/537.36 [FB_IAB/FB4A;FBAV/530.0.0.48.74;IABMV/1;]"
150.228.34.6 - - [16/Sep/2025:09:08:59 -0400] "GET /wp-content/uploads/2025/06/IMG_4412545132-360x200.jpg HTTP/1.1" 200 21437 "https://alshaer-news.com/?p=3026&utm_medium=social&utm_source=heylink.me" "Mozilla/5.0 (Linux; Android 10; TECNO KE5k Build/QP1A.190711.020; wv) AppleWebKit/537.36 (KHTML, like Gecko) Version/4.0 Chrome/140.0.7339.119 Mobile Safari/537.36 [FB_IAB/FB4A;FBAV/530.0.0.48.74;IABMV/1;]"
150.228.34.6 - - [16/Sep/2025:09:08:59 -0400] "GET /wp-content/uploads/2025/04/IMG_2620482203-360x200.jpg HTTP/1.1" 200 19869 "https://alshaer-news.com/?p=3026&utm_medium=social&utm_source=heylink.me" "Mozilla/5.0 (Linux; Android 10; TECNO KE5k Build/QP1A.190711.020; wv) AppleWebKit/537.36 (KHTML, like Gecko) Version/4.0 Chrome/140.0.7339.119 Mobile Safari/537.36 [FB_IAB/FB4A;FBAV/530.0.0.48.74;IABMV/1;]"
150.228.34.6 - - [16/Sep/2025:09:09:02 -0400] "GET /wp-includes/js/wp-emoji-release.min.js?ver=6.8.2 HTTP/1.1" 200 4769 "https://alshaer-news.com/?p=3026&utm_medium=social&utm_source=heylink.me" "Mozilla/5.0 (Linux; Android 10; TECNO KE5k Build/QP1A.190711.020; wv) AppleWebKit/537.36 (KHTML, like Gecko) Version/4.0 Chrome/140.0.7339.119 Mobile Safari/537.36 [FB_IAB/FB4A;FBAV/530.0.0.48.74;IABMV/1;]"
102.164.96.58 - - [16/Sep/2025:09:09:03 -0400] "GET /favicon.ico HTTP/1.1" 500 1112 "https://alshaer-news.com/?p=2594" "Mozilla/5.0 (Linux; Android 15; 23053RN02A Build/AP3A.240905.015.A2; wv) AppleWebKit/537.36 (KHTML, like Gecko) Version/4.0 Chrome/139.0.7258.164 Mobile Safari/537.36 [FB_IAB/FB4A;FBAV/529.0.0.44.73;IABMV/1;]"
102.212.139.191 - - [16/Sep/2025:09:09:08 -0400] "GET /?p=3014&utm_medium=social&utm_source=heylink.me HTTP/1.1" 200 14796 "https://heylink.me/whatsappcomchannel0029VbB7Nu58PgsMqBc0LS26/?fbclid=IwY2xjawM2QL5leHRuA2FlbQIxMQABHl69MXVHgQQgyWtk3xD2HLXpOm639NYQHGqqaYipzqxkU4yiZ3FWBV6Y9G8z_aem_fYk74bjIGLp_MGv8H2kkkA" "Mozilla/5.0 (Linux; Android 11; Redmi Note 8 Pro Build/RP1A.200720.011; wv) AppleWebKit/537.36 (KHTML, like Gecko) Version/4.0 Chrome/139.0.7258.164 Mobile Safari/537.36 [FB_IAB/FB4A;FBAV/529.0.0.44.73;IABMV/1;]"
173.252.107.11 - - [16/Sep/2025:09:09:08 -0400] "GET /?p=2728&utm_medium=social&utm_source=heylink.me HTTP/1.1" 500 2728 "-" "facebookexternalhit/1.1 (+http://www.facebook.com/externalhit_uatext.php)"
102.212.139.191 - - [16/Sep/2025:09:09:08 -0400] "GET /wp-includes/css/dist/block-library/style-rtl.min.css?ver=6.8.2 HTTP/1.1" 200 14312 "https://alshaer-news.com/?p=3014&utm_medium=social&utm_source=heylink.me" "Mozilla/5.0 (Linux; Android 11; Redmi Note 8 Pro Build/RP1A.200720.011; wv) AppleWebKit/537.36 (KHTML, like Gecko) Version/4.0 Chrome/139.0.7258.164 Mobile Safari/537.36 [FB_IAB/FB4A;FBAV/529.0.0.44.73;IABMV/1;]"
102.212.139.191 - - [16/Sep/2025:09:09:08 -0400] "GET /wp-content/plugins/contact-form-7/includes/css/styles.css?ver=6.0.6 HTTP/1.1" 200 890 "https://alshaer-news.com/?p=3014&utm_medium=social&utm_source=heylink.me" "Mozilla/5.0 (Linux; Android 11; Redmi Note 8 Pro Build/RP1A.200720.011; wv) AppleWebKit/537.36 (KHTML, like Gecko) Version/4.0 Chrome/139.0.7258.164 Mobile Safari/537.36 [FB_IAB/FB4A;FBAV/529.0.0.44.73;IABMV/1;]"
102.212.139.191 - - [16/Sep/2025:09:09:08 -0400] "GET /wp-content/plugins/contact-form-7/includes/css/styles-rtl.css?ver=6.0.6 HTTP/1.1" 200 152 "https://alshaer-news.com/?p=3014&utm_medium=social&utm_source=heylink.me" "Mozilla/5.0 (Linux; Android 11; Redmi Note 8 Pro Build/RP1A.200720.011; wv) AppleWebKit/537.36 (KHTML, like Gecko) Version/4.0 Chrome/139.0.7258.164 Mobile Safari/537.36 [FB_IAB/FB4A;FBAV/529.0.0.44.73;IABMV/1;]"
102.212.139.191 - - [16/Sep/2025:09:09:08 -0400] "GET /wp-content/plugins/cookie-notice/css/front.min.css?ver=2.5.6 HTTP/1.1" 200 951 "https://alshaer-news.com/?p=3014&utm_medium=social&utm_source=heylink.me" "Mozilla/5.0 (Linux; Android 11; Redmi Note 8 Pro Build/RP1A.200720.011; wv) AppleWebKit/537.36 (KHTML, like Gecko) Version/4.0 Chrome/139.0.7258.164 Mobile Safari/537.36 [FB_IAB/FB4A;FBAV/529.0.0.44.73;IABMV/1;]"
102.212.139.191 - - [16/Sep/2025:09:09:08 -0400] "GET /wp-content/themes/newsplus/assets/css/bootstrap.min.css?ver=37.00 HTTP/1.1" 200 17696 "https://alshaer-news.com/?p=3014&utm_medium=social&utm_source=heylink.me" "Mozilla/5.0 (Linux; Android 11; Redmi Note 8 Pro Build/RP1A.200720.011; wv) AppleWebKit/537.36 (KHTML, like Gecko) Version/4.0 Chrome/139.0.7258.164 Mobile Safari/537.36 [FB_IAB/FB4A;FBAV/529.0.0.44.73;IABMV/1;]"
