102.208.51.51 - - [16/Sep/2025:09:17:15 -0400] "GET /wp-content/uploads/2025/07/IMG_8282480856-360x200.jpg HTTP/1.1" 200 20934 "https://alshaer-news.com/?p=3014&utm_medium=social&utm_source=heylink.me" "Mozilla/5.0 (Linux; Android 11; Redmi Note 8 Pro Build/RP1A.200720.011; wv) AppleWebKit/537.36 (KHTML, like Gecko) Version/4.0 Chrome/140.0.7339.119 Mobile Safari/537.36 [FB_IAB/FB4A;FBAV/530.0.0.48.74;IABMV/1;]"
102.208.51.51 - - [16/Sep/2025:09:17:15 -0400] "GET /wp-content/uploads/2025/05/FB_IMG_1746291435288-360x200.jpg HTTP/1.1" 200 16248 "https://alshaer-news.com/?p=3014&utm_medium=social&utm_source=heylink.me" "Mozilla/5.0 (Linux; Android 11; Redmi Note 8 Pro Build/RP1A.200720.011; wv) AppleWebKit/537.36 (KHTML, like Gecko) Version/4.0 Chrome/140.0.7339.119 Mobile Safari/537.36 [FB_IAB/FB4A;FBAV/530.0.0.48.74;IABMV/1;]"
102.208.51.51 - - [16/Sep/2025:09:17:15 -0400] "GET /wp-content/uploads/2025/02/%D9%A2%D9%A0%D9%A2%D9%A5%D9%A0%D9%A2%D9%A0%D9%A6_%D9%A2%D9%A2%D9%A4%D9%A9%D9%A0%D9%A1-360x200.jpg HTTP/1.1" 200 17316 "https://alshaer-news.com/?p=3014&utm_medium=social&utm_source=heylink.me" "Mozilla/5.0 (Linux; Android 11; Redmi Note 8 Pro Build/RP1A.200720.011; wv) AppleWebKit/537.36 (KHTML, like Gecko) Version/4.0 Chrome/140.0.7339.119 Mobile Safari/537.36 [FB_IAB/FB4A;FBAV/530.0.0.48.74;IABMV/1;]"
102.208.51.51 - - [16/Sep/2025:09:17:15 -0400] "GET /wp-content/uploads/2024/12/%D9%85%D8%AD%D9%85%D8%AF-%D8%A8%D9%86-%D8%B3%D9%84%D9%85%D8%A7%D9%86--360x200.jpg HTTP/1.1" 200 17160 "https://alshaer-news.com/?p=3014&utm_medium=social&utm_source=heylink.me" "Mozilla/5.0 (Linux; Android 11; Redmi Note 8 Pro Build/RP1A.200720.011; wv) AppleWebKit/537.36 (KHTML, like Gecko) Version/4.0 Chrome/140.0.7339.119 Mobile Safari/537.36 [FB_IAB/FB4A;FBAV/530.0.0.48.74;IABMV/1;]"
102.208.51.51 - - [16/Sep/2025:09:17:15 -0400] "GET /wp-content/uploads/2024/09/%D9%85%D8%B2%D8%A7%D8%AF-%D8%AC%D9%85%D8%A7%D8%B1%D9%83--360x200.jpg HTTP/1.1" 200 27863 "https://alshaer-news.com/?p=3014&utm_medium=social&utm_source=heylink.me" "Mozilla/5.0 (Linux; Android 11; Redmi Note 8 Pro Build/RP1A.200720.011; wv) AppleWebKit/537.36 (KHTML, like Gecko) Version/4.0 Chrome/140.0.7339.119 Mobile Safari/537.36 [FB_IAB/FB4A;FBAV/530.0.0.48.74;IABMV/1;]"
102.208.51.51 - - [16/Sep/2025:09:17:15 -0400] "GET /wp-includes/js/wp-emoji-release.min.js?ver=6.8.2 HTTP/1.1" 200 4769 "https://alshaer-news.com/?p=3014&utm_medium=social&utm_source=heylink.me" "Mozilla/5.0 (Linux; Android 11; Redmi Note 8 Pro Build/RP1A.200720.011; wv) AppleWebKit/537.36 (KHTML, like Gecko) Version/4.0 Chrome/140.0.7339.119 Mobile Safari/537.36 [FB_IAB/FB4A;FBAV/530.0.0.48.74;IABMV/1;]"
107.175.146.209 - - [16/Sep/2025:09:17:16 -0400] "GET /wp-content/uploads/2021/09/ HTTP/1.1" 403 4995 "https://alshaer-news.com/" "Mozilla/5.0 (X11; Fedora; Linux x86_64; rv:114.0) Gecko/20100101 Firefox/114.0"
38.153.211.151 - - [16/Sep/2025:09:17:17 -0400] "GET /wp-content/uploads/2021/09/ HTTP/1.1" 403 4995 "https://alshaer-news.com/" "Mozilla/5.0 (X11; Fedora; Linux x86_64; rv:114.0) Gecko/20100101 Firefox/114.0"
107.175.146.209 - - [16/Sep/2025:09:17:18 -0400] "GET /wp-content/uploads/2021/09/ HTTP/1.1" 403 4995 "https://alshaer-news.com/" "Mozilla/5.0 (X11; Fedora; Linux x86_64; rv:114.0) Gecko/20100101 Firefox/114.0"
38.153.211.151 - - [16/Sep/2025:09:17:19 -0400] "GET /wp-content/uploads/2021/09/ HTTP/1.1" 403 4995 "https://alshaer-news.com/" "Mozilla/5.0 (X11; Fedora; Linux x86_64; rv:114.0) Gecko/20100101 Firefox/114.0"
107.175.146.203 - - [16/Sep/2025:09:17:20 -0400] "GET /?cat=4 HTTP/1.1" 200 10497 "https://alshaer-news.com/" "Mozilla/5.0 (X11; Fedora; Linux x86_64; rv:114.0) Gecko/20100101 Firefox/114.0"
107.175.146.203 - - [16/Sep/2025:09:17:21 -0400] "GET /wp-content/uploads/2021/11/ HTTP/1.1" 403 4995 "https://alshaer-news.com/" "Mozilla/5.0 (X11; Fedora; Linux x86_64; rv:114.0) Gecko/20100101 Firefox/114.0"
38.153.211.151 - - [16/Sep/2025:09:17:22 -0400] "GET /wp-content/uploads/2021/11/ HTTP/1.1" 403 4995 "https://alshaer-news.com/" "Mozilla/5.0 (X11; Fedora; Linux x86_64; rv:114.0) Gecko/20100101 Firefox/114.0"
38.153.211.100 - - [16/Sep/2025:09:17:24 -0400] "GET /wp-content/uploads/2021/11/ HTTP/1.1" 403 4995 "https://alshaer-news.com/" "Mozilla/5.0 (X11; Fedora; Linux x86_64; rv:114.0) Gecko/20100101 Firefox/114.0"
107.175.146.198 - - [16/Sep/2025:09:17:25 -0400] "GET /wp-content/uploads/2021/11/ HTTP/1.1" 403 4994 "https://alshaer-news.com/" "Mozilla/5.0 (X11; Fedora; Linux x86_64; rv:114.0) Gecko/20100101 Firefox/114.0"
38.153.207.130 - - [16/Sep/2025:09:17:26 -0400] "GET /?p=3042 HTTP/1.1" 200 15256 "https://alshaer-news.com/" "Mozilla/5.0 (X11; Fedora; Linux x86_64; rv:114.0) Gecko/20100101 Firefox/114.0"
38.153.207.130 - - [16/Sep/2025:09:17:27 -0400] "GET /wp-content/uploads/2023/07/Screenshot_ HTTP/1.1" 500 1112 "https://alshaer-news.com/" "Mozilla/5.0 (X11; Fedora; Linux x86_64; rv:114.0) Gecko/20100101 Firefox/114.0"
38.153.207.130 - - [16/Sep/2025:09:17:28 -0400] "GET /'%20+%20link%20+' HTTP/1.1" 500 1112 "https://alshaer-news.com/" "Mozilla/5.0 (X11; Fedora; Linux x86_64; rv:114.0) Gecko/20100101 Firefox/114.0"
38.153.207.130 - - [16/Sep/2025:09:17:30 -0400] "GET /wp-content/uploads/2023/09/ HTTP/1.1" 403 4995 "https://alshaer-news.com/" "Mozilla/5.0 (X11; Fedora; Linux x86_64; rv:114.0) Gecko/20100101 Firefox/114.0"
107.175.146.203 - - [16/Sep/2025:09:17:31 -0400] "GET /wp-content/uploads/2023/09/ HTTP/1.1" 403 4995 "https://alshaer-news.com/" "Mozilla/5.0 (X11; Fedora; Linux x86_64; rv:114.0) Gecko/20100101 Firefox/114.0"
107.175.146.203 - - [16/Sep/2025:09:17:32 -0400] "GET /wp-content/uploads/2023/09/ HTTP/1.1" 403 4995 "https://alshaer-news.com/" "Mozilla/5.0 (X11; Fedora; Linux x86_64; rv:114.0) Gecko/20100101 Firefox/114.0"
38.153.207.130 - - [16/Sep/2025:09:17:33 -0400] "GET /wp-content/uploads/2023/09/ HTTP/1.1" 403 4995 "https://alshaer-news.com/" "Mozilla/5.0 (X11; Fedora; Linux x86_64; rv:114.0) Gecko/20100101 Firefox/114.0"
38.153.211.100 - - [16/Sep/2025:09:17:34 -0400] "GET /?cat=5 HTTP/1.1" 200 10505 "https://alshaer-news.com/" "Mozilla/5.0 (X11; Fedora; Linux x86_64; rv:114.0) Gecko/20100101 Firefox/114.0"
38.153.211.100 - - [16/Sep/2025:09:17:35 -0400] "GET /wp-content/uploads/2024/03/ HTTP/1.1" 403 4995 "https://alshaer-news.com/" "Mozilla/5.0 (X11; Fedora; Linux x86_64; rv:114.0) Gecko/20100101 Firefox/114.0"
107.175.146.198 - - [16/Sep/2025:09:17:37 -0400] "GET /wp-content/uploads/2024/03/ HTTP/1.1" 403 4995 "https://alshaer-news.com/" "Mozilla/5.0 (X11; Fedora; Linux x86_64; rv:114.0) Gecko/20100101 Firefox/114.0"
107.175.146.203 - - [16/Sep/2025:09:17:38 -0400] "GET /wp-content/uploads/2024/03/ HTTP/1.1" 403 4995 "https://alshaer-news.com/" "Mozilla/5.0 (X11; Fedora; Linux x86_64; rv:114.0) Gecko/20100101 Firefox/114.0"
38.153.211.151 - - [16/Sep/2025:09:17:39 -0400] "GET /wp-content/uploads/2024/03/ HTTP/1.1" 403 4995 "https://alshaer-news.com/" "Mozilla/5.0 (X11; Fedora; Linux x86_64; rv:114.0) Gecko/20100101 Firefox/114.0"
38.153.211.151 - - [16/Sep/2025:09:17:40 -0400] "GET /?p=3032 HTTP/1.1" 200 14274 "https://alshaer-news.com/" "Mozilla/5.0 (X11; Fedora; Linux x86_64; rv:114.0) Gecko/20100101 Firefox/114.0"
38.153.211.151 - - [16/Sep/2025:09:17:42 -0400] "GET /wp-content/uploads/2024/04/Screenshot_ HTTP/1.1" 500 1112 "https://alshaer-news.com/" "Mozilla/5.0 (X11; Fedora; Linux x86_64; rv:114.0) Gecko/20100101 Firefox/114.0"
38.153.211.151 - - [16/Sep/2025:09:17:43 -0400] "GET /?p=3026 HTTP/1.1" 200 13769 "https://alshaer-news.com/" "Mozilla/5.0 (X11; Fedora; Linux x86_64; rv:114.0) Gecko/20100101 Firefox/114.0"
38.153.211.151 - - [16/Sep/2025:09:17:44 -0400] "GET /wp-content/uploads/2024/08/ HTTP/1.1" 403 4995 "https://alshaer-news.com/" "Mozilla/5.0 (X11; Fedora; Linux x86_64; rv:114.0) Gecko/20100101 Firefox/114.0"
38.153.207.130 - - [16/Sep/2025:09:17:45 -0400] "GET /wp-content/uploads/2024/08/ HTTP/1.1" 403 4995 "https://alshaer-news.com/" "Mozilla/5.0 (X11; Fedora; Linux x86_64; rv:114.0) Gecko/20100101 Firefox/114.0"
107.175.146.198 - - [16/Sep/2025:09:17:47 -0400] "GET /wp-content/uploads/2024/08/ HTTP/1.1" 403 4995 "https://alshaer-news.com/" "Mozilla/5.0 (X11; Fedora; Linux x86_64; rv:114.0) Gecko/20100101 Firefox/114.0"
107.175.146.209 - - [16/Sep/2025:09:17:48 -0400] "GET /wp-content/uploads/2024/08/ HTTP/1.1" 403 4995 "https://alshaer-news.com/" "Mozilla/5.0 (X11; Fedora; Linux x86_64; rv:114.0) Gecko/20100101 Firefox/114.0"
107.175.146.203 - - [16/Sep/2025:09:17:49 -0400] "GET /?p=3000 HTTP/1.1" 200 13698 "https://alshaer-news.com/" "Mozilla/5.0 (X11; Fedora; Linux x86_64; rv:114.0) Gecko/20100101 Firefox/114.0"
5.155.64.227 - - [16/Sep/2025:09:17:49 -0400] "GET /?p=2938&utm_medium=social&utm_source=heylink.me HTTP/1.1" 200 14244 "https://heylink.me/whatsappcomchannel0029Vb6nFL02v1IrjKKy3d1v/?fbclid=IwY2xjawM1K1ZleHRuA2FlbQIxMQABHl0HlTzUrtYv5ZNE7QslqSbKC4T-Iuetlwk_qXeUlowzpG3SwmK38VyyRnZv_aem_IdYrUGPq1GYiSSPm8ZdL6w" "Mozilla/5.0 (Linux; Android 8.1.0; DRA-LX5) AppleWebKit/537.36 (KHTML, like Gecko) Chrome/70.0.3538.110 Mobile Safari/537.36"
107.175.146.203 - - [16/Sep/2025:09:17:50 -0400] "GET /wp-content/uploads/2024/09/ HTTP/1.1" 403 4995 "https://alshaer-news.com/" "Mozilla/5.0 (X11; Fedora; Linux x86_64; rv:114.0) Gecko/20100101 Firefox/114.0"
5.155.64.227 - - [16/Sep/2025:09:17:51 -0400] "GET /wp-includes/css/dist/block-library/style-rtl.min.css?ver=6.8.2 HTTP/1.1" 200 14312 "https://alshaer-news.com/?p=2938&utm_medium=social&utm_source=heylink.me" "Mozilla/5.0 (Linux; Android 8.1.0; DRA-LX5) AppleWebKit/537.36 (KHTML, like Gecko) Chrome/70.0.3538.110 Mobile Safari/537.36"
5.155.64.227 - - [16/Sep/2025:09:17:51 -0400] "GET /wp-content/plugins/contact-form-7/includes/css/styles.css?ver=6.0.6 HTTP/1.1" 200 890 "https://alshaer-news.com/?p=2938&utm_medium=social&utm_source=heylink.me" "Mozilla/5.0 (Linux; Android 8.1.0; DRA-LX5) AppleWebKit/537.36 (KHTML, like Gecko) Chrome/70.0.3538.110 Mobile Safari/537.36"
5.155.64.227 - - [16/Sep/2025:09:17:51 -0400] "GET /wp-content/plugins/contact-form-7/includes/css/styles-rtl.css?ver=6.0.6 HTTP/1.1" 200 152 "https://alshaer-news.com/?p=2938&utm_medium=social&utm_source=heylink.me" "Mozilla/5.0 (Linux; Android 8.1.0; DRA-LX5) AppleWebKit/537.36 (KHTML, like Gecko) Chrome/70.0.3538.110 Mobile Safari/537.36"
5.155.64.227 - - [16/Sep/2025:09:17:51 -0400] "GET /wp-content/plugins/cookie-notice/css/front.min.css?ver=2.5.6 HTTP/1.1" 200 951 "https://alshaer-news.com/?p=2938&utm_medium=social&utm_source=heylink.me" "Mozilla/5.0 (Linux; Android 8.1.0; DRA-LX5) AppleWebKit/537.36 (KHTML, like Gecko) Chrome/70.0.3538.110 Mobile Safari/537.36"
5.155.64.227 - - [16/Sep/2025:09:17:51 -0400] "GET /wp-content/themes/newsplus/assets/css/bootstrap.min.css?ver=37.00 HTTP/1.1" 200 17696 "https://alshaer-news.com/?p=2938&utm_medium=social&utm_source=heylink.me" "Mozilla/5.0 (Linux; Android 8.1.0; DRA-LX5) AppleWebKit/537.36 (KHTML, like Gecko) Chrome/70.0.3538.110 Mobile Safari/537.36"
5.155.64.227 - - [16/Sep/2025:09:17:51 -0400] "GET /wp-content/themes/newsplus/assets/fonts/fonts.css?ver=37.00 HTTP/1.1" 200 335 "https://alshaer-news.com/?p=2938&utm_medium=social&utm_source=heylink.me" "Mozilla/5.0 (Linux; Android 8.1.0; DRA-LX5) AppleWebKit/537.36 (KHTML, like Gecko) Chrome/70.0.3538.110 Mobile Safari/537.36"
5.155.64.227 - - [16/Sep/2025:09:17:51 -0400] "GET /wp-content/themes/newsplus/style.css?ver=37.00 HTTP/1.1" 200 7414 "https://alshaer-news.com/?p=2938&utm_medium=social&utm_source=heylink.me" "Mozilla/5.0 (Linux; Android 8.1.0; DRA-LX5) AppleWebKit/537.36 (KHTML, like Gecko) Chrome/70.0.3538.110 Mobile Safari/537.36"
5.155.64.227 - - [16/Sep/2025:09:17:51 -0400] "GET /wp-content/plugins/cookie-notice/js/front.min.js?ver=2.5.6 HTTP/1.1" 200 1964 "https://alshaer-news.com/?p=2938&utm_medium=social&utm_source=heylink.me" "Mozilla/5.0 (Linux; Android 8.1.0; DRA-LX5) AppleWebKit/537.36 (KHTML, like Gecko) Chrome/70.0.3538.110 Mobile Safari/537.36"
5.155.64.227 - - [16/Sep/2025:09:17:51 -0400] "GET /wp-includes/js/jquery/jquery.min.js?ver=3.7.1 HTTP/1.1" 200 29744 "https://alshaer-news.com/?p=2938&utm_medium=social&utm_source=heylink.me" "Mozilla/5.0 (Linux; Android 8.1.0; DRA-LX5) AppleWebKit/537.36 (KHTML, like Gecko) Chrome/70.0.3538.110 Mobile Safari/537.36"
5.155.64.227 - - [16/Sep/2025:09:17:51 -0400] "GET /wp-includes/js/jquery/jquery-migrate.min.js?ver=3.4.1 HTTP/1.1" 200 4678 "https://alshaer-news.com/?p=2938&utm_medium=social&utm_source=heylink.me" "Mozilla/5.0 (Linux; Android 8.1.0; DRA-LX5) AppleWebKit/537.36 (KHTML, like Gecko) Chrome/70.0.3538.110 Mobile Safari/537.36"
107.175.146.198 - - [16/Sep/2025:09:17:51 -0400] "GET /wp-content/uploads/2024/09/ HTTP/1.1" 403 4995 "https://alshaer-news.com/" "Mozilla/5.0 (X11; Fedora; Linux x86_64; rv:114.0) Gecko/20100101 Firefox/114.0"
5.155.64.227 - - [16/Sep/2025:09:17:52 -0400] "GET /wp-includes/js/dist/hooks.min.js?ver=4d63a3d491d11ffd8ac6 HTTP/1.1" 200 1571 "https://alshaer-news.com/?p=2938&utm_medium=social&utm_source=heylink.me" "Mozilla/5.0 (Linux; Android 8.1.0; DRA-LX5) AppleWebKit/537.36 (KHTML, like Gecko) Chrome/70.0.3538.110 Mobile Safari/537.36"
38.153.211.151 - - [16/Sep/2025:09:17:52 -0400] "GET /wp-content/uploads/2024/09/ HTTP/1.1" 403 4995 "https://alshaer-news.com/" "Mozilla/5.0 (X11; Fedora; Linux x86_64; rv:114.0) Gecko/20100101 Firefox/114.0"
107.175.146.209 - - [16/Sep/2025:09:17:54 -0400] "GET /wp-content/uploads/2024/09/ HTTP/1.1" 403 4995 "https://alshaer-news.com/" "Mozilla/5.0 (X11; Fedora; Linux x86_64; rv:114.0) Gecko/20100101 Firefox/114.0"
5.155.64.227 - - [16/Sep/2025:09:17:54 -0400] "GET /wp-includes/js/dist/i18n.min.js?ver=5e580eb46a90c2b997e6 HTTP/1.1" 200 3542 "https://alshaer-news.com/?p=2938&utm_medium=social&utm_source=heylink.me" "Mozilla/5.0 (Linux; Android 8.1.0; DRA-LX5) AppleWebKit/537.36 (KHTML, like Gecko) Chrome/70.0.3538.110 Mobile Safari/537.36"
5.155.64.227 - - [16/Sep/2025:09:17:54 -0400] "GET /wp-content/plugins/contact-form-7/includes/swv/js/index.js?ver=6.0.6 HTTP/1.1" 200 3369 "https://alshaer-news.com/?p=2938&utm_medium=social&utm_source=heylink.me" "Mozilla/5.0 (Linux; Android 8.1.0; DRA-LX5) AppleWebKit/537.36 (KHTML, like Gecko) Chrome/70.0.3538.110 Mobile Safari/537.36"
5.155.64.227 - - [16/Sep/2025:09:17:54 -0400] "GET /wp-content/plugins/contact-form-7/includes/js/index.js?ver=6.0.6 HTTP/1.1" 200 4008 "https://alshaer-news.com/?p=2938&utm_medium=social&utm_source=heylink.me" "Mozilla/5.0 (Linux; Android 8.1.0; DRA-LX5) AppleWebKit/537.36 (KHTML, like Gecko) Chrome/70.0.3538.110 Mobile Safari/537.36"
38.153.211.100 - - [16/Sep/2025:09:17:55 -0400] "GET /?p=2977 HTTP/1.1" 200 13758 "https://alshaer-news.com/" "Mozilla/5.0 (X11; Fedora; Linux x86_64; rv:114.0) Gecko/20100101 Firefox/114.0"
38.153.211.100 - - [16/Sep/2025:09:17:56 -0400] "GET /wp-content/uploads/2024/12/ HTTP/1.1" 403 4995 "https://alshaer-news.com/" "Mozilla/5.0 (X11; Fedora; Linux x86_64; rv:114.0) Gecko/20100101 Firefox/114.0"
5.155.64.227 - - [16/Sep/2025:09:17:57 -0400] "GET /wp-content/themes/newsplus/assets/js/main.js?ver=37.00 HTTP/1.1" 200 1317 "https://alshaer-news.com/?p=2938&utm_medium=social&utm_source=heylink.me" "Mozilla/5.0 (Linux; Android 8.1.0; DRA-LX5) AppleWebKit/537.36 (KHTML, like Gecko) Chrome/70.0.3538.110 Mobile Safari/537.36"
5.155.64.227 - - [16/Sep/2025:09:17:57 -0400] "GET /wp-content/themes/newsplus/assets/img/logo.png HTTP/1.1" 200 43754 "https://alshaer-news.com/?p=2938&utm_medium=social&utm_source=heylink.me" "Mozilla/5.0 (Linux; Android 8.1.0; DRA-LX5) AppleWebKit/537.36 (KHTML, like Gecko) Chrome/70.0.3538.110 Mobile Safari/537.36"
5.155.64.227 - - [16/Sep/2025:09:17:57 -0400] "GET /wp-content/uploads/2024/09/%D9%85%D8%B2%D8%A7%D8%AF-%D8%AC%D9%85%D8%A7%D8%B1%D9%83-.jpg HTTP/1.1" 200 51411 "https://alshaer-news.com/?p=2938&utm_medium=social&utm_source=heylink.me" "Mozilla/5.0 (Linux; Android 8.1.0; DRA-LX5) AppleWebKit/537.36 (KHTML, like Gecko) Chrome/70.0.3538.110 Mobile Safari/537.36"
5.155.64.227 - - [16/Sep/2025:09:17:57 -0400] "GET /wp-includes/js/comment-reply.min.js?ver=6.8.2 HTTP/1.1" 200 1247 "https://alshaer-news.com/?p=2938&utm_medium=social&utm_source=heylink.me" "Mozilla/5.0 (Linux; Android 8.1.0; DRA-LX5) AppleWebKit/537.36 (KHTML, like Gecko) Chrome/70.0.3538.110 Mobile Safari/537.36"
107.175.146.198 - - [16/Sep/2025:09:17:57 -0400] "GET /wp-content/uploads/2024/12/ HTTP/1.1" 403 4995 "https://alshaer-news.com/" "Mozilla/5.0 (X11; Fedora; Linux x86_64; rv:114.0) Gecko/20100101 Firefox/114.0"
5.155.64.227 - - [16/Sep/2025:09:17:57 -0400] "GET /wp-includes/js/wp-emoji-release.min.js?ver=6.8.2 HTTP/1.1" 200 4769 "https://alshaer-news.com/?p=2938&utm_medium=social&utm_source=heylink.me" "Mozilla/5.0 (Linux; Android 8.1.0; DRA-LX5) AppleWebKit/537.36 (KHTML, like Gecko) Chrome/70.0.3538.110 Mobile Safari/537.36"
5.155.64.227 - - [16/Sep/2025:09:17:58 -0400] "GET /wp-content/uploads/2024/09/%D9%85%D8%B2%D8%A7%D8%AF-%D8%AC%D9%85%D8%A7%D8%B1%D9%83--360x200.jpg HTTP/1.1" 200 27863 "https://alshaer-news.com/?p=2938&utm_medium=social&utm_source=heylink.me" "Mozilla/5.0 (Linux; Android 8.1.0; DRA-LX5) AppleWebKit/537.36 (KHTML, like Gecko) Chrome/70.0.3538.110 Mobile Safari/537.36"
5.155.64.227 - - [16/Sep/2025:09:17:58 -0400] "GET /wp-content/uploads/2024/12/%D9%85%D8%AD%D9%85%D8%AF-%D8%A8%D9%86-%D8%B3%D9%84%D9%85%D8%A7%D9%86--360x200.jpg HTTP/1.1" 200 17160 "https://alshaer-news.com/?p=2938&utm_medium=social&utm_source=heylink.me" "Mozilla/5.0 (Linux; Android 8.1.0; DRA-LX5) AppleWebKit/537.36 (KHTML, like Gecko) Chrome/70.0.3538.110 Mobile Safari/537.36"
5.155.64.227 - - [16/Sep/2025:09:17:58 -0400] "GET /wp-content/uploads/2025/02/%D9%A2%D9%A0%D9%A2%D9%A5%D9%A0%D9%A2%D9%A0%D9%A6_%D9%A2%D9%A2%D9%A4%D9%A9%D9%A0%D9%A1-360x200.jpg HTTP/1.1" 200 17316 "https://alshaer-news.com/?p=2938&utm_medium=social&utm_source=heylink.me" "Mozilla/5.0 (Linux; Android 8.1.0; DRA-LX5) AppleWebKit/537.36 (KHTML, like Gecko) Chrome/70.0.3538.110 Mobile Safari/537.36"
107.175.146.203 - - [16/Sep/2025:09:17:58 -0400] "GET /wp-content/uploads/2024/12/ HTTP/1.1" 403 4995 "https://alshaer-news.com/" "Mozilla/5.0 (X11; Fedora; Linux x86_64; rv:114.0) Gecko/20100101 Firefox/114.0"
5.155.64.227 - - [16/Sep/2025:09:17:59 -0400] "GET /wp-content/uploads/2025/04/IMG_2620482203-360x200.jpg HTTP/1.1" 200 19869 "https://alshaer-news.com/?p=2938&utm_medium=social&utm_source=heylink.me" "Mozilla/5.0 (Linux; Android 8.1.0; DRA-LX5) AppleWebKit/537.36 (KHTML, like Gecko) Chrome/70.0.3538.110 Mobile Safari/537.36"
107.175.146.203 - - [16/Sep/2025:09:17:59 -0400] "GET /wp-content/uploads/2024/12/ HTTP/1.1" 403 4995 "https://alshaer-news.com/" "Mozilla/5.0 (X11; Fedora; Linux x86_64; rv:114.0) Gecko/20100101 Firefox/114.0"
5.155.64.227 - - [16/Sep/2025:09:17:59 -0400] "GET /wp-content/uploads/2025/05/FB_IMG_1746291435288-360x200.jpg HTTP/1.1" 200 16248 "https://alshaer-news.com/?p=2938&utm_medium=social&utm_source=heylink.me" "Mozilla/5.0 (Linux; Android 8.1.0; DRA-LX5) AppleWebKit/537.36 (KHTML, like Gecko) Chrome/70.0.3538.110 Mobile Safari/537.36"
5.155.64.227 - - [16/Sep/2025:09:18:00 -0400] "GET /wp-content/uploads/2025/06/IMG_4412545132-360x200.jpg HTTP/1.1" 200 21437 "https://alshaer-news.com/?p=2938&utm_medium=social&utm_source=heylink.me" "Mozilla/5.0 (Linux; Android 8.1.0; DRA-LX5) AppleWebKit/537.36 (KHTML, like Gecko) Chrome/70.0.3538.110 Mobile Safari/537.36"
38.153.211.100 - - [16/Sep/2025:09:18:00 -0400] "GET /?p=2965 HTTP/1.1" 200 13828 "https://alshaer-news.com/" "Mozilla/5.0 (X11; Fedora; Linux x86_64; rv:114.0) Gecko/20100101 Firefox/114.0"
38.153.211.100 - - [16/Sep/2025:09:18:01 -0400] "GET /wp-content/uploads/2025/02/ HTTP/1.1" 403 4995 "https://alshaer-news.com/" "Mozilla/5.0 (X11; Fedora; Linux x86_64; rv:114.0) Gecko/20100101 Firefox/114.0"
38.153.211.151 - - [16/Sep/2025:09:18:02 -0400] "GET /wp-content/uploads/2025/02/ HTTP/1.1" 403 4995 "https://alshaer-news.com/" "Mozilla/5.0 (X11; Fedora; Linux x86_64; rv:114.0) Gecko/20100101 Firefox/114.0"
38.153.211.100 - - [16/Sep/2025:09:18:05 -0400] "GET /wp-content/uploads/2025/02/ HTTP/1.1" 403 4995 "https://alshaer-news.com/" "Mozilla/5.0 (X11; Fedora; Linux x86_64; rv:114.0) Gecko/20100101 Firefox/114.0"
107.175.146.209 - - [16/Sep/2025:09:18:06 -0400] "GET /wp-content/uploads/2025/02/ HTTP/1.1" 403 4995 "https://alshaer-news.com/" "Mozilla/5.0 (X11; Fedora; Linux x86_64; rv:114.0) Gecko/20100101 Firefox/114.0"
107.175.146.209 - - [16/Sep/2025:09:18:07 -0400] "GET /?p=2938 HTTP/1.1" 200 14219 "https://alshaer-news.com/" "Mozilla/5.0 (X11; Fedora; Linux x86_64; rv:114.0) Gecko/20100101 Firefox/114.0"
107.175.146.209 - - [16/Sep/2025:09:18:08 -0400] "GET /wp-content/uploads/2025/09/ HTTP/1.1" 403 4995 "https://alshaer-news.com/" "Mozilla/5.0 (X11; Fedora; Linux x86_64; rv:114.0) Gecko/20100101 Firefox/114.0"
38.153.211.100 - - [16/Sep/2025:09:18:09 -0400] "GET /wp-content/uploads/2025/09/ HTTP/1.1" 403 4995 "https://alshaer-news.com/" "Mozilla/5.0 (X11; Fedora; Linux x86_64; rv:114.0) Gecko/20100101 Firefox/114.0"
38.153.207.130 - - [16/Sep/2025:09:18:10 -0400] "GET /wp-content/uploads/2025/09/ HTTP/1.1" 403 4995 "https://alshaer-news.com/" "Mozilla/5.0 (X11; Fedora; Linux x86_64; rv:114.0) Gecko/20100101 Firefox/114.0"
107.175.146.203 - - [16/Sep/2025:09:18:11 -0400] "GET /wp-content/uploads/2025/09/ HTTP/1.1" 403 4995 "https://alshaer-news.com/" "Mozilla/5.0 (X11; Fedora; Linux x86_64; rv:114.0) Gecko/20100101 Firefox/114.0"
107.175.146.198 - - [16/Sep/2025:09:18:12 -0400] "GET /?p=2869 HTTP/1.1" 200 14106 "https://alshaer-news.com/" "Mozilla/5.0 (X11; Fedora; Linux x86_64; rv:114.0) Gecko/20100101 Firefox/114.0"
107.175.146.198 - - [16/Sep/2025:09:18:14 -0400] "GET /xmlrpc.php HTTP/1.1" 500 0 "https://alshaer-news.com/" "Mozilla/5.0 (X11; Fedora; Linux x86_64; rv:114.0) Gecko/20100101 Firefox/114.0"
107.175.146.198 - - [16/Sep/2025:09:18:15 -0400] "GET /?p=2862 HTTP/1.1" 200 14283 "https://alshaer-news.com/" "Mozilla/5.0 (X11; Fedora; Linux x86_64; rv:114.0) Gecko/20100101 Firefox/114.0"
107.175.146.198 - - [16/Sep/2025:09:18:16 -0400] "GET /xmlrpc.php?rsd HTTP/1.1" 500 0 "https://alshaer-news.com/" "Mozilla/5.0 (X11; Fedora; Linux x86_64; rv:114.0) Gecko/20100101 Firefox/114.0"
107.175.146.198 - - [16/Sep/2025:09:18:17 -0400] "GET /?p=3014 HTTP/1.1" 200 14766 "https://alshaer-news.com/" "Mozilla/5.0 (X11; Fedora; Linux x86_64; rv:114.0) Gecko/20100101 Firefox/114.0"
107.175.146.198 - - [16/Sep/2025:09:18:18 -0400] "GET /?page=2 HTTP/1.1" 200 11882 "https://alshaer-news.com/" "Mozilla/5.0 (X11; Fedora; Linux x86_64; rv:114.0) Gecko/20100101 Firefox/114.0"
107.175.146.198 - - [16/Sep/2025:09:18:20 -0400] "GET /?p=2994 HTTP/1.1" 200 15227 "https://alshaer-news.com/" "Mozilla/5.0 (X11; Fedora; Linux x86_64; rv:114.0) Gecko/20100101 Firefox/114.0"
107.175.146.198 - - [16/Sep/2025:09:18:21 -0400] "GET / HTTP/1.1" 200 11864 "https://alshaer-news.com/" "Mozilla/5.0 (X11; Fedora; Linux x86_64; rv:114.0) Gecko/20100101 Firefox/114.0"
107.175.146.198 - - [16/Sep/2025:09:18:23 -0400] "GET /?p=2931 HTTP/1.1" 200 14481 "https://alshaer-news.com/" "Mozilla/5.0 (X11; Fedora; Linux x86_64; rv:114.0) Gecko/20100101 Firefox/114.0"
107.175.146.198 - - [16/Sep/2025:09:18:24 -0400] "GET /?page_id=3 HTTP/1.1" 200 10969 "https://alshaer-news.com/" "Mozilla/5.0 (X11; Fedora; Linux x86_64; rv:114.0) Gecko/20100101 Firefox/114.0"
107.175.146.198 - - [16/Sep/2025:09:18:26 -0400] "GET /?p=2923 HTTP/1.1" 200 14501 "https://alshaer-news.com/" "Mozilla/5.0 (X11; Fedora; Linux x86_64; rv:114.0) Gecko/20100101 Firefox/114.0"
107.175.146.198 - - [16/Sep/2025:09:18:27 -0400] "GET /?page_id=7 HTTP/1.1" 200 9913 "https://alshaer-news.com/" "Mozilla/5.0 (X11; Fedora; Linux x86_64; rv:114.0) Gecko/20100101 Firefox/114.0"
107.175.146.198 - - [16/Sep/2025:09:18:28 -0400] "GET /?p=2885 HTTP/1.1" 200 14642 "https://alshaer-news.com/" "Mozilla/5.0 (X11; Fedora; Linux x86_64; rv:114.0) Gecko/20100101 Firefox/114.0"
107.175.146.198 - - [16/Sep/2025:09:18:32 -0400] "GET /?p=25 HTTP/1.1" 200 14918 "https://alshaer-news.com/" "Mozilla/5.0 (X11; Fedora; Linux x86_64; rv:114.0) Gecko/20100101 Firefox/114.0"
107.175.146.198 - - [16/Sep/2025:09:18:33 -0400] "GET /?p=2651 HTTP/1.1" 200 14683 "https://alshaer-news.com/" "Mozilla/5.0 (X11; Fedora; Linux x86_64; rv:114.0) Gecko/20100101 Firefox/114.0"
107.175.146.198 - - [16/Sep/2025:09:18:34 -0400] "GET /?p=69 HTTP/1.1" 200 14322 "https://alshaer-news.com/" "Mozilla/5.0 (X11; Fedora; Linux x86_64; rv:114.0) Gecko/20100101 Firefox/114.0"
107.175.146.198 - - [16/Sep/2025:09:18:35 -0400] "GET /?p=2647 HTTP/1.1" 200 15137 "https://alshaer-news.com/" "Mozilla/5.0 (X11; Fedora; Linux x86_64; rv:114.0) Gecko/20100101 Firefox/114.0"
107.175.146.198 - - [16/Sep/2025:09:18:37 -0400] "GET /?p=455 HTTP/1.1" 200 14768 "https://alshaer-news.com/" "Mozilla/5.0 (X11; Fedora; Linux x86_64; rv:114.0) Gecko/20100101 Firefox/114.0"
41.252.25.87 - - [16/Sep/2025:09:18:43 -0400] "GET /?p=3014&utm_medium=social&utm_source=heylink.me HTTP/1.1" 200 17191 "https://heylink.me/whatsappcomchannel0029VbB7Nu58PgsMqBc0LS26/?fbclid=IwY2xjawM2QrdleHRuA2FlbQIxMQABHnTRqkNYvcBDM657Uya-82E6F_slTRBJpDBNRF7_dCKWPgW2AjMBlSlFtgBO_aem_1i4sm-oo2z8FqYltW_-GPA" "Mozilla/5.0 (Linux; Android 10; MED-LX9N Build/HUAWEIMED-LX9N; wv) AppleWebKit/537.36 (KHTML, like Gecko) Version/4.0 Chrome/92.0.4515.105 Mobile Safari/537.36 [FB_IAB/FB4A;FBAV/514.0.0.65.72;]"
107.175.146.198 - - [16/Sep/2025:09:18:44 -0400] "GET /?p=2505 HTTP/1.1" 200 15290 "https://alshaer-news.com/" "Mozilla/5.0 (X11; Fedora; Linux x86_64; rv:114.0) Gecko/20100101 Firefox/114.0"
41.252.25.87 - - [16/Sep/2025:09:18:46 -0400] "GET /wp-includes/css/dist/block-library/style-rtl.min.css?ver=6.8.2 HTTP/1.1" 200 19581 "https://alshaer-news.com/?p=3014&utm_medium=social&utm_source=heylink.me" "Mozilla/5.0 (Linux; Android 10; MED-LX9N Build/HUAWEIMED-LX9N; wv) AppleWebKit/537.36 (KHTML, like Gecko) Version/4.0 Chrome/92.0.4515.105 Mobile Safari/537.36 [FB_IAB/FB4A;FBAV/514.0.0.65.72;]"
41.252.25.87 - - [16/Sep/2025:09:18:46 -0400] "GET /wp-content/plugins/contact-form-7/includes/css/styles.css?ver=6.0.6 HTTP/1.1" 200 1101 "https://alshaer-news.com/?p=3014&utm_medium=social&utm_source=heylink.me" "Mozilla/5.0 (Linux; Android 10; MED-LX9N Build/HUAWEIMED-LX9N; wv) AppleWebKit/537.36 (KHTML, like Gecko) Version/4.0 Chrome/92.0.4515.105 Mobile Safari/537.36 [FB_IAB/FB4A;FBAV/514.0.0.65.72;]"
41.252.25.87 - - [16/Sep/2025:09:18:46 -0400] "GET /wp-content/plugins/contact-form-7/includes/css/styles-rtl.css?ver=6.0.6 HTTP/1.1" 200 152 "https://alshaer-news.com/?p=3014&utm_medium=social&utm_source=heylink.me" "Mozilla/5.0 (Linux; Android 10; MED-LX9N Build/HUAWEIMED-LX9N; wv) AppleWebKit/537.36 (KHTML, like Gecko) Version/4.0 Chrome/92.0.4515.105 Mobile Safari/537.36 [FB_IAB/FB4A;FBAV/514.0.0.65.72;]"
41.252.25.87 - - [16/Sep/2025:09:18:46 -0400] "GET /wp-content/plugins/cookie-notice/css/front.min.css?ver=2.5.6 HTTP/1.1" 200 1229 "https://alshaer-news.com/?p=3014&utm_medium=social&utm_source=heylink.me" "Mozilla/5.0 (Linux; Android 10; MED-LX9N Build/HUAWEIMED-LX9N; wv) AppleWebKit/537.36 (KHTML, like Gecko) Version/4.0 Chrome/92.0.4515.105 Mobile Safari/537.36 [FB_IAB/FB4A;FBAV/514.0.0.65.72;]"
41.252.25.87 - - [16/Sep/2025:09:18:46 -0400] "GET /wp-content/themes/newsplus/assets/css/bootstrap.min.css?ver=37.00 HTTP/1.1" 200 26089 "https://alshaer-news.com/?p=3014&utm_medium=social&utm_source=heylink.me" "Mozilla/5.0 (Linux; Android 10; MED-LX9N Build/HUAWEIMED-LX9N; wv) AppleWebKit/537.36 (KHTML, like Gecko) Version/4.0 Chrome/92.0.4515.105 Mobile Safari/537.36 [FB_IAB/FB4A;FBAV/514.0.0.65.72;]"
41.252.25.87 - - [16/Sep/2025:09:18:46 -0400] "GET /wp-content/themes/newsplus/assets/fonts/fonts.css?ver=37.00 HTTP/1.1" 200 372 "https://alshaer-news.com/?p=3014&utm_medium=social&utm_source=heylink.me" "Mozilla/5.0 (Linux; Android 10; MED-LX9N Build/HUAWEIMED-LX9N; wv) AppleWebKit/537.36 (KHTML, like Gecko) Version/4.0 Chrome/92.0.4515.105 Mobile Safari/537.36 [FB_IAB/FB4A;FBAV/514.0.0.65.72;]"
41.252.25.87 - - [16/Sep/2025:09:18:46 -0400] "GET /wp-content/themes/newsplus/style.css?ver=37.00 HTTP/1.1" 200 9946 "https://alshaer-news.com/?p=3014&utm_medium=social&utm_source=heylink.me" "Mozilla/5.0 (Linux; Android 10; MED-LX9N Build/HUAWEIMED-LX9N; wv) AppleWebKit/537.36 (KHTML, like Gecko) Version/4.0 Chrome/92.0.4515.105 Mobile Safari/537.36 [FB_IAB/FB4A;FBAV/514.0.0.65.72;]"
41.252.25.87 - - [16/Sep/2025:09:18:46 -0400] "GET /wp-content/plugins/cookie-notice/js/front.min.js?ver=2.5.6 HTTP/1.1" 200 2379 "https://alshaer-news.com/?p=3014&utm_medium=social&utm_source=heylink.me" "Mozilla/5.0 (Linux; Android 10; MED-LX9N Build/HUAWEIMED-LX9N; wv) AppleWebKit/537.36 (KHTML, like Gecko) Version/4.0 Chrome/92.0.4515.105 Mobile Safari/537.36 [FB_IAB/FB4A;FBAV/514.0.0.65.72;]"
41.252.25.87 - - [16/Sep/2025:09:18:46 -0400] "GET /wp-includes/js/jquery/jquery.min.js?ver=3.7.1 HTTP/1.1" 200 35438 "https://alshaer-news.com/?p=3014&utm_medium=social&utm_source=heylink.me" "Mozilla/5.0 (Linux; Android 10; MED-LX9N Build/HUAWEIMED-LX9N; wv) AppleWebKit/537.36 (KHTML, like Gecko) Version/4.0 Chrome/92.0.4515.105 Mobile Safari/537.36 [FB_IAB/FB4A;FBAV/514.0.0.65.72;]"
41.252.25.87 - - [16/Sep/2025:09:18:46 -0400] "GET /wp-includes/js/jquery/jquery-migrate.min.js?ver=3.4.1 HTTP/1.1" 200 5342 "https://alshaer-news.com/?p=3014&utm_medium=social&utm_source=heylink.me" "Mozilla/5.0 (Linux; Android 10; MED-LX9N Build/HUAWEIMED-LX9N; wv) AppleWebKit/537.36 (KHTML, like Gecko) Version/4.0 Chrome/92.0.4515.105 Mobile Safari/537.36 [FB_IAB/FB4A;FBAV/514.0.0.65.72;]"
164.160.145.14 - - [16/Sep/2025:09:18:47 -0400] "GET /?p=3014&utm_medium=social&utm_source=heylink.me HTTP/1.1" 200 14796 "https://heylink.me/whatsappcomchannel0029VbB7Nu58PgsMqBc0LS26/?fbclid=IwY2xjawM2Qv9leHRuA2FlbQIxMQABHpUhnjc9r4I88NqhHkeMlVeOr-h0QR40nMK0U5J3BaaMe_HGWp8N8JFAVaLQ_aem_Ei5jSv48OhP7bwI_R9U39A" "Mozilla/5.0 (Linux; Android 13; M2101K6I Build/TKQ1.221013.002; ) AppleWebKit/537.36 (KHTML, like Gecko) Version/4.0 Chrome/140.0.7339.119 Mobile Safari/537.36 MetaIAB"
164.160.145.14 - - [16/Sep/2025:09:18:48 -0400] "GET /wp-includes/css/dist/block-library/style-rtl.min.css?ver=6.8.2 HTTP/1.1" 200 14312 "https://alshaer-news.com/?p=3014&utm_medium=social&utm_source=heylink.me" "Mozilla/5.0 (Linux; Android 13; M2101K6I Build/TKQ1.221013.002; ) AppleWebKit/537.36 (KHTML, like Gecko) Version/4.0 Chrome/140.0.7339.119 Mobile Safari/537.36 MetaIAB"
164.160.145.14 - - [16/Sep/2025:09:18:48 -0400] "GET /wp-content/plugins/contact-form-7/includes/css/styles.css?ver=6.0.6 HTTP/1.1" 200 890 "https://alshaer-news.com/?p=3014&utm_medium=social&utm_source=heylink.me" "Mozilla/5.0 (Linux; Android 13; M2101K6I Build/TKQ1.221013.002; ) AppleWebKit/537.36 (KHTML, like Gecko) Version/4.0 Chrome/140.0.7339.119 Mobile Safari/537.36 MetaIAB"
164.160.145.14 - - [16/Sep/2025:09:18:48 -0400] "GET /wp-content/plugins/contact-form-7/includes/css/styles-rtl.css?ver=6.0.6 HTTP/1.1" 200 152 "https://alshaer-news.com/?p=3014&utm_medium=social&utm_source=heylink.me" "Mozilla/5.0 (Linux; Android 13; M2101K6I Build/TKQ1.221013.002; ) AppleWebKit/537.36 (KHTML, like Gecko) Version/4.0 Chrome/140.0.7339.119 Mobile Safari/537.36 MetaIAB"
164.160.145.14 - - [16/Sep/2025:09:18:48 -0400] "GET /wp-content/plugins/cookie-notice/css/front.min.css?ver=2.5.6 HTTP/1.1" 200 951 "https://alshaer-news.com/?p=3014&utm_medium=social&utm_source=heylink.me" "Mozilla/5.0 (Linux; Android 13; M2101K6I Build/TKQ1.221013.002; ) AppleWebKit/537.36 (KHTML, like Gecko) Version/4.0 Chrome/140.0.7339.119 Mobile Safari/537.36 MetaIAB"
164.160.145.14 - - [16/Sep/2025:09:18:48 -0400] "GET /wp-content/themes/newsplus/assets/css/bootstrap.min.css?ver=37.00 HTTP/1.1" 200 17696 "https://alshaer-news.com/?p=3014&utm_medium=social&utm_source=heylink.me" "Mozilla/5.0 (Linux; Android 13; M2101K6I Build/TKQ1.221013.002; ) AppleWebKit/537.36 (KHTML, like Gecko) Version/4.0 Chrome/140.0.7339.119 Mobile Safari/537.36 MetaIAB"
164.160.145.14 - - [16/Sep/2025:09:18:48 -0400] "GET /wp-content/themes/newsplus/assets/fonts/fonts.css?ver=37.00 HTTP/1.1" 200 335 "https://alshaer-news.com/?p=3014&utm_medium=social&utm_source=heylink.me" "Mozilla/5.0 (Linux; Android 13; M2101K6I Build/TKQ1.221013.002; ) AppleWebKit/537.36 (KHTML, like Gecko) Version/4.0 Chrome/140.0.7339.119 Mobile Safari/537.36 MetaIAB"
164.160.145.14 - - [16/Sep/2025:09:18:48 -0400] "GET /wp-content/themes/newsplus/style.css?ver=37.00 HTTP/1.1" 200 7414 "https://alshaer-news.com/?p=3014&utm_medium=social&utm_source=heylink.me" "Mozilla/5.0 (Linux; Android 13; M2101K6I Build/TKQ1.221013.002; ) AppleWebKit/537.36 (KHTML, like Gecko) Version/4.0 Chrome/140.0.7339.119 Mobile Safari/537.36 MetaIAB"
164.160.145.14 - - [16/Sep/2025:09:18:48 -0400] "GET /wp-content/plugins/cookie-notice/js/front.min.js?ver=2.5.6 HTTP/1.1" 200 1964 "https://alshaer-news.com/?p=3014&utm_medium=social&utm_source=heylink.me" "Mozilla/5.0 (Linux; Android 13; M2101K6I Build/TKQ1.221013.002; ) AppleWebKit/537.36 (KHTML, like Gecko) Version/4.0 Chrome/140.0.7339.119 Mobile Safari/537.36 MetaIAB"
164.160.145.14 - - [16/Sep/2025:09:18:48 -0400] "GET /wp-includes/js/jquery/jquery.min.js?ver=3.7.1 HTTP/1.1" 200 29744 "https://alshaer-news.com/?p=3014&utm_medium=social&utm_source=heylink.me" "Mozilla/5.0 (Linux; Android 13; M2101K6I Build/TKQ1.221013.002; ) AppleWebKit/537.36 (KHTML, like Gecko) Version/4.0 Chrome/140.0.7339.119 Mobile Safari/537.36 MetaIAB"
164.160.145.14 - - [16/Sep/2025:09:18:48 -0400] "GET /wp-includes/js/jquery/jquery-migrate.min.js?ver=3.4.1 HTTP/1.1" 200 4678 "https://alshaer-news.com/?p=3014&utm_medium=social&utm_source=heylink.me" "Mozilla/5.0 (Linux; Android 13; M2101K6I Build/TKQ1.221013.002; ) AppleWebKit/537.36 (KHTML, like Gecko) Version/4.0 Chrome/140.0.7339.119 Mobile Safari/537.36 MetaIAB"
164.160.145.14 - - [16/Sep/2025:09:18:48 -0400] "GET /wp-content/uploads/2025/06/IMG_4412545132-1536x1536.jpg HTTP/1.1" 200 257700 "https://alshaer-news.com/?p=3014&utm_medium=social&utm_source=heylink.me" "Mozilla/5.0 (Linux; Android 13; M2101K6I Build/TKQ1.221013.002; ) AppleWebKit/537.36 (KHTML, like Gecko) Version/4.0 Chrome/140.0.7339.119 Mobile Safari/537.36 MetaIAB"
164.160.145.14 - - [16/Sep/2025:09:18:48 -0400] "GET /wp-content/themes/newsplus/assets/img/logo.png HTTP/1.1" 200 43754 "https://alshaer-news.com/?p=3014&utm_medium=social&utm_source=heylink.me" "Mozilla/5.0 (Linux; Android 13; M2101K6I Build/TKQ1.221013.002; ) AppleWebKit/537.36 (KHTML, like Gecko) Version/4.0 Chrome/140.0.7339.119 Mobile Safari/537.36 MetaIAB"
164.160.145.14 - - [16/Sep/2025:09:18:48 -0400] "GET /wp-includes/js/dist/hooks.min.js?ver=4d63a3d491d11ffd8ac6 HTTP/1.1" 200 1571 "https://alshaer-news.com/?p=3014&utm_medium=social&utm_source=heylink.me" "Mozilla/5.0 (Linux; Android 13; M2101K6I Build/TKQ1.221013.002; ) AppleWebKit/537.36 (KHTML, like Gecko) Version/4.0 Chrome/140.0.7339.119 Mobile Safari/537.36 MetaIAB"
41.252.25.87 - - [16/Sep/2025:09:18:49 -0400] "GET /wp-includes/js/dist/hooks.min.js?ver=4d63a3d491d11ffd8ac6 HTTP/1.1" 200 1758 "https://alshaer-news.com/?p=3014&utm_medium=social&utm_source=heylink.me" "Mozilla/5.0 (Linux; Android 10; MED-LX9N Build/HUAWEIMED-LX9N; wv) AppleWebKit/537.36 (KHTML, like Gecko) Version/4.0 Chrome/92.0.4515.105 Mobile Safari/537.36 [FB_IAB/FB4A;FBAV/514.0.0.65.72;]"
41.252.25.87 - - [16/Sep/2025:09:18:49 -0400] "GET /wp-includes/js/dist/i18n.min.js?ver=5e580eb46a90c2b997e6 HTTP/1.1" 200 3910 "https://alshaer-news.com/?p=3014&utm_medium=social&utm_source=heylink.me" "Mozilla/5.0 (Linux; Android 10; MED-LX9N Build/HUAWEIMED-LX9N; wv) AppleWebKit/537.36 (KHTML, like Gecko) Version/4.0 Chrome/92.0.4515.105 Mobile Safari/537.36 [FB_IAB/FB4A;FBAV/514.0.0.65.72;]"
41.252.25.87 - - [16/Sep/2025:09:18:50 -0400] "GET /wp-content/plugins/contact-form-7/includes/swv/js/index.js?ver=6.0.6 HTTP/1.1" 200 3878 "https://alshaer-news.com/?p=3014&utm_medium=social&utm_source=heylink.me" "Mozilla/5.0 (Linux; Android 10; MED-LX9N Build/HUAWEIMED-LX9N; wv) AppleWebKit/537.36 (KHTML, like Gecko) Version/4.0 Chrome/92.0.4515.105 Mobile Safari/537.36 [FB_IAB/FB4A;FBAV/514.0.0.65.72;]"
41.252.25.87 - - [16/Sep/2025:09:18:50 -0400] "GET /wp-content/plugins/contact-form-7/includes/js/index.js?ver=6.0.6 HTTP/1.1" 200 4788 "https://alshaer-news.com/?p=3014&utm_medium=social&utm_source=heylink.me" "Mozilla/5.0 (Linux; Android 10; MED-LX9N Build/HUAWEIMED-LX9N; wv) AppleWebKit/537.36 (KHTML, like Gecko) Version/4.0 Chrome/92.0.4515.105 Mobile Safari/537.36 [FB_IAB/FB4A;FBAV/514.0.0.65.72;]"
41.252.48.136 - - [16/Sep/2025:09:18:51 -0400] "GET /?p=3014&utm_medium=social&utm_source=heylink.me HTTP/1.1" 200 14796 "https://heylink.me/whatsappcomchannel0029VbB7Nu58PgsMqBc0LS26/?fbclid=IwY2xjawM2QwNleHRuA2FlbQIxMQABHmcXRW0EjI5bIISIRjgeo27dgXYgMrwgeNDQO7wHLkMA3PfSi64OHFfICv6T_aem_Ge_Y_uRQvXj2qxa351zcIA" "Mozilla/5.0 (Linux; Android 14; 2109119DG Build/UKQ1.240624.001; wv) AppleWebKit/537.36 (KHTML, like Gecko) Version/4.0 Chrome/140.0.7339.119 Mobile Safari/537.36 [FB_IAB/FB4A;FBAV/530.0.0.48.74;IABMV/1;]"
41.252.25.87 - - [16/Sep/2025:09:18:51 -0400] "GET /wp-content/themes/newsplus/assets/js/main.js?ver=37.00 HTTP/1.1" 200 1579 "https://alshaer-news.com/?p=3014&utm_medium=social&utm_source=heylink.me" "Mozilla/5.0 (Linux; Android 10; MED-LX9N Build/HUAWEIMED-LX9N; wv) AppleWebKit/537.36 (KHTML, like Gecko) Version/4.0 Chrome/92.0.4515.105 Mobile Safari/537.36 [FB_IAB/FB4A;FBAV/514.0.0.65.72;]"
41.252.25.87 - - [16/Sep/2025:09:18:51 -0400] "GET /wp-content/themes/newsplus/assets/img/logo.png HTTP/1.1" 200 43754 "https://alshaer-news.com/?p=3014&utm_medium=social&utm_source=heylink.me" "Mozilla/5.0 (Linux; Android 10; MED-LX9N Build/HUAWEIMED-LX9N; wv) AppleWebKit/537.36 (KHTML, like Gecko) Version/4.0 Chrome/92.0.4515.105 Mobile Safari/537.36 [FB_IAB/FB4A;FBAV/514.0.0.65.72;]"
41.252.25.87 - - [16/Sep/2025:09:18:51 -0400] "GET /wp-content/uploads/2025/06/IMG_4412545132-768x768.jpg HTTP/1.1" 200 88818 "https://alshaer-news.com/?p=3014&utm_medium=social&utm_source=heylink.me" "Mozilla/5.0 (Linux; Android 10; MED-LX9N Build/HUAWEIMED-LX9N; wv) AppleWebKit/537.36 (KHTML, like Gecko) Version/4.0 Chrome/92.0.4515.105 Mobile Safari/537.36 [FB_IAB/FB4A;FBAV/514.0.0.65.72;]"
41.252.25.87 - - [16/Sep/2025:09:18:51 -0400] "GET /wp-includes/js/comment-reply.min.js?ver=6.8.2 HTTP/1.1" 200 1422 "https://alshaer-news.com/?p=3014&utm_medium=social&utm_source=heylink.me" "Mozilla/5.0 (Linux; Android 10; MED-LX9N Build/HUAWEIMED-LX9N; wv) AppleWebKit/537.36 (KHTML, like Gecko) Version/4.0 Chrome/92.0.4515.105 Mobile Safari/537.36 [FB_IAB/FB4A;FBAV/514.0.0.65.72;]"
107.175.146.198 - - [16/Sep/2025:09:18:51 -0400] "GET /?p=897 HTTP/1.1" 200 15087 "https://alshaer-news.com/" "Mozilla/5.0 (X11; Fedora; Linux x86_64; rv:114.0) Gecko/20100101 Firefox/114.0"
41.252.48.136 - - [16/Sep/2025:09:18:51 -0400] "GET /wp-includes/css/dist/block-library/style-rtl.min.css?ver=6.8.2 HTTP/1.1" 200 14312 "https://alshaer-news.com/?p=3014&utm_medium=social&utm_source=heylink.me" "Mozilla/5.0 (Linux; Android 14; 2109119DG Build/UKQ1.240624.001; wv) AppleWebKit/537.36 (KHTML, like Gecko) Version/4.0 Chrome/140.0.7339.119 Mobile Safari/537.36 [FB_IAB/FB4A;FBAV/530.0.0.48.74;IABMV/1;]"
41.252.48.136 - - [16/Sep/2025:09:18:51 -0400] "GET /wp-content/plugins/contact-form-7/includes/css/styles.css?ver=6.0.6 HTTP/1.1" 200 890 "https://alshaer-news.com/?p=3014&utm_medium=social&utm_source=heylink.me" "Mozilla/5.0 (Linux; Android 14; 2109119DG Build/UKQ1.240624.001; wv) AppleWebKit/537.36 (KHTML, like Gecko) Version/4.0 Chrome/140.0.7339.119 Mobile Safari/537.36 [FB_IAB/FB4A;FBAV/530.0.0.48.74;IABMV/1;]"
41.252.48.136 - - [16/Sep/2025:09:18:51 -0400] "GET /wp-content/plugins/contact-form-7/includes/css/styles-rtl.css?ver=6.0.6 HTTP/1.1" 200 152 "https://alshaer-news.com/?p=3014&utm_medium=social&utm_source=heylink.me" "Mozilla/5.0 (Linux; Android 14; 2109119DG Build/UKQ1.240624.001; wv) AppleWebKit/537.36 (KHTML, like Gecko) Version/4.0 Chrome/140.0.7339.119 Mobile Safari/537.36 [FB_IAB/FB4A;FBAV/530.0.0.48.74;IABMV/1;]"
41.252.48.136 - - [16/Sep/2025:09:18:51 -0400] "GET /wp-content/plugins/cookie-notice/css/front.min.css?ver=2.5.6 HTTP/1.1" 200 951 "https://alshaer-news.com/?p=3014&utm_medium=social&utm_source=heylink.me" "Mozilla/5.0 (Linux; Android 14; 2109119DG Build/UKQ1.240624.001; wv) AppleWebKit/537.36 (KHTML, like Gecko) Version/4.0 Chrome/140.0.7339.119 Mobile Safari/537.36 [FB_IAB/FB4A;FBAV/530.0.0.48.74;IABMV/1;]"
41.252.48.136 - - [16/Sep/2025:09:18:51 -0400] "GET /wp-content/themes/newsplus/assets/css/bootstrap.min.css?ver=37.00 HTTP/1.1" 200 17696 "https://alshaer-news.com/?p=3014&utm_medium=social&utm_source=heylink.me" "Mozilla/5.0 (Linux; Android 14; 2109119DG Build/UKQ1.240624.001; wv) AppleWebKit/537.36 (KHTML, like Gecko) Version/4.0 Chrome/140.0.7339.119 Mobile Safari/537.36 [FB_IAB/FB4A;FBAV/530.0.0.48.74;IABMV/1;]"
41.252.48.136 - - [16/Sep/2025:09:18:51 -0400] "GET /wp-content/themes/newsplus/assets/fonts/fonts.css?ver=37.00 HTTP/1.1" 200 335 "https://alshaer-news.com/?p=3014&utm_medium=social&utm_source=heylink.me" "Mozilla/5.0 (Linux; Android 14; 2109119DG Build/UKQ1.240624.001; wv) AppleWebKit/537.36 (KHTML, like Gecko) Version/4.0 Chrome/140.0.7339.119 Mobile Safari/537.36 [FB_IAB/FB4A;FBAV/530.0.0.48.74;IABMV/1;]"
41.252.48.136 - - [16/Sep/2025:09:18:51 -0400] "GET /wp-content/themes/newsplus/style.css?ver=37.00 HTTP/1.1" 200 7414 "https://alshaer-news.com/?p=3014&utm_medium=social&utm_source=heylink.me" "Mozilla/5.0 (Linux; Android 14; 2109119DG Build/UKQ1.240624.001; wv) AppleWebKit/537.36 (KHTML, like Gecko) Version/4.0 Chrome/140.0.7339.119 Mobile Safari/537.36 [FB_IAB/FB4A;FBAV/530.0.0.48.74;IABMV/1;]"
41.252.48.136 - - [16/Sep/2025:09:18:51 -0400] "GET /wp-content/plugins/cookie-notice/js/front.min.js?ver=2.5.6 HTTP/1.1" 200 1964 "https://alshaer-news.com/?p=3014&utm_medium=social&utm_source=heylink.me" "Mozilla/5.0 (Linux; Android 14; 2109119DG Build/UKQ1.240624.001; wv) AppleWebKit/537.36 (KHTML, like Gecko) Version/4.0 Chrome/140.0.7339.119 Mobile Safari/537.36 [FB_IAB/FB4A;FBAV/530.0.0.48.74;IABMV/1;]"
41.252.48.136 - - [16/Sep/2025:09:18:51 -0400] "GET /wp-includes/js/jquery/jquery.min.js?ver=3.7.1 HTTP/1.1" 200 29744 "https://alshaer-news.com/?p=3014&utm_medium=social&utm_source=heylink.me" "Mozilla/5.0 (Linux; Android 14; 2109119DG Build/UKQ1.240624.001; wv) AppleWebKit/537.36 (KHTML, like Gecko) Version/4.0 Chrome/140.0.7339.119 Mobile Safari/537.36 [FB_IAB/FB4A;FBAV/530.0.0.48.74;IABMV/1;]"
41.252.48.136 - - [16/Sep/2025:09:18:51 -0400] "GET /wp-includes/js/jquery/jquery-migrate.min.js?ver=3.4.1 HTTP/1.1" 200 4678 "https://alshaer-news.com/?p=3014&utm_medium=social&utm_source=heylink.me" "Mozilla/5.0 (Linux; Android 14; 2109119DG Build/UKQ1.240624.001; wv) AppleWebKit/537.36 (KHTML, like Gecko) Version/4.0 Chrome/140.0.7339.119 Mobile Safari/537.36 [FB_IAB/FB4A;FBAV/530.0.0.48.74;IABMV/1;]"
41.252.48.136 - - [16/Sep/2025:09:18:52 -0400] "GET /wp-content/uploads/2025/06/IMG_4412545132-1536x1536.jpg HTTP/1.1" 200 257700 "https://alshaer-news.com/?p=3014&utm_medium=social&utm_source=heylink.me" "Mozilla/5.0 (Linux; Android 14; 2109119DG Build/UKQ1.240624.001; wv) AppleWebKit/537.36 (KHTML, like Gecko) Version/4.0 Chrome/140.0.7339.119 Mobile Safari/537.36 [FB_IAB/FB4A;FBAV/530.0.0.48.74;IABMV/1;]"
164.160.145.14 - - [16/Sep/2025:09:18:52 -0400] "GET /wp-content/plugins/contact-form-7/includes/swv/js/index.js?ver=6.0.6 HTTP/1.1" 200 3369 "https://alshaer-news.com/?p=3014&utm_medium=social&utm_source=heylink.me" "Mozilla/5.0 (Linux; Android 13; M2101K6I Build/TKQ1.221013.002; ) AppleWebKit/537.36 (KHTML, like Gecko) Version/4.0 Chrome/140.0.7339.119 Mobile Safari/537.36 MetaIAB"
164.160.145.14 - - [16/Sep/2025:09:18:52 -0400] "GET /wp-content/plugins/contact-form-7/includes/js/index.js?ver=6.0.6 HTTP/1.1" 200 4008 "https://alshaer-news.com/?p=3014&utm_medium=social&utm_source=heylink.me" "Mozilla/5.0 (Linux; Android 13; M2101K6I Build/TKQ1.221013.002; ) AppleWebKit/537.36 (KHTML, like Gecko) Version/4.0 Chrome/140.0.7339.119 Mobile Safari/537.36 MetaIAB"
164.160.145.14 - - [16/Sep/2025:09:18:52 -0400] "GET /wp-includes/js/dist/i18n.min.js?ver=5e580eb46a90c2b997e6 HTTP/1.1" 200 3542 "https://alshaer-news.com/?p=3014&utm_medium=social&utm_source=heylink.me" "Mozilla/5.0 (Linux; Android 13; M2101K6I Build/TKQ1.221013.002; ) AppleWebKit/537.36 (KHTML, like Gecko) Version/4.0 Chrome/140.0.7339.119 Mobile Safari/537.36 MetaIAB"
164.160.145.14 - - [16/Sep/2025:09:18:52 -0400] "GET /wp-content/themes/newsplus/assets/js/main.js?ver=37.00 HTTP/1.1" 200 1317 "https://alshaer-news.com/?p=3014&utm_medium=social&utm_source=heylink.me" "Mozilla/5.0 (Linux; Android 13; M2101K6I Build/TKQ1.221013.002; ) AppleWebKit/537.36 (KHTML, like Gecko) Version/4.0 Chrome/140.0.7339.119 Mobile Safari/537.36 MetaIAB"
164.160.145.14 - - [16/Sep/2025:09:18:52 -0400] "GET /wp-includes/js/comment-reply.min.js?ver=6.8.2 HTTP/1.1" 200 1247 "https://alshaer-news.com/?p=3014&utm_medium=social&utm_source=heylink.me" "Mozilla/5.0 (Linux; Android 13; M2101K6I Build/TKQ1.221013.002; ) AppleWebKit/537.36 (KHTML, like Gecko) Version/4.0 Chrome/140.0.7339.119 Mobile Safari/537.36 MetaIAB"
164.160.145.14 - - [16/Sep/2025:09:18:52 -0400] "GET /wp-content/uploads/2025/06/IMG_4412545132-360x200.jpg HTTP/1.1" 200 21437 "https://alshaer-news.com/?p=3014&utm_medium=social&utm_source=heylink.me" "Mozilla/5.0 (Linux; Android 13; M2101K6I Build/TKQ1.221013.002; ) AppleWebKit/537.36 (KHTML, like Gecko) Version/4.0 Chrome/140.0.7339.119 Mobile Safari/537.36 MetaIAB"
41.252.48.136 - - [16/Sep/2025:09:18:52 -0400] "GET /wp-content/themes/newsplus/assets/img/logo.png HTTP/1.1" 200 43754 "https://alshaer-news.com/?p=3014&utm_medium=social&utm_source=heylink.me" "Mozilla/5.0 (Linux; Android 14; 2109119DG Build/UKQ1.240624.001; wv) AppleWebKit/537.36 (KHTML, like Gecko) Version/4.0 Chrome/140.0.7339.119 Mobile Safari/537.36 [FB_IAB/FB4A;FBAV/530.0.0.48.74;IABMV/1;]"
41.252.48.136 - - [16/Sep/2025:09:18:52 -0400] "GET /wp-includes/js/dist/hooks.min.js?ver=4d63a3d491d11ffd8ac6 HTTP/1.1" 200 1571 "https://alshaer-news.com/?p=3014&utm_medium=social&utm_source=heylink.me" "Mozilla/5.0 (Linux; Android 14; 2109119DG Build/UKQ1.240624.001; wv) AppleWebKit/537.36 (KHTML, like Gecko) Version/4.0 Chrome/140.0.7339.119 Mobile Safari/537.36 [FB_IAB/FB4A;FBAV/530.0.0.48.74;IABMV/1;]"
164.160.145.14 - - [16/Sep/2025:09:18:52 -0400] "GET /wp-content/uploads/2025/04/IMG_2620482203-360x200.jpg HTTP/1.1" 200 19869 "https://alshaer-news.com/?p=3014&utm_medium=social&utm_source=heylink.me" "Mozilla/5.0 (Linux; Android 13; M2101K6I Build/TKQ1.221013.002; ) AppleWebKit/537.36 (KHTML, like Gecko) Version/4.0 Chrome/140.0.7339.119 Mobile Safari/537.36 MetaIAB"
164.160.145.14 - - [16/Sep/2025:09:18:52 -0400] "GET /wp-content/uploads/2024/08/%D8%A8%D9%84%D8%AF%D9%8A%D8%A9-%D8%AA%D9%88%D9%86%D8%B3-%D8%B3%D8%A7%D8%AD%D8%A9-%D8%A7%D9%84%D9%82%D8%B5%D8%A8%D8%A9-Godong-Getty-360x200.jpg HTTP/1.1" 200 15774 "https://alshaer-news.com/?p=3014&utm_medium=social&utm_source=heylink.me" "Mozilla/5.0 (Linux; Android 13; M2101K6I Build/TKQ1.221013.002; ) AppleWebKit/537.36 (KHTML, like Gecko) Version/4.0 Chrome/140.0.7339.119 Mobile Safari/537.36 MetaIAB"
164.160.145.14 - - [16/Sep/2025:09:18:52 -0400] "GET /wp-content/uploads/2024/08/FB_IMG_1723739515245-360x200.jpg HTTP/1.1" 200 12051 "https://alshaer-news.com/?p=3014&utm_medium=social&utm_source=heylink.me" "Mozilla/5.0 (Linux; Android 13; M2101K6I Build/TKQ1.221013.002; ) AppleWebKit/537.36 (KHTML, like Gecko) Version/4.0 Chrome/140.0.7339.119 Mobile Safari/537.36 MetaIAB"
164.160.145.14 - - [16/Sep/2025:09:18:52 -0400] "GET /wp-content/uploads/2024/08/GettyImages-644501407_1-360x200.jpg HTTP/1.1" 200 15364 "https://alshaer-news.com/?p=3014&utm_medium=social&utm_source=heylink.me" "Mozilla/5.0 (Linux; Android 13; M2101K6I Build/TKQ1.221013.002; ) AppleWebKit/537.36 (KHTML, like Gecko) Version/4.0 Chrome/140.0.7339.119 Mobile Safari/537.36 MetaIAB"
164.160.145.14 - - [16/Sep/2025:09:18:52 -0400] "GET /wp-content/uploads/2024/07/%D9%A2%D9%A0%D9%A2%D9%A4%D9%A0%D9%A7%D9%A2%D9%A8_%D9%A1%D9%A1%D9%A4%D9%A5%D9%A5%D9%A3-360x200.jpg HTTP/1.1" 200 11944 "https://alshaer-news.com/?p=3014&utm_medium=social&utm_source=heylink.me" "Mozilla/5.0 (Linux; Android 13; M2101K6I Build/TKQ1.221013.002; ) AppleWebKit/537.36 (KHTML, like Gecko) Version/4.0 Chrome/140.0.7339.119 Mobile Safari/537.36 MetaIAB"
164.160.145.14 - - [16/Sep/2025:09:18:52 -0400] "GET /wp-content/uploads/2025/09/IMG-20250910-WA0000-360x200.jpg HTTP/1.1" 200 17269 "https://alshaer-news.com/?p=3014&utm_medium=social&utm_source=heylink.me" "Mozilla/5.0 (Linux; Android 13; M2101K6I Build/TKQ1.221013.002; ) AppleWebKit/537.36 (KHTML, like Gecko) Version/4.0 Chrome/140.0.7339.119 Mobile Safari/537.36 MetaIAB"
164.160.145.14 - - [16/Sep/2025:09:18:52 -0400] "GET /wp-content/uploads/2025/09/%D9%A2%D9%A0%D9%A2%D9%A5%D9%A0%D9%A9%D9%A0%D9%A9_%D9%A2%D9%A3%D9%A4%D9%A9%D9%A3%D9%A7-360x200.jpg HTTP/1.1" 200 22224 "https://alshaer-news.com/?p=3014&utm_medium=social&utm_source=heylink.me" "Mozilla/5.0 (Linux; Android 13; M2101K6I Build/TKQ1.221013.002; ) AppleWebKit/537.36 (KHTML, like Gecko) Version/4.0 Chrome/140.0.7339.119 Mobile Safari/537.36 MetaIAB"
164.160.145.14 - - [16/Sep/2025:09:18:52 -0400] "GET /wp-content/uploads/2025/08/IMG-20250824-WA0030-360x200.jpg HTTP/1.1" 200 15692 "https://alshaer-news.com/?p=3014&utm_medium=social&utm_source=heylink.me" "Mozilla/5.0 (Linux; Android 13; M2101K6I Build/TKQ1.221013.002; ) AppleWebKit/537.36 (KHTML, like Gecko) Version/4.0 Chrome/140.0.7339.119 Mobile Safari/537.36 MetaIAB"
