102.164.103.218 - - [16/Sep/2025:09:01:48 -0400] "GET /?p=3014&utm_medium=social&utm_source=heylink.me HTTP/1.1" 200 14796 "https://heylink.me/whatsappcomchannel0029VbB7Nu58PgsMqBc0LS26/?fbclid=IwY2xjawM2Pv9leHRuA2FlbQIxMQABHnffPCkycTE0wwqsim2YxZIdV4ZulSrhifx_L1b0r1xsG2iHoigUI1rWtV0M_aem_zZiVk3vK2zi31rTOuQ3m5Q" "Mozilla/5.0 (Linux; Android 15; SM-A145F Build/AP3A.240905.015.A2; wv) AppleWebKit/537.36 (KHTML, like Gecko) Version/4.0 Chrome/140.0.7339.119 Mobile Safari/537.36 [FB_IAB/FB4A;FBAV/530.0.0.48.74;IABMV/1;]"
102.164.103.218 - - [16/Sep/2025:09:01:49 -0400] "GET /wp-includes/css/dist/block-library/style-rtl.min.css?ver=6.8.2 HTTP/1.1" 200 14312 "https://alshaer-news.com/?p=3014&utm_medium=social&utm_source=heylink.me" "Mozilla/5.0 (Linux; Android 15; SM-A145F Build/AP3A.240905.015.A2; wv) AppleWebKit/537.36 (KHTML, like Gecko) Version/4.0 Chrome/140.0.7339.119 Mobile Safari/537.36 [FB_IAB/FB4A;FBAV/530.0.0.48.74;IABMV/1;]"
102.164.103.218 - - [16/Sep/2025:09:01:49 -0400] "GET /wp-content/plugins/contact-form-7/includes/css/styles.css?ver=6.0.6 HTTP/1.1" 200 890 "https://alshaer-news.com/?p=3014&utm_medium=social&utm_source=heylink.me" "Mozilla/5.0 (Linux; Android 15; SM-A145F Build/AP3A.240905.015.A2; wv) AppleWebKit/537.36 (KHTML, like Gecko) Version/4.0 Chrome/140.0.7339.119 Mobile Safari/537.36 [FB_IAB/FB4A;FBAV/530.0.0.48.74;IABMV/1;]"
102.164.103.218 - - [16/Sep/2025:09:01:49 -0400] "GET /wp-content/plugins/contact-form-7/includes/css/styles-rtl.css?ver=6.0.6 HTTP/1.1" 200 152 "https://alshaer-news.com/?p=3014&utm_medium=social&utm_source=heylink.me" "Mozilla/5.0 (Linux; Android 15; SM-A145F Build/AP3A.240905.015.A2; wv) AppleWebKit/537.36 (KHTML, like Gecko) Version/4.0 Chrome/140.0.7339.119 Mobile Safari/537.36 [FB_IAB/FB4A;FBAV/530.0.0.48.74;IABMV/1;]"
102.164.103.218 - - [16/Sep/2025:09:01:49 -0400] "GET /wp-content/plugins/cookie-notice/css/front.min.css?ver=2.5.6 HTTP/1.1" 200 951 "https://alshaer-news.com/?p=3014&utm_medium=social&utm_source=heylink.me" "Mozilla/5.0 (Linux; Android 15; SM-A145F Build/AP3A.240905.015.A2; wv) AppleWebKit/537.36 (KHTML, like Gecko) Version/4.0 Chrome/140.0.7339.119 Mobile Safari/537.36 [FB_IAB/FB4A;FBAV/530.0.0.48.74;IABMV/1;]"
102.164.103.218 - - [16/Sep/2025:09:01:49 -0400] "GET /wp-content/themes/newsplus/assets/css/bootstrap.min.css?ver=37.00 HTTP/1.1" 200 17696 "https://alshaer-news.com/?p=3014&utm_medium=social&utm_source=heylink.me" "Mozilla/5.0 (Linux; Android 15; SM-A145F Build/AP3A.240905.015.A2; wv) AppleWebKit/537.36 (KHTML, like Gecko) Version/4.0 Chrome/140.0.7339.119 Mobile Safari/537.36 [FB_IAB/FB4A;FBAV/530.0.0.48.74;IABMV/1;]"
102.164.103.218 - - [16/Sep/2025:09:01:49 -0400] "GET /wp-content/themes/newsplus/assets/fonts/fonts.css?ver=37.00 HTTP/1.1" 200 335 "https://alshaer-news.com/?p=3014&utm_medium=social&utm_source=heylink.me" "Mozilla/5.0 (Linux; Android 15; SM-A145F Build/AP3A.240905.015.A2; wv) AppleWebKit/537.36 (KHTML, like Gecko) Version/4.0 Chrome/140.0.7339.119 Mobile Safari/537.36 [FB_IAB/FB4A;FBAV/530.0.0.48.74;IABMV/1;]"
102.164.103.218 - - [16/Sep/2025:09:01:49 -0400] "GET /wp-content/themes/newsplus/style.css?ver=37.00 HTTP/1.1" 200 7414 "https://alshaer-news.com/?p=3014&utm_medium=social&utm_source=heylink.me" "Mozilla/5.0 (Linux; Android 15; SM-A145F Build/AP3A.240905.015.A2; wv) AppleWebKit/537.36 (KHTML, like Gecko) Version/4.0 Chrome/140.0.7339.119 Mobile Safari/537.36 [FB_IAB/FB4A;FBAV/530.0.0.48.74;IABMV/1;]"
102.164.103.218 - - [16/Sep/2025:09:01:49 -0400] "GET /wp-content/plugins/cookie-notice/js/front.min.js?ver=2.5.6 HTTP/1.1" 200 1964 "https://alshaer-news.com/?p=3014&utm_medium=social&utm_source=heylink.me" "Mozilla/5.0 (Linux; Android 15; SM-A145F Build/AP3A.240905.015.A2; wv) AppleWebKit/537.36 (KHTML, like Gecko) Version/4.0 Chrome/140.0.7339.119 Mobile Safari/537.36 [FB_IAB/FB4A;FBAV/530.0.0.48.74;IABMV/1;]"
102.164.103.218 - - [16/Sep/2025:09:01:49 -0400] "GET /wp-includes/js/jquery/jquery.min.js?ver=3.7.1 HTTP/1.1" 200 29744 "https://alshaer-news.com/?p=3014&utm_medium=social&utm_source=heylink.me" "Mozilla/5.0 (Linux; Android 15; SM-A145F Build/AP3A.240905.015.A2; wv) AppleWebKit/537.36 (KHTML, like Gecko) Version/4.0 Chrome/140.0.7339.119 Mobile Safari/537.36 [FB_IAB/FB4A;FBAV/530.0.0.48.74;IABMV/1;]"
102.164.103.218 - - [16/Sep/2025:09:01:49 -0400] "GET /wp-includes/js/jquery/jquery-migrate.min.js?ver=3.4.1 HTTP/1.1" 200 4678 "https://alshaer-news.com/?p=3014&utm_medium=social&utm_source=heylink.me" "Mozilla/5.0 (Linux; Android 15; SM-A145F Build/AP3A.240905.015.A2; wv) AppleWebKit/537.36 (KHTML, like Gecko) Version/4.0 Chrome/140.0.7339.119 Mobile Safari/537.36 [FB_IAB/FB4A;FBAV/530.0.0.48.74;IABMV/1;]"
46.213.61.114 - - [16/Sep/2025:09:01:49 -0400] "GET /wp-includes/js/comment-reply.min.js?ver=6.8.2 HTTP/1.1" 200 1247 "https://alshaer-news.com/?p=3000&utm_medium=social&utm_source=heylink.me" "Mozilla/5.0 (Linux; Android 14; CLK-LX2 Build/HONORCLK-L32; wv) AppleWebKit/537.36 (KHTML, like Gecko) Version/4.0 Chrome/139.0.7258.90 Mobile Safari/537.36 [FB_IAB/FB4A;FBAV/526.1.0.66.75;IABMV/1;]"
46.213.61.114 - - [16/Sep/2025:09:01:49 -0400] "GET /wp-content/uploads/2025/08/IMG-20250824-WA0030-360x200.jpg HTTP/1.1" 200 15692 "https://alshaer-news.com/?p=3000&utm_medium=social&utm_source=heylink.me" "Mozilla/5.0 (Linux; Android 14; CLK-LX2 Build/HONORCLK-L32; wv) AppleWebKit/537.36 (KHTML, like Gecko) Version/4.0 Chrome/139.0.7258.90 Mobile Safari/537.36 [FB_IAB/FB4A;FBAV/526.1.0.66.75;IABMV/1;]"
46.213.61.114 - - [16/Sep/2025:09:01:49 -0400] "GET /wp-content/uploads/2025/07/IMG_8282480856-360x200.jpg HTTP/1.1" 200 20934 "https://alshaer-news.com/?p=3000&utm_medium=social&utm_source=heylink.me" "Mozilla/5.0 (Linux; Android 14; CLK-LX2 Build/HONORCLK-L32; wv) AppleWebKit/537.36 (KHTML, like Gecko) Version/4.0 Chrome/139.0.7258.90 Mobile Safari/537.36 [FB_IAB/FB4A;FBAV/526.1.0.66.75;IABMV/1;]"
46.213.61.114 - - [16/Sep/2025:09:01:49 -0400] "GET /wp-content/uploads/2025/02/%D9%A2%D9%A0%D9%A2%D9%A5%D9%A0%D9%A2%D9%A0%D9%A6_%D9%A2%D9%A2%D9%A4%D9%A9%D9%A0%D9%A1-360x200.jpg HTTP/1.1" 200 17316 "https://alshaer-news.com/?p=3000&utm_medium=social&utm_source=heylink.me" "Mozilla/5.0 (Linux; Android 14; CLK-LX2 Build/HONORCLK-L32; wv) AppleWebKit/537.36 (KHTML, like Gecko) Version/4.0 Chrome/139.0.7258.90 Mobile Safari/537.36 [FB_IAB/FB4A;FBAV/526.1.0.66.75;IABMV/1;]"
46.213.61.114 - - [16/Sep/2025:09:01:49 -0400] "GET /wp-content/uploads/2024/12/%D9%85%D8%AD%D9%85%D8%AF-%D8%A8%D9%86-%D8%B3%D9%84%D9%85%D8%A7%D9%86--360x200.jpg HTTP/1.1" 200 17160 "https://alshaer-news.com/?p=3000&utm_medium=social&utm_source=heylink.me" "Mozilla/5.0 (Linux; Android 14; CLK-LX2 Build/HONORCLK-L32; wv) AppleWebKit/537.36 (KHTML, like Gecko) Version/4.0 Chrome/139.0.7258.90 Mobile Safari/537.36 [FB_IAB/FB4A;FBAV/526.1.0.66.75;IABMV/1;]"
102.164.103.218 - - [16/Sep/2025:09:01:49 -0400] "GET /wp-content/uploads/2025/06/IMG_4412545132-1536x1536.jpg HTTP/1.1" 200 257700 "https://alshaer-news.com/?p=3014&utm_medium=social&utm_source=heylink.me" "Mozilla/5.0 (Linux; Android 15; SM-A145F Build/AP3A.240905.015.A2; wv) AppleWebKit/537.36 (KHTML, like Gecko) Version/4.0 Chrome/140.0.7339.119 Mobile Safari/537.36 [FB_IAB/FB4A;FBAV/530.0.0.48.74;IABMV/1;]"
102.164.103.218 - - [16/Sep/2025:09:01:49 -0400] "GET /wp-content/themes/newsplus/assets/img/logo.png HTTP/1.1" 200 43754 "https://alshaer-news.com/?p=3014&utm_medium=social&utm_source=heylink.me" "Mozilla/5.0 (Linux; Android 15; SM-A145F Build/AP3A.240905.015.A2; wv) AppleWebKit/537.36 (KHTML, like Gecko) Version/4.0 Chrome/140.0.7339.119 Mobile Safari/537.36 [FB_IAB/FB4A;FBAV/530.0.0.48.74;IABMV/1;]"
102.164.103.218 - - [16/Sep/2025:09:01:49 -0400] "GET /wp-includes/js/dist/hooks.min.js?ver=4d63a3d491d11ffd8ac6 HTTP/1.1" 200 1571 "https://alshaer-news.com/?p=3014&utm_medium=social&utm_source=heylink.me" "Mozilla/5.0 (Linux; Android 15; SM-A145F Build/AP3A.240905.015.A2; wv) AppleWebKit/537.36 (KHTML, like Gecko) Version/4.0 Chrome/140.0.7339.119 Mobile Safari/537.36 [FB_IAB/FB4A;FBAV/530.0.0.48.74;IABMV/1;]"
46.213.61.114 - - [16/Sep/2025:09:01:49 -0400] "GET /wp-content/uploads/2024/09/%D9%85%D8%B2%D8%A7%D8%AF-%D8%AC%D9%85%D8%A7%D8%B1%D9%83--360x200.jpg HTTP/1.1" 200 27863 "https://alshaer-news.com/?p=3000&utm_medium=social&utm_source=heylink.me" "Mozilla/5.0 (Linux; Android 14; CLK-LX2 Build/HONORCLK-L32; wv) AppleWebKit/537.36 (KHTML, like Gecko) Version/4.0 Chrome/139.0.7258.90 Mobile Safari/537.36 [FB_IAB/FB4A;FBAV/526.1.0.66.75;IABMV/1;]"
46.213.61.114 - - [16/Sep/2025:09:01:50 -0400] "GET /wp-content/uploads/2025/09/IMG-20250910-WA0000-360x200.jpg HTTP/1.1" 200 17269 "https://alshaer-news.com/?p=3000&utm_medium=social&utm_source=heylink.me" "Mozilla/5.0 (Linux; Android 14; CLK-LX2 Build/HONORCLK-L32; wv) AppleWebKit/537.36 (KHTML, like Gecko) Version/4.0 Chrome/139.0.7258.90 Mobile Safari/537.36 [FB_IAB/FB4A;FBAV/526.1.0.66.75;IABMV/1;]"
46.213.61.114 - - [16/Sep/2025:09:01:50 -0400] "GET /wp-content/uploads/2025/09/%D9%A2%D9%A0%D9%A2%D9%A5%D9%A0%D9%A9%D9%A0%D9%A9_%D9%A2%D9%A3%D9%A4%D9%A9%D9%A3%D9%A7-360x200.jpg HTTP/1.1" 200 22224 "https://alshaer-news.com/?p=3000&utm_medium=social&utm_source=heylink.me" "Mozilla/5.0 (Linux; Android 14; CLK-LX2 Build/HONORCLK-L32; wv) AppleWebKit/537.36 (KHTML, like Gecko) Version/4.0 Chrome/139.0.7258.90 Mobile Safari/537.36 [FB_IAB/FB4A;FBAV/526.1.0.66.75;IABMV/1;]"
102.164.103.218 - - [16/Sep/2025:09:01:50 -0400] "GET /wp-includes/js/dist/i18n.min.js?ver=5e580eb46a90c2b997e6 HTTP/1.1" 200 3542 "https://alshaer-news.com/?p=3014&utm_medium=social&utm_source=heylink.me" "Mozilla/5.0 (Linux; Android 15; SM-A145F Build/AP3A.240905.015.A2; wv) AppleWebKit/537.36 (KHTML, like Gecko) Version/4.0 Chrome/140.0.7339.119 Mobile Safari/537.36 [FB_IAB/FB4A;FBAV/530.0.0.48.74;IABMV/1;]"
102.164.103.218 - - [16/Sep/2025:09:01:50 -0400] "GET /wp-content/plugins/contact-form-7/includes/swv/js/index.js?ver=6.0.6 HTTP/1.1" 200 3369 "https://alshaer-news.com/?p=3014&utm_medium=social&utm_source=heylink.me" "Mozilla/5.0 (Linux; Android 15; SM-A145F Build/AP3A.240905.015.A2; wv) AppleWebKit/537.36 (KHTML, like Gecko) Version/4.0 Chrome/140.0.7339.119 Mobile Safari/537.36 [FB_IAB/FB4A;FBAV/530.0.0.48.74;IABMV/1;]"
102.164.103.218 - - [16/Sep/2025:09:01:50 -0400] "GET /wp-content/plugins/contact-form-7/includes/js/index.js?ver=6.0.6 HTTP/1.1" 200 4008 "https://alshaer-news.com/?p=3014&utm_medium=social&utm_source=heylink.me" "Mozilla/5.0 (Linux; Android 15; SM-A145F Build/AP3A.240905.015.A2; wv) AppleWebKit/537.36 (KHTML, like Gecko) Version/4.0 Chrome/140.0.7339.119 Mobile Safari/537.36 [FB_IAB/FB4A;FBAV/530.0.0.48.74;IABMV/1;]"
102.164.103.218 - - [16/Sep/2025:09:01:50 -0400] "GET /wp-content/themes/newsplus/assets/js/main.js?ver=37.00 HTTP/1.1" 200 1317 "https://alshaer-news.com/?p=3014&utm_medium=social&utm_source=heylink.me" "Mozilla/5.0 (Linux; Android 15; SM-A145F Build/AP3A.240905.015.A2; wv) AppleWebKit/537.36 (KHTML, like Gecko) Version/4.0 Chrome/140.0.7339.119 Mobile Safari/537.36 [FB_IAB/FB4A;FBAV/530.0.0.48.74;IABMV/1;]"
102.164.103.218 - - [16/Sep/2025:09:01:50 -0400] "GET /wp-includes/js/comment-reply.min.js?ver=6.8.2 HTTP/1.1" 200 1247 "https://alshaer-news.com/?p=3014&utm_medium=social&utm_source=heylink.me" "Mozilla/5.0 (Linux; Android 15; SM-A145F Build/AP3A.240905.015.A2; wv) AppleWebKit/537.36 (KHTML, like Gecko) Version/4.0 Chrome/140.0.7339.119 Mobile Safari/537.36 [FB_IAB/FB4A;FBAV/530.0.0.48.74;IABMV/1;]"
102.164.103.218 - - [16/Sep/2025:09:01:50 -0400] "GET /wp-content/uploads/2025/06/IMG_4412545132-360x200.jpg HTTP/1.1" 200 21437 "https://alshaer-news.com/?p=3014&utm_medium=social&utm_source=heylink.me" "Mozilla/5.0 (Linux; Android 15; SM-A145F Build/AP3A.240905.015.A2; wv) AppleWebKit/537.36 (KHTML, like Gecko) Version/4.0 Chrome/140.0.7339.119 Mobile Safari/537.36 [FB_IAB/FB4A;FBAV/530.0.0.48.74;IABMV/1;]"
102.164.103.218 - - [16/Sep/2025:09:01:50 -0400] "GET /wp-content/uploads/2025/04/IMG_2620482203-360x200.jpg HTTP/1.1" 200 19869 "https://alshaer-news.com/?p=3014&utm_medium=social&utm_source=heylink.me" "Mozilla/5.0 (Linux; Android 15; SM-A145F Build/AP3A.240905.015.A2; wv) AppleWebKit/537.36 (KHTML, like Gecko) Version/4.0 Chrome/140.0.7339.119 Mobile Safari/537.36 [FB_IAB/FB4A;FBAV/530.0.0.48.74;IABMV/1;]"
102.164.103.218 - - [16/Sep/2025:09:01:50 -0400] "GET /wp-content/uploads/2024/08/FB_IMG_1723739515245-360x200.jpg HTTP/1.1" 200 12051 "https://alshaer-news.com/?p=3014&utm_medium=social&utm_source=heylink.me" "Mozilla/5.0 (Linux; Android 15; SM-A145F Build/AP3A.240905.015.A2; wv) AppleWebKit/537.36 (KHTML, like Gecko) Version/4.0 Chrome/140.0.7339.119 Mobile Safari/537.36 [FB_IAB/FB4A;FBAV/530.0.0.48.74;IABMV/1;]"
102.164.103.218 - - [16/Sep/2025:09:01:50 -0400] "GET /wp-content/uploads/2024/08/%D8%A8%D9%84%D8%AF%D9%8A%D8%A9-%D8%AA%D9%88%D9%86%D8%B3-%D8%B3%D8%A7%D8%AD%D8%A9-%D8%A7%D9%84%D9%82%D8%B5%D8%A8%D8%A9-Godong-Getty-360x200.jpg HTTP/1.1" 200 15774 "https://alshaer-news.com/?p=3014&utm_medium=social&utm_source=heylink.me" "Mozilla/5.0 (Linux; Android 15; SM-A145F Build/AP3A.240905.015.A2; wv) AppleWebKit/537.36 (KHTML, like Gecko) Version/4.0 Chrome/140.0.7339.119 Mobile Safari/537.36 [FB_IAB/FB4A;FBAV/530.0.0.48.74;IABMV/1;]"
102.164.103.218 - - [16/Sep/2025:09:01:50 -0400] "GET /wp-content/uploads/2024/08/GettyImages-644501407_1-360x200.jpg HTTP/1.1" 200 15364 "https://alshaer-news.com/?p=3014&utm_medium=social&utm_source=heylink.me" "Mozilla/5.0 (Linux; Android 15; SM-A145F Build/AP3A.240905.015.A2; wv) AppleWebKit/537.36 (KHTML, like Gecko) Version/4.0 Chrome/140.0.7339.119 Mobile Safari/537.36 [FB_IAB/FB4A;FBAV/530.0.0.48.74;IABMV/1;]"
102.164.103.218 - - [16/Sep/2025:09:01:50 -0400] "GET /wp-content/uploads/2024/07/%D9%A2%D9%A0%D9%A2%D9%A4%D9%A0%D9%A7%D9%A2%D9%A8_%D9%A1%D9%A1%D9%A4%D9%A5%D9%A5%D9%A3-360x200.jpg HTTP/1.1" 200 11944 "https://alshaer-news.com/?p=3014&utm_medium=social&utm_source=heylink.me" "Mozilla/5.0 (Linux; Android 15; SM-A145F Build/AP3A.240905.015.A2; wv) AppleWebKit/537.36 (KHTML, like Gecko) Version/4.0 Chrome/140.0.7339.119 Mobile Safari/537.36 [FB_IAB/FB4A;FBAV/530.0.0.48.74;IABMV/1;]"
102.164.103.218 - - [16/Sep/2025:09:01:50 -0400] "GET /wp-content/uploads/2025/09/IMG-20250910-WA0000-360x200.jpg HTTP/1.1" 200 17269 "https://alshaer-news.com/?p=3014&utm_medium=social&utm_source=heylink.me" "Mozilla/5.0 (Linux; Android 15; SM-A145F Build/AP3A.240905.015.A2; wv) AppleWebKit/537.36 (KHTML, like Gecko) Version/4.0 Chrome/140.0.7339.119 Mobile Safari/537.36 [FB_IAB/FB4A;FBAV/530.0.0.48.74;IABMV/1;]"
102.164.103.218 - - [16/Sep/2025:09:01:50 -0400] "GET /wp-content/uploads/2025/09/%D9%A2%D9%A0%D9%A2%D9%A5%D9%A0%D9%A9%D9%A0%D9%A9_%D9%A2%D9%A3%D9%A4%D9%A9%D9%A3%D9%A7-360x200.jpg HTTP/1.1" 200 22224 "https://alshaer-news.com/?p=3014&utm_medium=social&utm_source=heylink.me" "Mozilla/5.0 (Linux; Android 15; SM-A145F Build/AP3A.240905.015.A2; wv) AppleWebKit/537.36 (KHTML, like Gecko) Version/4.0 Chrome/140.0.7339.119 Mobile Safari/537.36 [FB_IAB/FB4A;FBAV/530.0.0.48.74;IABMV/1;]"
102.164.103.218 - - [16/Sep/2025:09:01:50 -0400] "GET /wp-content/uploads/2025/08/IMG-20250824-WA0030-360x200.jpg HTTP/1.1" 200 15692 "https://alshaer-news.com/?p=3014&utm_medium=social&utm_source=heylink.me" "Mozilla/5.0 (Linux; Android 15; SM-A145F Build/AP3A.240905.015.A2; wv) AppleWebKit/537.36 (KHTML, like Gecko) Version/4.0 Chrome/140.0.7339.119 Mobile Safari/537.36 [FB_IAB/FB4A;FBAV/530.0.0.48.74;IABMV/1;]"
102.164.103.218 - - [16/Sep/2025:09:01:50 -0400] "GET /wp-content/uploads/2025/07/IMG_8282480856-360x200.jpg HTTP/1.1" 200 20934 "https://alshaer-news.com/?p=3014&utm_medium=social&utm_source=heylink.me" "Mozilla/5.0 (Linux; Android 15; SM-A145F Build/AP3A.240905.015.A2; wv) AppleWebKit/537.36 (KHTML, like Gecko) Version/4.0 Chrome/140.0.7339.119 Mobile Safari/537.36 [FB_IAB/FB4A;FBAV/530.0.0.48.74;IABMV/1;]"
102.164.103.218 - - [16/Sep/2025:09:01:50 -0400] "GET /wp-content/uploads/2025/05/FB_IMG_1746291435288-360x200.jpg HTTP/1.1" 200 16248 "https://alshaer-news.com/?p=3014&utm_medium=social&utm_source=heylink.me" "Mozilla/5.0 (Linux; Android 15; SM-A145F Build/AP3A.240905.015.A2; wv) AppleWebKit/537.36 (KHTML, like Gecko) Version/4.0 Chrome/140.0.7339.119 Mobile Safari/537.36 [FB_IAB/FB4A;FBAV/530.0.0.48.74;IABMV/1;]"
102.164.103.218 - - [16/Sep/2025:09:01:50 -0400] "GET /wp-content/uploads/2025/02/%D9%A2%D9%A0%D9%A2%D9%A5%D9%A0%D9%A2%D9%A0%D9%A6_%D9%A2%D9%A2%D9%A4%D9%A9%D9%A0%D9%A1-360x200.jpg HTTP/1.1" 200 17316 "https://alshaer-news.com/?p=3014&utm_medium=social&utm_source=heylink.me" "Mozilla/5.0 (Linux; Android 15; SM-A145F Build/AP3A.240905.015.A2; wv) AppleWebKit/537.36 (KHTML, like Gecko) Version/4.0 Chrome/140.0.7339.119 Mobile Safari/537.36 [FB_IAB/FB4A;FBAV/530.0.0.48.74;IABMV/1;]"
102.164.103.218 - - [16/Sep/2025:09:01:50 -0400] "GET /wp-content/uploads/2024/12/%D9%85%D8%AD%D9%85%D8%AF-%D8%A8%D9%86-%D8%B3%D9%84%D9%85%D8%A7%D9%86--360x200.jpg HTTP/1.1" 200 17160 "https://alshaer-news.com/?p=3014&utm_medium=social&utm_source=heylink.me" "Mozilla/5.0 (Linux; Android 15; SM-A145F Build/AP3A.240905.015.A2; wv) AppleWebKit/537.36 (KHTML, like Gecko) Version/4.0 Chrome/140.0.7339.119 Mobile Safari/537.36 [FB_IAB/FB4A;FBAV/530.0.0.48.74;IABMV/1;]"
102.164.103.218 - - [16/Sep/2025:09:01:50 -0400] "GET /wp-content/uploads/2024/09/%D9%85%D8%B2%D8%A7%D8%AF-%D8%AC%D9%85%D8%A7%D8%B1%D9%83--360x200.jpg HTTP/1.1" 200 27863 "https://alshaer-news.com/?p=3014&utm_medium=social&utm_source=heylink.me" "Mozilla/5.0 (Linux; Android 15; SM-A145F Build/AP3A.240905.015.A2; wv) AppleWebKit/537.36 (KHTML, like Gecko) Version/4.0 Chrome/140.0.7339.119 Mobile Safari/537.36 [FB_IAB/FB4A;FBAV/530.0.0.48.74;IABMV/1;]"
46.213.61.114 - - [16/Sep/2025:09:01:51 -0400] "GET /wp-content/uploads/2025/06/IMG_4412545132-360x200.jpg HTTP/1.1" 200 21437 "https://alshaer-news.com/?p=3000&utm_medium=social&utm_source=heylink.me" "Mozilla/5.0 (Linux; Android 14; CLK-LX2 Build/HONORCLK-L32; wv) AppleWebKit/537.36 (KHTML, like Gecko) Version/4.0 Chrome/139.0.7258.90 Mobile Safari/537.36 [FB_IAB/FB4A;FBAV/526.1.0.66.75;IABMV/1;]"
46.213.61.114 - - [16/Sep/2025:09:01:51 -0400] "GET /wp-content/uploads/2025/04/IMG_2620482203-360x200.jpg HTTP/1.1" 200 19869 "https://alshaer-news.com/?p=3000&utm_medium=social&utm_source=heylink.me" "Mozilla/5.0 (Linux; Android 14; CLK-LX2 Build/HONORCLK-L32; wv) AppleWebKit/537.36 (KHTML, like Gecko) Version/4.0 Chrome/139.0.7258.90 Mobile Safari/537.36 [FB_IAB/FB4A;FBAV/526.1.0.66.75;IABMV/1;]"
46.213.61.114 - - [16/Sep/2025:09:01:51 -0400] "GET /wp-includes/js/wp-emoji-release.min.js?ver=6.8.2 HTTP/1.1" 200 4769 "https://alshaer-news.com/?p=3000&utm_medium=social&utm_source=heylink.me" "Mozilla/5.0 (Linux; Android 14; CLK-LX2 Build/HONORCLK-L32; wv) AppleWebKit/537.36 (KHTML, like Gecko) Version/4.0 Chrome/139.0.7258.90 Mobile Safari/537.36 [FB_IAB/FB4A;FBAV/526.1.0.66.75;IABMV/1;]"
102.164.103.218 - - [16/Sep/2025:09:01:51 -0400] "GET /favicon.ico HTTP/1.1" 500 1112 "https://alshaer-news.com/?p=3014&utm_medium=social&utm_source=heylink.me" "Mozilla/5.0 (Linux; Android 15; SM-A145F Build/AP3A.240905.015.A2; wv) AppleWebKit/537.36 (KHTML, like Gecko) Version/4.0 Chrome/140.0.7339.119 Mobile Safari/537.36 [FB_IAB/FB4A;FBAV/530.0.0.48.74;IABMV/1;]"
102.164.103.218 - - [16/Sep/2025:09:02:01 -0400] "GET /?p=3014&utm_medium=social&utm_source=heylink.me HTTP/1.1" 200 14796 "https://heylink.me/whatsappcomchannel0029VbB7Nu58PgsMqBc0LS26/?fbclid=IwY2xjawM2Pv9leHRuA2FlbQIxMQABHnffPCkycTE0wwqsim2YxZIdV4ZulSrhifx_L1b0r1xsG2iHoigUI1rWtV0M_aem_zZiVk3vK2zi31rTOuQ3m5Q" "Mozilla/5.0 (Linux; Android 15; SM-A145F Build/AP3A.240905.015.A2; wv) AppleWebKit/537.36 (KHTML, like Gecko) Version/4.0 Chrome/140.0.7339.119 Mobile Safari/537.36 [FB_IAB/FB4A;FBAV/530.0.0.48.74;IABMV/1;]"
102.164.103.218 - - [16/Sep/2025:09:02:03 -0400] "GET /favicon.ico HTTP/1.1" 500 1112 "https://alshaer-news.com/?p=3014&utm_medium=social&utm_source=heylink.me" "Mozilla/5.0 (Linux; Android 15; SM-A145F Build/AP3A.240905.015.A2; wv) AppleWebKit/537.36 (KHTML, like Gecko) Version/4.0 Chrome/140.0.7339.119 Mobile Safari/537.36 [FB_IAB/FB4A;FBAV/530.0.0.48.74;IABMV/1;]"
102.164.103.218 - - [16/Sep/2025:09:02:09 -0400] "GET /?cat=10 HTTP/1.1" 200 10528 "https://alshaer-news.com/?p=3014&utm_medium=social&utm_source=heylink.me" "Mozilla/5.0 (Linux; Android 15; SM-A145F Build/AP3A.240905.015.A2; wv) AppleWebKit/537.36 (KHTML, like Gecko) Version/4.0 Chrome/140.0.7339.119 Mobile Safari/537.36 [FB_IAB/FB4A;FBAV/530.0.0.48.74;IABMV/1;]"
102.164.100.116 - - [16/Sep/2025:09:02:10 -0400] "GET /?p=3014&utm_medium=social&utm_source=heylink.me HTTP/1.1" 200 14796 "https://heylink.me/whatsappcomchannel0029VbB7Nu58PgsMqBc0LS26/?fbclid=IwY2xjawM2PxlleHRuA2FlbQIxMQABHlz4VGaaWjmQoPAV_ye4WelcDDJES_srDmkUgp_0rZzG4Ifxvfa9EX-rkK8I_aem_z3-I_b6_Zx5AxLA2k_Ra4w" "Mozilla/5.0 (Linux; Android 15; SM-A245F Build/AP3A.240905.015.A2; wv) AppleWebKit/537.36 (KHTML, like Gecko) Version/4.0 Chrome/140.0.7339.119 Mobile Safari/537.36 [FB_IAB/FB4A;FBAV/530.0.0.48.74;IABMV/1;]"
102.164.103.218 - - [16/Sep/2025:09:02:10 -0400] "GET /wp-content/uploads/2024/07/%D9%8A%D8%AD%D8%AF%D8%AB-%D8%A8%D8%B4%D9%83%D9%84-%D9%85%D8%AA%D9%83%D8%B1%D8%B1-360x200.jpg HTTP/1.1" 200 22426 "https://alshaer-news.com/?cat=10" "Mozilla/5.0 (Linux; Android 15; SM-A145F Build/AP3A.240905.015.A2; wv) AppleWebKit/537.36 (KHTML, like Gecko) Version/4.0 Chrome/140.0.7339.119 Mobile Safari/537.36 [FB_IAB/FB4A;FBAV/530.0.0.48.74;IABMV/1;]"
102.164.103.218 - - [16/Sep/2025:09:02:10 -0400] "GET /wp-content/uploads/2024/07/%D9%A2%D9%A0%D9%A2%D9%A4%D9%A0%D9%A7%D9%A0%D9%A5_%D9%A2%D9%A1%D9%A1%D9%A2%D9%A4%D9%A7-360x200.jpg HTTP/1.1" 200 18487 "https://alshaer-news.com/?cat=10" "Mozilla/5.0 (Linux; Android 15; SM-A145F Build/AP3A.240905.015.A2; wv) AppleWebKit/537.36 (KHTML, like Gecko) Version/4.0 Chrome/140.0.7339.119 Mobile Safari/537.36 [FB_IAB/FB4A;FBAV/530.0.0.48.74;IABMV/1;]"
102.164.103.218 - - [16/Sep/2025:09:02:10 -0400] "GET /wp-content/uploads/2024/07/93bdff9e2da0742d32c8e0848789b7e3-360x200.jpg HTTP/1.1" 200 10217 "https://alshaer-news.com/?cat=10" "Mozilla/5.0 (Linux; Android 15; SM-A145F Build/AP3A.240905.015.A2; wv) AppleWebKit/537.36 (KHTML, like Gecko) Version/4.0 Chrome/140.0.7339.119 Mobile Safari/537.36 [FB_IAB/FB4A;FBAV/530.0.0.48.74;IABMV/1;]"
102.164.103.218 - - [16/Sep/2025:09:02:10 -0400] "GET /wp-content/uploads/2023/11/%D8%A7%D9%84%D8%B4%D8%B9%D8%B1%D9%86%D9%8A%D9%88%D8%B2-360x200.jpg HTTP/1.1" 200 24769 "https://alshaer-news.com/?cat=10" "Mozilla/5.0 (Linux; Android 15; SM-A145F Build/AP3A.240905.015.A2; wv) AppleWebKit/537.36 (KHTML, like Gecko) Version/4.0 Chrome/140.0.7339.119 Mobile Safari/537.36 [FB_IAB/FB4A;FBAV/530.0.0.48.74;IABMV/1;]"
102.164.103.218 - - [16/Sep/2025:09:02:10 -0400] "GET /wp-content/uploads/2023/09/%D8%A7%D9%84%D8%B4%D8%B9%D8%B1%D9%86%D9%8A%D9%88%D8%B2-1-1-360x200.jpg HTTP/1.1" 200 13297 "https://alshaer-news.com/?cat=10" "Mozilla/5.0 (Linux; Android 15; SM-A145F Build/AP3A.240905.015.A2; wv) AppleWebKit/537.36 (KHTML, like Gecko) Version/4.0 Chrome/140.0.7339.119 Mobile Safari/537.36 [FB_IAB/FB4A;FBAV/530.0.0.48.74;IABMV/1;]"
102.164.100.116 - - [16/Sep/2025:09:02:10 -0400] "GET /wp-includes/css/dist/block-library/style-rtl.min.css?ver=6.8.2 HTTP/1.1" 200 14312 "https://alshaer-news.com/?p=3014&utm_medium=social&utm_source=heylink.me" "Mozilla/5.0 (Linux; Android 15; SM-A245F Build/AP3A.240905.015.A2; wv) AppleWebKit/537.36 (KHTML, like Gecko) Version/4.0 Chrome/140.0.7339.119 Mobile Safari/537.36 [FB_IAB/FB4A;FBAV/530.0.0.48.74;IABMV/1;]"
102.164.100.116 - - [16/Sep/2025:09:02:10 -0400] "GET /wp-content/plugins/contact-form-7/includes/css/styles.css?ver=6.0.6 HTTP/1.1" 200 890 "https://alshaer-news.com/?p=3014&utm_medium=social&utm_source=heylink.me" "Mozilla/5.0 (Linux; Android 15; SM-A245F Build/AP3A.240905.015.A2; wv) AppleWebKit/537.36 (KHTML, like Gecko) Version/4.0 Chrome/140.0.7339.119 Mobile Safari/537.36 [FB_IAB/FB4A;FBAV/530.0.0.48.74;IABMV/1;]"
102.164.100.116 - - [16/Sep/2025:09:02:10 -0400] "GET /wp-content/plugins/contact-form-7/includes/css/styles-rtl.css?ver=6.0.6 HTTP/1.1" 200 152 "https://alshaer-news.com/?p=3014&utm_medium=social&utm_source=heylink.me" "Mozilla/5.0 (Linux; Android 15; SM-A245F Build/AP3A.240905.015.A2; wv) AppleWebKit/537.36 (KHTML, like Gecko) Version/4.0 Chrome/140.0.7339.119 Mobile Safari/537.36 [FB_IAB/FB4A;FBAV/530.0.0.48.74;IABMV/1;]"
102.164.100.116 - - [16/Sep/2025:09:02:10 -0400] "GET /wp-content/plugins/cookie-notice/css/front.min.css?ver=2.5.6 HTTP/1.1" 200 951 "https://alshaer-news.com/?p=3014&utm_medium=social&utm_source=heylink.me" "Mozilla/5.0 (Linux; Android 15; SM-A245F Build/AP3A.240905.015.A2; wv) AppleWebKit/537.36 (KHTML, like Gecko) Version/4.0 Chrome/140.0.7339.119 Mobile Safari/537.36 [FB_IAB/FB4A;FBAV/530.0.0.48.74;IABMV/1;]"
102.164.100.116 - - [16/Sep/2025:09:02:10 -0400] "GET /wp-content/themes/newsplus/assets/css/bootstrap.min.css?ver=37.00 HTTP/1.1" 200 17696 "https://alshaer-news.com/?p=3014&utm_medium=social&utm_source=heylink.me" "Mozilla/5.0 (Linux; Android 15; SM-A245F Build/AP3A.240905.015.A2; wv) AppleWebKit/537.36 (KHTML, like Gecko) Version/4.0 Chrome/140.0.7339.119 Mobile Safari/537.36 [FB_IAB/FB4A;FBAV/530.0.0.48.74;IABMV/1;]"
102.164.100.116 - - [16/Sep/2025:09:02:10 -0400] "GET /wp-content/themes/newsplus/assets/fonts/fonts.css?ver=37.00 HTTP/1.1" 200 335 "https://alshaer-news.com/?p=3014&utm_medium=social&utm_source=heylink.me" "Mozilla/5.0 (Linux; Android 15; SM-A245F Build/AP3A.240905.015.A2; wv) AppleWebKit/537.36 (KHTML, like Gecko) Version/4.0 Chrome/140.0.7339.119 Mobile Safari/537.36 [FB_IAB/FB4A;FBAV/530.0.0.48.74;IABMV/1;]"
102.164.100.116 - - [16/Sep/2025:09:02:10 -0400] "GET /wp-content/themes/newsplus/style.css?ver=37.00 HTTP/1.1" 200 7414 "https://alshaer-news.com/?p=3014&utm_medium=social&utm_source=heylink.me" "Mozilla/5.0 (Linux; Android 15; SM-A245F Build/AP3A.240905.015.A2; wv) AppleWebKit/537.36 (KHTML, like Gecko) Version/4.0 Chrome/140.0.7339.119 Mobile Safari/537.36 [FB_IAB/FB4A;FBAV/530.0.0.48.74;IABMV/1;]"
102.164.100.116 - - [16/Sep/2025:09:02:10 -0400] "GET /wp-content/plugins/cookie-notice/js/front.min.js?ver=2.5.6 HTTP/1.1" 200 1964 "https://alshaer-news.com/?p=3014&utm_medium=social&utm_source=heylink.me" "Mozilla/5.0 (Linux; Android 15; SM-A245F Build/AP3A.240905.015.A2; wv) AppleWebKit/537.36 (KHTML, like Gecko) Version/4.0 Chrome/140.0.7339.119 Mobile Safari/537.36 [FB_IAB/FB4A;FBAV/530.0.0.48.74;IABMV/1;]"
102.164.100.116 - - [16/Sep/2025:09:02:10 -0400] "GET /wp-includes/js/jquery/jquery.min.js?ver=3.7.1 HTTP/1.1" 200 29744 "https://alshaer-news.com/?p=3014&utm_medium=social&utm_source=heylink.me" "Mozilla/5.0 (Linux; Android 15; SM-A245F Build/AP3A.240905.015.A2; wv) AppleWebKit/537.36 (KHTML, like Gecko) Version/4.0 Chrome/140.0.7339.119 Mobile Safari/537.36 [FB_IAB/FB4A;FBAV/530.0.0.48.74;IABMV/1;]"
102.164.100.116 - - [16/Sep/2025:09:02:10 -0400] "GET /wp-includes/js/jquery/jquery-migrate.min.js?ver=3.4.1 HTTP/1.1" 200 4678 "https://alshaer-news.com/?p=3014&utm_medium=social&utm_source=heylink.me" "Mozilla/5.0 (Linux; Android 15; SM-A245F Build/AP3A.240905.015.A2; wv) AppleWebKit/537.36 (KHTML, like Gecko) Version/4.0 Chrome/140.0.7339.119 Mobile Safari/537.36 [FB_IAB/FB4A;FBAV/530.0.0.48.74;IABMV/1;]"
102.164.100.116 - - [16/Sep/2025:09:02:10 -0400] "GET /wp-content/uploads/2025/06/IMG_4412545132-1536x1536.jpg HTTP/1.1" 200 257700 "https://alshaer-news.com/?p=3014&utm_medium=social&utm_source=heylink.me" "Mozilla/5.0 (Linux; Android 15; SM-A245F Build/AP3A.240905.015.A2; wv) AppleWebKit/537.36 (KHTML, like Gecko) Version/4.0 Chrome/140.0.7339.119 Mobile Safari/537.36 [FB_IAB/FB4A;FBAV/530.0.0.48.74;IABMV/1;]"
102.164.100.116 - - [16/Sep/2025:09:02:10 -0400] "GET /wp-content/themes/newsplus/assets/img/logo.png HTTP/1.1" 200 43754 "https://alshaer-news.com/?p=3014&utm_medium=social&utm_source=heylink.me" "Mozilla/5.0 (Linux; Android 15; SM-A245F Build/AP3A.240905.015.A2; wv) AppleWebKit/537.36 (KHTML, like Gecko) Version/4.0 Chrome/140.0.7339.119 Mobile Safari/537.36 [FB_IAB/FB4A;FBAV/530.0.0.48.74;IABMV/1;]"
102.164.100.116 - - [16/Sep/2025:09:02:10 -0400] "GET /wp-includes/js/dist/hooks.min.js?ver=4d63a3d491d11ffd8ac6 HTTP/1.1" 200 1571 "https://alshaer-news.com/?p=3014&utm_medium=social&utm_source=heylink.me" "Mozilla/5.0 (Linux; Android 15; SM-A245F Build/AP3A.240905.015.A2; wv) AppleWebKit/537.36 (KHTML, like Gecko) Version/4.0 Chrome/140.0.7339.119 Mobile Safari/537.36 [FB_IAB/FB4A;FBAV/530.0.0.48.74;IABMV/1;]"
102.164.103.218 - - [16/Sep/2025:09:02:11 -0400] "GET /favicon.ico HTTP/1.1" 500 1112 "https://alshaer-news.com/?cat=10" "Mozilla/5.0 (Linux; Android 15; SM-A145F Build/AP3A.240905.015.A2; wv) AppleWebKit/537.36 (KHTML, like Gecko) Version/4.0 Chrome/140.0.7339.119 Mobile Safari/537.36 [FB_IAB/FB4A;FBAV/530.0.0.48.74;IABMV/1;]"
102.164.100.116 - - [16/Sep/2025:09:02:11 -0400] "GET /wp-includes/js/dist/i18n.min.js?ver=5e580eb46a90c2b997e6 HTTP/1.1" 200 3542 "https://alshaer-news.com/?p=3014&utm_medium=social&utm_source=heylink.me" "Mozilla/5.0 (Linux; Android 15; SM-A245F Build/AP3A.240905.015.A2; wv) AppleWebKit/537.36 (KHTML, like Gecko) Version/4.0 Chrome/140.0.7339.119 Mobile Safari/537.36 [FB_IAB/FB4A;FBAV/530.0.0.48.74;IABMV/1;]"
102.164.100.116 - - [16/Sep/2025:09:02:11 -0400] "GET /wp-content/plugins/contact-form-7/includes/swv/js/index.js?ver=6.0.6 HTTP/1.1" 200 3369 "https://alshaer-news.com/?p=3014&utm_medium=social&utm_source=heylink.me" "Mozilla/5.0 (Linux; Android 15; SM-A245F Build/AP3A.240905.015.A2; wv) AppleWebKit/537.36 (KHTML, like Gecko) Version/4.0 Chrome/140.0.7339.119 Mobile Safari/537.36 [FB_IAB/FB4A;FBAV/530.0.0.48.74;IABMV/1;]"
102.164.100.116 - - [16/Sep/2025:09:02:11 -0400] "GET /wp-content/plugins/contact-form-7/includes/js/index.js?ver=6.0.6 HTTP/1.1" 200 4008 "https://alshaer-news.com/?p=3014&utm_medium=social&utm_source=heylink.me" "Mozilla/5.0 (Linux; Android 15; SM-A245F Build/AP3A.240905.015.A2; wv) AppleWebKit/537.36 (KHTML, like Gecko) Version/4.0 Chrome/140.0.7339.119 Mobile Safari/537.36 [FB_IAB/FB4A;FBAV/530.0.0.48.74;IABMV/1;]"
102.164.100.116 - - [16/Sep/2025:09:02:11 -0400] "GET /wp-content/themes/newsplus/assets/js/main.js?ver=37.00 HTTP/1.1" 200 1317 "https://alshaer-news.com/?p=3014&utm_medium=social&utm_source=heylink.me" "Mozilla/5.0 (Linux; Android 15; SM-A245F Build/AP3A.240905.015.A2; wv) AppleWebKit/537.36 (KHTML, like Gecko) Version/4.0 Chrome/140.0.7339.119 Mobile Safari/537.36 [FB_IAB/FB4A;FBAV/530.0.0.48.74;IABMV/1;]"
102.164.100.116 - - [16/Sep/2025:09:02:11 -0400] "GET /wp-includes/js/comment-reply.min.js?ver=6.8.2 HTTP/1.1" 200 1247 "https://alshaer-news.com/?p=3014&utm_medium=social&utm_source=heylink.me" "Mozilla/5.0 (Linux; Android 15; SM-A245F Build/AP3A.240905.015.A2; wv) AppleWebKit/537.36 (KHTML, like Gecko) Version/4.0 Chrome/140.0.7339.119 Mobile Safari/537.36 [FB_IAB/FB4A;FBAV/530.0.0.48.74;IABMV/1;]"
102.164.100.116 - - [16/Sep/2025:09:02:11 -0400] "GET /wp-content/uploads/2025/06/IMG_4412545132-360x200.jpg HTTP/1.1" 200 21437 "https://alshaer-news.com/?p=3014&utm_medium=social&utm_source=heylink.me" "Mozilla/5.0 (Linux; Android 15; SM-A245F Build/AP3A.240905.015.A2; wv) AppleWebKit/537.36 (KHTML, like Gecko) Version/4.0 Chrome/140.0.7339.119 Mobile Safari/537.36 [FB_IAB/FB4A;FBAV/530.0.0.48.74;IABMV/1;]"
102.164.100.116 - - [16/Sep/2025:09:02:11 -0400] "GET /wp-content/uploads/2025/04/IMG_2620482203-360x200.jpg HTTP/1.1" 200 19869 "https://alshaer-news.com/?p=3014&utm_medium=social&utm_source=heylink.me" "Mozilla/5.0 (Linux; Android 15; SM-A245F Build/AP3A.240905.015.A2; wv) AppleWebKit/537.36 (KHTML, like Gecko) Version/4.0 Chrome/140.0.7339.119 Mobile Safari/537.36 [FB_IAB/FB4A;FBAV/530.0.0.48.74;IABMV/1;]"
102.164.100.116 - - [16/Sep/2025:09:02:11 -0400] "GET /wp-content/uploads/2024/08/FB_IMG_1723739515245-360x200.jpg HTTP/1.1" 200 12051 "https://alshaer-news.com/?p=3014&utm_medium=social&utm_source=heylink.me" "Mozilla/5.0 (Linux; Android 15; SM-A245F Build/AP3A.240905.015.A2; wv) AppleWebKit/537.36 (KHTML, like Gecko) Version/4.0 Chrome/140.0.7339.119 Mobile Safari/537.36 [FB_IAB/FB4A;FBAV/530.0.0.48.74;IABMV/1;]"
102.164.100.116 - - [16/Sep/2025:09:02:11 -0400] "GET /wp-content/uploads/2024/08/%D8%A8%D9%84%D8%AF%D9%8A%D8%A9-%D8%AA%D9%88%D9%86%D8%B3-%D8%B3%D8%A7%D8%AD%D8%A9-%D8%A7%D9%84%D9%82%D8%B5%D8%A8%D8%A9-Godong-Getty-360x200.jpg HTTP/1.1" 200 15774 "https://alshaer-news.com/?p=3014&utm_medium=social&utm_source=heylink.me" "Mozilla/5.0 (Linux; Android 15; SM-A245F Build/AP3A.240905.015.A2; wv) AppleWebKit/537.36 (KHTML, like Gecko) Version/4.0 Chrome/140.0.7339.119 Mobile Safari/537.36 [FB_IAB/FB4A;FBAV/530.0.0.48.74;IABMV/1;]"
102.164.100.116 - - [16/Sep/2025:09:02:12 -0400] "GET /wp-content/uploads/2024/08/GettyImages-644501407_1-360x200.jpg HTTP/1.1" 200 15364 "https://alshaer-news.com/?p=3014&utm_medium=social&utm_source=heylink.me" "Mozilla/5.0 (Linux; Android 15; SM-A245F Build/AP3A.240905.015.A2; wv) AppleWebKit/537.36 (KHTML, like Gecko) Version/4.0 Chrome/140.0.7339.119 Mobile Safari/537.36 [FB_IAB/FB4A;FBAV/530.0.0.48.74;IABMV/1;]"
102.164.100.116 - - [16/Sep/2025:09:02:12 -0400] "GET /wp-content/uploads/2024/07/%D9%A2%D9%A0%D9%A2%D9%A4%D9%A0%D9%A7%D9%A2%D9%A8_%D9%A1%D9%A1%D9%A4%D9%A5%D9%A5%D9%A3-360x200.jpg HTTP/1.1" 200 11944 "https://alshaer-news.com/?p=3014&utm_medium=social&utm_source=heylink.me" "Mozilla/5.0 (Linux; Android 15; SM-A245F Build/AP3A.240905.015.A2; wv) AppleWebKit/537.36 (KHTML, like Gecko) Version/4.0 Chrome/140.0.7339.119 Mobile Safari/537.36 [FB_IAB/FB4A;FBAV/530.0.0.48.74;IABMV/1;]"
102.164.100.116 - - [16/Sep/2025:09:02:12 -0400] "GET /wp-content/uploads/2025/09/IMG-20250910-WA0000-360x200.jpg HTTP/1.1" 200 17269 "https://alshaer-news.com/?p=3014&utm_medium=social&utm_source=heylink.me" "Mozilla/5.0 (Linux; Android 15; SM-A245F Build/AP3A.240905.015.A2; wv) AppleWebKit/537.36 (KHTML, like Gecko) Version/4.0 Chrome/140.0.7339.119 Mobile Safari/537.36 [FB_IAB/FB4A;FBAV/530.0.0.48.74;IABMV/1;]"
102.164.100.116 - - [16/Sep/2025:09:02:12 -0400] "GET /wp-content/uploads/2025/09/%D9%A2%D9%A0%D9%A2%D9%A5%D9%A0%D9%A9%D9%A0%D9%A9_%D9%A2%D9%A3%D9%A4%D9%A9%D9%A3%D9%A7-360x200.jpg HTTP/1.1" 200 22224 "https://alshaer-news.com/?p=3014&utm_medium=social&utm_source=heylink.me" "Mozilla/5.0 (Linux; Android 15; SM-A245F Build/AP3A.240905.015.A2; wv) AppleWebKit/537.36 (KHTML, like Gecko) Version/4.0 Chrome/140.0.7339.119 Mobile Safari/537.36 [FB_IAB/FB4A;FBAV/530.0.0.48.74;IABMV/1;]"
102.164.100.116 - - [16/Sep/2025:09:02:12 -0400] "GET /wp-content/uploads/2025/08/IMG-20250824-WA0030-360x200.jpg HTTP/1.1" 200 15692 "https://alshaer-news.com/?p=3014&utm_medium=social&utm_source=heylink.me" "Mozilla/5.0 (Linux; Android 15; SM-A245F Build/AP3A.240905.015.A2; wv) AppleWebKit/537.36 (KHTML, like Gecko) Version/4.0 Chrome/140.0.7339.119 Mobile Safari/537.36 [FB_IAB/FB4A;FBAV/530.0.0.48.74;IABMV/1;]"
102.164.100.116 - - [16/Sep/2025:09:02:12 -0400] "GET /wp-content/uploads/2025/07/IMG_8282480856-360x200.jpg HTTP/1.1" 200 20934 "https://alshaer-news.com/?p=3014&utm_medium=social&utm_source=heylink.me" "Mozilla/5.0 (Linux; Android 15; SM-A245F Build/AP3A.240905.015.A2; wv) AppleWebKit/537.36 (KHTML, like Gecko) Version/4.0 Chrome/140.0.7339.119 Mobile Safari/537.36 [FB_IAB/FB4A;FBAV/530.0.0.48.74;IABMV/1;]"
102.164.100.116 - - [16/Sep/2025:09:02:12 -0400] "GET /wp-content/uploads/2025/05/FB_IMG_1746291435288-360x200.jpg HTTP/1.1" 200 16248 "https://alshaer-news.com/?p=3014&utm_medium=social&utm_source=heylink.me" "Mozilla/5.0 (Linux; Android 15; SM-A245F Build/AP3A.240905.015.A2; wv) AppleWebKit/537.36 (KHTML, like Gecko) Version/4.0 Chrome/140.0.7339.119 Mobile Safari/537.36 [FB_IAB/FB4A;FBAV/530.0.0.48.74;IABMV/1;]"
102.164.100.116 - - [16/Sep/2025:09:02:12 -0400] "GET /wp-content/uploads/2025/02/%D9%A2%D9%A0%D9%A2%D9%A5%D9%A0%D9%A2%D9%A0%D9%A6_%D9%A2%D9%A2%D9%A4%D9%A9%D9%A0%D9%A1-360x200.jpg HTTP/1.1" 200 17316 "https://alshaer-news.com/?p=3014&utm_medium=social&utm_source=heylink.me" "Mozilla/5.0 (Linux; Android 15; SM-A245F Build/AP3A.240905.015.A2; wv) AppleWebKit/537.36 (KHTML, like Gecko) Version/4.0 Chrome/140.0.7339.119 Mobile Safari/537.36 [FB_IAB/FB4A;FBAV/530.0.0.48.74;IABMV/1;]"
102.164.100.116 - - [16/Sep/2025:09:02:12 -0400] "GET /wp-content/uploads/2024/12/%D9%85%D8%AD%D9%85%D8%AF-%D8%A8%D9%86-%D8%B3%D9%84%D9%85%D8%A7%D9%86--360x200.jpg HTTP/1.1" 200 17160 "https://alshaer-news.com/?p=3014&utm_medium=social&utm_source=heylink.me" "Mozilla/5.0 (Linux; Android 15; SM-A245F Build/AP3A.240905.015.A2; wv) AppleWebKit/537.36 (KHTML, like Gecko) Version/4.0 Chrome/140.0.7339.119 Mobile Safari/537.36 [FB_IAB/FB4A;FBAV/530.0.0.48.74;IABMV/1;]"
102.164.100.116 - - [16/Sep/2025:09:02:12 -0400] "GET /wp-content/uploads/2024/09/%D9%85%D8%B2%D8%A7%D8%AF-%D8%AC%D9%85%D8%A7%D8%B1%D9%83--360x200.jpg HTTP/1.1" 200 27863 "https://alshaer-news.com/?p=3014&utm_medium=social&utm_source=heylink.me" "Mozilla/5.0 (Linux; Android 15; SM-A245F Build/AP3A.240905.015.A2; wv) AppleWebKit/537.36 (KHTML, like Gecko) Version/4.0 Chrome/140.0.7339.119 Mobile Safari/537.36 [FB_IAB/FB4A;FBAV/530.0.0.48.74;IABMV/1;]"
102.164.103.218 - - [16/Sep/2025:09:02:14 -0400] "GET /?p=3014&utm_medium=social&utm_source=heylink.me HTTP/1.1" 200 14796 "https://heylink.me/whatsappcomchannel0029VbB7Nu58PgsMqBc0LS26/?fbclid=IwY2xjawM2Pv9leHRuA2FlbQIxMQABHnffPCkycTE0wwqsim2YxZIdV4ZulSrhifx_L1b0r1xsG2iHoigUI1rWtV0M_aem_zZiVk3vK2zi31rTOuQ3m5Q" "Mozilla/5.0 (Linux; Android 15; SM-A145F Build/AP3A.240905.015.A2; wv) AppleWebKit/537.36 (KHTML, like Gecko) Version/4.0 Chrome/140.0.7339.119 Mobile Safari/537.36 [FB_IAB/FB4A;FBAV/530.0.0.48.74;IABMV/1;]"
102.164.103.218 - - [16/Sep/2025:09:02:15 -0400] "GET /favicon.ico HTTP/1.1" 500 1112 "https://alshaer-news.com/?p=3014&utm_medium=social&utm_source=heylink.me" "Mozilla/5.0 (Linux; Android 15; SM-A145F Build/AP3A.240905.015.A2; wv) AppleWebKit/537.36 (KHTML, like Gecko) Version/4.0 Chrome/140.0.7339.119 Mobile Safari/537.36 [FB_IAB/FB4A;FBAV/530.0.0.48.74;IABMV/1;]"
102.164.100.116 - - [16/Sep/2025:09:02:20 -0400] "GET /favicon.ico HTTP/1.1" 500 1112 "https://alshaer-news.com/?p=3014&utm_medium=social&utm_source=heylink.me" "Mozilla/5.0 (Linux; Android 15; SM-A245F Build/AP3A.240905.015.A2; wv) AppleWebKit/537.36 (KHTML, like Gecko) Version/4.0 Chrome/140.0.7339.119 Mobile Safari/537.36 [FB_IAB/FB4A;FBAV/530.0.0.48.74;IABMV/1;]"
102.164.103.218 - - [16/Sep/2025:09:02:23 -0400] "GET /wp-content/themes/newsplus/assets/img/logo.png HTTP/1.1" 200 43754 "fbapp://350685531728/unknown" "[FBAN/FB4A;FBAV/530.0.0.48.74;FBBV/789633200;FBDM/{density=2.8125,width=1080,height=2408};FBLC/ar_AR;FBRV/792245187;FBCR/StaySafe Libyana;FBMF/samsung;FBBD/samsung;FBPN/com.facebook.katana;FBDV/SM-A145F;FBSV/15;FBOP/1;FBCA/arm64-v8a:;]"
102.164.103.218 - - [16/Sep/2025:09:02:23 -0400] "GET /wp-content/uploads/2025/06/IMG_4412545132.jpg HTTP/1.1" 200 886957 "fbapp://350685531728/unknown" "[FBAN/FB4A;FBAV/530.0.0.48.74;FBBV/789633200;FBDM/{density=2.8125,width=1080,height=2408};FBLC/ar_AR;FBRV/792245187;FBCR/StaySafe Libyana;FBMF/samsung;FBBD/samsung;FBPN/com.facebook.katana;FBDV/SM-A145F;FBSV/15;FBOP/1;FBCA/arm64-v8a:;]"
102.164.103.218 - - [16/Sep/2025:09:02:58 -0400] "GET /?p=3014 HTTP/1.1" 200 14766 "https://mez.ink/" "Mozilla/5.0 (Linux; Android 15; SM-A145F Build/AP3A.240905.015.A2; wv) AppleWebKit/537.36 (KHTML, like Gecko) Version/4.0 Chrome/140.0.7339.119 Mobile Safari/537.36 [FB_IAB/FB4A;FBAV/530.0.0.48.74;IABMV/1;]"
102.164.103.218 - - [16/Sep/2025:09:03:01 -0400] "GET /favicon.ico HTTP/1.1" 500 1112 "https://alshaer-news.com/?p=3014" "Mozilla/5.0 (Linux; Android 15; SM-A145F Build/AP3A.240905.015.A2; wv) AppleWebKit/537.36 (KHTML, like Gecko) Version/4.0 Chrome/140.0.7339.119 Mobile Safari/537.36 [FB_IAB/FB4A;FBAV/530.0.0.48.74;IABMV/1;]"
102.164.103.218 - - [16/Sep/2025:09:03:04 -0400] "GET /?p=3014 HTTP/1.1" 200 14766 "https://mez.ink/" "Mozilla/5.0 (Linux; Android 15; SM-A145F Build/AP3A.240905.015.A2; wv) AppleWebKit/537.36 (KHTML, like Gecko) Version/4.0 Chrome/140.0.7339.119 Mobile Safari/537.36 [FB_IAB/FB4A;FBAV/530.0.0.48.74;IABMV/1;]"
156.38.40.75 - - [16/Sep/2025:09:03:05 -0400] "GET /wp-content/uploads/2025/06/IMG_4412545132.jpg HTTP/1.1" 200 886957 "fbapp://350685531728/unknown" "[FBAN/FB4A;FBAV/526.1.0.66.75;FBBV/778050530;FBDM/{density=3.0,width=1080,height=2158};FBLC/ar_AR;FBRV/783596800;FBCR/StaySafe Libyana;FBMF/realme;FBBD/realme;FBPN/com.facebook.katana;FBDV/RMX3710;FBSV/13;FBOP/1;FBCA/arm64-v8a:;]"
102.164.103.218 - - [16/Sep/2025:09:03:06 -0400] "GET /favicon.ico HTTP/1.1" 500 1112 "https://alshaer-news.com/?p=3014" "Mozilla/5.0 (Linux; Android 15; SM-A145F Build/AP3A.240905.015.A2; wv) AppleWebKit/537.36 (KHTML, like Gecko) Version/4.0 Chrome/140.0.7339.119 Mobile Safari/537.36 [FB_IAB/FB4A;FBAV/530.0.0.48.74;IABMV/1;]"
46.213.127.165 - - [16/Sep/2025:09:03:18 -0400] "GET /?p=3026&utm_medium=social&utm_source=heylink.me HTTP/1.1" 200 14343 "https://heylink.me/whatsappcomchannel0029Vb6nFL02v1IrjKKy3d1v/?fbclid=IwY2xjawM2P2BleHRuA2FlbQIxMQABHiW1T7JRRNuzl5fVLttxD6lcgOipzivUcwAh2UZp1Z0Lc3clJd1AzDhz6CKF_aem_PI0JaZiLVoRrURZgHMe2rw" "Mozilla/5.0 (Linux; Android 15; 24116RACCG Build/AP3A.240905.015.A2; wv) AppleWebKit/537.36 (KHTML, like Gecko) Version/4.0 Chrome/139.0.7258.158 Mobile Safari/537.36 [FB_IAB/FB4A;FBAV/530.0.0.48.74;IABMV/1;]"
46.213.127.165 - - [16/Sep/2025:09:03:18 -0400] "GET /wp-content/plugins/contact-form-7/includes/css/styles.css?ver=6.0.6 HTTP/1.1" 200 890 "https://alshaer-news.com/?p=3026&utm_medium=social&utm_source=heylink.me" "Mozilla/5.0 (Linux; Android 15; 24116RACCG Build/AP3A.240905.015.A2; wv) AppleWebKit/537.36 (KHTML, like Gecko) Version/4.0 Chrome/139.0.7258.158 Mobile Safari/537.36 [FB_IAB/FB4A;FBAV/530.0.0.48.74;IABMV/1;]"
46.213.127.165 - - [16/Sep/2025:09:03:18 -0400] "GET /wp-includes/css/dist/block-library/style-rtl.min.css?ver=6.8.2 HTTP/1.1" 200 14312 "https://alshaer-news.com/?p=3026&utm_medium=social&utm_source=heylink.me" "Mozilla/5.0 (Linux; Android 15; 24116RACCG Build/AP3A.240905.015.A2; wv) AppleWebKit/537.36 (KHTML, like Gecko) Version/4.0 Chrome/139.0.7258.158 Mobile Safari/537.36 [FB_IAB/FB4A;FBAV/530.0.0.48.74;IABMV/1;]"
46.213.127.165 - - [16/Sep/2025:09:03:18 -0400] "GET /wp-content/plugins/contact-form-7/includes/css/styles-rtl.css?ver=6.0.6 HTTP/1.1" 200 152 "https://alshaer-news.com/?p=3026&utm_medium=social&utm_source=heylink.me" "Mozilla/5.0 (Linux; Android 15; 24116RACCG Build/AP3A.240905.015.A2; wv) AppleWebKit/537.36 (KHTML, like Gecko) Version/4.0 Chrome/139.0.7258.158 Mobile Safari/537.36 [FB_IAB/FB4A;FBAV/530.0.0.48.74;IABMV/1;]"
46.213.127.165 - - [16/Sep/2025:09:03:18 -0400] "GET /wp-content/plugins/cookie-notice/css/front.min.css?ver=2.5.6 HTTP/1.1" 200 951 "https://alshaer-news.com/?p=3026&utm_medium=social&utm_source=heylink.me" "Mozilla/5.0 (Linux; Android 15; 24116RACCG Build/AP3A.240905.015.A2; wv) AppleWebKit/537.36 (KHTML, like Gecko) Version/4.0 Chrome/139.0.7258.158 Mobile Safari/537.36 [FB_IAB/FB4A;FBAV/530.0.0.48.74;IABMV/1;]"
46.213.127.165 - - [16/Sep/2025:09:03:18 -0400] "GET /wp-content/themes/newsplus/assets/css/bootstrap.min.css?ver=37.00 HTTP/1.1" 200 17696 "https://alshaer-news.com/?p=3026&utm_medium=social&utm_source=heylink.me" "Mozilla/5.0 (Linux; Android 15; 24116RACCG Build/AP3A.240905.015.A2; wv) AppleWebKit/537.36 (KHTML, like Gecko) Version/4.0 Chrome/139.0.7258.158 Mobile Safari/537.36 [FB_IAB/FB4A;FBAV/530.0.0.48.74;IABMV/1;]"
46.213.127.165 - - [16/Sep/2025:09:03:18 -0400] "GET /wp-content/themes/newsplus/assets/fonts/fonts.css?ver=37.00 HTTP/1.1" 200 335 "https://alshaer-news.com/?p=3026&utm_medium=social&utm_source=heylink.me" "Mozilla/5.0 (Linux; Android 15; 24116RACCG Build/AP3A.240905.015.A2; wv) AppleWebKit/537.36 (KHTML, like Gecko) Version/4.0 Chrome/139.0.7258.158 Mobile Safari/537.36 [FB_IAB/FB4A;FBAV/530.0.0.48.74;IABMV/1;]"
46.213.127.165 - - [16/Sep/2025:09:03:18 -0400] "GET /wp-content/themes/newsplus/style.css?ver=37.00 HTTP/1.1" 200 7414 "https://alshaer-news.com/?p=3026&utm_medium=social&utm_source=heylink.me" "Mozilla/5.0 (Linux; Android 15; 24116RACCG Build/AP3A.240905.015.A2; wv) AppleWebKit/537.36 (KHTML, like Gecko) Version/4.0 Chrome/139.0.7258.158 Mobile Safari/537.36 [FB_IAB/FB4A;FBAV/530.0.0.48.74;IABMV/1;]"
46.213.127.165 - - [16/Sep/2025:09:03:18 -0400] "GET /wp-content/plugins/cookie-notice/js/front.min.js?ver=2.5.6 HTTP/1.1" 200 1964 "https://alshaer-news.com/?p=3026&utm_medium=social&utm_source=heylink.me" "Mozilla/5.0 (Linux; Android 15; 24116RACCG Build/AP3A.240905.015.A2; wv) AppleWebKit/537.36 (KHTML, like Gecko) Version/4.0 Chrome/139.0.7258.158 Mobile Safari/537.36 [FB_IAB/FB4A;FBAV/530.0.0.48.74;IABMV/1;]"
46.213.127.165 - - [16/Sep/2025:09:03:18 -0400] "GET /wp-includes/js/jquery/jquery.min.js?ver=3.7.1 HTTP/1.1" 200 29744 "https://alshaer-news.com/?p=3026&utm_medium=social&utm_source=heylink.me" "Mozilla/5.0 (Linux; Android 15; 24116RACCG Build/AP3A.240905.015.A2; wv) AppleWebKit/537.36 (KHTML, like Gecko) Version/4.0 Chrome/139.0.7258.158 Mobile Safari/537.36 [FB_IAB/FB4A;FBAV/530.0.0.48.74;IABMV/1;]"
46.213.127.165 - - [16/Sep/2025:09:03:18 -0400] "GET /wp-includes/js/jquery/jquery-migrate.min.js?ver=3.4.1 HTTP/1.1" 200 4678 "https://alshaer-news.com/?p=3026&utm_medium=social&utm_source=heylink.me" "Mozilla/5.0 (Linux; Android 15; 24116RACCG Build/AP3A.240905.015.A2; wv) AppleWebKit/537.36 (KHTML, like Gecko) Version/4.0 Chrome/139.0.7258.158 Mobile Safari/537.36 [FB_IAB/FB4A;FBAV/530.0.0.48.74;IABMV/1;]"
46.213.127.165 - - [16/Sep/2025:09:03:18 -0400] "GET /wp-content/themes/newsplus/assets/img/logo.png HTTP/1.1" 200 43754 "https://alshaer-news.com/?p=3026&utm_medium=social&utm_source=heylink.me" "Mozilla/5.0 (Linux; Android 15; 24116RACCG Build/AP3A.240905.015.A2; wv) AppleWebKit/537.36 (KHTML, like Gecko) Version/4.0 Chrome/139.0.7258.158 Mobile Safari/537.36 [FB_IAB/FB4A;FBAV/530.0.0.48.74;IABMV/1;]"
46.213.127.165 - - [16/Sep/2025:09:03:18 -0400] "GET /wp-includes/js/dist/hooks.min.js?ver=4d63a3d491d11ffd8ac6 HTTP/1.1" 200 1571 "https://alshaer-news.com/?p=3026&utm_medium=social&utm_source=heylink.me" "Mozilla/5.0 (Linux; Android 15; 24116RACCG Build/AP3A.240905.015.A2; wv) AppleWebKit/537.36 (KHTML, like Gecko) Version/4.0 Chrome/139.0.7258.158 Mobile Safari/537.36 [FB_IAB/FB4A;FBAV/530.0.0.48.74;IABMV/1;]"
46.213.127.165 - - [16/Sep/2025:09:03:18 -0400] "GET /wp-content/uploads/2025/07/IMG_8282480856-1536x1431.jpg HTTP/1.1" 200 270775 "https://alshaer-news.com/?p=3026&utm_medium=social&utm_source=heylink.me" "Mozilla/5.0 (Linux; Android 15; 24116RACCG Build/AP3A.240905.015.A2; wv) AppleWebKit/537.36 (KHTML, like Gecko) Version/4.0 Chrome/139.0.7258.158 Mobile Safari/537.36 [FB_IAB/FB4A;FBAV/530.0.0.48.74;IABMV/1;]"
46.213.127.165 - - [16/Sep/2025:09:03:19 -0400] "GET /wp-includes/js/dist/i18n.min.js?ver=5e580eb46a90c2b997e6 HTTP/1.1" 200 3542 "https://alshaer-news.com/?p=3026&utm_medium=social&utm_source=heylink.me" "Mozilla/5.0 (Linux; Android 15; 24116RACCG Build/AP3A.240905.015.A2; wv) AppleWebKit/537.36 (KHTML, like Gecko) Version/4.0 Chrome/139.0.7258.158 Mobile Safari/537.36 [FB_IAB/FB4A;FBAV/530.0.0.48.74;IABMV/1;]"
46.213.127.165 - - [16/Sep/2025:09:03:19 -0400] "GET /wp-content/plugins/contact-form-7/includes/swv/js/index.js?ver=6.0.6 HTTP/1.1" 200 3369 "https://alshaer-news.com/?p=3026&utm_medium=social&utm_source=heylink.me" "Mozilla/5.0 (Linux; Android 15; 24116RACCG Build/AP3A.240905.015.A2; wv) AppleWebKit/537.36 (KHTML, like Gecko) Version/4.0 Chrome/139.0.7258.158 Mobile Safari/537.36 [FB_IAB/FB4A;FBAV/530.0.0.48.74;IABMV/1;]"
46.213.127.165 - - [16/Sep/2025:09:03:19 -0400] "GET /wp-content/plugins/contact-form-7/includes/js/index.js?ver=6.0.6 HTTP/1.1" 200 4008 "https://alshaer-news.com/?p=3026&utm_medium=social&utm_source=heylink.me" "Mozilla/5.0 (Linux; Android 15; 24116RACCG Build/AP3A.240905.015.A2; wv) AppleWebKit/537.36 (KHTML, like Gecko) Version/4.0 Chrome/139.0.7258.158 Mobile Safari/537.36 [FB_IAB/FB4A;FBAV/530.0.0.48.74;IABMV/1;]"
46.213.127.165 - - [16/Sep/2025:09:03:19 -0400] "GET /wp-content/themes/newsplus/assets/js/main.js?ver=37.00 HTTP/1.1" 200 1317 "https://alshaer-news.com/?p=3026&utm_medium=social&utm_source=heylink.me" "Mozilla/5.0 (Linux; Android 15; 24116RACCG Build/AP3A.240905.015.A2; wv) AppleWebKit/537.36 (KHTML, like Gecko) Version/4.0 Chrome/139.0.7258.158 Mobile Safari/537.36 [FB_IAB/FB4A;FBAV/530.0.0.48.74;IABMV/1;]"
46.213.127.165 - - [16/Sep/2025:09:03:19 -0400] "GET /wp-includes/js/comment-reply.min.js?ver=6.8.2 HTTP/1.1" 200 1247 "https://alshaer-news.com/?p=3026&utm_medium=social&utm_source=heylink.me" "Mozilla/5.0 (Linux; Android 15; 24116RACCG Build/AP3A.240905.015.A2; wv) AppleWebKit/537.36 (KHTML, like Gecko) Version/4.0 Chrome/139.0.7258.158 Mobile Safari/537.36 [FB_IAB/FB4A;FBAV/530.0.0.48.74;IABMV/1;]"
46.213.127.165 - - [16/Sep/2025:09:03:19 -0400] "GET /wp-content/uploads/2025/07/IMG_8282480856-360x200.jpg HTTP/1.1" 200 20934 "https://alshaer-news.com/?p=3026&utm_medium=social&utm_source=heylink.me" "Mozilla/5.0 (Linux; Android 15; 24116RACCG Build/AP3A.240905.015.A2; wv) AppleWebKit/537.36 (KHTML, like Gecko) Version/4.0 Chrome/139.0.7258.158 Mobile Safari/537.36 [FB_IAB/FB4A;FBAV/530.0.0.48.74;IABMV/1;]"
46.213.127.165 - - [16/Sep/2025:09:03:19 -0400] "GET /wp-content/uploads/2025/08/IMG-20250824-WA0030-360x200.jpg HTTP/1.1" 200 15692 "https://alshaer-news.com/?p=3026&utm_medium=social&utm_source=heylink.me" "Mozilla/5.0 (Linux; Android 15; 24116RACCG Build/AP3A.240905.015.A2; wv) AppleWebKit/537.36 (KHTML, like Gecko) Version/4.0 Chrome/139.0.7258.158 Mobile Safari/537.36 [FB_IAB/FB4A;FBAV/530.0.0.48.74;IABMV/1;]"
