41.254.66.31 - - [16/Sep/2025:09:21:05 -0400] "GET /wp-content/uploads/2025/02/%D9%A2%D9%A0%D9%A2%D9%A5%D9%A0%D9%A2%D9%A0%D9%A6_%D9%A2%D9%A2%D9%A4%D9%A9%D9%A0%D9%A1-360x200.jpg HTTP/1.1" 200 17316 "https://alshaer-news.com/?p=3014&utm_medium=social&utm_source=heylink.me" "Mozilla/5.0 (Linux; Android 11; TECNO KG6k Build/RP1A.200720.011; wv) AppleWebKit/537.36 (KHTML, like Gecko) Version/4.0 Chrome/140.0.7339.119 Mobile Safari/537.36 [FB_IAB/FB4A;FBAV/530.0.0.48.74;IABMV/1;]"
41.254.66.31 - - [16/Sep/2025:09:21:05 -0400] "GET /wp-content/uploads/2024/12/%D9%85%D8%AD%D9%85%D8%AF-%D8%A8%D9%86-%D8%B3%D9%84%D9%85%D8%A7%D9%86--360x200.jpg HTTP/1.1" 200 17160 "https://alshaer-news.com/?p=3014&utm_medium=social&utm_source=heylink.me" "Mozilla/5.0 (Linux; Android 11; TECNO KG6k Build/RP1A.200720.011; wv) AppleWebKit/537.36 (KHTML, like Gecko) Version/4.0 Chrome/140.0.7339.119 Mobile Safari/537.36 [FB_IAB/FB4A;FBAV/530.0.0.48.74;IABMV/1;]"
41.254.66.31 - - [16/Sep/2025:09:21:05 -0400] "GET /wp-content/uploads/2024/09/%D9%85%D8%B2%D8%A7%D8%AF-%D8%AC%D9%85%D8%A7%D8%B1%D9%83--360x200.jpg HTTP/1.1" 200 27863 "https://alshaer-news.com/?p=3014&utm_medium=social&utm_source=heylink.me" "Mozilla/5.0 (Linux; Android 11; TECNO KG6k Build/RP1A.200720.011; wv) AppleWebKit/537.36 (KHTML, like Gecko) Version/4.0 Chrome/140.0.7339.119 Mobile Safari/537.36 [FB_IAB/FB4A;FBAV/530.0.0.48.74;IABMV/1;]"
41.254.66.31 - - [16/Sep/2025:09:21:05 -0400] "GET /wp-includes/js/wp-emoji-release.min.js?ver=6.8.2 HTTP/1.1" 200 4769 "https://alshaer-news.com/?p=3014&utm_medium=social&utm_source=heylink.me" "Mozilla/5.0 (Linux; Android 11; TECNO KG6k Build/RP1A.200720.011; wv) AppleWebKit/537.36 (KHTML, like Gecko) Version/4.0 Chrome/140.0.7339.119 Mobile Safari/537.36 [FB_IAB/FB4A;FBAV/530.0.0.48.74;IABMV/1;]"
102.212.138.204 - - [16/Sep/2025:09:21:11 -0400] "GET /wp-includes/css/dist/block-library/style-rtl.min.css?ver=6.8.2 HTTP/1.1" 200 14312 "https://alshaer-news.com/?p=3014&utm_medium=social&utm_source=heylink.me" "Mozilla/5.0 (Linux; Android 12; SM-A528B Build/SP1A.210812.016; wv) AppleWebKit/537.36 (KHTML, like Gecko) Version/4.0 Chrome/140.0.7339.119 Mobile Safari/537.36 [FB_IAB/FB4A;FBAV/530.0.0.48.74;IABMV/1;]"
102.212.138.204 - - [16/Sep/2025:09:21:13 -0400] "GET /wp-content/plugins/contact-form-7/includes/css/styles.css?ver=6.0.6 HTTP/1.1" 200 890 "https://alshaer-news.com/?p=3014&utm_medium=social&utm_source=heylink.me" "Mozilla/5.0 (Linux; Android 12; SM-A528B Build/SP1A.210812.016; wv) AppleWebKit/537.36 (KHTML, like Gecko) Version/4.0 Chrome/140.0.7339.119 Mobile Safari/537.36 [FB_IAB/FB4A;FBAV/530.0.0.48.74;IABMV/1;]"
102.212.138.204 - - [16/Sep/2025:09:21:13 -0400] "GET /wp-content/plugins/contact-form-7/includes/css/styles-rtl.css?ver=6.0.6 HTTP/1.1" 200 152 "https://alshaer-news.com/?p=3014&utm_medium=social&utm_source=heylink.me" "Mozilla/5.0 (Linux; Android 12; SM-A528B Build/SP1A.210812.016; wv) AppleWebKit/537.36 (KHTML, like Gecko) Version/4.0 Chrome/140.0.7339.119 Mobile Safari/537.36 [FB_IAB/FB4A;FBAV/530.0.0.48.74;IABMV/1;]"
102.212.138.204 - - [16/Sep/2025:09:21:13 -0400] "GET /wp-content/plugins/cookie-notice/css/front.min.css?ver=2.5.6 HTTP/1.1" 200 951 "https://alshaer-news.com/?p=3014&utm_medium=social&utm_source=heylink.me" "Mozilla/5.0 (Linux; Android 12; SM-A528B Build/SP1A.210812.016; wv) AppleWebKit/537.36 (KHTML, like Gecko) Version/4.0 Chrome/140.0.7339.119 Mobile Safari/537.36 [FB_IAB/FB4A;FBAV/530.0.0.48.74;IABMV/1;]"
102.212.138.204 - - [16/Sep/2025:09:21:13 -0400] "GET /wp-content/themes/newsplus/assets/css/bootstrap.min.css?ver=37.00 HTTP/1.1" 200 17696 "https://alshaer-news.com/?p=3014&utm_medium=social&utm_source=heylink.me" "Mozilla/5.0 (Linux; Android 12; SM-A528B Build/SP1A.210812.016; wv) AppleWebKit/537.36 (KHTML, like Gecko) Version/4.0 Chrome/140.0.7339.119 Mobile Safari/537.36 [FB_IAB/FB4A;FBAV/530.0.0.48.74;IABMV/1;]"
102.212.138.204 - - [16/Sep/2025:09:21:13 -0400] "GET /wp-content/themes/newsplus/assets/fonts/fonts.css?ver=37.00 HTTP/1.1" 200 335 "https://alshaer-news.com/?p=3014&utm_medium=social&utm_source=heylink.me" "Mozilla/5.0 (Linux; Android 12; SM-A528B Build/SP1A.210812.016; wv) AppleWebKit/537.36 (KHTML, like Gecko) Version/4.0 Chrome/140.0.7339.119 Mobile Safari/537.36 [FB_IAB/FB4A;FBAV/530.0.0.48.74;IABMV/1;]"
102.212.138.204 - - [16/Sep/2025:09:21:13 -0400] "GET /wp-content/themes/newsplus/style.css?ver=37.00 HTTP/1.1" 200 7414 "https://alshaer-news.com/?p=3014&utm_medium=social&utm_source=heylink.me" "Mozilla/5.0 (Linux; Android 12; SM-A528B Build/SP1A.210812.016; wv) AppleWebKit/537.36 (KHTML, like Gecko) Version/4.0 Chrome/140.0.7339.119 Mobile Safari/537.36 [FB_IAB/FB4A;FBAV/530.0.0.48.74;IABMV/1;]"
102.212.138.204 - - [16/Sep/2025:09:21:13 -0400] "GET /wp-content/plugins/cookie-notice/js/front.min.js?ver=2.5.6 HTTP/1.1" 200 1964 "https://alshaer-news.com/?p=3014&utm_medium=social&utm_source=heylink.me" "Mozilla/5.0 (Linux; Android 12; SM-A528B Build/SP1A.210812.016; wv) AppleWebKit/537.36 (KHTML, like Gecko) Version/4.0 Chrome/140.0.7339.119 Mobile Safari/537.36 [FB_IAB/FB4A;FBAV/530.0.0.48.74;IABMV/1;]"
102.212.138.204 - - [16/Sep/2025:09:21:13 -0400] "GET /wp-includes/js/jquery/jquery.min.js?ver=3.7.1 HTTP/1.1" 200 29744 "https://alshaer-news.com/?p=3014&utm_medium=social&utm_source=heylink.me" "Mozilla/5.0 (Linux; Android 12; SM-A528B Build/SP1A.210812.016; wv) AppleWebKit/537.36 (KHTML, like Gecko) Version/4.0 Chrome/140.0.7339.119 Mobile Safari/537.36 [FB_IAB/FB4A;FBAV/530.0.0.48.74;IABMV/1;]"
102.212.138.204 - - [16/Sep/2025:09:21:13 -0400] "GET /wp-includes/js/jquery/jquery-migrate.min.js?ver=3.4.1 HTTP/1.1" 200 4678 "https://alshaer-news.com/?p=3014&utm_medium=social&utm_source=heylink.me" "Mozilla/5.0 (Linux; Android 12; SM-A528B Build/SP1A.210812.016; wv) AppleWebKit/537.36 (KHTML, like Gecko) Version/4.0 Chrome/140.0.7339.119 Mobile Safari/537.36 [FB_IAB/FB4A;FBAV/530.0.0.48.74;IABMV/1;]"
102.212.138.204 - - [16/Sep/2025:09:21:13 -0400] "GET /wp-content/uploads/2025/06/IMG_4412545132-1536x1536.jpg HTTP/1.1" 200 257700 "https://alshaer-news.com/?p=3014&utm_medium=social&utm_source=heylink.me" "Mozilla/5.0 (Linux; Android 12; SM-A528B Build/SP1A.210812.016; wv) AppleWebKit/537.36 (KHTML, like Gecko) Version/4.0 Chrome/140.0.7339.119 Mobile Safari/537.36 [FB_IAB/FB4A;FBAV/530.0.0.48.74;IABMV/1;]"
102.212.138.134 - - [16/Sep/2025:09:21:14 -0400] "GET /wp-content/uploads/2023/11/FB_IMG_1732802129574.jpg HTTP/1.1" 200 54169 "https://myactivity.google.com/" "Mozilla/5.0 (Linux; Android 10; Infinix X682C Build/QP1A.190711.020; wv) AppleWebKit/537.36 (KHTML, like Gecko) Version/4.0 Chrome/139.0.7258.158 Mobile Safari/537.36 OcIdWebView ({\"os\":\"Android\",\"osVersion\":\"29\",\"app\":\"com.google.android.gms\",\"appVersion\":\"253534000\",\"style\":2,\"callingAppId\":\"com.google.android.googlequicksearchbox\",\"isDarkTheme\":false})"
156.38.42.80 - - [16/Sep/2025:09:21:17 -0400] "GET /favicon.ico HTTP/1.1" 500 1112 "https://alshaer-news.com/?p=3014&utm_medium=social&utm_source=heylink.me" "Mozilla/5.0 (Linux; Android 15; SM-A346E Build/AP3A.240905.015.A2; wv) AppleWebKit/537.36 (KHTML, like Gecko) Version/4.0 Chrome/139.0.7258.90 Mobile Safari/537.36 [FB_IAB/FB4A;FBAV/526.1.0.66.75;IABMV/1;]"
41.254.66.31 - - [16/Sep/2025:09:21:17 -0400] "GET /favicon.ico HTTP/1.1" 500 1112 "https://alshaer-news.com/?p=3014&utm_medium=social&utm_source=heylink.me" "Mozilla/5.0 (Linux; Android 11; TECNO KG6k Build/RP1A.200720.011; wv) AppleWebKit/537.36 (KHTML, like Gecko) Version/4.0 Chrome/140.0.7339.119 Mobile Safari/537.36 [FB_IAB/FB4A;FBAV/530.0.0.48.74;IABMV/1;]"
41.254.66.31 - - [16/Sep/2025:09:21:19 -0400] "GET /?author=1 HTTP/1.1" 200 10718 "https://alshaer-news.com/?p=3014&utm_medium=social&utm_source=heylink.me" "Mozilla/5.0 (Linux; Android 11; TECNO KG6k Build/RP1A.200720.011; wv) AppleWebKit/537.36 (KHTML, like Gecko) Version/4.0 Chrome/140.0.7339.119 Mobile Safari/537.36 [FB_IAB/FB4A;FBAV/530.0.0.48.74;IABMV/1;]"
41.254.66.31 - - [16/Sep/2025:09:21:19 -0400] "GET /favicon.ico HTTP/1.1" 500 1112 "https://alshaer-news.com/?p=3014&utm_medium=social&utm_source=heylink.me" "Mozilla/5.0 (Linux; Android 11; TECNO KG6k Build/RP1A.200720.011; wv) AppleWebKit/537.36 (KHTML, like Gecko) Version/4.0 Chrome/140.0.7339.119 Mobile Safari/537.36 [FB_IAB/FB4A;FBAV/530.0.0.48.74;IABMV/1;]"
41.254.42.107 - - [16/Sep/2025:09:21:20 -0400] "GET /?p=3014&utm_medium=social&utm_source=heylink.me HTTP/1.1" 200 14796 "https://heylink.me/whatsappcomchannel0029VbB7Nu58PgsMqBc0LS26/?fbclid=IwY2xjawM2Q5NleHRuA2FlbQIxMQABHmY8YZ3weAYsKoQH6QRH_VLmLMX431FzWUKMJNg8d5HW9wNdVmG68NQvGVMB_aem_H2ElG1tLFCtjYLAxWjN_IA" "Mozilla/5.0 (Linux; Android 15; 24115RA8EG Build/AQ3A.240912.001; wv) AppleWebKit/537.36 (KHTML, like Gecko) Version/4.0 Chrome/140.0.7339.119 Mobile Safari/537.36 [FB_IAB/FB4A;FBAV/530.0.0.48.74;IABMV/1;]"
41.254.42.107 - - [16/Sep/2025:09:21:21 -0400] "GET /wp-includes/css/dist/block-library/style-rtl.min.css?ver=6.8.2 HTTP/1.1" 200 14312 "https://alshaer-news.com/?p=3014&utm_medium=social&utm_source=heylink.me" "Mozilla/5.0 (Linux; Android 15; 24115RA8EG Build/AQ3A.240912.001; wv) AppleWebKit/537.36 (KHTML, like Gecko) Version/4.0 Chrome/140.0.7339.119 Mobile Safari/537.36 [FB_IAB/FB4A;FBAV/530.0.0.48.74;IABMV/1;]"
41.254.42.107 - - [16/Sep/2025:09:21:21 -0400] "GET /wp-content/plugins/contact-form-7/includes/css/styles.css?ver=6.0.6 HTTP/1.1" 200 890 "https://alshaer-news.com/?p=3014&utm_medium=social&utm_source=heylink.me" "Mozilla/5.0 (Linux; Android 15; 24115RA8EG Build/AQ3A.240912.001; wv) AppleWebKit/537.36 (KHTML, like Gecko) Version/4.0 Chrome/140.0.7339.119 Mobile Safari/537.36 [FB_IAB/FB4A;FBAV/530.0.0.48.74;IABMV/1;]"
41.254.42.107 - - [16/Sep/2025:09:21:21 -0400] "GET /wp-content/plugins/contact-form-7/includes/css/styles-rtl.css?ver=6.0.6 HTTP/1.1" 200 152 "https://alshaer-news.com/?p=3014&utm_medium=social&utm_source=heylink.me" "Mozilla/5.0 (Linux; Android 15; 24115RA8EG Build/AQ3A.240912.001; wv) AppleWebKit/537.36 (KHTML, like Gecko) Version/4.0 Chrome/140.0.7339.119 Mobile Safari/537.36 [FB_IAB/FB4A;FBAV/530.0.0.48.74;IABMV/1;]"
41.254.42.107 - - [16/Sep/2025:09:21:21 -0400] "GET /wp-content/plugins/cookie-notice/css/front.min.css?ver=2.5.6 HTTP/1.1" 200 951 "https://alshaer-news.com/?p=3014&utm_medium=social&utm_source=heylink.me" "Mozilla/5.0 (Linux; Android 15; 24115RA8EG Build/AQ3A.240912.001; wv) AppleWebKit/537.36 (KHTML, like Gecko) Version/4.0 Chrome/140.0.7339.119 Mobile Safari/537.36 [FB_IAB/FB4A;FBAV/530.0.0.48.74;IABMV/1;]"
41.254.42.107 - - [16/Sep/2025:09:21:21 -0400] "GET /wp-content/themes/newsplus/assets/css/bootstrap.min.css?ver=37.00 HTTP/1.1" 200 17696 "https://alshaer-news.com/?p=3014&utm_medium=social&utm_source=heylink.me" "Mozilla/5.0 (Linux; Android 15; 24115RA8EG Build/AQ3A.240912.001; wv) AppleWebKit/537.36 (KHTML, like Gecko) Version/4.0 Chrome/140.0.7339.119 Mobile Safari/537.36 [FB_IAB/FB4A;FBAV/530.0.0.48.74;IABMV/1;]"
41.254.42.107 - - [16/Sep/2025:09:21:21 -0400] "GET /wp-content/themes/newsplus/assets/fonts/fonts.css?ver=37.00 HTTP/1.1" 200 335 "https://alshaer-news.com/?p=3014&utm_medium=social&utm_source=heylink.me" "Mozilla/5.0 (Linux; Android 15; 24115RA8EG Build/AQ3A.240912.001; wv) AppleWebKit/537.36 (KHTML, like Gecko) Version/4.0 Chrome/140.0.7339.119 Mobile Safari/537.36 [FB_IAB/FB4A;FBAV/530.0.0.48.74;IABMV/1;]"
41.254.42.107 - - [16/Sep/2025:09:21:21 -0400] "GET /wp-content/themes/newsplus/style.css?ver=37.00 HTTP/1.1" 200 7414 "https://alshaer-news.com/?p=3014&utm_medium=social&utm_source=heylink.me" "Mozilla/5.0 (Linux; Android 15; 24115RA8EG Build/AQ3A.240912.001; wv) AppleWebKit/537.36 (KHTML, like Gecko) Version/4.0 Chrome/140.0.7339.119 Mobile Safari/537.36 [FB_IAB/FB4A;FBAV/530.0.0.48.74;IABMV/1;]"
41.254.42.107 - - [16/Sep/2025:09:21:21 -0400] "GET /wp-content/plugins/cookie-notice/js/front.min.js?ver=2.5.6 HTTP/1.1" 200 1964 "https://alshaer-news.com/?p=3014&utm_medium=social&utm_source=heylink.me" "Mozilla/5.0 (Linux; Android 15; 24115RA8EG Build/AQ3A.240912.001; wv) AppleWebKit/537.36 (KHTML, like Gecko) Version/4.0 Chrome/140.0.7339.119 Mobile Safari/537.36 [FB_IAB/FB4A;FBAV/530.0.0.48.74;IABMV/1;]"
41.254.42.107 - - [16/Sep/2025:09:21:21 -0400] "GET /wp-includes/js/jquery/jquery.min.js?ver=3.7.1 HTTP/1.1" 200 29744 "https://alshaer-news.com/?p=3014&utm_medium=social&utm_source=heylink.me" "Mozilla/5.0 (Linux; Android 15; 24115RA8EG Build/AQ3A.240912.001; wv) AppleWebKit/537.36 (KHTML, like Gecko) Version/4.0 Chrome/140.0.7339.119 Mobile Safari/537.36 [FB_IAB/FB4A;FBAV/530.0.0.48.74;IABMV/1;]"
41.254.42.107 - - [16/Sep/2025:09:21:21 -0400] "GET /wp-includes/js/jquery/jquery-migrate.min.js?ver=3.4.1 HTTP/1.1" 200 4678 "https://alshaer-news.com/?p=3014&utm_medium=social&utm_source=heylink.me" "Mozilla/5.0 (Linux; Android 15; 24115RA8EG Build/AQ3A.240912.001; wv) AppleWebKit/537.36 (KHTML, like Gecko) Version/4.0 Chrome/140.0.7339.119 Mobile Safari/537.36 [FB_IAB/FB4A;FBAV/530.0.0.48.74;IABMV/1;]"
41.254.42.107 - - [16/Sep/2025:09:21:21 -0400] "GET /wp-content/themes/newsplus/assets/img/logo.png HTTP/1.1" 200 43754 "https://alshaer-news.com/?p=3014&utm_medium=social&utm_source=heylink.me" "Mozilla/5.0 (Linux; Android 15; 24115RA8EG Build/AQ3A.240912.001; wv) AppleWebKit/537.36 (KHTML, like Gecko) Version/4.0 Chrome/140.0.7339.119 Mobile Safari/537.36 [FB_IAB/FB4A;FBAV/530.0.0.48.74;IABMV/1;]"
41.254.42.107 - - [16/Sep/2025:09:21:21 -0400] "GET /wp-content/uploads/2025/06/IMG_4412545132-1536x1536.jpg HTTP/1.1" 200 257700 "https://alshaer-news.com/?p=3014&utm_medium=social&utm_source=heylink.me" "Mozilla/5.0 (Linux; Android 15; 24115RA8EG Build/AQ3A.240912.001; wv) AppleWebKit/537.36 (KHTML, like Gecko) Version/4.0 Chrome/140.0.7339.119 Mobile Safari/537.36 [FB_IAB/FB4A;FBAV/530.0.0.48.74;IABMV/1;]"
41.254.42.107 - - [16/Sep/2025:09:21:21 -0400] "GET /wp-includes/js/dist/hooks.min.js?ver=4d63a3d491d11ffd8ac6 HTTP/1.1" 200 1571 "https://alshaer-news.com/?p=3014&utm_medium=social&utm_source=heylink.me" "Mozilla/5.0 (Linux; Android 15; 24115RA8EG Build/AQ3A.240912.001; wv) AppleWebKit/537.36 (KHTML, like Gecko) Version/4.0 Chrome/140.0.7339.119 Mobile Safari/537.36 [FB_IAB/FB4A;FBAV/530.0.0.48.74;IABMV/1;]"
156.38.41.124 - - [16/Sep/2025:09:21:21 -0400] "GET /?p=3014 HTTP/1.1" 200 14766 "https://mez.ink/" "Mozilla/5.0 (Linux; Android 13; SM-A325F Build/TP1A.220624.014; wv) AppleWebKit/537.36 (KHTML, like Gecko) Version/4.0 Chrome/138.0.7204.139 Mobile Safari/537.36 [FB_IAB/FB4A;FBAV/520.0.0.44.99;IABMV/1;]"
41.254.42.107 - - [16/Sep/2025:09:21:21 -0400] "GET /wp-includes/js/dist/i18n.min.js?ver=5e580eb46a90c2b997e6 HTTP/1.1" 200 3542 "https://alshaer-news.com/?p=3014&utm_medium=social&utm_source=heylink.me" "Mozilla/5.0 (Linux; Android 15; 24115RA8EG Build/AQ3A.240912.001; wv) AppleWebKit/537.36 (KHTML, like Gecko) Version/4.0 Chrome/140.0.7339.119 Mobile Safari/537.36 [FB_IAB/FB4A;FBAV/530.0.0.48.74;IABMV/1;]"
41.254.42.107 - - [16/Sep/2025:09:21:21 -0400] "GET /wp-content/plugins/contact-form-7/includes/swv/js/index.js?ver=6.0.6 HTTP/1.1" 200 3369 "https://alshaer-news.com/?p=3014&utm_medium=social&utm_source=heylink.me" "Mozilla/5.0 (Linux; Android 15; 24115RA8EG Build/AQ3A.240912.001; wv) AppleWebKit/537.36 (KHTML, like Gecko) Version/4.0 Chrome/140.0.7339.119 Mobile Safari/537.36 [FB_IAB/FB4A;FBAV/530.0.0.48.74;IABMV/1;]"
41.254.42.107 - - [16/Sep/2025:09:21:22 -0400] "GET /wp-content/plugins/contact-form-7/includes/js/index.js?ver=6.0.6 HTTP/1.1" 200 4008 "https://alshaer-news.com/?p=3014&utm_medium=social&utm_source=heylink.me" "Mozilla/5.0 (Linux; Android 15; 24115RA8EG Build/AQ3A.240912.001; wv) AppleWebKit/537.36 (KHTML, like Gecko) Version/4.0 Chrome/140.0.7339.119 Mobile Safari/537.36 [FB_IAB/FB4A;FBAV/530.0.0.48.74;IABMV/1;]"
41.254.42.107 - - [16/Sep/2025:09:21:22 -0400] "GET /wp-content/themes/newsplus/assets/js/main.js?ver=37.00 HTTP/1.1" 200 1317 "https://alshaer-news.com/?p=3014&utm_medium=social&utm_source=heylink.me" "Mozilla/5.0 (Linux; Android 15; 24115RA8EG Build/AQ3A.240912.001; wv) AppleWebKit/537.36 (KHTML, like Gecko) Version/4.0 Chrome/140.0.7339.119 Mobile Safari/537.36 [FB_IAB/FB4A;FBAV/530.0.0.48.74;IABMV/1;]"
41.254.42.107 - - [16/Sep/2025:09:21:22 -0400] "GET /wp-includes/js/comment-reply.min.js?ver=6.8.2 HTTP/1.1" 200 1247 "https://alshaer-news.com/?p=3014&utm_medium=social&utm_source=heylink.me" "Mozilla/5.0 (Linux; Android 15; 24115RA8EG Build/AQ3A.240912.001; wv) AppleWebKit/537.36 (KHTML, like Gecko) Version/4.0 Chrome/140.0.7339.119 Mobile Safari/537.36 [FB_IAB/FB4A;FBAV/530.0.0.48.74;IABMV/1;]"
41.254.42.107 - - [16/Sep/2025:09:21:22 -0400] "GET /wp-content/uploads/2025/06/IMG_4412545132-360x200.jpg HTTP/1.1" 200 21437 "https://alshaer-news.com/?p=3014&utm_medium=social&utm_source=heylink.me" "Mozilla/5.0 (Linux; Android 15; 24115RA8EG Build/AQ3A.240912.001; wv) AppleWebKit/537.36 (KHTML, like Gecko) Version/4.0 Chrome/140.0.7339.119 Mobile Safari/537.36 [FB_IAB/FB4A;FBAV/530.0.0.48.74;IABMV/1;]"
41.254.42.107 - - [16/Sep/2025:09:21:22 -0400] "GET /wp-content/uploads/2025/04/IMG_2620482203-360x200.jpg HTTP/1.1" 200 19869 "https://alshaer-news.com/?p=3014&utm_medium=social&utm_source=heylink.me" "Mozilla/5.0 (Linux; Android 15; 24115RA8EG Build/AQ3A.240912.001; wv) AppleWebKit/537.36 (KHTML, like Gecko) Version/4.0 Chrome/140.0.7339.119 Mobile Safari/537.36 [FB_IAB/FB4A;FBAV/530.0.0.48.74;IABMV/1;]"
41.254.42.107 - - [16/Sep/2025:09:21:22 -0400] "GET /wp-content/uploads/2024/08/FB_IMG_1723739515245-360x200.jpg HTTP/1.1" 200 12051 "https://alshaer-news.com/?p=3014&utm_medium=social&utm_source=heylink.me" "Mozilla/5.0 (Linux; Android 15; 24115RA8EG Build/AQ3A.240912.001; wv) AppleWebKit/537.36 (KHTML, like Gecko) Version/4.0 Chrome/140.0.7339.119 Mobile Safari/537.36 [FB_IAB/FB4A;FBAV/530.0.0.48.74;IABMV/1;]"
41.254.42.107 - - [16/Sep/2025:09:21:22 -0400] "GET /wp-content/uploads/2024/08/%D8%A8%D9%84%D8%AF%D9%8A%D8%A9-%D8%AA%D9%88%D9%86%D8%B3-%D8%B3%D8%A7%D8%AD%D8%A9-%D8%A7%D9%84%D9%82%D8%B5%D8%A8%D8%A9-Godong-Getty-360x200.jpg HTTP/1.1" 200 15774 "https://alshaer-news.com/?p=3014&utm_medium=social&utm_source=heylink.me" "Mozilla/5.0 (Linux; Android 15; 24115RA8EG Build/AQ3A.240912.001; wv) AppleWebKit/537.36 (KHTML, like Gecko) Version/4.0 Chrome/140.0.7339.119 Mobile Safari/537.36 [FB_IAB/FB4A;FBAV/530.0.0.48.74;IABMV/1;]"
41.254.42.107 - - [16/Sep/2025:09:21:22 -0400] "GET /wp-content/uploads/2024/08/GettyImages-644501407_1-360x200.jpg HTTP/1.1" 200 15364 "https://alshaer-news.com/?p=3014&utm_medium=social&utm_source=heylink.me" "Mozilla/5.0 (Linux; Android 15; 24115RA8EG Build/AQ3A.240912.001; wv) AppleWebKit/537.36 (KHTML, like Gecko) Version/4.0 Chrome/140.0.7339.119 Mobile Safari/537.36 [FB_IAB/FB4A;FBAV/530.0.0.48.74;IABMV/1;]"
41.254.42.107 - - [16/Sep/2025:09:21:22 -0400] "GET /wp-content/uploads/2024/07/%D9%A2%D9%A0%D9%A2%D9%A4%D9%A0%D9%A7%D9%A2%D9%A8_%D9%A1%D9%A1%D9%A4%D9%A5%D9%A5%D9%A3-360x200.jpg HTTP/1.1" 200 11944 "https://alshaer-news.com/?p=3014&utm_medium=social&utm_source=heylink.me" "Mozilla/5.0 (Linux; Android 15; 24115RA8EG Build/AQ3A.240912.001; wv) AppleWebKit/537.36 (KHTML, like Gecko) Version/4.0 Chrome/140.0.7339.119 Mobile Safari/537.36 [FB_IAB/FB4A;FBAV/530.0.0.48.74;IABMV/1;]"
41.254.42.107 - - [16/Sep/2025:09:21:22 -0400] "GET /wp-content/uploads/2025/09/IMG-20250910-WA0000-360x200.jpg HTTP/1.1" 200 17269 "https://alshaer-news.com/?p=3014&utm_medium=social&utm_source=heylink.me" "Mozilla/5.0 (Linux; Android 15; 24115RA8EG Build/AQ3A.240912.001; wv) AppleWebKit/537.36 (KHTML, like Gecko) Version/4.0 Chrome/140.0.7339.119 Mobile Safari/537.36 [FB_IAB/FB4A;FBAV/530.0.0.48.74;IABMV/1;]"
41.254.42.107 - - [16/Sep/2025:09:21:22 -0400] "GET /wp-content/uploads/2025/09/%D9%A2%D9%A0%D9%A2%D9%A5%D9%A0%D9%A9%D9%A0%D9%A9_%D9%A2%D9%A3%D9%A4%D9%A9%D9%A3%D9%A7-360x200.jpg HTTP/1.1" 200 22224 "https://alshaer-news.com/?p=3014&utm_medium=social&utm_source=heylink.me" "Mozilla/5.0 (Linux; Android 15; 24115RA8EG Build/AQ3A.240912.001; wv) AppleWebKit/537.36 (KHTML, like Gecko) Version/4.0 Chrome/140.0.7339.119 Mobile Safari/537.36 [FB_IAB/FB4A;FBAV/530.0.0.48.74;IABMV/1;]"
41.254.42.107 - - [16/Sep/2025:09:21:22 -0400] "GET /wp-content/uploads/2025/08/IMG-20250824-WA0030-360x200.jpg HTTP/1.1" 200 15692 "https://alshaer-news.com/?p=3014&utm_medium=social&utm_source=heylink.me" "Mozilla/5.0 (Linux; Android 15; 24115RA8EG Build/AQ3A.240912.001; wv) AppleWebKit/537.36 (KHTML, like Gecko) Version/4.0 Chrome/140.0.7339.119 Mobile Safari/537.36 [FB_IAB/FB4A;FBAV/530.0.0.48.74;IABMV/1;]"
41.254.42.107 - - [16/Sep/2025:09:21:22 -0400] "GET /wp-content/uploads/2025/07/IMG_8282480856-360x200.jpg HTTP/1.1" 200 20934 "https://alshaer-news.com/?p=3014&utm_medium=social&utm_source=heylink.me" "Mozilla/5.0 (Linux; Android 15; 24115RA8EG Build/AQ3A.240912.001; wv) AppleWebKit/537.36 (KHTML, like Gecko) Version/4.0 Chrome/140.0.7339.119 Mobile Safari/537.36 [FB_IAB/FB4A;FBAV/530.0.0.48.74;IABMV/1;]"
41.254.42.107 - - [16/Sep/2025:09:21:22 -0400] "GET /wp-content/uploads/2025/05/FB_IMG_1746291435288-360x200.jpg HTTP/1.1" 200 16248 "https://alshaer-news.com/?p=3014&utm_medium=social&utm_source=heylink.me" "Mozilla/5.0 (Linux; Android 15; 24115RA8EG Build/AQ3A.240912.001; wv) AppleWebKit/537.36 (KHTML, like Gecko) Version/4.0 Chrome/140.0.7339.119 Mobile Safari/537.36 [FB_IAB/FB4A;FBAV/530.0.0.48.74;IABMV/1;]"
41.254.42.107 - - [16/Sep/2025:09:21:22 -0400] "GET /wp-content/uploads/2025/02/%D9%A2%D9%A0%D9%A2%D9%A5%D9%A0%D9%A2%D9%A0%D9%A6_%D9%A2%D9%A2%D9%A4%D9%A9%D9%A0%D9%A1-360x200.jpg HTTP/1.1" 200 17316 "https://alshaer-news.com/?p=3014&utm_medium=social&utm_source=heylink.me" "Mozilla/5.0 (Linux; Android 15; 24115RA8EG Build/AQ3A.240912.001; wv) AppleWebKit/537.36 (KHTML, like Gecko) Version/4.0 Chrome/140.0.7339.119 Mobile Safari/537.36 [FB_IAB/FB4A;FBAV/530.0.0.48.74;IABMV/1;]"
41.254.42.107 - - [16/Sep/2025:09:21:22 -0400] "GET /wp-content/uploads/2024/12/%D9%85%D8%AD%D9%85%D8%AF-%D8%A8%D9%86-%D8%B3%D9%84%D9%85%D8%A7%D9%86--360x200.jpg HTTP/1.1" 200 17160 "https://alshaer-news.com/?p=3014&utm_medium=social&utm_source=heylink.me" "Mozilla/5.0 (Linux; Android 15; 24115RA8EG Build/AQ3A.240912.001; wv) AppleWebKit/537.36 (KHTML, like Gecko) Version/4.0 Chrome/140.0.7339.119 Mobile Safari/537.36 [FB_IAB/FB4A;FBAV/530.0.0.48.74;IABMV/1;]"
41.254.42.107 - - [16/Sep/2025:09:21:22 -0400] "GET /wp-content/uploads/2024/09/%D9%85%D8%B2%D8%A7%D8%AF-%D8%AC%D9%85%D8%A7%D8%B1%D9%83--360x200.jpg HTTP/1.1" 200 27863 "https://alshaer-news.com/?p=3014&utm_medium=social&utm_source=heylink.me" "Mozilla/5.0 (Linux; Android 15; 24115RA8EG Build/AQ3A.240912.001; wv) AppleWebKit/537.36 (KHTML, like Gecko) Version/4.0 Chrome/140.0.7339.119 Mobile Safari/537.36 [FB_IAB/FB4A;FBAV/530.0.0.48.74;IABMV/1;]"
41.254.42.107 - - [16/Sep/2025:09:21:22 -0400] "GET /wp-includes/js/wp-emoji-release.min.js?ver=6.8.2 HTTP/1.1" 200 4769 "https://alshaer-news.com/?p=3014&utm_medium=social&utm_source=heylink.me" "Mozilla/5.0 (Linux; Android 15; 24115RA8EG Build/AQ3A.240912.001; wv) AppleWebKit/537.36 (KHTML, like Gecko) Version/4.0 Chrome/140.0.7339.119 Mobile Safari/537.36 [FB_IAB/FB4A;FBAV/530.0.0.48.74;IABMV/1;]"
156.38.41.124 - - [16/Sep/2025:09:21:22 -0400] "GET /wp-includes/css/dist/block-library/style-rtl.min.css?ver=6.8.2 HTTP/1.1" 200 14312 "https://alshaer-news.com/?p=3014" "Mozilla/5.0 (Linux; Android 13; SM-A325F Build/TP1A.220624.014; wv) AppleWebKit/537.36 (KHTML, like Gecko) Version/4.0 Chrome/138.0.7204.139 Mobile Safari/537.36 [FB_IAB/FB4A;FBAV/520.0.0.44.99;IABMV/1;]"
156.38.41.124 - - [16/Sep/2025:09:21:22 -0400] "GET /wp-content/plugins/contact-form-7/includes/css/styles.css?ver=6.0.6 HTTP/1.1" 200 890 "https://alshaer-news.com/?p=3014" "Mozilla/5.0 (Linux; Android 13; SM-A325F Build/TP1A.220624.014; wv) AppleWebKit/537.36 (KHTML, like Gecko) Version/4.0 Chrome/138.0.7204.139 Mobile Safari/537.36 [FB_IAB/FB4A;FBAV/520.0.0.44.99;IABMV/1;]"
156.38.41.124 - - [16/Sep/2025:09:21:22 -0400] "GET /wp-content/plugins/contact-form-7/includes/css/styles-rtl.css?ver=6.0.6 HTTP/1.1" 200 152 "https://alshaer-news.com/?p=3014" "Mozilla/5.0 (Linux; Android 13; SM-A325F Build/TP1A.220624.014; wv) AppleWebKit/537.36 (KHTML, like Gecko) Version/4.0 Chrome/138.0.7204.139 Mobile Safari/537.36 [FB_IAB/FB4A;FBAV/520.0.0.44.99;IABMV/1;]"
156.38.41.124 - - [16/Sep/2025:09:21:22 -0400] "GET /wp-content/plugins/cookie-notice/css/front.min.css?ver=2.5.6 HTTP/1.1" 200 951 "https://alshaer-news.com/?p=3014" "Mozilla/5.0 (Linux; Android 13; SM-A325F Build/TP1A.220624.014; wv) AppleWebKit/537.36 (KHTML, like Gecko) Version/4.0 Chrome/138.0.7204.139 Mobile Safari/537.36 [FB_IAB/FB4A;FBAV/520.0.0.44.99;IABMV/1;]"
156.38.41.124 - - [16/Sep/2025:09:21:22 -0400] "GET /wp-content/themes/newsplus/assets/css/bootstrap.min.css?ver=37.00 HTTP/1.1" 200 17696 "https://alshaer-news.com/?p=3014" "Mozilla/5.0 (Linux; Android 13; SM-A325F Build/TP1A.220624.014; wv) AppleWebKit/537.36 (KHTML, like Gecko) Version/4.0 Chrome/138.0.7204.139 Mobile Safari/537.36 [FB_IAB/FB4A;FBAV/520.0.0.44.99;IABMV/1;]"
156.38.41.124 - - [16/Sep/2025:09:21:22 -0400] "GET /wp-content/themes/newsplus/assets/fonts/fonts.css?ver=37.00 HTTP/1.1" 200 335 "https://alshaer-news.com/?p=3014" "Mozilla/5.0 (Linux; Android 13; SM-A325F Build/TP1A.220624.014; wv) AppleWebKit/537.36 (KHTML, like Gecko) Version/4.0 Chrome/138.0.7204.139 Mobile Safari/537.36 [FB_IAB/FB4A;FBAV/520.0.0.44.99;IABMV/1;]"
156.38.41.124 - - [16/Sep/2025:09:21:22 -0400] "GET /wp-content/themes/newsplus/style.css?ver=37.00 HTTP/1.1" 200 7414 "https://alshaer-news.com/?p=3014" "Mozilla/5.0 (Linux; Android 13; SM-A325F Build/TP1A.220624.014; wv) AppleWebKit/537.36 (KHTML, like Gecko) Version/4.0 Chrome/138.0.7204.139 Mobile Safari/537.36 [FB_IAB/FB4A;FBAV/520.0.0.44.99;IABMV/1;]"
156.38.41.124 - - [16/Sep/2025:09:21:22 -0400] "GET /wp-content/plugins/cookie-notice/js/front.min.js?ver=2.5.6 HTTP/1.1" 200 1964 "https://alshaer-news.com/?p=3014" "Mozilla/5.0 (Linux; Android 13; SM-A325F Build/TP1A.220624.014; wv) AppleWebKit/537.36 (KHTML, like Gecko) Version/4.0 Chrome/138.0.7204.139 Mobile Safari/537.36 [FB_IAB/FB4A;FBAV/520.0.0.44.99;IABMV/1;]"
156.38.41.124 - - [16/Sep/2025:09:21:22 -0400] "GET /wp-includes/js/jquery/jquery.min.js?ver=3.7.1 HTTP/1.1" 200 29744 "https://alshaer-news.com/?p=3014" "Mozilla/5.0 (Linux; Android 13; SM-A325F Build/TP1A.220624.014; wv) AppleWebKit/537.36 (KHTML, like Gecko) Version/4.0 Chrome/138.0.7204.139 Mobile Safari/537.36 [FB_IAB/FB4A;FBAV/520.0.0.44.99;IABMV/1;]"
156.38.41.124 - - [16/Sep/2025:09:21:22 -0400] "GET /wp-includes/js/jquery/jquery-migrate.min.js?ver=3.4.1 HTTP/1.1" 200 4678 "https://alshaer-news.com/?p=3014" "Mozilla/5.0 (Linux; Android 13; SM-A325F Build/TP1A.220624.014; wv) AppleWebKit/537.36 (KHTML, like Gecko) Version/4.0 Chrome/138.0.7204.139 Mobile Safari/537.36 [FB_IAB/FB4A;FBAV/520.0.0.44.99;IABMV/1;]"
156.38.41.124 - - [16/Sep/2025:09:21:22 -0400] "GET /wp-content/uploads/2025/06/IMG_4412545132-1536x1536.jpg HTTP/1.1" 200 257700 "https://alshaer-news.com/?p=3014" "Mozilla/5.0 (Linux; Android 13; SM-A325F Build/TP1A.220624.014; wv) AppleWebKit/537.36 (KHTML, like Gecko) Version/4.0 Chrome/138.0.7204.139 Mobile Safari/537.36 [FB_IAB/FB4A;FBAV/520.0.0.44.99;IABMV/1;]"
156.38.41.124 - - [16/Sep/2025:09:21:24 -0400] "GET /wp-content/themes/newsplus/assets/img/logo.png HTTP/1.1" 200 43754 "https://alshaer-news.com/?p=3014" "Mozilla/5.0 (Linux; Android 13; SM-A325F Build/TP1A.220624.014; wv) AppleWebKit/537.36 (KHTML, like Gecko) Version/4.0 Chrome/138.0.7204.139 Mobile Safari/537.36 [FB_IAB/FB4A;FBAV/520.0.0.44.99;IABMV/1;]"
156.38.41.124 - - [16/Sep/2025:09:21:24 -0400] "GET /wp-includes/js/dist/hooks.min.js?ver=4d63a3d491d11ffd8ac6 HTTP/1.1" 200 1571 "https://alshaer-news.com/?p=3014" "Mozilla/5.0 (Linux; Android 13; SM-A325F Build/TP1A.220624.014; wv) AppleWebKit/537.36 (KHTML, like Gecko) Version/4.0 Chrome/138.0.7204.139 Mobile Safari/537.36 [FB_IAB/FB4A;FBAV/520.0.0.44.99;IABMV/1;]"
156.38.41.124 - - [16/Sep/2025:09:21:25 -0400] "GET /wp-includes/js/dist/i18n.min.js?ver=5e580eb46a90c2b997e6 HTTP/1.1" 200 3542 "https://alshaer-news.com/?p=3014" "Mozilla/5.0 (Linux; Android 13; SM-A325F Build/TP1A.220624.014; wv) AppleWebKit/537.36 (KHTML, like Gecko) Version/4.0 Chrome/138.0.7204.139 Mobile Safari/537.36 [FB_IAB/FB4A;FBAV/520.0.0.44.99;IABMV/1;]"
156.38.41.124 - - [16/Sep/2025:09:21:25 -0400] "GET /wp-content/plugins/contact-form-7/includes/swv/js/index.js?ver=6.0.6 HTTP/1.1" 200 3369 "https://alshaer-news.com/?p=3014" "Mozilla/5.0 (Linux; Android 13; SM-A325F Build/TP1A.220624.014; wv) AppleWebKit/537.36 (KHTML, like Gecko) Version/4.0 Chrome/138.0.7204.139 Mobile Safari/537.36 [FB_IAB/FB4A;FBAV/520.0.0.44.99;IABMV/1;]"
156.38.41.124 - - [16/Sep/2025:09:21:25 -0400] "GET /wp-content/themes/newsplus/assets/js/main.js?ver=37.00 HTTP/1.1" 200 1317 "https://alshaer-news.com/?p=3014" "Mozilla/5.0 (Linux; Android 13; SM-A325F Build/TP1A.220624.014; wv) AppleWebKit/537.36 (KHTML, like Gecko) Version/4.0 Chrome/138.0.7204.139 Mobile Safari/537.36 [FB_IAB/FB4A;FBAV/520.0.0.44.99;IABMV/1;]"
156.38.41.124 - - [16/Sep/2025:09:21:25 -0400] "GET /wp-content/uploads/2025/06/IMG_4412545132-360x200.jpg HTTP/1.1" 200 21437 "https://alshaer-news.com/?p=3014" "Mozilla/5.0 (Linux; Android 13; SM-A325F Build/TP1A.220624.014; wv) AppleWebKit/537.36 (KHTML, like Gecko) Version/4.0 Chrome/138.0.7204.139 Mobile Safari/537.36 [FB_IAB/FB4A;FBAV/520.0.0.44.99;IABMV/1;]"
41.254.66.31 - - [16/Sep/2025:09:21:32 -0400] "GET /favicon.ico HTTP/1.1" 500 1112 "https://alshaer-news.com/?p=3014&utm_medium=social&utm_source=heylink.me" "Mozilla/5.0 (Linux; Android 11; TECNO KG6k Build/RP1A.200720.011; wv) AppleWebKit/537.36 (KHTML, like Gecko) Version/4.0 Chrome/140.0.7339.119 Mobile Safari/537.36 [FB_IAB/FB4A;FBAV/530.0.0.48.74;IABMV/1;]"
41.254.42.107 - - [16/Sep/2025:09:21:32 -0400] "GET /favicon.ico HTTP/1.1" 500 1112 "https://alshaer-news.com/?p=3014&utm_medium=social&utm_source=heylink.me" "Mozilla/5.0 (Linux; Android 15; 24115RA8EG Build/AQ3A.240912.001; wv) AppleWebKit/537.36 (KHTML, like Gecko) Version/4.0 Chrome/140.0.7339.119 Mobile Safari/537.36 [FB_IAB/FB4A;FBAV/530.0.0.48.74;IABMV/1;]"
41.254.66.31 - - [16/Sep/2025:09:21:36 -0400] "GET /?cat=10 HTTP/1.1" 200 10528 "https://alshaer-news.com/?p=3014&utm_medium=social&utm_source=heylink.me" "Mozilla/5.0 (Linux; Android 11; TECNO KG6k Build/RP1A.200720.011; wv) AppleWebKit/537.36 (KHTML, like Gecko) Version/4.0 Chrome/140.0.7339.119 Mobile Safari/537.36 [FB_IAB/FB4A;FBAV/530.0.0.48.74;IABMV/1;]"
156.38.41.124 - - [16/Sep/2025:09:21:37 -0400] "GET /wp-content/plugins/contact-form-7/includes/js/index.js?ver=6.0.6 HTTP/1.1" 200 4008 "https://alshaer-news.com/?p=3014" "Mozilla/5.0 (Linux; Android 13; SM-A325F Build/TP1A.220624.014; wv) AppleWebKit/537.36 (KHTML, like Gecko) Version/4.0 Chrome/138.0.7204.139 Mobile Safari/537.36 [FB_IAB/FB4A;FBAV/520.0.0.44.99;IABMV/1;]"
41.254.66.31 - - [16/Sep/2025:09:21:38 -0400] "GET /wp-content/uploads/2024/07/%D9%A2%D9%A0%D9%A2%D9%A4%D9%A0%D9%A7%D9%A0%D9%A5_%D9%A2%D9%A1%D9%A1%D9%A2%D9%A4%D9%A7-360x200.jpg HTTP/1.1" 200 18487 "https://alshaer-news.com/?cat=10" "Mozilla/5.0 (Linux; Android 11; TECNO KG6k Build/RP1A.200720.011; wv) AppleWebKit/537.36 (KHTML, like Gecko) Version/4.0 Chrome/140.0.7339.119 Mobile Safari/537.36 [FB_IAB/FB4A;FBAV/530.0.0.48.74;IABMV/1;]"
41.254.66.31 - - [16/Sep/2025:09:21:38 -0400] "GET /wp-content/uploads/2024/07/%D9%8A%D8%AD%D8%AF%D8%AB-%D8%A8%D8%B4%D9%83%D9%84-%D9%85%D8%AA%D9%83%D8%B1%D8%B1-360x200.jpg HTTP/1.1" 200 22426 "https://alshaer-news.com/?cat=10" "Mozilla/5.0 (Linux; Android 11; TECNO KG6k Build/RP1A.200720.011; wv) AppleWebKit/537.36 (KHTML, like Gecko) Version/4.0 Chrome/140.0.7339.119 Mobile Safari/537.36 [FB_IAB/FB4A;FBAV/530.0.0.48.74;IABMV/1;]"
41.254.66.31 - - [16/Sep/2025:09:21:38 -0400] "GET /wp-content/uploads/2024/07/93bdff9e2da0742d32c8e0848789b7e3-360x200.jpg HTTP/1.1" 200 10217 "https://alshaer-news.com/?cat=10" "Mozilla/5.0 (Linux; Android 11; TECNO KG6k Build/RP1A.200720.011; wv) AppleWebKit/537.36 (KHTML, like Gecko) Version/4.0 Chrome/140.0.7339.119 Mobile Safari/537.36 [FB_IAB/FB4A;FBAV/530.0.0.48.74;IABMV/1;]"
41.254.42.107 - - [16/Sep/2025:09:21:38 -0400] "GET /?p=3014&utm_medium=social&utm_source=heylink.me HTTP/1.1" 200 14796 "https://heylink.me/whatsappcomchannel0029VbB7Nu58PgsMqBc0LS26/?fbclid=IwY2xjawM2Q5NleHRuA2FlbQIxMQABHmY8YZ3weAYsKoQH6QRH_VLmLMX431FzWUKMJNg8d5HW9wNdVmG68NQvGVMB_aem_H2ElG1tLFCtjYLAxWjN_IA" "Mozilla/5.0 (Linux; Android 15; 24115RA8EG Build/AQ3A.240912.001; wv) AppleWebKit/537.36 (KHTML, like Gecko) Version/4.0 Chrome/140.0.7339.119 Mobile Safari/537.36 [FB_IAB/FB4A;FBAV/530.0.0.48.74;IABMV/1;]"
41.254.66.31 - - [16/Sep/2025:09:21:38 -0400] "GET /wp-content/uploads/2023/11/%D8%A7%D9%84%D8%B4%D8%B9%D8%B1%D9%86%D9%8A%D9%88%D8%B2-360x200.jpg HTTP/1.1" 200 24769 "https://alshaer-news.com/?cat=10" "Mozilla/5.0 (Linux; Android 11; TECNO KG6k Build/RP1A.200720.011; wv) AppleWebKit/537.36 (KHTML, like Gecko) Version/4.0 Chrome/140.0.7339.119 Mobile Safari/537.36 [FB_IAB/FB4A;FBAV/530.0.0.48.74;IABMV/1;]"
41.254.66.31 - - [16/Sep/2025:09:21:38 -0400] "GET /wp-content/uploads/2023/09/%D8%A7%D9%84%D8%B4%D8%B9%D8%B1%D9%86%D9%8A%D9%88%D8%B2-1-1-360x200.jpg HTTP/1.1" 200 13297 "https://alshaer-news.com/?cat=10" "Mozilla/5.0 (Linux; Android 11; TECNO KG6k Build/RP1A.200720.011; wv) AppleWebKit/537.36 (KHTML, like Gecko) Version/4.0 Chrome/140.0.7339.119 Mobile Safari/537.36 [FB_IAB/FB4A;FBAV/530.0.0.48.74;IABMV/1;]"
114.119.157.221 - - [16/Sep/2025:09:21:39 -0400] "GET /?p=2885 HTTP/1.1" 200 16858 "https://alshaer-news.com/?p=173" "Mozilla/5.0 (Linux; Android 7.0;) AppleWebKit/537.36 (KHTML, like Gecko) Mobile Safari/537.36 (compatible; PetalBot;+https://webmaster.petalsearch.com/site/petalbot)"
156.38.42.92 - - [16/Sep/2025:09:21:39 -0400] "GET /?p=3014&utm_medium=social&utm_source=heylink.me HTTP/1.1" 200 14796 "https://heylink.me/whatsappcomchannel0029VbB7Nu58PgsMqBc0LS26/?fbclid=IwY2xjawM2QnpleHRuA2FlbQIxMQABHgd90WbBWsbpSP30a1VjVG4rLjToInBdqUzfxmmLeZTNLUqxriI-mCYbx1DT_aem_3sDFqQYKIlilFdRkDE60ZA" "Mozilla/5.0 (Linux; Android 15; SM-A346E Build/AP3A.240905.015.A2; wv) AppleWebKit/537.36 (KHTML, like Gecko) Version/4.0 Chrome/139.0.7258.90 Mobile Safari/537.36 [FB_IAB/FB4A;FBAV/526.1.0.66.75;IABMV/1;]"
156.38.41.124 - - [16/Sep/2025:09:21:39 -0400] "GET /wp-includes/js/comment-reply.min.js?ver=6.8.2 HTTP/1.1" 200 1247 "https://alshaer-news.com/?p=3014" "Mozilla/5.0 (Linux; Android 13; SM-A325F Build/TP1A.220624.014; wv) AppleWebKit/537.36 (KHTML, like Gecko) Version/4.0 Chrome/138.0.7204.139 Mobile Safari/537.36 [FB_IAB/FB4A;FBAV/520.0.0.44.99;IABMV/1;]"
156.38.41.124 - - [16/Sep/2025:09:21:39 -0400] "GET /wp-content/uploads/2025/04/IMG_2620482203-360x200.jpg HTTP/1.1" 200 19869 "https://alshaer-news.com/?p=3014" "Mozilla/5.0 (Linux; Android 13; SM-A325F Build/TP1A.220624.014; wv) AppleWebKit/537.36 (KHTML, like Gecko) Version/4.0 Chrome/138.0.7204.139 Mobile Safari/537.36 [FB_IAB/FB4A;FBAV/520.0.0.44.99;IABMV/1;]"
156.38.41.124 - - [16/Sep/2025:09:21:39 -0400] "GET /wp-content/uploads/2024/08/FB_IMG_1723739515245-360x200.jpg HTTP/1.1" 200 12051 "https://alshaer-news.com/?p=3014" "Mozilla/5.0 (Linux; Android 13; SM-A325F Build/TP1A.220624.014; wv) AppleWebKit/537.36 (KHTML, like Gecko) Version/4.0 Chrome/138.0.7204.139 Mobile Safari/537.36 [FB_IAB/FB4A;FBAV/520.0.0.44.99;IABMV/1;]"
156.38.41.124 - - [16/Sep/2025:09:21:39 -0400] "GET /wp-content/uploads/2024/08/%D8%A8%D9%84%D8%AF%D9%8A%D8%A9-%D8%AA%D9%88%D9%86%D8%B3-%D8%B3%D8%A7%D8%AD%D8%A9-%D8%A7%D9%84%D9%82%D8%B5%D8%A8%D8%A9-Godong-Getty-360x200.jpg HTTP/1.1" 200 15774 "https://alshaer-news.com/?p=3014" "Mozilla/5.0 (Linux; Android 13; SM-A325F Build/TP1A.220624.014; wv) AppleWebKit/537.36 (KHTML, like Gecko) Version/4.0 Chrome/138.0.7204.139 Mobile Safari/537.36 [FB_IAB/FB4A;FBAV/520.0.0.44.99;IABMV/1;]"
156.38.41.124 - - [16/Sep/2025:09:21:39 -0400] "GET /wp-content/uploads/2024/08/GettyImages-644501407_1-360x200.jpg HTTP/1.1" 200 15364 "https://alshaer-news.com/?p=3014" "Mozilla/5.0 (Linux; Android 13; SM-A325F Build/TP1A.220624.014; wv) AppleWebKit/537.36 (KHTML, like Gecko) Version/4.0 Chrome/138.0.7204.139 Mobile Safari/537.36 [FB_IAB/FB4A;FBAV/520.0.0.44.99;IABMV/1;]"
156.38.41.124 - - [16/Sep/2025:09:21:39 -0400] "GET /wp-content/uploads/2024/07/%D9%A2%D9%A0%D9%A2%D9%A4%D9%A0%D9%A7%D9%A2%D9%A8_%D9%A1%D9%A1%D9%A4%D9%A5%D9%A5%D9%A3-360x200.jpg HTTP/1.1" 200 11944 "https://alshaer-news.com/?p=3014" "Mozilla/5.0 (Linux; Android 13; SM-A325F Build/TP1A.220624.014; wv) AppleWebKit/537.36 (KHTML, like Gecko) Version/4.0 Chrome/138.0.7204.139 Mobile Safari/537.36 [FB_IAB/FB4A;FBAV/520.0.0.44.99;IABMV/1;]"
156.38.41.124 - - [16/Sep/2025:09:21:39 -0400] "GET /wp-content/uploads/2025/09/IMG-20250910-WA0000-360x200.jpg HTTP/1.1" 200 17269 "https://alshaer-news.com/?p=3014" "Mozilla/5.0 (Linux; Android 13; SM-A325F Build/TP1A.220624.014; wv) AppleWebKit/537.36 (KHTML, like Gecko) Version/4.0 Chrome/138.0.7204.139 Mobile Safari/537.36 [FB_IAB/FB4A;FBAV/520.0.0.44.99;IABMV/1;]"
156.38.41.124 - - [16/Sep/2025:09:21:39 -0400] "GET /wp-content/uploads/2025/09/%D9%A2%D9%A0%D9%A2%D9%A5%D9%A0%D9%A9%D9%A0%D9%A9_%D9%A2%D9%A3%D9%A4%D9%A9%D9%A3%D9%A7-360x200.jpg HTTP/1.1" 200 22224 "https://alshaer-news.com/?p=3014" "Mozilla/5.0 (Linux; Android 13; SM-A325F Build/TP1A.220624.014; wv) AppleWebKit/537.36 (KHTML, like Gecko) Version/4.0 Chrome/138.0.7204.139 Mobile Safari/537.36 [FB_IAB/FB4A;FBAV/520.0.0.44.99;IABMV/1;]"
156.38.42.92 - - [16/Sep/2025:09:21:40 -0400] "GET /favicon.ico HTTP/1.1" 500 1112 "https://alshaer-news.com/?p=3014&utm_medium=social&utm_source=heylink.me" "Mozilla/5.0 (Linux; Android 15; SM-A346E Build/AP3A.240905.015.A2; wv) AppleWebKit/537.36 (KHTML, like Gecko) Version/4.0 Chrome/139.0.7258.90 Mobile Safari/537.36 [FB_IAB/FB4A;FBAV/526.1.0.66.75;IABMV/1;]"
156.38.41.124 - - [16/Sep/2025:09:21:41 -0400] "GET /wp-content/uploads/2025/08/IMG-20250824-WA0030-360x200.jpg HTTP/1.1" 200 15692 "https://alshaer-news.com/?p=3014" "Mozilla/5.0 (Linux; Android 13; SM-A325F Build/TP1A.220624.014; wv) AppleWebKit/537.36 (KHTML, like Gecko) Version/4.0 Chrome/138.0.7204.139 Mobile Safari/537.36 [FB_IAB/FB4A;FBAV/520.0.0.44.99;IABMV/1;]"
156.38.41.124 - - [16/Sep/2025:09:21:41 -0400] "GET /wp-content/uploads/2025/05/FB_IMG_1746291435288-360x200.jpg HTTP/1.1" 200 16248 "https://alshaer-news.com/?p=3014" "Mozilla/5.0 (Linux; Android 13; SM-A325F Build/TP1A.220624.014; wv) AppleWebKit/537.36 (KHTML, like Gecko) Version/4.0 Chrome/138.0.7204.139 Mobile Safari/537.36 [FB_IAB/FB4A;FBAV/520.0.0.44.99;IABMV/1;]"
156.38.41.124 - - [16/Sep/2025:09:21:41 -0400] "GET /wp-content/uploads/2025/07/IMG_8282480856-360x200.jpg HTTP/1.1" 200 20934 "https://alshaer-news.com/?p=3014" "Mozilla/5.0 (Linux; Android 13; SM-A325F Build/TP1A.220624.014; wv) AppleWebKit/537.36 (KHTML, like Gecko) Version/4.0 Chrome/138.0.7204.139 Mobile Safari/537.36 [FB_IAB/FB4A;FBAV/520.0.0.44.99;IABMV/1;]"
156.38.41.124 - - [16/Sep/2025:09:21:41 -0400] "GET /wp-content/uploads/2025/02/%D9%A2%D9%A0%D9%A2%D9%A5%D9%A0%D9%A2%D9%A0%D9%A6_%D9%A2%D9%A2%D9%A4%D9%A9%D9%A0%D9%A1-360x200.jpg HTTP/1.1" 200 17316 "https://alshaer-news.com/?p=3014" "Mozilla/5.0 (Linux; Android 13; SM-A325F Build/TP1A.220624.014; wv) AppleWebKit/537.36 (KHTML, like Gecko) Version/4.0 Chrome/138.0.7204.139 Mobile Safari/537.36 [FB_IAB/FB4A;FBAV/520.0.0.44.99;IABMV/1;]"
156.38.41.124 - - [16/Sep/2025:09:21:41 -0400] "GET /wp-content/uploads/2024/12/%D9%85%D8%AD%D9%85%D8%AF-%D8%A8%D9%86-%D8%B3%D9%84%D9%85%D8%A7%D9%86--360x200.jpg HTTP/1.1" 200 17160 "https://alshaer-news.com/?p=3014" "Mozilla/5.0 (Linux; Android 13; SM-A325F Build/TP1A.220624.014; wv) AppleWebKit/537.36 (KHTML, like Gecko) Version/4.0 Chrome/138.0.7204.139 Mobile Safari/537.36 [FB_IAB/FB4A;FBAV/520.0.0.44.99;IABMV/1;]"
156.38.41.124 - - [16/Sep/2025:09:21:41 -0400] "GET /wp-content/uploads/2024/09/%D9%85%D8%B2%D8%A7%D8%AF-%D8%AC%D9%85%D8%A7%D8%B1%D9%83--360x200.jpg HTTP/1.1" 200 27863 "https://alshaer-news.com/?p=3014" "Mozilla/5.0 (Linux; Android 13; SM-A325F Build/TP1A.220624.014; wv) AppleWebKit/537.36 (KHTML, like Gecko) Version/4.0 Chrome/138.0.7204.139 Mobile Safari/537.36 [FB_IAB/FB4A;FBAV/520.0.0.44.99;IABMV/1;]"
41.254.66.31 - - [16/Sep/2025:09:21:41 -0400] "GET /favicon.ico HTTP/1.1" 500 1112 "https://alshaer-news.com/?cat=10" "Mozilla/5.0 (Linux; Android 11; TECNO KG6k Build/RP1A.200720.011; wv) AppleWebKit/537.36 (KHTML, like Gecko) Version/4.0 Chrome/140.0.7339.119 Mobile Safari/537.36 [FB_IAB/FB4A;FBAV/530.0.0.48.74;IABMV/1;]"
178.52.142.171 - - [16/Sep/2025:09:21:42 -0400] "GET / HTTP/1.1" 200 11864 "https://alshaer-news.com/?p=2938" "Mozilla/5.0 (Linux; Android 15; SM-A155F Build/AP3A.240905.015.A2; wv) AppleWebKit/537.36 (KHTML, like Gecko) Version/4.0 Chrome/140.0.7339.119 Mobile Safari/537.36 [FB_IAB/FB4A;FBAV/530.0.0.48.74;IABMV/1;]"
178.52.142.171 - - [16/Sep/2025:09:21:43 -0400] "GET /wp-content/themes/newsplus/assets/js/owl.carousel.thumbs.min.js?ver=37.00 HTTP/1.1" 200 1010 "https://alshaer-news.com/" "Mozilla/5.0 (Linux; Android 15; SM-A155F Build/AP3A.240905.015.A2; wv) AppleWebKit/537.36 (KHTML, like Gecko) Version/4.0 Chrome/140.0.7339.119 Mobile Safari/537.36 [FB_IAB/FB4A;FBAV/530.0.0.48.74;IABMV/1;]"
178.52.142.171 - - [16/Sep/2025:09:21:43 -0400] "GET /wp-content/themes/newsplus/assets/js/owl.carousel.min.js?ver=37.00 HTTP/1.1" 200 10649 "https://alshaer-news.com/" "Mozilla/5.0 (Linux; Android 15; SM-A155F Build/AP3A.240905.015.A2; wv) AppleWebKit/537.36 (KHTML, like Gecko) Version/4.0 Chrome/140.0.7339.119 Mobile Safari/537.36 [FB_IAB/FB4A;FBAV/530.0.0.48.74;IABMV/1;]"
156.38.41.124 - - [16/Sep/2025:09:21:43 -0400] "GET /wp-includes/js/wp-emoji-release.min.js?ver=6.8.2 HTTP/1.1" 200 4769 "https://alshaer-news.com/?p=3014" "Mozilla/5.0 (Linux; Android 13; SM-A325F Build/TP1A.220624.014; wv) AppleWebKit/537.36 (KHTML, like Gecko) Version/4.0 Chrome/138.0.7204.139 Mobile Safari/537.36 [FB_IAB/FB4A;FBAV/520.0.0.44.99;IABMV/1;]"
157.55.39.57 - - [16/Sep/2025:09:21:43 -0400] "GET /?p=2169 HTTP/1.1" 500 1112 "-" "Mozilla/5.0 AppleWebKit/537.36 (KHTML, like Gecko; compatible; bingbot/2.0; +http://www.bing.com/bingbot.htm) Chrome/116.0.1938.76 Safari/537.36"
178.52.142.171 - - [16/Sep/2025:09:21:45 -0400] "GET /?p=2938 HTTP/1.1" 200 14219 "https://alshaer-news.com/?p=3026&utm_medium=social&utm_source=heylink.me" "Mozilla/5.0 (Linux; Android 15; SM-A155F Build/AP3A.240905.015.A2; wv) AppleWebKit/537.36 (KHTML, like Gecko) Version/4.0 Chrome/140.0.7339.119 Mobile Safari/537.36 [FB_IAB/FB4A;FBAV/530.0.0.48.74;IABMV/1;]"
178.52.142.171 - - [16/Sep/2025:09:21:45 -0400] "GET /?p=3026&utm_medium=social&utm_source=heylink.me HTTP/1.1" 200 14343 "https://heylink.me/whatsappcomchannel0029Vb6nFL02v1IrjKKy3d1v/?fbclid=IwY2xjawM2QzZleHRuA2FlbQIxMQABHi642FTIdM1_Z4kBTxEa3wTsMwoUV_Oc2FontLKDouGID9g30eGm8lw8nYAo_aem_Up4jkVgU-dUzfScT-W6oZA" "Mozilla/5.0 (Linux; Android 15; SM-A155F Build/AP3A.240905.015.A2; wv) AppleWebKit/537.36 (KHTML, like Gecko) Version/4.0 Chrome/140.0.7339.119 Mobile Safari/537.36 [FB_IAB/FB4A;FBAV/530.0.0.48.74;IABMV/1;]"
41.254.42.107 - - [16/Sep/2025:09:21:47 -0400] "GET /favicon.ico HTTP/1.1" 500 1112 "https://alshaer-news.com/?p=3014&utm_medium=social&utm_source=heylink.me" "Mozilla/5.0 (Linux; Android 15; 24115RA8EG Build/AQ3A.240912.001; wv) AppleWebKit/537.36 (KHTML, like Gecko) Version/4.0 Chrome/140.0.7339.119 Mobile Safari/537.36 [FB_IAB/FB4A;FBAV/530.0.0.48.74;IABMV/1;]"
178.52.142.171 - - [16/Sep/2025:09:21:49 -0400] "GET /wp-content/uploads/2024/09/%D9%85%D8%B2%D8%A7%D8%AF-%D8%AC%D9%85%D8%A7%D8%B1%D9%83-.jpg HTTP/1.1" 200 51411 "fbapp://350685531728/unknown" "[FBAN/FB4A;FBAV/530.0.0.48.74;FBBV/789633432;FBDM/{density=2.8125,width=2340,height=1080};FBLC/ar_AR;FBRV/792245187;FBCR/Syriatel;FBMF/samsung;FBBD/samsung;FBPN/com.facebook.katana;FBDV/SM-A155F;FBSV/15;FBOP/1;FBCA/arm64-v8a:;]"
178.52.142.171 - - [16/Sep/2025:09:21:49 -0400] "GET /wp-content/uploads/2025/07/IMG_8282480856.jpg HTTP/1.1" 200 836802 "fbapp://350685531728/unknown" "[FBAN/FB4A;FBAV/530.0.0.48.74;FBBV/789633432;FBDM/{density=2.8125,width=2340,height=1080};FBLC/ar_AR;FBRV/792245187;FBCR/Syriatel;FBMF/samsung;FBBD/samsung;FBPN/com.facebook.katana;FBDV/SM-A155F;FBSV/15;FBOP/1;FBCA/arm64-v8a:;]"
41.254.66.31 - - [16/Sep/2025:09:21:50 -0400] "GET /wp-content/themes/newsplus/assets/img/logo.png HTTP/1.1" 200 43754 "fbapp://350685531728/unknown" "[FBAN/FB4A;FBAV/530.0.0.48.74;FBBV/789633436;FBDM/{density=2.0,width=720,height=1444};FBLC/ar_AR;FBRV/792245187;FBCR/Libyana;FBMF/TECNO MOBILE LIMITED;FBBD/TECNO;FBPN/com.facebook.katana;FBDV/TECNO KG6k;FBSV/11;FBOP/1;FBCA/arm64-v8a:;]"
41.254.66.31 - - [16/Sep/2025:09:21:50 -0400] "GET /wp-content/uploads/2025/06/IMG_4412545132.jpg HTTP/1.1" 200 886957 "fbapp://350685531728/unknown" "[FBAN/FB4A;FBAV/530.0.0.48.74;FBBV/789633436;FBDM/{density=2.0,width=720,height=1444};FBLC/ar_AR;FBRV/792245187;FBCR/Libyana;FBMF/TECNO MOBILE LIMITED;FBBD/TECNO;FBPN/com.facebook.katana;FBDV/TECNO KG6k;FBSV/11;FBOP/1;FBCA/arm64-v8a:;]"
156.38.41.124 - - [16/Sep/2025:09:21:52 -0400] "GET /?p=3014 HTTP/1.1" 200 14766 "https://mez.ink/" "Mozilla/5.0 (Linux; Android 13; SM-A325F Build/TP1A.220624.014; wv) AppleWebKit/537.36 (KHTML, like Gecko) Version/4.0 Chrome/138.0.7204.139 Mobile Safari/537.36 [FB_IAB/FB4A;FBAV/520.0.0.44.99;IABMV/1;]"
41.254.66.31 - - [16/Sep/2025:09:22:00 -0400] "GET /?p=3014&utm_medium=social&utm_source=heylink.me HTTP/1.1" 200 14796 "https://heylink.me/whatsappcomchannel0029VbB7Nu58PgsMqBc0LS26/?fbclid=IwY2xjawM2Q21leHRuA2FlbQIxMQABHu3HyVZomN5eLg_MAYsE8OxpoPZLVjYlVMRDLOKIiYh0kEHyjVxkK-yIW7g7_aem_U3UhFRSBPRu9Zmw-3gqwEQ" "Mozilla/5.0 (Linux; Android 11; TECNO KG6k Build/RP1A.200720.011; wv) AppleWebKit/537.36 (KHTML, like Gecko) Version/4.0 Chrome/140.0.7339.119 Mobile Safari/537.36 [FB_IAB/FB4A;FBAV/530.0.0.48.74;IABMV/1;]"
41.254.42.107 - - [16/Sep/2025:09:22:05 -0400] "GET /?p=3014&utm_medium=social&utm_source=heylink.me HTTP/1.1" 200 14796 "https://heylink.me/whatsappcomchannel0029VbB7Nu58PgsMqBc0LS26/?fbclid=IwY2xjawM2Q5NleHRuA2FlbQIxMQABHmY8YZ3weAYsKoQH6QRH_VLmLMX431FzWUKMJNg8d5HW9wNdVmG68NQvGVMB_aem_H2ElG1tLFCtjYLAxWjN_IA" "Mozilla/5.0 (Linux; Android 15; 24115RA8EG Build/AQ3A.240912.001; wv) AppleWebKit/537.36 (KHTML, like Gecko) Version/4.0 Chrome/140.0.7339.119 Mobile Safari/537.36 [FB_IAB/FB4A;FBAV/530.0.0.48.74;IABMV/1;]"
156.38.41.124 - - [16/Sep/2025:09:22:06 -0400] "GET /?p=3014 HTTP/1.1" 200 14766 "https://mez.ink/" "Mozilla/5.0 (Linux; Android 13; SM-A325F Build/TP1A.220624.014; wv) AppleWebKit/537.36 (KHTML, like Gecko) Version/4.0 Chrome/138.0.7204.139 Mobile Safari/537.36 [FB_IAB/FB4A;FBAV/520.0.0.44.99;IABMV/1;]"
156.38.41.124 - - [16/Sep/2025:09:22:08 -0400] "GET /favicon.ico HTTP/1.1" 500 1112 "https://alshaer-news.com/?p=3014" "Mozilla/5.0 (Linux; Android 13; SM-A325F Build/TP1A.220624.014; wv) AppleWebKit/537.36 (KHTML, like Gecko) Version/4.0 Chrome/138.0.7204.139 Mobile Safari/537.36 [FB_IAB/FB4A;FBAV/520.0.0.44.99;IABMV/1;]"
156.38.41.124 - - [16/Sep/2025:09:22:13 -0400] "GET /?p=2916 HTTP/1.1" 200 14266 "https://alshaer-news.com/?p=3014" "Mozilla/5.0 (Linux; Android 13; SM-A325F Build/TP1A.220624.014; wv) AppleWebKit/537.36 (KHTML, like Gecko) Version/4.0 Chrome/138.0.7204.139 Mobile Safari/537.36 [FB_IAB/FB4A;FBAV/520.0.0.44.99;IABMV/1;]"
156.38.42.86 - - [16/Sep/2025:09:22:13 -0400] "GET /favicon.ico HTTP/1.1" 500 1112 "https://alshaer-news.com/?p=3014&utm_medium=social&utm_source=heylink.me" "Mozilla/5.0 (Linux; Android 15; SM-A346E Build/AP3A.240905.015.A2; wv) AppleWebKit/537.36 (KHTML, like Gecko) Version/4.0 Chrome/139.0.7258.90 Mobile Safari/537.36 [FB_IAB/FB4A;FBAV/526.1.0.66.75;IABMV/1;]"
156.38.41.124 - - [16/Sep/2025:09:22:14 -0400] "GET /wp-content/uploads/2024/08/%D9%84%D8%A7%D9%86%D8%AA%D8%AF%D8%A7%D8%A8.webp HTTP/1.1" 200 33746 "https://alshaer-news.com/?p=2916" "Mozilla/5.0 (Linux; Android 13; SM-A325F Build/TP1A.220624.014; wv) AppleWebKit/537.36 (KHTML, like Gecko) Version/4.0 Chrome/138.0.7204.139 Mobile Safari/537.36 [FB_IAB/FB4A;FBAV/520.0.0.44.99;IABMV/1;]"
156.38.41.124 - - [16/Sep/2025:09:22:14 -0400] "GET /wp-content/uploads/2024/08/%D9%85%D8%B7%D8%A7%D8%B1-%D8%AA%D9%88%D9%86%D8%B3.webp HTTP/1.1" 200 157600 "https://alshaer-news.com/?p=2916" "Mozilla/5.0 (Linux; Android 13; SM-A325F Build/TP1A.220624.014; wv) AppleWebKit/537.36 (KHTML, like Gecko) Version/4.0 Chrome/138.0.7204.139 Mobile Safari/537.36 [FB_IAB/FB4A;FBAV/520.0.0.44.99;IABMV/1;]"
156.38.41.124 - - [16/Sep/2025:09:22:14 -0400] "GET /wp-content/uploads/2024/08/%D9%84%D8%A7%D9%86%D8%AA%D8%AF%D8%A7%D8%A8-1.webp HTTP/1.1" 200 33746 "https://alshaer-news.com/?p=2916" "Mozilla/5.0 (Linux; Android 13; SM-A325F Build/TP1A.220624.014; wv) AppleWebKit/537.36 (KHTML, like Gecko) Version/4.0 Chrome/138.0.7204.139 Mobile Safari/537.36 [FB_IAB/FB4A;FBAV/520.0.0.44.99;IABMV/1;]"
38.252.40.252 - - [16/Sep/2025:09:22:15 -0400] "GET /?p=3014&utm_medium=social&utm_source=heylink.me HTTP/1.1" 200 17191 "https://heylink.me/whatsappcomchannel0029VbB7Nu58PgsMqBc0LS26/?fbclid=IwY2xjawM2Q75leHRuA2FlbQIxMQABHkUW2GsL6TQ93nY5LuvlkYyjeSD5OqGuovz75epWopWvD59MWSPy8e4to48N_aem_2K_cMvpK0KPFamBdkC1qqQ" "Mozilla/5.0 (Linux; Android 6.0.1; SM-J106H Build/MMB29Q; wv) AppleWebKit/537.36 (KHTML, like Gecko) Version/4.0 Chrome/95.0.4638.74 Mobile Safari/537.36 [FB_IAB/FB4A;FBAV/436.0.0.35.101;]"
