216.73.216.118 - - [16/Sep/2025:12:18:13 -0400] "GET /?cat=5&paged=6 HTTP/1.1" 200 16597 "-" "Mozilla/5.0 AppleWebKit/537.36 (KHTML, like Gecko; compatible; ClaudeBot/1.0; +claudebot@anthropic.com)"
51.255.78.220 - - [16/Sep/2025:12:18:13 -0400] "GET / HTTP/1.1" 200 94721 "https://sada-now.com//" "Mozilla/5.0 (Windows; U; Windows NT 5.2; en-US; rv:1.8.1.7) Gecko/20070914 Firefox/2.0.0.7"
31.13.127.10 - - [16/Sep/2025:12:18:59 -0400] "GET /wp-content/uploads/2024/01/IMG-20240123-WA0009-1.jpg HTTP/1.1" 200 102590 "-" "facebookexternalhit/1.1 (+http://www.facebook.com/externalhit_uatext.php)"
51.255.78.220 - - [16/Sep/2025:12:19:26 -0400] "GET / HTTP/1.1" 200 94721 "-" "Mozilla/5.0 (Windows; U; Windows NT 5.2; en-US; rv:1.8.1.7) Gecko/20070914 Firefox/2.0.0.7"
51.255.78.220 - - [16/Sep/2025:12:19:27 -0400] "GET // HTTP/1.1" 301 0 "-" "Mozilla/5.0 (Windows; U; Windows NT 5.2; en-US; rv:1.8.1.7) Gecko/20070914 Firefox/2.0.0.7"
51.255.78.220 - - [16/Sep/2025:12:19:28 -0400] "GET / HTTP/1.1" 200 94721 "https://sada-now.com//" "Mozilla/5.0 (Windows; U; Windows NT 5.2; en-US; rv:1.8.1.7) Gecko/20070914 Firefox/2.0.0.7"
216.73.216.118 - - [16/Sep/2025:12:19:40 -0400] "GET /?page=116&paged=150 HTTP/1.1" 200 15124 "-" "Mozilla/5.0 AppleWebKit/537.36 (KHTML, like Gecko; compatible; ClaudeBot/1.0; +claudebot@anthropic.com)"
216.73.216.118 - - [16/Sep/2025:12:19:41 -0400] "GET /?page=108&paged=10 HTTP/1.1" 200 15543 "-" "Mozilla/5.0 AppleWebKit/537.36 (KHTML, like Gecko; compatible; ClaudeBot/1.0; +claudebot@anthropic.com)"
216.73.216.118 - - [16/Sep/2025:12:19:42 -0400] "GET /?page=78&paged=105 HTTP/1.1" 200 15547 "-" "Mozilla/5.0 AppleWebKit/537.36 (KHTML, like Gecko; compatible; ClaudeBot/1.0; +claudebot@anthropic.com)"
47.128.18.93 - - [16/Sep/2025:12:19:57 -0400] "GET / HTTP/1.1" 200 15279 "-" "Mozilla/5.0 (Linux; Android 5.0) AppleWebKit/537.36 (KHTML, like Gecko) Mobile Safari/537.36 (compatible; Bytespider; spider-feedback@bytedance.com)"
47.128.18.93 - - [16/Sep/2025:12:19:57 -0400] "GET /wp-content/themes/sahifa/style.css HTTP/1.1" 200 34984 "https://sada-now.com/" "Mozilla/5.0 (Linux; Android 5.0) AppleWebKit/537.36 (KHTML, like Gecko) Mobile Safari/537.36 (compatible; Bytespider; spider-feedback@bytedance.com)"
47.128.18.93 - - [16/Sep/2025:12:19:58 -0400] "GET /wp-content/themes/sahifa/rtl.css HTTP/1.1" 200 3537 "https://sada-now.com/" "Mozilla/5.0 (Linux; Android 5.0) AppleWebKit/537.36 (KHTML, like Gecko) Mobile Safari/537.36 (compatible; Bytespider; spider-feedback@bytedance.com)"
47.128.18.93 - - [16/Sep/2025:12:19:58 -0400] "GET /wp-includes/css/dist/block-library/style-rtl.min.css HTTP/1.1" 200 14312 "https://sada-now.com/" "Mozilla/5.0 (Linux; Android 5.0) AppleWebKit/537.36 (KHTML, like Gecko) Mobile Safari/537.36 (compatible; Bytespider; spider-feedback@bytedance.com)"
47.128.18.93 - - [16/Sep/2025:12:19:58 -0400] "GET /wp-content/themes/sahifa/css/ilightbox/dark-skin/skin.css HTTP/1.1" 200 1196 "https://sada-now.com/" "Mozilla/5.0 (Linux; Android 5.0) AppleWebKit/537.36 (KHTML, like Gecko) Mobile Safari/537.36 (compatible; Bytespider; spider-feedback@bytedance.com)"
47.128.18.93 - - [16/Sep/2025:12:19:58 -0400] "GET /wp-content/uploads/2025/09/doc-73kt2pj-1757166322-300x200.webp HTTP/1.1" 206 500 "https://sada-now.com/" "Mozilla/5.0 (Linux; Android 5.0) AppleWebKit/537.36 (KHTML, like Gecko) Mobile Safari/537.36 (compatible; Bytespider; spider-feedback@bytedance.com)"
47.128.18.93 - - [16/Sep/2025:12:19:58 -0400] "GET /wp-content/themes/sahifa/images/patterns/body-bg7.png HTTP/1.1" 206 500 "https://sada-now.com/wp-content/themes/sahifa/style.css" "Mozilla/5.0 (Linux; Android 5.0) AppleWebKit/537.36 (KHTML, like Gecko) Mobile Safari/537.36 (compatible; Bytespider; spider-feedback@bytedance.com)"
47.128.18.93 - - [16/Sep/2025:12:19:58 -0400] "GET /wp-content/uploads/2025/09/284281-300x196.jpg HTTP/1.1" 206 500 "https://sada-now.com/" "Mozilla/5.0 (Linux; Android 5.0) AppleWebKit/537.36 (KHTML, like Gecko) Mobile Safari/537.36 (compatible; Bytespider; spider-feedback@bytedance.com)"
47.128.18.93 - - [16/Sep/2025:12:19:58 -0400] "GET /wp-content/themes/sahifa/images/stripe.png HTTP/1.1" 206 93 "https://sada-now.com/wp-content/themes/sahifa/style.css" "Mozilla/5.0 (Linux; Android 5.0) AppleWebKit/537.36 (KHTML, like Gecko) Mobile Safari/537.36 (compatible; Bytespider; spider-feedback@bytedance.com)"
47.128.18.93 - - [16/Sep/2025:12:19:58 -0400] "GET /wp-content/uploads/2025/09/7461e2cf-7845-4b8b-92fc-889577cd80c0-300x200.jpeg HTTP/1.1" 206 500 "https://sada-now.com/" "Mozilla/5.0 (Linux; Android 5.0) AppleWebKit/537.36 (KHTML, like Gecko) Mobile Safari/537.36 (compatible; Bytespider; spider-feedback@bytedance.com)"
47.128.18.93 - - [16/Sep/2025:12:19:59 -0400] "GET /wp-content/uploads/2025/08/FB_IMG_1756146740794-300x225.jpg HTTP/1.1" 206 500 "https://sada-now.com/" "Mozilla/5.0 (Linux; Android 5.0) AppleWebKit/537.36 (KHTML, like Gecko) Mobile Safari/537.36 (compatible; Bytespider; spider-feedback@bytedance.com)"
47.128.18.93 - - [16/Sep/2025:12:19:59 -0400] "GET /wp-content/uploads/2025/07/FB_IMG_1753222923765-300x270.jpg HTTP/1.1" 206 500 "https://sada-now.com/" "Mozilla/5.0 (Linux; Android 5.0) AppleWebKit/537.36 (KHTML, like Gecko) Mobile Safari/537.36 (compatible; Bytespider; spider-feedback@bytedance.com)"
47.128.18.93 - - [16/Sep/2025:12:19:59 -0400] "GET /wp-content/uploads/2025/08/FB_IMG_1756052735952-300x200.jpg HTTP/1.1" 206 500 "https://sada-now.com/" "Mozilla/5.0 (Linux; Android 5.0) AppleWebKit/537.36 (KHTML, like Gecko) Mobile Safari/537.36 (compatible; Bytespider; spider-feedback@bytedance.com)"
47.128.18.93 - - [16/Sep/2025:12:19:59 -0400] "GET /wp-content/uploads/2025/09/%D8%B4%D8%B3%D9%8A%D8%B4%D8%B3%D8%B7%D8%B0%D8%B8%D9%803-1751887238-300x200.webp HTTP/1.1" 206 500 "https://sada-now.com/" "Mozilla/5.0 (Linux; Android 5.0) AppleWebKit/537.36 (KHTML, like Gecko) Mobile Safari/537.36 (compatible; Bytespider; spider-feedback@bytedance.com)"
216.73.216.118 - - [16/Sep/2025:12:20:27 -0400] "GET /?page=41&paged=117 HTTP/1.1" 200 15743 "-" "Mozilla/5.0 AppleWebKit/537.36 (KHTML, like Gecko; compatible; ClaudeBot/1.0; +claudebot@anthropic.com)"
216.73.216.118 - - [16/Sep/2025:12:20:27 -0400] "GET /?page=111&paged=55 HTTP/1.1" 200 15541 "-" "Mozilla/5.0 AppleWebKit/537.36 (KHTML, like Gecko; compatible; ClaudeBot/1.0; +claudebot@anthropic.com)"
216.73.216.118 - - [16/Sep/2025:12:20:28 -0400] "GET /?page=108&paged=21 HTTP/1.1" 200 16321 "-" "Mozilla/5.0 AppleWebKit/537.36 (KHTML, like Gecko; compatible; ClaudeBot/1.0; +claudebot@anthropic.com)"
51.255.78.220 - - [16/Sep/2025:12:20:48 -0400] "GET / HTTP/1.1" 200 94721 "-" "Mozilla/5.0 (Windows; U; Windows NT 5.2; en-US; rv:1.8.1.7) Gecko/20070914 Firefox/2.0.0.7"
51.255.78.220 - - [16/Sep/2025:12:20:49 -0400] "GET // HTTP/1.1" 301 0 "-" "Mozilla/5.0 (Windows; U; Windows NT 5.2; en-US; rv:1.8.1.7) Gecko/20070914 Firefox/2.0.0.7"
51.255.78.220 - - [16/Sep/2025:12:20:50 -0400] "GET / HTTP/1.1" 200 94721 "https://sada-now.com//" "Mozilla/5.0 (Windows; U; Windows NT 5.2; en-US; rv:1.8.1.7) Gecko/20070914 Firefox/2.0.0.7"
216.73.216.118 - - [16/Sep/2025:12:21:04 -0400] "GET /?page=90&paged=137 HTTP/1.1" 200 15686 "-" "Mozilla/5.0 AppleWebKit/537.36 (KHTML, like Gecko; compatible; ClaudeBot/1.0; +claudebot@anthropic.com)"
216.73.216.118 - - [16/Sep/2025:12:21:06 -0400] "GET /?page=46&paged=43 HTTP/1.1" 200 15694 "-" "Mozilla/5.0 AppleWebKit/537.36 (KHTML, like Gecko; compatible; ClaudeBot/1.0; +claudebot@anthropic.com)"
216.73.216.118 - - [16/Sep/2025:12:21:06 -0400] "GET /?m=2021&paged=34 HTTP/1.1" 200 15910 "-" "Mozilla/5.0 AppleWebKit/537.36 (KHTML, like Gecko; compatible; ClaudeBot/1.0; +claudebot@anthropic.com)"
51.255.78.220 - - [16/Sep/2025:12:22:03 -0400] "GET / HTTP/1.1" 200 94721 "-" "Mozilla/5.0 (Windows; U; Windows NT 5.2; en-US; rv:1.8.1.7) Gecko/20070914 Firefox/2.0.0.7"
162.0.235.180 - - [16/Sep/2025:12:22:04 -0400] "POST /wp-cron.php?doing_wp_cron=1758039724.5520770549774169921875 HTTP/1.1" 200 0 "-" "WordPress/6.8.2; https://sada-now.com"
51.255.78.220 - - [16/Sep/2025:12:22:04 -0400] "GET // HTTP/1.1" 301 0 "-" "Mozilla/5.0 (Windows; U; Windows NT 5.2; en-US; rv:1.8.1.7) Gecko/20070914 Firefox/2.0.0.7"
51.255.78.220 - - [16/Sep/2025:12:22:04 -0400] "GET / HTTP/1.1" 200 94721 "https://sada-now.com//" "Mozilla/5.0 (Windows; U; Windows NT 5.2; en-US; rv:1.8.1.7) Gecko/20070914 Firefox/2.0.0.7"
216.73.216.118 - - [16/Sep/2025:12:22:08 -0400] "GET /?page=108&paged=19 HTTP/1.1" 200 16302 "-" "Mozilla/5.0 AppleWebKit/537.36 (KHTML, like Gecko; compatible; ClaudeBot/1.0; +claudebot@anthropic.com)"
216.73.216.118 - - [16/Sep/2025:12:22:10 -0400] "GET /?page=108&paged=18 HTTP/1.1" 200 16141 "-" "Mozilla/5.0 AppleWebKit/537.36 (KHTML, like Gecko; compatible; ClaudeBot/1.0; +claudebot@anthropic.com)"
216.73.216.118 - - [16/Sep/2025:12:22:11 -0400] "GET /?page=142&paged=24 HTTP/1.1" 200 16068 "-" "Mozilla/5.0 AppleWebKit/537.36 (KHTML, like Gecko; compatible; ClaudeBot/1.0; +claudebot@anthropic.com)"
216.73.216.118 - - [16/Sep/2025:12:23:13 -0400] "GET /?page=108&paged=22 HTTP/1.1" 200 16119 "-" "Mozilla/5.0 AppleWebKit/537.36 (KHTML, like Gecko; compatible; ClaudeBot/1.0; +claudebot@anthropic.com)"
216.73.216.118 - - [16/Sep/2025:12:23:14 -0400] "GET /?page=108&paged=28 HTTP/1.1" 200 15983 "-" "Mozilla/5.0 AppleWebKit/537.36 (KHTML, like Gecko; compatible; ClaudeBot/1.0; +claudebot@anthropic.com)"
51.255.78.220 - - [16/Sep/2025:12:23:23 -0400] "GET / HTTP/1.1" 200 94721 "-" "Mozilla/5.0 (Windows; U; Windows NT 5.2; en-US; rv:1.8.1.7) Gecko/20070914 Firefox/2.0.0.7"
51.255.78.220 - - [16/Sep/2025:12:23:25 -0400] "GET // HTTP/1.1" 301 0 "-" "Mozilla/5.0 (Windows; U; Windows NT 5.2; en-US; rv:1.8.1.7) Gecko/20070914 Firefox/2.0.0.7"
51.255.78.220 - - [16/Sep/2025:12:23:25 -0400] "GET / HTTP/1.1" 200 94721 "https://sada-now.com//" "Mozilla/5.0 (Windows; U; Windows NT 5.2; en-US; rv:1.8.1.7) Gecko/20070914 Firefox/2.0.0.7"
216.73.216.118 - - [16/Sep/2025:12:23:44 -0400] "GET /?page=108&paged=75 HTTP/1.1" 200 16031 "-" "Mozilla/5.0 AppleWebKit/537.36 (KHTML, like Gecko; compatible; ClaudeBot/1.0; +claudebot@anthropic.com)"
216.73.216.118 - - [16/Sep/2025:12:23:44 -0400] "GET /?page=111&paged=56 HTTP/1.1" 200 15459 "-" "Mozilla/5.0 AppleWebKit/537.36 (KHTML, like Gecko; compatible; ClaudeBot/1.0; +claudebot@anthropic.com)"
66.249.65.98 - - [16/Sep/2025:12:23:56 -0400] "GET /38696158107 HTTP/1.1" 404 1251 "-" "Mozilla/5.0 (Linux; Android 6.0.1; Nexus 5X Build/MMB29P) AppleWebKit/537.36 (KHTML, like Gecko) Chrome/140.0.7339.127 Mobile Safari/537.36 (compatible; GoogleOther)"
66.249.65.98 - - [16/Sep/2025:12:23:57 -0400] "GET /2864773756 HTTP/1.1" 404 1251 "-" "Mozilla/5.0 (Linux; Android 6.0.1; Nexus 5X Build/MMB29P) AppleWebKit/537.36 (KHTML, like Gecko) Chrome/140.0.7339.127 Mobile Safari/537.36 (compatible; GoogleOther)"
66.249.65.98 - - [16/Sep/2025:12:23:59 -0400] "GET /14938292761 HTTP/1.1" 404 1251 "-" "Mozilla/5.0 (Linux; Android 6.0.1; Nexus 5X Build/MMB29P) AppleWebKit/537.36 (KHTML, like Gecko) Chrome/140.0.7339.127 Mobile Safari/537.36 (compatible; GoogleOther)"
216.73.216.118 - - [16/Sep/2025:12:24:23 -0400] "GET /?page=108&paged=32 HTTP/1.1" 200 15849 "-" "Mozilla/5.0 AppleWebKit/537.36 (KHTML, like Gecko; compatible; ClaudeBot/1.0; +claudebot@anthropic.com)"
216.73.216.118 - - [16/Sep/2025:12:24:26 -0400] "GET /?page=116&paged=119 HTTP/1.1" 200 15686 "-" "Mozilla/5.0 AppleWebKit/537.36 (KHTML, like Gecko; compatible; ClaudeBot/1.0; +claudebot@anthropic.com)"
169.224.13.58 - - [16/Sep/2025:12:24:44 -0400] "GET /?p=6492 HTTP/1.1" 200 14541 "https://mez.ink/" "Mozilla/5.0 (Linux; Android 15; SM-S928B Build/AP3A.240905.015.A2; wv) AppleWebKit/537.36 (KHTML, like Gecko) Version/4.0 Chrome/140.0.7339.119 Mobile Safari/537.36 [FB_IAB/FB4A;FBAV/530.0.0.48.74;IABMV/1;]"
169.224.13.58 - - [16/Sep/2025:12:24:45 -0400] "GET /wp-includes/css/dist/block-library/style-rtl.min.css HTTP/1.1" 200 14312 "https://sada-now.com/?p=6492" "Mozilla/5.0 (Linux; Android 15; SM-S928B Build/AP3A.240905.015.A2; wv) AppleWebKit/537.36 (KHTML, like Gecko) Version/4.0 Chrome/140.0.7339.119 Mobile Safari/537.36 [FB_IAB/FB4A;FBAV/530.0.0.48.74;IABMV/1;]"
169.224.13.58 - - [16/Sep/2025:12:24:45 -0400] "GET /wp-content/themes/sahifa/style.css HTTP/1.1" 200 34984 "https://sada-now.com/?p=6492" "Mozilla/5.0 (Linux; Android 15; SM-S928B Build/AP3A.240905.015.A2; wv) AppleWebKit/537.36 (KHTML, like Gecko) Version/4.0 Chrome/140.0.7339.119 Mobile Safari/537.36 [FB_IAB/FB4A;FBAV/530.0.0.48.74;IABMV/1;]"
169.224.13.58 - - [16/Sep/2025:12:24:45 -0400] "GET /wp-content/themes/sahifa/css/ilightbox/dark-skin/skin.css HTTP/1.1" 200 1196 "https://sada-now.com/?p=6492" "Mozilla/5.0 (Linux; Android 15; SM-S928B Build/AP3A.240905.015.A2; wv) AppleWebKit/537.36 (KHTML, like Gecko) Version/4.0 Chrome/140.0.7339.119 Mobile Safari/537.36 [FB_IAB/FB4A;FBAV/530.0.0.48.74;IABMV/1;]"
169.224.13.58 - - [16/Sep/2025:12:24:45 -0400] "GET /wp-content/themes/sahifa/rtl.css HTTP/1.1" 200 3537 "https://sada-now.com/?p=6492" "Mozilla/5.0 (Linux; Android 15; SM-S928B Build/AP3A.240905.015.A2; wv) AppleWebKit/537.36 (KHTML, like Gecko) Version/4.0 Chrome/140.0.7339.119 Mobile Safari/537.36 [FB_IAB/FB4A;FBAV/530.0.0.48.74;IABMV/1;]"
169.224.13.58 - - [16/Sep/2025:12:24:45 -0400] "GET /wp-includes/js/jquery/jquery.min.js HTTP/1.1" 200 29744 "https://sada-now.com/?p=6492" "Mozilla/5.0 (Linux; Android 15; SM-S928B Build/AP3A.240905.015.A2; wv) AppleWebKit/537.36 (KHTML, like Gecko) Version/4.0 Chrome/140.0.7339.119 Mobile Safari/537.36 [FB_IAB/FB4A;FBAV/530.0.0.48.74;IABMV/1;]"
169.224.13.58 - - [16/Sep/2025:12:24:45 -0400] "GET /wp-content/plugins/ads-invalid-click-protection/assets/js/script.js HTTP/1.1" 200 691 "https://sada-now.com/?p=6492" "Mozilla/5.0 (Linux; Android 15; SM-S928B Build/AP3A.240905.015.A2; wv) AppleWebKit/537.36 (KHTML, like Gecko) Version/4.0 Chrome/140.0.7339.119 Mobile Safari/537.36 [FB_IAB/FB4A;FBAV/530.0.0.48.74;IABMV/1;]"
169.224.13.58 - - [16/Sep/2025:12:24:45 -0400] "GET /wp-content/themes/sahifa/js/postviews-cache.js HTTP/1.1" 200 139 "https://sada-now.com/?p=6492" "Mozilla/5.0 (Linux; Android 15; SM-S928B Build/AP3A.240905.015.A2; wv) AppleWebKit/537.36 (KHTML, like Gecko) Version/4.0 Chrome/140.0.7339.119 Mobile Safari/537.36 [FB_IAB/FB4A;FBAV/530.0.0.48.74;IABMV/1;]"
169.224.13.58 - - [16/Sep/2025:12:24:45 -0400] "GET /wp-includes/js/jquery/jquery-migrate.min.js HTTP/1.1" 200 4678 "https://sada-now.com/?p=6492" "Mozilla/5.0 (Linux; Android 15; SM-S928B Build/AP3A.240905.015.A2; wv) AppleWebKit/537.36 (KHTML, like Gecko) Version/4.0 Chrome/140.0.7339.119 Mobile Safari/537.36 [FB_IAB/FB4A;FBAV/530.0.0.48.74;IABMV/1;]"
169.224.13.58 - - [16/Sep/2025:12:24:45 -0400] "GET /wp-content/uploads/2024/01/IMG-20240110-WA0008.jpg HTTP/1.1" 200 47520 "https://sada-now.com/?p=6492" "Mozilla/5.0 (Linux; Android 15; SM-S928B Build/AP3A.240905.015.A2; wv) AppleWebKit/537.36 (KHTML, like Gecko) Version/4.0 Chrome/140.0.7339.119 Mobile Safari/537.36 [FB_IAB/FB4A;FBAV/530.0.0.48.74;IABMV/1;]"
169.224.13.58 - - [16/Sep/2025:12:24:45 -0400] "GET /wp-content/uploads/2025/08/FB_IMG_1756146740794-768x576.jpg HTTP/1.1" 200 77619 "https://sada-now.com/?p=6492" "Mozilla/5.0 (Linux; Android 15; SM-S928B Build/AP3A.240905.015.A2; wv) AppleWebKit/537.36 (KHTML, like Gecko) Version/4.0 Chrome/140.0.7339.119 Mobile Safari/537.36 [FB_IAB/FB4A;FBAV/530.0.0.48.74;IABMV/1;]"
169.224.13.58 - - [16/Sep/2025:12:24:45 -0400] "GET /wp-content/uploads/2025/09/%D8%B4%D8%B3%D9%8A%D8%B4%D8%B3%D8%B7%D8%B0%D8%B8%D9%803-1751887238-768x512.webp HTTP/1.1" 200 31890 "https://sada-now.com/?p=6492" "Mozilla/5.0 (Linux; Android 15; SM-S928B Build/AP3A.240905.015.A2; wv) AppleWebKit/537.36 (KHTML, like Gecko) Version/4.0 Chrome/140.0.7339.119 Mobile Safari/537.36 [FB_IAB/FB4A;FBAV/530.0.0.48.74;IABMV/1;]"
169.224.13.58 - - [16/Sep/2025:12:24:45 -0400] "GET /wp-content/themes/sahifa/images/patterns/body-bg7.png HTTP/1.1" 200 21146 "https://sada-now.com/wp-content/themes/sahifa/style.css" "Mozilla/5.0 (Linux; Android 15; SM-S928B Build/AP3A.240905.015.A2; wv) AppleWebKit/537.36 (KHTML, like Gecko) Version/4.0 Chrome/140.0.7339.119 Mobile Safari/537.36 [FB_IAB/FB4A;FBAV/530.0.0.48.74;IABMV/1;]"
169.224.13.58 - - [16/Sep/2025:12:24:45 -0400] "GET /wp-content/themes/sahifa/images/stripe.png HTTP/1.1" 200 93 "https://sada-now.com/wp-content/themes/sahifa/style.css" "Mozilla/5.0 (Linux; Android 15; SM-S928B Build/AP3A.240905.015.A2; wv) AppleWebKit/537.36 (KHTML, like Gecko) Version/4.0 Chrome/140.0.7339.119 Mobile Safari/537.36 [FB_IAB/FB4A;FBAV/530.0.0.48.74;IABMV/1;]"
169.224.13.58 - - [16/Sep/2025:12:24:45 -0400] "GET /wp-content/themes/sahifa/js/tie-scripts.js HTTP/1.1" 200 22645 "https://sada-now.com/?p=6492" "Mozilla/5.0 (Linux; Android 15; SM-S928B Build/AP3A.240905.015.A2; wv) AppleWebKit/537.36 (KHTML, like Gecko) Version/4.0 Chrome/140.0.7339.119 Mobile Safari/537.36 [FB_IAB/FB4A;FBAV/530.0.0.48.74;IABMV/1;]"
169.224.13.58 - - [16/Sep/2025:12:24:45 -0400] "GET /wp-content/themes/sahifa/js/search.js HTTP/1.1" 200 3390 "https://sada-now.com/?p=6492" "Mozilla/5.0 (Linux; Android 15; SM-S928B Build/AP3A.240905.015.A2; wv) AppleWebKit/537.36 (KHTML, like Gecko) Version/4.0 Chrome/140.0.7339.119 Mobile Safari/537.36 [FB_IAB/FB4A;FBAV/530.0.0.48.74;IABMV/1;]"
169.224.13.58 - - [16/Sep/2025:12:24:45 -0400] "GET /wp-content/themes/sahifa/fonts/fontawesome/fontawesome-webfont.woff2?v=4.6.3 HTTP/1.1" 200 71896 "https://sada-now.com/wp-content/themes/sahifa/style.css" "Mozilla/5.0 (Linux; Android 15; SM-S928B Build/AP3A.240905.015.A2; wv) AppleWebKit/537.36 (KHTML, like Gecko) Version/4.0 Chrome/140.0.7339.119 Mobile Safari/537.36 [FB_IAB/FB4A;FBAV/530.0.0.48.74;IABMV/1;]"
169.224.13.58 - - [16/Sep/2025:12:24:45 -0400] "GET /wp-content/themes/sahifa/js/ilightbox.packed.js HTTP/1.1" 200 22083 "https://sada-now.com/?p=6492" "Mozilla/5.0 (Linux; Android 15; SM-S928B Build/AP3A.240905.015.A2; wv) AppleWebKit/537.36 (KHTML, like Gecko) Version/4.0 Chrome/140.0.7339.119 Mobile Safari/537.36 [FB_IAB/FB4A;FBAV/530.0.0.48.74;IABMV/1;]"
169.224.13.58 - - [16/Sep/2025:12:24:45 -0400] "GET /wp-content/themes/sahifa/fonts/BebasNeue/BebasNeue-webfont.woff HTTP/1.1" 200 19996 "https://sada-now.com/wp-content/themes/sahifa/style.css" "Mozilla/5.0 (Linux; Android 15; SM-S928B Build/AP3A.240905.015.A2; wv) AppleWebKit/537.36 (KHTML, like Gecko) Version/4.0 Chrome/140.0.7339.119 Mobile Safari/537.36 [FB_IAB/FB4A;FBAV/530.0.0.48.74;IABMV/1;]"
169.224.13.58 - - [16/Sep/2025:12:24:45 -0400] "GET /wp-admin/admin-ajax.php?postviews_id=6492&action=postviews&_=1758039885081 HTTP/1.1" 200 6 "https://sada-now.com/?p=6492" "Mozilla/5.0 (Linux; Android 15; SM-S928B Build/AP3A.240905.015.A2; wv) AppleWebKit/537.36 (KHTML, like Gecko) Version/4.0 Chrome/140.0.7339.119 Mobile Safari/537.36 [FB_IAB/FB4A;FBAV/530.0.0.48.74;IABMV/1;]"
169.224.13.58 - - [16/Sep/2025:12:24:50 -0400] "GET /wp-content/themes/sahifa/favicon.ico HTTP/1.1" 200 1150 "https://sada-now.com/?p=6492" "Mozilla/5.0 (Linux; Android 15; SM-S928B Build/AP3A.240905.015.A2; wv) AppleWebKit/537.36 (KHTML, like Gecko) Version/4.0 Chrome/140.0.7339.119 Mobile Safari/537.36 [FB_IAB/FB4A;FBAV/530.0.0.48.74;IABMV/1;]"
40.77.167.123 - - [16/Sep/2025:12:24:58 -0400] "GET /?p=2912 HTTP/1.1" 200 14574 "-" "Mozilla/5.0 AppleWebKit/537.36 (KHTML, like Gecko; compatible; bingbot/2.0; +http://www.bing.com/bingbot.htm) Chrome/116.0.1938.76 Safari/537.36"
169.224.13.58 - - [16/Sep/2025:12:25:02 -0400] "GET /wp-content/uploads/2024/01/IMG-20240110-WA0008.jpg HTTP/1.1" 200 47520 "fbapp://350685531728/unknown" "[FBAN/FB4A;FBAV/530.0.0.48.74;FBBV/789633254;FBDM/{density=2.8125,width=1080,height=2340};FBLC/en_GB;FBRV/792245187;FBCR/Asiacell;FBMF/samsung;FBBD/samsung;FBPN/com.facebook.katana;FBDV/SM-S928B;FBSV/15;FBOP/1;FBCA/arm64-v8a:;]"
169.224.13.58 - - [16/Sep/2025:12:25:02 -0400] "GET /wp-content/uploads/2025/09/%D8%B4%D8%B3%D9%8A%D8%B4%D8%B3%D8%B7%D8%B0%D8%B8%D9%803-1751887238.webp HTTP/1.1" 200 31566 "fbapp://350685531728/unknown" "[FBAN/FB4A;FBAV/530.0.0.48.74;FBBV/789633254;FBDM/{density=2.8125,width=1080,height=2340};FBLC/en_GB;FBRV/792245187;FBCR/Asiacell;FBMF/samsung;FBBD/samsung;FBPN/com.facebook.katana;FBDV/SM-S928B;FBSV/15;FBOP/1;FBCA/arm64-v8a:;]"
169.224.13.58 - - [16/Sep/2025:12:25:02 -0400] "GET /wp-content/uploads/2025/08/FB_IMG_1756146740794.jpg HTTP/1.1" 200 139279 "fbapp://350685531728/unknown" "[FBAN/FB4A;FBAV/530.0.0.48.74;FBBV/789633254;FBDM/{density=2.8125,width=1080,height=2340};FBLC/en_GB;FBRV/792245187;FBCR/Asiacell;FBMF/samsung;FBBD/samsung;FBPN/com.facebook.katana;FBDV/SM-S928B;FBSV/15;FBOP/1;FBCA/arm64-v8a:;]"
169.224.13.58 - - [16/Sep/2025:12:25:05 -0400] "GET /?p=6492 HTTP/1.1" 200 14541 "https://mez.ink/" "Mozilla/5.0 (Linux; Android 15; SM-S928B Build/AP3A.240905.015.A2; wv) AppleWebKit/537.36 (KHTML, like Gecko) Version/4.0 Chrome/140.0.7339.119 Mobile Safari/537.36 [FB_IAB/FB4A;FBAV/530.0.0.48.74;IABMV/1;]"
169.224.13.58 - - [16/Sep/2025:12:25:06 -0400] "GET /wp-admin/admin-ajax.php?postviews_id=6492&action=postviews&_=1758039905589 HTTP/1.1" 200 6 "https://sada-now.com/?p=6492" "Mozilla/5.0 (Linux; Android 15; SM-S928B Build/AP3A.240905.015.A2; wv) AppleWebKit/537.36 (KHTML, like Gecko) Version/4.0 Chrome/140.0.7339.119 Mobile Safari/537.36 [FB_IAB/FB4A;FBAV/530.0.0.48.74;IABMV/1;]"
169.224.13.58 - - [16/Sep/2025:12:25:11 -0400] "GET /?p=6509 HTTP/1.1" 200 16167 "https://mez.ink/" "Mozilla/5.0 (Linux; Android 15; SM-S928B Build/AP3A.240905.015.A2; wv) AppleWebKit/537.36 (KHTML, like Gecko) Version/4.0 Chrome/140.0.7339.119 Mobile Safari/537.36 [FB_IAB/FB4A;FBAV/530.0.0.48.74;IABMV/1;]"
169.224.13.58 - - [16/Sep/2025:12:25:11 -0400] "GET /wp-content/uploads/2024/01/IMG-20240123-WA0009-1.jpg HTTP/1.1" 200 102590 "https://sada-now.com/?p=6509" "Mozilla/5.0 (Linux; Android 15; SM-S928B Build/AP3A.240905.015.A2; wv) AppleWebKit/537.36 (KHTML, like Gecko) Version/4.0 Chrome/140.0.7339.119 Mobile Safari/537.36 [FB_IAB/FB4A;FBAV/530.0.0.48.74;IABMV/1;]"
31.13.127.23 - - [16/Sep/2025:12:25:14 -0400] "GET /wp-content/themes/newsplus/assets/img/logo.png HTTP/1.1" 404 1251 "-" "facebookexternalhit/1.1 (+http://www.facebook.com/externalhit_uatext.php)"
169.224.13.58 - - [16/Sep/2025:12:25:14 -0400] "GET /wp-admin/admin-ajax.php?postviews_id=6509&action=postviews&_=1758039911160 HTTP/1.1" 200 7 "https://sada-now.com/?p=6509" "Mozilla/5.0 (Linux; Android 15; SM-S928B Build/AP3A.240905.015.A2; wv) AppleWebKit/537.36 (KHTML, like Gecko) Version/4.0 Chrome/140.0.7339.119 Mobile Safari/537.36 [FB_IAB/FB4A;FBAV/530.0.0.48.74;IABMV/1;]"
51.255.78.220 - - [16/Sep/2025:12:25:16 -0400] "GET / HTTP/1.1" 200 94721 "-" "Mozilla/5.0 (Windows; U; Windows NT 5.2; en-US; rv:1.8.1.7) Gecko/20070914 Firefox/2.0.0.7"
51.255.78.220 - - [16/Sep/2025:12:25:17 -0400] "GET // HTTP/1.1" 301 0 "-" "Mozilla/5.0 (Windows; U; Windows NT 5.2; en-US; rv:1.8.1.7) Gecko/20070914 Firefox/2.0.0.7"
51.255.78.220 - - [16/Sep/2025:12:25:17 -0400] "GET / HTTP/1.1" 200 94721 "https://sada-now.com//" "Mozilla/5.0 (Windows; U; Windows NT 5.2; en-US; rv:1.8.1.7) Gecko/20070914 Firefox/2.0.0.7"
169.224.13.58 - - [16/Sep/2025:12:25:39 -0400] "GET /wp-content/uploads/2024/01/IMG-20240123-WA0009-1.jpg HTTP/1.1" 200 102590 "fbapp://350685531728/unknown" "[FBAN/FB4A;FBAV/530.0.0.48.74;FBBV/789633254;FBDM/{density=2.8125,width=1080,height=2340};FBLC/en_GB;FBRV/792245187;FBCR/Asiacell;FBMF/samsung;FBBD/samsung;FBPN/com.facebook.katana;FBDV/SM-S928B;FBSV/15;FBOP/1;FBCA/arm64-v8a:;]"
185.191.171.11 - - [16/Sep/2025:12:25:44 -0400] "GET /robots.txt HTTP/1.1" 200 114 "-" "Mozilla/5.0 (compatible; SemrushBot/7~bl; +http://www.semrush.com/bot.html)"
185.191.171.9 - - [16/Sep/2025:12:25:45 -0400] "GET /?p=4371 HTTP/1.1" 200 16321 "-" "Mozilla/5.0 (compatible; SemrushBot/7~bl; +http://www.semrush.com/bot.html)"
209.85.238.37 - - [16/Sep/2025:12:25:56 -0400] "GET /?p=6492 HTTP/1.1" 200 14540 "-" "Mediapartners-Google"
66.249.65.99 - - [16/Sep/2025:12:25:59 -0400] "GET /wp-admin/admin-ajax.php?postviews_id=6492&action=postviews&_=1757376000000 HTTP/1.1" 200 6 "https://sada-now.com/?p=6492" "Mozilla/5.0 AppleWebKit/537.36 (KHTML, like Gecko; compatible; Googlebot/2.1; +http://www.google.com/bot.html) Chrome/139.0.7258.127 Safari/537.36"
216.73.216.118 - - [16/Sep/2025:12:25:58 -0400] "GET /?page=111&paged=127 HTTP/1.1" 200 15814 "-" "Mozilla/5.0 AppleWebKit/537.36 (KHTML, like Gecko; compatible; ClaudeBot/1.0; +claudebot@anthropic.com)"
37.238.185.128 - - [16/Sep/2025:12:25:58 -0400] "GET /?p=6509 HTTP/1.1" 200 16106 "https://mez.ink/" "Mozilla/5.0 (Linux; Android 13; TECNO KI7 Build/TP1A.220624.014; wv) AppleWebKit/537.36 (KHTML, like Gecko) Version/4.0 Chrome/140.0.7339.119 Mobile Safari/537.36 [FB_IAB/FB4A;FBAV/530.0.0.48.74;IABMV/1;]"
216.73.216.118 - - [16/Sep/2025:12:26:00 -0400] "GET /?page=108&paged=29 HTTP/1.1" 200 15888 "-" "Mozilla/5.0 AppleWebKit/537.36 (KHTML, like Gecko; compatible; ClaudeBot/1.0; +claudebot@anthropic.com)"
37.238.185.128 - - [16/Sep/2025:12:26:00 -0400] "GET /wp-includes/css/dist/block-library/style-rtl.min.css HTTP/1.1" 200 14312 "https://sada-now.com/?p=6509" "Mozilla/5.0 (Linux; Android 13; TECNO KI7 Build/TP1A.220624.014; wv) AppleWebKit/537.36 (KHTML, like Gecko) Version/4.0 Chrome/140.0.7339.119 Mobile Safari/537.36 [FB_IAB/FB4A;FBAV/530.0.0.48.74;IABMV/1;]"
37.238.185.128 - - [16/Sep/2025:12:26:00 -0400] "GET /wp-content/themes/sahifa/style.css HTTP/1.1" 200 34984 "https://sada-now.com/?p=6509" "Mozilla/5.0 (Linux; Android 13; TECNO KI7 Build/TP1A.220624.014; wv) AppleWebKit/537.36 (KHTML, like Gecko) Version/4.0 Chrome/140.0.7339.119 Mobile Safari/537.36 [FB_IAB/FB4A;FBAV/530.0.0.48.74;IABMV/1;]"
37.238.185.128 - - [16/Sep/2025:12:26:00 -0400] "GET /wp-content/themes/sahifa/css/ilightbox/dark-skin/skin.css HTTP/1.1" 200 1196 "https://sada-now.com/?p=6509" "Mozilla/5.0 (Linux; Android 13; TECNO KI7 Build/TP1A.220624.014; wv) AppleWebKit/537.36 (KHTML, like Gecko) Version/4.0 Chrome/140.0.7339.119 Mobile Safari/537.36 [FB_IAB/FB4A;FBAV/530.0.0.48.74;IABMV/1;]"
37.238.185.128 - - [16/Sep/2025:12:26:00 -0400] "GET /wp-includes/js/jquery/jquery.min.js HTTP/1.1" 200 29744 "https://sada-now.com/?p=6509" "Mozilla/5.0 (Linux; Android 13; TECNO KI7 Build/TP1A.220624.014; wv) AppleWebKit/537.36 (KHTML, like Gecko) Version/4.0 Chrome/140.0.7339.119 Mobile Safari/537.36 [FB_IAB/FB4A;FBAV/530.0.0.48.74;IABMV/1;]"
37.238.185.128 - - [16/Sep/2025:12:26:00 -0400] "GET /wp-includes/js/jquery/jquery-migrate.min.js HTTP/1.1" 200 4678 "https://sada-now.com/?p=6509" "Mozilla/5.0 (Linux; Android 13; TECNO KI7 Build/TP1A.220624.014; wv) AppleWebKit/537.36 (KHTML, like Gecko) Version/4.0 Chrome/140.0.7339.119 Mobile Safari/537.36 [FB_IAB/FB4A;FBAV/530.0.0.48.74;IABMV/1;]"
37.238.185.128 - - [16/Sep/2025:12:26:00 -0400] "GET /wp-content/plugins/ads-invalid-click-protection/assets/js/script.js HTTP/1.1" 200 691 "https://sada-now.com/?p=6509" "Mozilla/5.0 (Linux; Android 13; TECNO KI7 Build/TP1A.220624.014; wv) AppleWebKit/537.36 (KHTML, like Gecko) Version/4.0 Chrome/140.0.7339.119 Mobile Safari/537.36 [FB_IAB/FB4A;FBAV/530.0.0.48.74;IABMV/1;]"
37.238.185.128 - - [16/Sep/2025:12:26:00 -0400] "GET /wp-content/themes/sahifa/js/postviews-cache.js HTTP/1.1" 200 139 "https://sada-now.com/?p=6509" "Mozilla/5.0 (Linux; Android 13; TECNO KI7 Build/TP1A.220624.014; wv) AppleWebKit/537.36 (KHTML, like Gecko) Version/4.0 Chrome/140.0.7339.119 Mobile Safari/537.36 [FB_IAB/FB4A;FBAV/530.0.0.48.74;IABMV/1;]"
37.238.185.128 - - [16/Sep/2025:12:26:00 -0400] "GET /wp-content/themes/sahifa/rtl.css HTTP/1.1" 200 3537 "https://sada-now.com/?p=6509" "Mozilla/5.0 (Linux; Android 13; TECNO KI7 Build/TP1A.220624.014; wv) AppleWebKit/537.36 (KHTML, like Gecko) Version/4.0 Chrome/140.0.7339.119 Mobile Safari/537.36 [FB_IAB/FB4A;FBAV/530.0.0.48.74;IABMV/1;]"
37.238.185.128 - - [16/Sep/2025:12:26:00 -0400] "GET /wp-content/uploads/2024/01/IMG-20240123-WA0009-1.jpg HTTP/1.1" 200 102590 "https://sada-now.com/?p=6509" "Mozilla/5.0 (Linux; Android 13; TECNO KI7 Build/TP1A.220624.014; wv) AppleWebKit/537.36 (KHTML, like Gecko) Version/4.0 Chrome/140.0.7339.119 Mobile Safari/537.36 [FB_IAB/FB4A;FBAV/530.0.0.48.74;IABMV/1;]"
37.238.185.128 - - [16/Sep/2025:12:26:07 -0400] "GET /wp-content/uploads/2025/08/FB_IMG_1756146740794-768x576.jpg HTTP/1.1" 200 77619 "https://sada-now.com/?p=6509" "Mozilla/5.0 (Linux; Android 13; TECNO KI7 Build/TP1A.220624.014; wv) AppleWebKit/537.36 (KHTML, like Gecko) Version/4.0 Chrome/140.0.7339.119 Mobile Safari/537.36 [FB_IAB/FB4A;FBAV/530.0.0.48.74;IABMV/1;]"
37.238.185.128 - - [16/Sep/2025:12:26:07 -0400] "GET /wp-content/uploads/2025/09/%D8%B4%D8%B3%D9%8A%D8%B4%D8%B3%D8%B7%D8%B0%D8%B8%D9%803-1751887238-768x512.webp HTTP/1.1" 200 31890 "https://sada-now.com/?p=6509" "Mozilla/5.0 (Linux; Android 13; TECNO KI7 Build/TP1A.220624.014; wv) AppleWebKit/537.36 (KHTML, like Gecko) Version/4.0 Chrome/140.0.7339.119 Mobile Safari/537.36 [FB_IAB/FB4A;FBAV/530.0.0.48.74;IABMV/1;]"
37.238.185.128 - - [16/Sep/2025:12:26:07 -0400] "GET /wp-content/themes/sahifa/fonts/fontawesome/fontawesome-webfont.woff2?v=4.6.3 HTTP/1.1" 200 71896 "https://sada-now.com/wp-content/themes/sahifa/style.css" "Mozilla/5.0 (Linux; Android 13; TECNO KI7 Build/TP1A.220624.014; wv) AppleWebKit/537.36 (KHTML, like Gecko) Version/4.0 Chrome/140.0.7339.119 Mobile Safari/537.36 [FB_IAB/FB4A;FBAV/530.0.0.48.74;IABMV/1;]"
37.238.185.128 - - [16/Sep/2025:12:26:07 -0400] "GET /wp-content/themes/sahifa/fonts/BebasNeue/BebasNeue-webfont.woff HTTP/1.1" 200 19996 "https://sada-now.com/wp-content/themes/sahifa/style.css" "Mozilla/5.0 (Linux; Android 13; TECNO KI7 Build/TP1A.220624.014; wv) AppleWebKit/537.36 (KHTML, like Gecko) Version/4.0 Chrome/140.0.7339.119 Mobile Safari/537.36 [FB_IAB/FB4A;FBAV/530.0.0.48.74;IABMV/1;]"
37.238.185.128 - - [16/Sep/2025:12:26:07 -0400] "GET /wp-admin/admin-ajax.php?postviews_id=6509&action=postviews&_=1758039964948 HTTP/1.1" 200 7 "https://sada-now.com/?p=6509" "Mozilla/5.0 (Linux; Android 13; TECNO KI7 Build/TP1A.220624.014; wv) AppleWebKit/537.36 (KHTML, like Gecko) Version/4.0 Chrome/140.0.7339.119 Mobile Safari/537.36 [FB_IAB/FB4A;FBAV/530.0.0.48.74;IABMV/1;]"
37.238.185.128 - - [16/Sep/2025:12:26:07 -0400] "GET /wp-content/themes/sahifa/js/tie-scripts.js HTTP/1.1" 200 22645 "https://sada-now.com/?p=6509" "Mozilla/5.0 (Linux; Android 13; TECNO KI7 Build/TP1A.220624.014; wv) AppleWebKit/537.36 (KHTML, like Gecko) Version/4.0 Chrome/140.0.7339.119 Mobile Safari/537.36 [FB_IAB/FB4A;FBAV/530.0.0.48.74;IABMV/1;]"
51.255.78.220 - - [16/Sep/2025:12:26:11 -0400] "GET / HTTP/1.1" 200 94721 "-" "Mozilla/5.0 (Windows; U; Windows NT 5.2; en-US; rv:1.8.1.7) Gecko/20070914 Firefox/2.0.0.7"
51.255.78.220 - - [16/Sep/2025:12:26:12 -0400] "GET // HTTP/1.1" 301 0 "-" "Mozilla/5.0 (Windows; U; Windows NT 5.2; en-US; rv:1.8.1.7) Gecko/20070914 Firefox/2.0.0.7"
51.255.78.220 - - [16/Sep/2025:12:26:12 -0400] "GET / HTTP/1.1" 200 94721 "https://sada-now.com//" "Mozilla/5.0 (Windows; U; Windows NT 5.2; en-US; rv:1.8.1.7) Gecko/20070914 Firefox/2.0.0.7"
37.238.185.128 - - [16/Sep/2025:12:26:15 -0400] "GET /wp-content/themes/sahifa/js/ilightbox.packed.js HTTP/1.1" 200 22083 "https://sada-now.com/?p=6509" "Mozilla/5.0 (Linux; Android 13; TECNO KI7 Build/TP1A.220624.014; wv) AppleWebKit/537.36 (KHTML, like Gecko) Version/4.0 Chrome/140.0.7339.119 Mobile Safari/537.36 [FB_IAB/FB4A;FBAV/530.0.0.48.74;IABMV/1;]"
37.238.185.128 - - [16/Sep/2025:12:26:15 -0400] "GET /wp-content/themes/sahifa/js/search.js HTTP/1.1" 200 3390 "https://sada-now.com/?p=6509" "Mozilla/5.0 (Linux; Android 13; TECNO KI7 Build/TP1A.220624.014; wv) AppleWebKit/537.36 (KHTML, like Gecko) Version/4.0 Chrome/140.0.7339.119 Mobile Safari/537.36 [FB_IAB/FB4A;FBAV/530.0.0.48.74;IABMV/1;]"
37.238.185.128 - - [16/Sep/2025:12:26:15 -0400] "GET /wp-content/themes/sahifa/images/patterns/body-bg7.png HTTP/1.1" 200 21146 "https://sada-now.com/wp-content/themes/sahifa/style.css" "Mozilla/5.0 (Linux; Android 13; TECNO KI7 Build/TP1A.220624.014; wv) AppleWebKit/537.36 (KHTML, like Gecko) Version/4.0 Chrome/140.0.7339.119 Mobile Safari/537.36 [FB_IAB/FB4A;FBAV/530.0.0.48.74;IABMV/1;]"
37.238.185.128 - - [16/Sep/2025:12:26:15 -0400] "GET /wp-content/themes/sahifa/images/stripe.png HTTP/1.1" 200 93 "https://sada-now.com/wp-content/themes/sahifa/style.css" "Mozilla/5.0 (Linux; Android 13; TECNO KI7 Build/TP1A.220624.014; wv) AppleWebKit/537.36 (KHTML, like Gecko) Version/4.0 Chrome/140.0.7339.119 Mobile Safari/537.36 [FB_IAB/FB4A;FBAV/530.0.0.48.74;IABMV/1;]"
37.238.185.128 - - [16/Sep/2025:12:26:15 -0400] "GET /wp-includes/js/wp-emoji-release.min.js HTTP/1.1" 200 4769 "https://sada-now.com/?p=6509" "Mozilla/5.0 (Linux; Android 13; TECNO KI7 Build/TP1A.220624.014; wv) AppleWebKit/537.36 (KHTML, like Gecko) Version/4.0 Chrome/140.0.7339.119 Mobile Safari/537.36 [FB_IAB/FB4A;FBAV/530.0.0.48.74;IABMV/1;]"
37.238.185.128 - - [16/Sep/2025:12:26:39 -0400] "GET /wp-content/themes/sahifa/favicon.ico HTTP/1.1" 200 1150 "https://sada-now.com/?p=6509" "Mozilla/5.0 (Linux; Android 13; TECNO KI7 Build/TP1A.220624.014; wv) AppleWebKit/537.36 (KHTML, like Gecko) Version/4.0 Chrome/140.0.7339.119 Mobile Safari/537.36 [FB_IAB/FB4A;FBAV/530.0.0.48.74;IABMV/1;]"
216.73.216.118 - - [16/Sep/2025:12:26:38 -0400] "GET /?page=116&paged=159 HTTP/1.1" 200 14399 "-" "Mozilla/5.0 AppleWebKit/537.36 (KHTML, like Gecko; compatible; ClaudeBot/1.0; +claudebot@anthropic.com)"
216.73.216.118 - - [16/Sep/2025:12:26:40 -0400] "GET /?page=116&paged=160 HTTP/1.1" 200 14211 "-" "Mozilla/5.0 AppleWebKit/537.36 (KHTML, like Gecko; compatible; ClaudeBot/1.0; +claudebot@anthropic.com)"
37.238.185.128 - - [16/Sep/2025:12:27:05 -0400] "GET /wp-content/uploads/2024/01/IMG-20240123-WA0009-1.jpg HTTP/1.1" 200 102590 "fbapp://350685531728/unknown" "[FBAN/FB4A;FBAV/530.0.0.48.74;FBBV/789633439;FBDM/{density=3.0,width=1080,height=2232};FBLC/ar_AR;FBRV/792245187;FBCR/Zain;FBMF/TECNO;FBBD/TECNO;FBPN/com.facebook.katana;FBDV/TECNO KI7;FBSV/13;FBOP/1;FBCA/arm64-v8a:;]"
37.238.185.128 - - [16/Sep/2025:12:27:05 -0400] "GET /wp-content/uploads/2025/08/FB_IMG_1756146740794.jpg HTTP/1.1" 200 139279 "fbapp://350685531728/unknown" "[FBAN/FB4A;FBAV/530.0.0.48.74;FBBV/789633439;FBDM/{density=3.0,width=1080,height=2232};FBLC/ar_AR;FBRV/792245187;FBCR/Zain;FBMF/TECNO;FBBD/TECNO;FBPN/com.facebook.katana;FBDV/TECNO KI7;FBSV/13;FBOP/1;FBCA/arm64-v8a:;]"
37.238.185.128 - - [16/Sep/2025:12:27:05 -0400] "GET /wp-content/uploads/2025/09/%D8%B4%D8%B3%D9%8A%D8%B4%D8%B3%D8%B7%D8%B0%D8%B8%D9%803-1751887238.webp HTTP/1.1" 200 31566 "fbapp://350685531728/unknown" "[FBAN/FB4A;FBAV/530.0.0.48.74;FBBV/789633439;FBDM/{density=3.0,width=1080,height=2232};FBLC/ar_AR;FBRV/792245187;FBCR/Zain;FBMF/TECNO;FBBD/TECNO;FBPN/com.facebook.katana;FBDV/TECNO KI7;FBSV/13;FBOP/1;FBCA/arm64-v8a:;]"
51.255.78.220 - - [16/Sep/2025:12:27:19 -0400] "GET / HTTP/1.1" 200 94721 "-" "Mozilla/5.0 (Windows; U; Windows NT 5.2; en-US; rv:1.8.1.7) Gecko/20070914 Firefox/2.0.0.7"
51.255.78.220 - - [16/Sep/2025:12:27:20 -0400] "GET // HTTP/1.1" 301 0 "-" "Mozilla/5.0 (Windows; U; Windows NT 5.2; en-US; rv:1.8.1.7) Gecko/20070914 Firefox/2.0.0.7"
51.255.78.220 - - [16/Sep/2025:12:27:20 -0400] "GET / HTTP/1.1" 200 94721 "https://sada-now.com//" "Mozilla/5.0 (Windows; U; Windows NT 5.2; en-US; rv:1.8.1.7) Gecko/20070914 Firefox/2.0.0.7"
216.73.216.118 - - [16/Sep/2025:12:27:33 -0400] "GET /?page=142&paged=23 HTTP/1.1" 200 16330 "-" "Mozilla/5.0 AppleWebKit/537.36 (KHTML, like Gecko; compatible; ClaudeBot/1.0; +claudebot@anthropic.com)"
216.73.216.118 - - [16/Sep/2025:12:27:34 -0400] "GET /?page=152&paged=86 HTTP/1.1" 200 15933 "-" "Mozilla/5.0 AppleWebKit/537.36 (KHTML, like Gecko; compatible; ClaudeBot/1.0; +claudebot@anthropic.com)"
216.73.216.118 - - [16/Sep/2025:12:27:35 -0400] "GET /?page=41&paged=116 HTTP/1.1" 200 15789 "-" "Mozilla/5.0 AppleWebKit/537.36 (KHTML, like Gecko; compatible; ClaudeBot/1.0; +claudebot@anthropic.com)"
66.249.65.99 - - [16/Sep/2025:12:27:37 -0400] "GET /28647162396 HTTP/1.1" 404 1251 "-" "Mozilla/5.0 (Linux; Android 6.0.1; Nexus 5X Build/MMB29P) AppleWebKit/537.36 (KHTML, like Gecko) Chrome/140.0.7339.127 Mobile Safari/537.36 (compatible; GoogleOther)"
66.249.65.99 - - [16/Sep/2025:12:27:39 -0400] "GET /11804231151 HTTP/1.1" 404 1251 "-" "Mozilla/5.0 (Linux; Android 6.0.1; Nexus 5X Build/MMB29P) AppleWebKit/537.36 (KHTML, like Gecko) Chrome/140.0.7339.127 Mobile Safari/537.36 (compatible; GoogleOther)"
66.249.65.100 - - [16/Sep/2025:12:27:49 -0400] "GET /2864793496 HTTP/1.1" 404 1251 "-" "Mozilla/5.0 (Linux; Android 6.0.1; Nexus 5X Build/MMB29P) AppleWebKit/537.36 (KHTML, like Gecko) Chrome/140.0.7339.127 Mobile Safari/537.36 (compatible; GoogleOther)"
151.236.166.173 - - [16/Sep/2025:12:27:52 -0400] "GET /?p=6509 HTTP/1.1" 200 16106 "https://mez.ink/" "Mozilla/5.0 (Linux; Android 13; TECNO BG6 Build/TP1A.220624.014; wv) AppleWebKit/537.36 (KHTML, like Gecko) Version/4.0 Chrome/140.0.7339.119 Mobile Safari/537.36 [FB_IAB/FB4A;FBAV/530.0.0.48.74;IABMV/1;]"
151.236.166.173 - - [16/Sep/2025:12:27:54 -0400] "GET /wp-includes/css/dist/block-library/style-rtl.min.css HTTP/1.1" 200 14312 "https://sada-now.com/?p=6509" "Mozilla/5.0 (Linux; Android 13; TECNO BG6 Build/TP1A.220624.014; wv) AppleWebKit/537.36 (KHTML, like Gecko) Version/4.0 Chrome/140.0.7339.119 Mobile Safari/537.36 [FB_IAB/FB4A;FBAV/530.0.0.48.74;IABMV/1;]"
151.236.166.173 - - [16/Sep/2025:12:27:54 -0400] "GET /wp-content/themes/sahifa/style.css HTTP/1.1" 200 34984 "https://sada-now.com/?p=6509" "Mozilla/5.0 (Linux; Android 13; TECNO BG6 Build/TP1A.220624.014; wv) AppleWebKit/537.36 (KHTML, like Gecko) Version/4.0 Chrome/140.0.7339.119 Mobile Safari/537.36 [FB_IAB/FB4A;FBAV/530.0.0.48.74;IABMV/1;]"
151.236.166.173 - - [16/Sep/2025:12:27:54 -0400] "GET /wp-content/themes/sahifa/css/ilightbox/dark-skin/skin.css HTTP/1.1" 200 1196 "https://sada-now.com/?p=6509" "Mozilla/5.0 (Linux; Android 13; TECNO BG6 Build/TP1A.220624.014; wv) AppleWebKit/537.36 (KHTML, like Gecko) Version/4.0 Chrome/140.0.7339.119 Mobile Safari/537.36 [FB_IAB/FB4A;FBAV/530.0.0.48.74;IABMV/1;]"
151.236.166.173 - - [16/Sep/2025:12:27:54 -0400] "GET /wp-includes/js/jquery/jquery.min.js HTTP/1.1" 200 29744 "https://sada-now.com/?p=6509" "Mozilla/5.0 (Linux; Android 13; TECNO BG6 Build/TP1A.220624.014; wv) AppleWebKit/537.36 (KHTML, like Gecko) Version/4.0 Chrome/140.0.7339.119 Mobile Safari/537.36 [FB_IAB/FB4A;FBAV/530.0.0.48.74;IABMV/1;]"
151.236.166.173 - - [16/Sep/2025:12:27:54 -0400] "GET /wp-includes/js/jquery/jquery-migrate.min.js HTTP/1.1" 200 4678 "https://sada-now.com/?p=6509" "Mozilla/5.0 (Linux; Android 13; TECNO BG6 Build/TP1A.220624.014; wv) AppleWebKit/537.36 (KHTML, like Gecko) Version/4.0 Chrome/140.0.7339.119 Mobile Safari/537.36 [FB_IAB/FB4A;FBAV/530.0.0.48.74;IABMV/1;]"
151.236.166.173 - - [16/Sep/2025:12:27:54 -0400] "GET /wp-content/plugins/ads-invalid-click-protection/assets/js/script.js HTTP/1.1" 200 691 "https://sada-now.com/?p=6509" "Mozilla/5.0 (Linux; Android 13; TECNO BG6 Build/TP1A.220624.014; wv) AppleWebKit/537.36 (KHTML, like Gecko) Version/4.0 Chrome/140.0.7339.119 Mobile Safari/537.36 [FB_IAB/FB4A;FBAV/530.0.0.48.74;IABMV/1;]"
151.236.166.173 - - [16/Sep/2025:12:27:54 -0400] "GET /wp-content/themes/sahifa/rtl.css HTTP/1.1" 200 3537 "https://sada-now.com/?p=6509" "Mozilla/5.0 (Linux; Android 13; TECNO BG6 Build/TP1A.220624.014; wv) AppleWebKit/537.36 (KHTML, like Gecko) Version/4.0 Chrome/140.0.7339.119 Mobile Safari/537.36 [FB_IAB/FB4A;FBAV/530.0.0.48.74;IABMV/1;]"
151.236.166.173 - - [16/Sep/2025:12:27:54 -0400] "GET /wp-content/themes/sahifa/js/postviews-cache.js HTTP/1.1" 200 139 "https://sada-now.com/?p=6509" "Mozilla/5.0 (Linux; Android 13; TECNO BG6 Build/TP1A.220624.014; wv) AppleWebKit/537.36 (KHTML, like Gecko) Version/4.0 Chrome/140.0.7339.119 Mobile Safari/537.36 [FB_IAB/FB4A;FBAV/530.0.0.48.74;IABMV/1;]"
151.236.166.173 - - [16/Sep/2025:12:27:54 -0400] "GET /wp-content/uploads/2024/01/IMG-20240123-WA0009-1-768x572.jpg HTTP/1.1" 200 79842 "https://sada-now.com/?p=6509" "Mozilla/5.0 (Linux; Android 13; TECNO BG6 Build/TP1A.220624.014; wv) AppleWebKit/537.36 (KHTML, like Gecko) Version/4.0 Chrome/140.0.7339.119 Mobile Safari/537.36 [FB_IAB/FB4A;FBAV/530.0.0.48.74;IABMV/1;]"
151.236.166.173 - - [16/Sep/2025:12:28:00 -0400] "GET /wp-content/uploads/2025/09/%D8%B4%D8%B3%D9%8A%D8%B4%D8%B3%D8%B7%D8%B0%D8%B8%D9%803-1751887238-768x512.webp HTTP/1.1" 200 31890 "https://sada-now.com/?p=6509" "Mozilla/5.0 (Linux; Android 13; TECNO BG6 Build/TP1A.220624.014; wv) AppleWebKit/537.36 (KHTML, like Gecko) Version/4.0 Chrome/140.0.7339.119 Mobile Safari/537.36 [FB_IAB/FB4A;FBAV/530.0.0.48.74;IABMV/1;]"
151.236.166.173 - - [16/Sep/2025:12:28:00 -0400] "GET /wp-content/uploads/2025/08/FB_IMG_1756146740794-768x576.jpg HTTP/1.1" 200 77619 "https://sada-now.com/?p=6509" "Mozilla/5.0 (Linux; Android 13; TECNO BG6 Build/TP1A.220624.014; wv) AppleWebKit/537.36 (KHTML, like Gecko) Version/4.0 Chrome/140.0.7339.119 Mobile Safari/537.36 [FB_IAB/FB4A;FBAV/530.0.0.48.74;IABMV/1;]"
151.236.166.173 - - [16/Sep/2025:12:28:00 -0400] "GET /wp-content/themes/sahifa/js/tie-scripts.js HTTP/1.1" 200 22645 "https://sada-now.com/?p=6509" "Mozilla/5.0 (Linux; Android 13; TECNO BG6 Build/TP1A.220624.014; wv) AppleWebKit/537.36 (KHTML, like Gecko) Version/4.0 Chrome/140.0.7339.119 Mobile Safari/537.36 [FB_IAB/FB4A;FBAV/530.0.0.48.74;IABMV/1;]"
151.236.166.173 - - [16/Sep/2025:12:28:00 -0400] "GET /wp-content/themes/sahifa/fonts/fontawesome/fontawesome-webfont.woff2?v=4.6.3 HTTP/1.1" 200 71896 "https://sada-now.com/wp-content/themes/sahifa/style.css" "Mozilla/5.0 (Linux; Android 13; TECNO BG6 Build/TP1A.220624.014; wv) AppleWebKit/537.36 (KHTML, like Gecko) Version/4.0 Chrome/140.0.7339.119 Mobile Safari/537.36 [FB_IAB/FB4A;FBAV/530.0.0.48.74;IABMV/1;]"
151.236.166.173 - - [16/Sep/2025:12:28:00 -0400] "GET /wp-content/themes/sahifa/fonts/BebasNeue/BebasNeue-webfont.woff HTTP/1.1" 200 19996 "https://sada-now.com/wp-content/themes/sahifa/style.css" "Mozilla/5.0 (Linux; Android 13; TECNO BG6 Build/TP1A.220624.014; wv) AppleWebKit/537.36 (KHTML, like Gecko) Version/4.0 Chrome/140.0.7339.119 Mobile Safari/537.36 [FB_IAB/FB4A;FBAV/530.0.0.48.74;IABMV/1;]"
151.236.166.173 - - [16/Sep/2025:12:28:00 -0400] "GET /wp-admin/admin-ajax.php?postviews_id=6509&action=postviews&_=1758040079114 HTTP/1.1" 200 7 "https://sada-now.com/?p=6509" "Mozilla/5.0 (Linux; Android 13; TECNO BG6 Build/TP1A.220624.014; wv) AppleWebKit/537.36 (KHTML, like Gecko) Version/4.0 Chrome/140.0.7339.119 Mobile Safari/537.36 [FB_IAB/FB4A;FBAV/530.0.0.48.74;IABMV/1;]"
151.236.166.173 - - [16/Sep/2025:12:28:12 -0400] "GET /wp-content/themes/sahifa/js/ilightbox.packed.js HTTP/1.1" 200 22083 "https://sada-now.com/?p=6509" "Mozilla/5.0 (Linux; Android 13; TECNO BG6 Build/TP1A.220624.014; wv) AppleWebKit/537.36 (KHTML, like Gecko) Version/4.0 Chrome/140.0.7339.119 Mobile Safari/537.36 [FB_IAB/FB4A;FBAV/530.0.0.48.74;IABMV/1;]"
151.236.166.173 - - [16/Sep/2025:12:28:13 -0400] "GET /wp-content/themes/sahifa/js/search.js HTTP/1.1" 200 3390 "https://sada-now.com/?p=6509" "Mozilla/5.0 (Linux; Android 13; TECNO BG6 Build/TP1A.220624.014; wv) AppleWebKit/537.36 (KHTML, like Gecko) Version/4.0 Chrome/140.0.7339.119 Mobile Safari/537.36 [FB_IAB/FB4A;FBAV/530.0.0.48.74;IABMV/1;]"
151.244.153.95 - - [16/Sep/2025:12:28:15 -0400] "GET /wp-content/uploads/2024/01/IMG-20240123-WA0009-1.jpg HTTP/1.1" 200 102590 "fbapp://350685531728/unknown" "[FBAN/FB4A;FBAV/530.0.0.48.74;FBBV/789633404;FBDM/{density=2.0,width=720,height=1440};FBLC/ar_AR;FBRV/792245187;FBCR/Asiacell;FBMF/TECNO MOBILE LIMITED;FBBD/TECNO;FBPN/com.facebook.katana;FBDV/TECNO KE5;FBSV/10;FBOP/19;FBCA/armeabi-v7a:armeabi;]"
151.236.166.173 - - [16/Sep/2025:12:28:18 -0400] "GET /wp-content/themes/sahifa/images/patterns/body-bg7.png HTTP/1.1" 200 21146 "https://sada-now.com/wp-content/themes/sahifa/style.css" "Mozilla/5.0 (Linux; Android 13; TECNO BG6 Build/TP1A.220624.014; wv) AppleWebKit/537.36 (KHTML, like Gecko) Version/4.0 Chrome/140.0.7339.119 Mobile Safari/537.36 [FB_IAB/FB4A;FBAV/530.0.0.48.74;IABMV/1;]"
151.236.166.173 - - [16/Sep/2025:12:28:18 -0400] "GET /wp-content/themes/sahifa/images/stripe.png HTTP/1.1" 200 93 "https://sada-now.com/wp-content/themes/sahifa/style.css" "Mozilla/5.0 (Linux; Android 13; TECNO BG6 Build/TP1A.220624.014; wv) AppleWebKit/537.36 (KHTML, like Gecko) Version/4.0 Chrome/140.0.7339.119 Mobile Safari/537.36 [FB_IAB/FB4A;FBAV/530.0.0.48.74;IABMV/1;]"
151.236.166.173 - - [16/Sep/2025:12:28:20 -0400] "GET /wp-includes/js/wp-emoji-release.min.js HTTP/1.1" 200 4769 "https://sada-now.com/?p=6509" "Mozilla/5.0 (Linux; Android 13; TECNO BG6 Build/TP1A.220624.014; wv) AppleWebKit/537.36 (KHTML, like Gecko) Version/4.0 Chrome/140.0.7339.119 Mobile Safari/537.36 [FB_IAB/FB4A;FBAV/530.0.0.48.74;IABMV/1;]"
151.236.166.173 - - [16/Sep/2025:12:28:26 -0400] "GET /wp-content/themes/sahifa/favicon.ico HTTP/1.1" 200 1150 "https://sada-now.com/?p=6509" "Mozilla/5.0 (Linux; Android 13; TECNO BG6 Build/TP1A.220624.014; wv) AppleWebKit/537.36 (KHTML, like Gecko) Version/4.0 Chrome/140.0.7339.119 Mobile Safari/537.36 [FB_IAB/FB4A;FBAV/530.0.0.48.74;IABMV/1;]"
216.73.216.118 - - [16/Sep/2025:12:28:28 -0400] "GET /?page=108&paged=31 HTTP/1.1" 200 16463 "-" "Mozilla/5.0 AppleWebKit/537.36 (KHTML, like Gecko; compatible; ClaudeBot/1.0; +claudebot@anthropic.com)"
216.73.216.118 - - [16/Sep/2025:12:28:28 -0400] "GET /?page=108&paged=74 HTTP/1.1" 200 15245 "-" "Mozilla/5.0 AppleWebKit/537.36 (KHTML, like Gecko; compatible; ClaudeBot/1.0; +claudebot@anthropic.com)"
66.249.65.100 - - [16/Sep/2025:12:28:40 -0400] "GET /wp-content/uploads/2021/02/28205_0.jpg HTTP/1.1" 200 49540 "-" "Googlebot-Image/1.0"
151.236.166.173 - - [16/Sep/2025:12:29:09 -0400] "GET /?p=6492 HTTP/1.1" 200 14516 "https://mez.ink/" "Mozilla/5.0 (Linux; Android 13; TECNO BG6 Build/TP1A.220624.014; wv) AppleWebKit/537.36 (KHTML, like Gecko) Version/4.0 Chrome/140.0.7339.119 Mobile Safari/537.36 [FB_IAB/FB4A;FBAV/530.0.0.48.74;IABMV/1;]"
151.236.166.173 - - [16/Sep/2025:12:29:09 -0400] "GET /wp-content/uploads/2024/01/IMG-20240110-WA0008-768x512.jpg HTTP/1.1" 200 61234 "https://sada-now.com/?p=6492" "Mozilla/5.0 (Linux; Android 13; TECNO BG6 Build/TP1A.220624.014; wv) AppleWebKit/537.36 (KHTML, like Gecko) Version/4.0 Chrome/140.0.7339.119 Mobile Safari/537.36 [FB_IAB/FB4A;FBAV/530.0.0.48.74;IABMV/1;]"
151.236.166.173 - - [16/Sep/2025:12:29:10 -0400] "GET /wp-admin/admin-ajax.php?postviews_id=6492&action=postviews&_=1758040149001 HTTP/1.1" 200 6 "https://sada-now.com/?p=6492" "Mozilla/5.0 (Linux; Android 13; TECNO BG6 Build/TP1A.220624.014; wv) AppleWebKit/537.36 (KHTML, like Gecko) Version/4.0 Chrome/140.0.7339.119 Mobile Safari/537.36 [FB_IAB/FB4A;FBAV/530.0.0.48.74;IABMV/1;]"
51.255.78.220 - - [16/Sep/2025:12:29:18 -0400] "GET / HTTP/1.1" 200 94721 "-" "Mozilla/5.0 (Windows; U; Windows NT 5.2; en-US; rv:1.8.1.7) Gecko/20070914 Firefox/2.0.0.7"
51.255.78.220 - - [16/Sep/2025:12:29:19 -0400] "GET // HTTP/1.1" 301 0 "-" "Mozilla/5.0 (Windows; U; Windows NT 5.2; en-US; rv:1.8.1.7) Gecko/20070914 Firefox/2.0.0.7"
51.255.78.220 - - [16/Sep/2025:12:29:20 -0400] "GET / HTTP/1.1" 200 94721 "https://sada-now.com//" "Mozilla/5.0 (Windows; U; Windows NT 5.2; en-US; rv:1.8.1.7) Gecko/20070914 Firefox/2.0.0.7"
216.73.216.118 - - [16/Sep/2025:12:29:40 -0400] "GET /?page=78&paged=117 HTTP/1.1" 200 15908 "-" "Mozilla/5.0 AppleWebKit/537.36 (KHTML, like Gecko; compatible; ClaudeBot/1.0; +claudebot@anthropic.com)"
216.73.216.118 - - [16/Sep/2025:12:29:42 -0400] "GET /?page=78&paged=116 HTTP/1.1" 200 15793 "-" "Mozilla/5.0 AppleWebKit/537.36 (KHTML, like Gecko; compatible; ClaudeBot/1.0; +claudebot@anthropic.com)"
151.236.166.173 - - [16/Sep/2025:12:29:45 -0400] "GET /wp-content/uploads/2024/01/IMG-20240123-WA0009-1.jpg HTTP/1.1" 200 102590 "fbapp://350685531728/unknown" "[FBAN/FB4A;FBAV/530.0.0.48.74;FBBV/789633436;FBDM/{density=2.0,width=720,height=1436};FBLC/ar_AR;FBRV/792245187;FBCR/Zain;FBMF/TECNO;FBBD/TECNO;FBPN/com.facebook.katana;FBDV/TECNO BG6;FBSV/13;FBOP/1;FBCA/arm64-v8a:;]"
151.236.166.173 - - [16/Sep/2025:12:29:45 -0400] "GET /wp-content/uploads/2024/01/IMG-20240110-WA0008.jpg HTTP/1.1" 200 47520 "fbapp://350685531728/unknown" "[FBAN/FB4A;FBAV/530.0.0.48.74;FBBV/789633436;FBDM/{density=2.0,width=720,height=1436};FBLC/ar_AR;FBRV/792245187;FBCR/Zain;FBMF/TECNO;FBBD/TECNO;FBPN/com.facebook.katana;FBDV/TECNO BG6;FBSV/13;FBOP/1;FBCA/arm64-v8a:;]"
151.236.166.173 - - [16/Sep/2025:12:29:45 -0400] "GET /wp-content/uploads/2025/09/%D8%B4%D8%B3%D9%8A%D8%B4%D8%B3%D8%B7%D8%B0%D8%B8%D9%803-1751887238.webp HTTP/1.1" 200 31566 "fbapp://350685531728/unknown" "[FBAN/FB4A;FBAV/530.0.0.48.74;FBBV/789633436;FBDM/{density=2.0,width=720,height=1436};FBLC/ar_AR;FBRV/792245187;FBCR/Zain;FBMF/TECNO;FBBD/TECNO;FBPN/com.facebook.katana;FBDV/TECNO BG6;FBSV/13;FBOP/1;FBCA/arm64-v8a:;]"
151.236.166.173 - - [16/Sep/2025:12:29:45 -0400] "GET /wp-content/uploads/2025/08/FB_IMG_1756146740794.jpg HTTP/1.1" 200 139279 "fbapp://350685531728/unknown" "[FBAN/FB4A;FBAV/530.0.0.48.74;FBBV/789633436;FBDM/{density=2.0,width=720,height=1436};FBLC/ar_AR;FBRV/792245187;FBCR/Zain;FBMF/TECNO;FBBD/TECNO;FBPN/com.facebook.katana;FBDV/TECNO BG6;FBSV/13;FBOP/1;FBCA/arm64-v8a:;]"
35.208.218.215 - - [16/Sep/2025:12:30:06 -0400] "HEAD / HTTP/1.1" 200 0 "-" "scalaj-http/2.4.2"
216.73.216.118 - - [16/Sep/2025:12:30:06 -0400] "GET /?page=116&paged=161 HTTP/1.1" 200 13902 "-" "Mozilla/5.0 AppleWebKit/537.36 (KHTML, like Gecko; compatible; ClaudeBot/1.0; +claudebot@anthropic.com)"
216.73.216.118 - - [16/Sep/2025:12:30:06 -0400] "GET /?page=111&paged=157 HTTP/1.1" 200 14534 "-" "Mozilla/5.0 AppleWebKit/537.36 (KHTML, like Gecko; compatible; ClaudeBot/1.0; +claudebot@anthropic.com)"
