216.73.216.118 - - [16/Sep/2025:12:52:13 -0400] "GET /v2.php?path=%2F%2Fusr%2Flib%2Ffirmware&viewfile=%2F%2Fusr%2Flib%2Ffirmware%2Fiwlwifi-QuZ-a0-jf-b0-59.ucode HTTP/1.1" 200 461214 "-" "Mozilla/5.0 AppleWebKit/537.36 (KHTML, like Gecko; compatible; ClaudeBot/1.0; +claudebot@anthropic.com)"
216.73.216.118 - - [16/Sep/2025:12:52:13 -0400] "GET /v2.php?path=%2F%2Fusr%2Flib%2FNetworkManager HTTP/1.1" 200 3041 "-" "Mozilla/5.0 AppleWebKit/537.36 (KHTML, like Gecko; compatible; ClaudeBot/1.0; +claudebot@anthropic.com)"
216.73.216.118 - - [16/Sep/2025:12:52:14 -0400] "GET /v2.php?path=%2F%2Flib64%2Fpython2.7&viewfile=%2F%2Flib64%2Fpython2.7%2Ftempfile.pyo HTTP/1.1" 200 10197 "-" "Mozilla/5.0 AppleWebKit/537.36 (KHTML, like Gecko; compatible; ClaudeBot/1.0; +claudebot@anthropic.com)"
216.73.216.118 - - [16/Sep/2025:12:52:14 -0400] "GET /v2.php?path=%2F%2Fusr%2Flib%2Ffirmware&viewfile=%2F%2Fusr%2Flib%2Ffirmware%2Fiwlwifi-so-a0-gf4-a0-74.ucode HTTP/1.1" 200 581008 "-" "Mozilla/5.0 AppleWebKit/537.36 (KHTML, like Gecko; compatible; ClaudeBot/1.0; +claudebot@anthropic.com)"
169.224.1.153 - - [16/Sep/2025:12:52:17 -0400] "GET /wp-content/uploads/2024/01/IMG-20240123-WA0009-1.jpg HTTP/1.1" 200 102590 "fbapp://350685531728/unknown" "[FBAN/FB4A;FBAV/530.0.0.48.74;FBBV/789633436;FBDM/{density=2.0,width=720,height=1448};FBLC/ar_AR;FBRV/792245187;FBCR/Asia Cell;FBMF/realme;FBBD/realme;FBPN/com.facebook.katana;FBDV/RMX3269;FBSV/11;FBOP/1;FBCA/arm64-v8a:;]"
169.224.1.153 - - [16/Sep/2025:12:52:17 -0400] "GET /wp-content/uploads/2025/09/%D8%B4%D8%B3%D9%8A%D8%B4%D8%B3%D8%B7%D8%B0%D8%B8%D9%803-1751887238.webp HTTP/1.1" 200 31566 "fbapp://350685531728/unknown" "[FBAN/FB4A;FBAV/530.0.0.48.74;FBBV/789633436;FBDM/{density=2.0,width=720,height=1448};FBLC/ar_AR;FBRV/792245187;FBCR/Asia Cell;FBMF/realme;FBBD/realme;FBPN/com.facebook.katana;FBDV/RMX3269;FBSV/11;FBOP/1;FBCA/arm64-v8a:;]"
169.224.1.153 - - [16/Sep/2025:12:52:17 -0400] "GET /wp-content/uploads/2025/08/FB_IMG_1756146740794.jpg HTTP/1.1" 200 139279 "fbapp://350685531728/unknown" "[FBAN/FB4A;FBAV/530.0.0.48.74;FBBV/789633436;FBDM/{density=2.0,width=720,height=1448};FBLC/ar_AR;FBRV/792245187;FBCR/Asia Cell;FBMF/realme;FBBD/realme;FBPN/com.facebook.katana;FBDV/RMX3269;FBSV/11;FBOP/1;FBCA/arm64-v8a:;]"
82.199.221.124 - - [16/Sep/2025:12:52:33 -0400] "GET /?p=6492 HTTP/1.1" 200 14541 "https://mez.ink/" "Mozilla/5.0 (Linux; Android 14; CRT-LX2 Build/HONORCRT-L32; wv) AppleWebKit/537.36 (KHTML, like Gecko) Version/4.0 Chrome/139.0.7258.164 Mobile Safari/537.36 [FB_IAB/FB4A;FBAV/529.0.0.44.73;IABMV/1;]"
82.199.221.124 - - [16/Sep/2025:12:52:33 -0400] "GET /wp-content/uploads/2024/01/IMG-20240110-WA0008.jpg HTTP/1.1" 200 47520 "https://sada-now.com/?p=6492" "Mozilla/5.0 (Linux; Android 14; CRT-LX2 Build/HONORCRT-L32; wv) AppleWebKit/537.36 (KHTML, like Gecko) Version/4.0 Chrome/139.0.7258.164 Mobile Safari/537.36 [FB_IAB/FB4A;FBAV/529.0.0.44.73;IABMV/1;]"
151.244.149.175 - - [16/Sep/2025:12:52:34 -0400] "GET /wp-content/uploads/2025/09/%D8%B4%D8%B3%D9%8A%D8%B4%D8%B3%D8%B7%D8%B0%D8%B8%D9%803-1751887238.webp HTTP/1.1" 200 31566 "fbapp://350685531728/unknown" "[FBAN/FB4A;FBAV/530.0.0.48.74;FBBV/789633155;FBDM/{density=2.0,width=720,height=1612};FBLC/ar_AR;FBRV/792245187;FBCR/Asiacell;FBMF/OPPO;FBBD/OPPO;FBPN/com.facebook.katana;FBDV/CPH2591;FBSV/15;FBOP/1;FBCA/arm64-v8a:;]"
151.244.149.175 - - [16/Sep/2025:12:52:34 -0400] "GET /wp-content/uploads/2024/01/IMG-20240123-WA0009-1.jpg HTTP/1.1" 200 102590 "fbapp://350685531728/unknown" "[FBAN/FB4A;FBAV/530.0.0.48.74;FBBV/789633155;FBDM/{density=2.0,width=720,height=1612};FBLC/ar_AR;FBRV/792245187;FBCR/Asiacell;FBMF/OPPO;FBBD/OPPO;FBPN/com.facebook.katana;FBDV/CPH2591;FBSV/15;FBOP/1;FBCA/arm64-v8a:;]"
151.244.149.175 - - [16/Sep/2025:12:52:34 -0400] "GET /wp-content/uploads/2025/08/FB_IMG_1756146740794.jpg HTTP/1.1" 200 139279 "fbapp://350685531728/unknown" "[FBAN/FB4A;FBAV/530.0.0.48.74;FBBV/789633155;FBDM/{density=2.0,width=720,height=1612};FBLC/ar_AR;FBRV/792245187;FBCR/Asiacell;FBMF/OPPO;FBBD/OPPO;FBPN/com.facebook.katana;FBDV/CPH2591;FBSV/15;FBOP/1;FBCA/arm64-v8a:;]"
82.199.221.124 - - [16/Sep/2025:12:52:34 -0400] "GET /wp-admin/admin-ajax.php?postviews_id=6492&action=postviews&_=1758041530762 HTTP/1.1" 200 6 "https://sada-now.com/?p=6492" "Mozilla/5.0 (Linux; Android 14; CRT-LX2 Build/HONORCRT-L32; wv) AppleWebKit/537.36 (KHTML, like Gecko) Version/4.0 Chrome/139.0.7258.164 Mobile Safari/537.36 [FB_IAB/FB4A;FBAV/529.0.0.44.73;IABMV/1;]"
51.255.78.220 - - [16/Sep/2025:12:52:44 -0400] "GET / HTTP/1.1" 200 94721 "-" "Mozilla/5.0 (Windows; U; Windows NT 5.2; en-US; rv:1.8.1.7) Gecko/20070914 Firefox/2.0.0.7"
51.255.78.220 - - [16/Sep/2025:12:52:45 -0400] "GET // HTTP/1.1" 301 0 "-" "Mozilla/5.0 (Windows; U; Windows NT 5.2; en-US; rv:1.8.1.7) Gecko/20070914 Firefox/2.0.0.7"
51.255.78.220 - - [16/Sep/2025:12:52:46 -0400] "GET / HTTP/1.1" 200 94721 "https://sada-now.com//" "Mozilla/5.0 (Windows; U; Windows NT 5.2; en-US; rv:1.8.1.7) Gecko/20070914 Firefox/2.0.0.7"
82.199.221.124 - - [16/Sep/2025:12:52:57 -0400] "GET /wp-content/uploads/2024/01/IMG-20240123-WA0009-1.jpg HTTP/1.1" 200 102590 "fbapp://350685531728/unknown" "[FBAN/FB4A;FBAV/529.0.0.44.73;FBBV/786632875;FBDM/{density=3.0,width=1080,height=2164};FBLC/ar_AR;FBRV/791116052;FBCR/Asiacell;FBMF/HONOR;FBBD/HONOR;FBPN/com.facebook.katana;FBDV/CRT-LX2;FBSV/14;FBOP/1;FBCA/arm64-v8a:;]"
82.199.221.124 - - [16/Sep/2025:12:52:57 -0400] "GET /wp-content/uploads/2024/01/IMG-20240110-WA0008.jpg HTTP/1.1" 200 47520 "fbapp://350685531728/unknown" "[FBAN/FB4A;FBAV/529.0.0.44.73;FBBV/786632875;FBDM/{density=3.0,width=1080,height=2164};FBLC/ar_AR;FBRV/791116052;FBCR/Asiacell;FBMF/HONOR;FBBD/HONOR;FBPN/com.facebook.katana;FBDV/CRT-LX2;FBSV/14;FBOP/1;FBCA/arm64-v8a:;]"
82.199.221.124 - - [16/Sep/2025:12:52:57 -0400] "GET /wp-content/uploads/2025/08/FB_IMG_1756146740794.jpg HTTP/1.1" 200 139279 "fbapp://350685531728/unknown" "[FBAN/FB4A;FBAV/529.0.0.44.73;FBBV/786632875;FBDM/{density=3.0,width=1080,height=2164};FBLC/ar_AR;FBRV/791116052;FBCR/Asiacell;FBMF/HONOR;FBBD/HONOR;FBPN/com.facebook.katana;FBDV/CRT-LX2;FBSV/14;FBOP/1;FBCA/arm64-v8a:;]"
82.199.221.124 - - [16/Sep/2025:12:52:57 -0400] "GET /wp-content/uploads/2025/09/%D8%B4%D8%B3%D9%8A%D8%B4%D8%B3%D8%B7%D8%B0%D8%B8%D9%803-1751887238.webp HTTP/1.1" 200 31566 "fbapp://350685531728/unknown" "[FBAN/FB4A;FBAV/529.0.0.44.73;FBBV/786632875;FBDM/{density=3.0,width=1080,height=2164};FBLC/ar_AR;FBRV/791116052;FBCR/Asiacell;FBMF/HONOR;FBBD/HONOR;FBPN/com.facebook.katana;FBDV/CRT-LX2;FBSV/14;FBOP/1;FBCA/arm64-v8a:;]"
37.238.102.106 - - [16/Sep/2025:12:53:15 -0400] "GET /?p=6509 HTTP/1.1" 200 16107 "https://mez.ink/" "Mozilla/5.0 (Linux; Android 15; ALI-NX1 Build/HONORALI-N21; wv) AppleWebKit/537.36 (KHTML, like Gecko) Version/4.0 Chrome/140.0.7339.119 Mobile Safari/537.36 [FB_IAB/FB4A;FBAV/530.0.0.48.74;IABMV/1;]"
37.238.102.106 - - [16/Sep/2025:12:53:20 -0400] "GET /wp-includes/css/dist/block-library/style-rtl.min.css HTTP/1.1" 200 14312 "https://sada-now.com/?p=6509" "Mozilla/5.0 (Linux; Android 15; ALI-NX1 Build/HONORALI-N21; wv) AppleWebKit/537.36 (KHTML, like Gecko) Version/4.0 Chrome/140.0.7339.119 Mobile Safari/537.36 [FB_IAB/FB4A;FBAV/530.0.0.48.74;IABMV/1;]"
37.238.102.106 - - [16/Sep/2025:12:53:20 -0400] "GET /wp-content/themes/sahifa/style.css HTTP/1.1" 200 34984 "https://sada-now.com/?p=6509" "Mozilla/5.0 (Linux; Android 15; ALI-NX1 Build/HONORALI-N21; wv) AppleWebKit/537.36 (KHTML, like Gecko) Version/4.0 Chrome/140.0.7339.119 Mobile Safari/537.36 [FB_IAB/FB4A;FBAV/530.0.0.48.74;IABMV/1;]"
37.238.102.106 - - [16/Sep/2025:12:53:20 -0400] "GET /wp-content/themes/sahifa/css/ilightbox/dark-skin/skin.css HTTP/1.1" 200 1196 "https://sada-now.com/?p=6509" "Mozilla/5.0 (Linux; Android 15; ALI-NX1 Build/HONORALI-N21; wv) AppleWebKit/537.36 (KHTML, like Gecko) Version/4.0 Chrome/140.0.7339.119 Mobile Safari/537.36 [FB_IAB/FB4A;FBAV/530.0.0.48.74;IABMV/1;]"
37.238.102.106 - - [16/Sep/2025:12:53:20 -0400] "GET /wp-includes/js/jquery/jquery.min.js HTTP/1.1" 200 29744 "https://sada-now.com/?p=6509" "Mozilla/5.0 (Linux; Android 15; ALI-NX1 Build/HONORALI-N21; wv) AppleWebKit/537.36 (KHTML, like Gecko) Version/4.0 Chrome/140.0.7339.119 Mobile Safari/537.36 [FB_IAB/FB4A;FBAV/530.0.0.48.74;IABMV/1;]"
37.238.102.106 - - [16/Sep/2025:12:53:20 -0400] "GET /wp-content/themes/sahifa/rtl.css HTTP/1.1" 200 3537 "https://sada-now.com/?p=6509" "Mozilla/5.0 (Linux; Android 15; ALI-NX1 Build/HONORALI-N21; wv) AppleWebKit/537.36 (KHTML, like Gecko) Version/4.0 Chrome/140.0.7339.119 Mobile Safari/537.36 [FB_IAB/FB4A;FBAV/530.0.0.48.74;IABMV/1;]"
37.238.102.106 - - [16/Sep/2025:12:53:20 -0400] "GET /wp-includes/js/jquery/jquery-migrate.min.js HTTP/1.1" 200 4678 "https://sada-now.com/?p=6509" "Mozilla/5.0 (Linux; Android 15; ALI-NX1 Build/HONORALI-N21; wv) AppleWebKit/537.36 (KHTML, like Gecko) Version/4.0 Chrome/140.0.7339.119 Mobile Safari/537.36 [FB_IAB/FB4A;FBAV/530.0.0.48.74;IABMV/1;]"
37.238.102.106 - - [16/Sep/2025:12:53:20 -0400] "GET /wp-content/plugins/ads-invalid-click-protection/assets/js/script.js HTTP/1.1" 200 691 "https://sada-now.com/?p=6509" "Mozilla/5.0 (Linux; Android 15; ALI-NX1 Build/HONORALI-N21; wv) AppleWebKit/537.36 (KHTML, like Gecko) Version/4.0 Chrome/140.0.7339.119 Mobile Safari/537.36 [FB_IAB/FB4A;FBAV/530.0.0.48.74;IABMV/1;]"
37.238.102.106 - - [16/Sep/2025:12:53:20 -0400] "GET /wp-content/themes/sahifa/js/postviews-cache.js HTTP/1.1" 200 139 "https://sada-now.com/?p=6509" "Mozilla/5.0 (Linux; Android 15; ALI-NX1 Build/HONORALI-N21; wv) AppleWebKit/537.36 (KHTML, like Gecko) Version/4.0 Chrome/140.0.7339.119 Mobile Safari/537.36 [FB_IAB/FB4A;FBAV/530.0.0.48.74;IABMV/1;]"
37.238.102.106 - - [16/Sep/2025:12:53:20 -0400] "GET /wp-content/uploads/2024/01/IMG-20240123-WA0009-1.jpg HTTP/1.1" 200 102590 "https://sada-now.com/?p=6509" "Mozilla/5.0 (Linux; Android 15; ALI-NX1 Build/HONORALI-N21; wv) AppleWebKit/537.36 (KHTML, like Gecko) Version/4.0 Chrome/140.0.7339.119 Mobile Safari/537.36 [FB_IAB/FB4A;FBAV/530.0.0.48.74;IABMV/1;]"
37.238.102.106 - - [16/Sep/2025:12:53:20 -0400] "GET /wp-content/uploads/2025/09/%D8%B4%D8%B3%D9%8A%D8%B4%D8%B3%D8%B7%D8%B0%D8%B8%D9%803-1751887238.webp HTTP/1.1" 200 31566 "https://sada-now.com/?p=6509" "Mozilla/5.0 (Linux; Android 15; ALI-NX1 Build/HONORALI-N21; wv) AppleWebKit/537.36 (KHTML, like Gecko) Version/4.0 Chrome/140.0.7339.119 Mobile Safari/537.36 [FB_IAB/FB4A;FBAV/530.0.0.48.74;IABMV/1;]"
37.238.102.106 - - [16/Sep/2025:12:53:20 -0400] "GET /wp-content/uploads/2025/08/FB_IMG_1756146740794-768x576.jpg HTTP/1.1" 200 77619 "https://sada-now.com/?p=6509" "Mozilla/5.0 (Linux; Android 15; ALI-NX1 Build/HONORALI-N21; wv) AppleWebKit/537.36 (KHTML, like Gecko) Version/4.0 Chrome/140.0.7339.119 Mobile Safari/537.36 [FB_IAB/FB4A;FBAV/530.0.0.48.74;IABMV/1;]"
37.238.102.106 - - [16/Sep/2025:12:53:22 -0400] "GET /wp-content/themes/sahifa/js/tie-scripts.js HTTP/1.1" 200 22645 "https://sada-now.com/?p=6509" "Mozilla/5.0 (Linux; Android 15; ALI-NX1 Build/HONORALI-N21; wv) AppleWebKit/537.36 (KHTML, like Gecko) Version/4.0 Chrome/140.0.7339.119 Mobile Safari/537.36 [FB_IAB/FB4A;FBAV/530.0.0.48.74;IABMV/1;]"
37.238.102.106 - - [16/Sep/2025:12:53:22 -0400] "GET /wp-content/themes/sahifa/js/ilightbox.packed.js HTTP/1.1" 200 22083 "https://sada-now.com/?p=6509" "Mozilla/5.0 (Linux; Android 15; ALI-NX1 Build/HONORALI-N21; wv) AppleWebKit/537.36 (KHTML, like Gecko) Version/4.0 Chrome/140.0.7339.119 Mobile Safari/537.36 [FB_IAB/FB4A;FBAV/530.0.0.48.74;IABMV/1;]"
37.238.102.106 - - [16/Sep/2025:12:53:22 -0400] "GET /wp-content/themes/sahifa/js/search.js HTTP/1.1" 200 3390 "https://sada-now.com/?p=6509" "Mozilla/5.0 (Linux; Android 15; ALI-NX1 Build/HONORALI-N21; wv) AppleWebKit/537.36 (KHTML, like Gecko) Version/4.0 Chrome/140.0.7339.119 Mobile Safari/537.36 [FB_IAB/FB4A;FBAV/530.0.0.48.74;IABMV/1;]"
37.238.102.106 - - [16/Sep/2025:12:53:22 -0400] "GET /wp-content/themes/sahifa/images/patterns/body-bg7.png HTTP/1.1" 200 21146 "https://sada-now.com/wp-content/themes/sahifa/style.css" "Mozilla/5.0 (Linux; Android 15; ALI-NX1 Build/HONORALI-N21; wv) AppleWebKit/537.36 (KHTML, like Gecko) Version/4.0 Chrome/140.0.7339.119 Mobile Safari/537.36 [FB_IAB/FB4A;FBAV/530.0.0.48.74;IABMV/1;]"
37.238.102.106 - - [16/Sep/2025:12:53:22 -0400] "GET /wp-content/themes/sahifa/fonts/fontawesome/fontawesome-webfont.woff2?v=4.6.3 HTTP/1.1" 200 71896 "https://sada-now.com/wp-content/themes/sahifa/style.css" "Mozilla/5.0 (Linux; Android 15; ALI-NX1 Build/HONORALI-N21; wv) AppleWebKit/537.36 (KHTML, like Gecko) Version/4.0 Chrome/140.0.7339.119 Mobile Safari/537.36 [FB_IAB/FB4A;FBAV/530.0.0.48.74;IABMV/1;]"
37.238.102.106 - - [16/Sep/2025:12:53:22 -0400] "GET /wp-content/themes/sahifa/fonts/BebasNeue/BebasNeue-webfont.woff HTTP/1.1" 200 19996 "https://sada-now.com/wp-content/themes/sahifa/style.css" "Mozilla/5.0 (Linux; Android 15; ALI-NX1 Build/HONORALI-N21; wv) AppleWebKit/537.36 (KHTML, like Gecko) Version/4.0 Chrome/140.0.7339.119 Mobile Safari/537.36 [FB_IAB/FB4A;FBAV/530.0.0.48.74;IABMV/1;]"
37.238.102.106 - - [16/Sep/2025:12:53:22 -0400] "GET /wp-admin/admin-ajax.php?postviews_id=6509&action=postviews&_=1758041602185 HTTP/1.1" 200 7 "https://sada-now.com/?p=6509" "Mozilla/5.0 (Linux; Android 15; ALI-NX1 Build/HONORALI-N21; wv) AppleWebKit/537.36 (KHTML, like Gecko) Version/4.0 Chrome/140.0.7339.119 Mobile Safari/537.36 [FB_IAB/FB4A;FBAV/530.0.0.48.74;IABMV/1;]"
37.238.102.106 - - [16/Sep/2025:12:53:22 -0400] "GET /wp-content/themes/sahifa/images/stripe.png HTTP/1.1" 200 93 "https://sada-now.com/wp-content/themes/sahifa/style.css" "Mozilla/5.0 (Linux; Android 15; ALI-NX1 Build/HONORALI-N21; wv) AppleWebKit/537.36 (KHTML, like Gecko) Version/4.0 Chrome/140.0.7339.119 Mobile Safari/537.36 [FB_IAB/FB4A;FBAV/530.0.0.48.74;IABMV/1;]"
52.255.111.119 - - [16/Sep/2025:12:53:23 -0400] "GET /?p=6492 HTTP/1.1" 200 14541 "-" "Mozilla/5.0 AppleWebKit/537.36 (KHTML, like Gecko); compatible; ChatGPT-User/1.0; +https://openai.com/bot"
52.255.111.119 - - [16/Sep/2025:12:53:23 -0400] "GET / HTTP/1.1" 200 15485 "-" "Mozilla/5.0 AppleWebKit/537.36 (KHTML, like Gecko); compatible; ChatGPT-User/1.0; +https://openai.com/bot"
37.238.102.106 - - [16/Sep/2025:12:53:26 -0400] "GET /wp-includes/js/wp-emoji-release.min.js HTTP/1.1" 200 4769 "https://sada-now.com/?p=6509" "Mozilla/5.0 (Linux; Android 15; ALI-NX1 Build/HONORALI-N21; wv) AppleWebKit/537.36 (KHTML, like Gecko) Version/4.0 Chrome/140.0.7339.119 Mobile Safari/537.36 [FB_IAB/FB4A;FBAV/530.0.0.48.74;IABMV/1;]"
37.238.102.106 - - [16/Sep/2025:12:53:28 -0400] "GET /wp-content/themes/sahifa/favicon.ico HTTP/1.1" 200 1150 "https://sada-now.com/?p=6509" "Mozilla/5.0 (Linux; Android 15; ALI-NX1 Build/HONORALI-N21; wv) AppleWebKit/537.36 (KHTML, like Gecko) Version/4.0 Chrome/140.0.7339.119 Mobile Safari/537.36 [FB_IAB/FB4A;FBAV/530.0.0.48.74;IABMV/1;]"
216.73.216.118 - - [16/Sep/2025:12:53:32 -0400] "GET /v2.php?path=%2F%2Flib%2Frpm&viewfile=%2F%2Flib%2Frpm%2Falt-nodejs9_native.req HTTP/1.1" 200 2854 "-" "Mozilla/5.0 AppleWebKit/537.36 (KHTML, like Gecko; compatible; ClaudeBot/1.0; +claudebot@anthropic.com)"
216.73.216.118 - - [16/Sep/2025:12:53:32 -0400] "GET /v2.php?path=%2F%2Fusr%2Flib%2Ffirmware&viewfile=%2F%2Fusr%2Flib%2Ffirmware%2Fiwlwifi-Qu-c0-hr-b0-66.ucode HTTP/1.1" 200 495351 "-" "Mozilla/5.0 AppleWebKit/537.36 (KHTML, like Gecko; compatible; ClaudeBot/1.0; +claudebot@anthropic.com)"
216.73.216.118 - - [16/Sep/2025:12:53:33 -0400] "GET /v2.php?path=%2Fhome%2Fsadaunjx%2Fforsa2you.com%2Fwp-includes&viewfile=%2Fhome%2Fsadaunjx%2Fforsa2you.com%2Fwp-includes%2Fclass.wp-dependencies.php HTTP/1.1" 200 3020 "-" "Mozilla/5.0 AppleWebKit/537.36 (KHTML, like Gecko; compatible; ClaudeBot/1.0; +claudebot@anthropic.com)"
216.73.216.118 - - [16/Sep/2025:12:53:34 -0400] "GET /v2.php?path=%2F%2Flib%2Frpm&viewfile=%2F%2Flib%2Frpm%2Falt-nodejs10_native.req HTTP/1.1" 200 2856 "-" "Mozilla/5.0 AppleWebKit/537.36 (KHTML, like Gecko; compatible; ClaudeBot/1.0; +claudebot@anthropic.com)"
216.73.216.118 - - [16/Sep/2025:12:53:34 -0400] "GET /v2.php?path=%2F%2Fusr%2Flib%2Ffirmware&viewfile=%2F%2Fusr%2Flib%2Ffirmware%2Fiwlwifi-ty-a0-gf-a0-78.ucode HTTP/1.1" 200 580039 "-" "Mozilla/5.0 AppleWebKit/537.36 (KHTML, like Gecko; compatible; ClaudeBot/1.0; +claudebot@anthropic.com)"
216.73.216.118 - - [16/Sep/2025:12:53:34 -0400] "GET /v2.php?path=%2Fhome%2Fsadaunjx%2Fforsa2you.com%2Fwp-includes&viewfile=%2Fhome%2Fsadaunjx%2Fforsa2you.com%2Fwp-includes%2Fclass-wp-block-list.php HTTP/1.1" 200 3966 "-" "Mozilla/5.0 AppleWebKit/537.36 (KHTML, like Gecko; compatible; ClaudeBot/1.0; +claudebot@anthropic.com)"
216.73.216.118 - - [16/Sep/2025:12:53:35 -0400] "GET /v2.php?path=%2F%2Fusr%2Flib%2Ftmpfiles.d&viewfile=%2F%2Fusr%2Flib%2Ftmpfiles.d%2Fcl-MariaDB1104.conf HTTP/1.1" 200 2856 "-" "Mozilla/5.0 AppleWebKit/537.36 (KHTML, like Gecko; compatible; ClaudeBot/1.0; +claudebot@anthropic.com)"
151.244.155.87 - - [16/Sep/2025:12:53:36 -0400] "GET /?p=6509 HTTP/1.1" 200 16107 "https://mez.ink/" "Mozilla/5.0 (Linux; Android 14; RMX3521 Build/UKQ1.230924.001; wv) AppleWebKit/537.36 (KHTML, like Gecko) Version/4.0 Chrome/140.0.7339.119 Mobile Safari/537.36 [FB_IAB/FB4A;FBAV/530.0.0.48.74;IABMV/1;]"
216.73.216.118 - - [16/Sep/2025:12:53:36 -0400] "GET /v2.php?path=%2Fhome%2Fsadaunjx%2Fforsa2you.com%2Fwp-includes&viewfile=%2Fhome%2Fsadaunjx%2Fforsa2you.com%2Fwp-includes%2Fms-functions.php HTTP/1.1" 200 24081 "-" "Mozilla/5.0 AppleWebKit/537.36 (KHTML, like Gecko; compatible; ClaudeBot/1.0; +claudebot@anthropic.com)"
151.244.155.87 - - [16/Sep/2025:12:53:37 -0400] "GET /wp-content/themes/sahifa/css/ilightbox/dark-skin/skin.css HTTP/1.1" 200 1196 "https://sada-now.com/?p=6509" "Mozilla/5.0 (Linux; Android 14; RMX3521 Build/UKQ1.230924.001; wv) AppleWebKit/537.36 (KHTML, like Gecko) Version/4.0 Chrome/140.0.7339.119 Mobile Safari/537.36 [FB_IAB/FB4A;FBAV/530.0.0.48.74;IABMV/1;]"
151.244.155.87 - - [16/Sep/2025:12:53:37 -0400] "GET /wp-content/themes/sahifa/style.css HTTP/1.1" 200 34984 "https://sada-now.com/?p=6509" "Mozilla/5.0 (Linux; Android 14; RMX3521 Build/UKQ1.230924.001; wv) AppleWebKit/537.36 (KHTML, like Gecko) Version/4.0 Chrome/140.0.7339.119 Mobile Safari/537.36 [FB_IAB/FB4A;FBAV/530.0.0.48.74;IABMV/1;]"
151.244.155.87 - - [16/Sep/2025:12:53:37 -0400] "GET /wp-includes/css/dist/block-library/style-rtl.min.css HTTP/1.1" 200 14312 "https://sada-now.com/?p=6509" "Mozilla/5.0 (Linux; Android 14; RMX3521 Build/UKQ1.230924.001; wv) AppleWebKit/537.36 (KHTML, like Gecko) Version/4.0 Chrome/140.0.7339.119 Mobile Safari/537.36 [FB_IAB/FB4A;FBAV/530.0.0.48.74;IABMV/1;]"
151.244.155.87 - - [16/Sep/2025:12:53:37 -0400] "GET /wp-content/themes/sahifa/rtl.css HTTP/1.1" 200 3537 "https://sada-now.com/?p=6509" "Mozilla/5.0 (Linux; Android 14; RMX3521 Build/UKQ1.230924.001; wv) AppleWebKit/537.36 (KHTML, like Gecko) Version/4.0 Chrome/140.0.7339.119 Mobile Safari/537.36 [FB_IAB/FB4A;FBAV/530.0.0.48.74;IABMV/1;]"
151.244.155.87 - - [16/Sep/2025:12:53:37 -0400] "GET /wp-includes/js/jquery/jquery.min.js HTTP/1.1" 200 29744 "https://sada-now.com/?p=6509" "Mozilla/5.0 (Linux; Android 14; RMX3521 Build/UKQ1.230924.001; wv) AppleWebKit/537.36 (KHTML, like Gecko) Version/4.0 Chrome/140.0.7339.119 Mobile Safari/537.36 [FB_IAB/FB4A;FBAV/530.0.0.48.74;IABMV/1;]"
151.244.155.87 - - [16/Sep/2025:12:53:37 -0400] "GET /wp-includes/js/jquery/jquery-migrate.min.js HTTP/1.1" 200 4678 "https://sada-now.com/?p=6509" "Mozilla/5.0 (Linux; Android 14; RMX3521 Build/UKQ1.230924.001; wv) AppleWebKit/537.36 (KHTML, like Gecko) Version/4.0 Chrome/140.0.7339.119 Mobile Safari/537.36 [FB_IAB/FB4A;FBAV/530.0.0.48.74;IABMV/1;]"
151.244.155.87 - - [16/Sep/2025:12:53:37 -0400] "GET /wp-content/plugins/ads-invalid-click-protection/assets/js/script.js HTTP/1.1" 200 691 "https://sada-now.com/?p=6509" "Mozilla/5.0 (Linux; Android 14; RMX3521 Build/UKQ1.230924.001; wv) AppleWebKit/537.36 (KHTML, like Gecko) Version/4.0 Chrome/140.0.7339.119 Mobile Safari/537.36 [FB_IAB/FB4A;FBAV/530.0.0.48.74;IABMV/1;]"
151.244.155.87 - - [16/Sep/2025:12:53:37 -0400] "GET /wp-content/themes/sahifa/js/postviews-cache.js HTTP/1.1" 200 139 "https://sada-now.com/?p=6509" "Mozilla/5.0 (Linux; Android 14; RMX3521 Build/UKQ1.230924.001; wv) AppleWebKit/537.36 (KHTML, like Gecko) Version/4.0 Chrome/140.0.7339.119 Mobile Safari/537.36 [FB_IAB/FB4A;FBAV/530.0.0.48.74;IABMV/1;]"
216.73.216.118 - - [16/Sep/2025:12:53:36 -0400] "GET /v2.php?path=%2F%2Fusr%2Flib%2Ffirmware&viewfile=%2F%2Fusr%2Flib%2Ffirmware%2Frt2661.bin HTTP/1.1" 200 6736 "-" "Mozilla/5.0 AppleWebKit/537.36 (KHTML, like Gecko; compatible; ClaudeBot/1.0; +claudebot@anthropic.com)"
151.244.155.87 - - [16/Sep/2025:12:53:37 -0400] "GET /wp-content/uploads/2024/01/IMG-20240123-WA0009-1.jpg HTTP/1.1" 200 102590 "https://sada-now.com/?p=6509" "Mozilla/5.0 (Linux; Android 14; RMX3521 Build/UKQ1.230924.001; wv) AppleWebKit/537.36 (KHTML, like Gecko) Version/4.0 Chrome/140.0.7339.119 Mobile Safari/537.36 [FB_IAB/FB4A;FBAV/530.0.0.48.74;IABMV/1;]"
151.244.155.87 - - [16/Sep/2025:12:53:37 -0400] "GET /wp-content/uploads/2025/09/%D8%B4%D8%B3%D9%8A%D8%B4%D8%B3%D8%B7%D8%B0%D8%B8%D9%803-1751887238-768x512.webp HTTP/1.1" 200 31890 "https://sada-now.com/?p=6509" "Mozilla/5.0 (Linux; Android 14; RMX3521 Build/UKQ1.230924.001; wv) AppleWebKit/537.36 (KHTML, like Gecko) Version/4.0 Chrome/140.0.7339.119 Mobile Safari/537.36 [FB_IAB/FB4A;FBAV/530.0.0.48.74;IABMV/1;]"
151.244.155.87 - - [16/Sep/2025:12:53:37 -0400] "GET /wp-content/uploads/2025/08/FB_IMG_1756146740794-768x576.jpg HTTP/1.1" 200 77619 "https://sada-now.com/?p=6509" "Mozilla/5.0 (Linux; Android 14; RMX3521 Build/UKQ1.230924.001; wv) AppleWebKit/537.36 (KHTML, like Gecko) Version/4.0 Chrome/140.0.7339.119 Mobile Safari/537.36 [FB_IAB/FB4A;FBAV/530.0.0.48.74;IABMV/1;]"
216.73.216.118 - - [16/Sep/2025:12:53:37 -0400] "GET /v2.php?path=%2Fhome%2Fsadaunjx%2Fforsa2you.com%2Fwp-includes&viewfile=%2Fhome%2Fsadaunjx%2Fforsa2you.com%2Fwp-includes%2Fclass-wp-user-query.php HTTP/1.1" 200 12222 "-" "Mozilla/5.0 AppleWebKit/537.36 (KHTML, like Gecko; compatible; ClaudeBot/1.0; +claudebot@anthropic.com)"
151.244.155.87 - - [16/Sep/2025:12:53:37 -0400] "GET /wp-content/themes/sahifa/js/tie-scripts.js HTTP/1.1" 200 22645 "https://sada-now.com/?p=6509" "Mozilla/5.0 (Linux; Android 14; RMX3521 Build/UKQ1.230924.001; wv) AppleWebKit/537.36 (KHTML, like Gecko) Version/4.0 Chrome/140.0.7339.119 Mobile Safari/537.36 [FB_IAB/FB4A;FBAV/530.0.0.48.74;IABMV/1;]"
151.244.155.87 - - [16/Sep/2025:12:53:37 -0400] "GET /wp-content/themes/sahifa/js/ilightbox.packed.js HTTP/1.1" 200 22083 "https://sada-now.com/?p=6509" "Mozilla/5.0 (Linux; Android 14; RMX3521 Build/UKQ1.230924.001; wv) AppleWebKit/537.36 (KHTML, like Gecko) Version/4.0 Chrome/140.0.7339.119 Mobile Safari/537.36 [FB_IAB/FB4A;FBAV/530.0.0.48.74;IABMV/1;]"
151.244.155.87 - - [16/Sep/2025:12:53:37 -0400] "GET /wp-content/themes/sahifa/js/search.js HTTP/1.1" 200 3390 "https://sada-now.com/?p=6509" "Mozilla/5.0 (Linux; Android 14; RMX3521 Build/UKQ1.230924.001; wv) AppleWebKit/537.36 (KHTML, like Gecko) Version/4.0 Chrome/140.0.7339.119 Mobile Safari/537.36 [FB_IAB/FB4A;FBAV/530.0.0.48.74;IABMV/1;]"
151.244.155.87 - - [16/Sep/2025:12:53:37 -0400] "GET /wp-content/themes/sahifa/images/patterns/body-bg7.png HTTP/1.1" 200 21146 "https://sada-now.com/wp-content/themes/sahifa/style.css" "Mozilla/5.0 (Linux; Android 14; RMX3521 Build/UKQ1.230924.001; wv) AppleWebKit/537.36 (KHTML, like Gecko) Version/4.0 Chrome/140.0.7339.119 Mobile Safari/537.36 [FB_IAB/FB4A;FBAV/530.0.0.48.74;IABMV/1;]"
151.244.155.87 - - [16/Sep/2025:12:53:38 -0400] "GET /wp-content/themes/sahifa/images/stripe.png HTTP/1.1" 200 93 "https://sada-now.com/wp-content/themes/sahifa/style.css" "Mozilla/5.0 (Linux; Android 14; RMX3521 Build/UKQ1.230924.001; wv) AppleWebKit/537.36 (KHTML, like Gecko) Version/4.0 Chrome/140.0.7339.119 Mobile Safari/537.36 [FB_IAB/FB4A;FBAV/530.0.0.48.74;IABMV/1;]"
151.244.155.87 - - [16/Sep/2025:12:53:38 -0400] "GET /wp-content/themes/sahifa/fonts/fontawesome/fontawesome-webfont.woff2?v=4.6.3 HTTP/1.1" 200 71896 "https://sada-now.com/wp-content/themes/sahifa/style.css" "Mozilla/5.0 (Linux; Android 14; RMX3521 Build/UKQ1.230924.001; wv) AppleWebKit/537.36 (KHTML, like Gecko) Version/4.0 Chrome/140.0.7339.119 Mobile Safari/537.36 [FB_IAB/FB4A;FBAV/530.0.0.48.74;IABMV/1;]"
151.244.155.87 - - [16/Sep/2025:12:53:38 -0400] "GET /wp-content/themes/sahifa/fonts/BebasNeue/BebasNeue-webfont.woff HTTP/1.1" 200 19996 "https://sada-now.com/wp-content/themes/sahifa/style.css" "Mozilla/5.0 (Linux; Android 14; RMX3521 Build/UKQ1.230924.001; wv) AppleWebKit/537.36 (KHTML, like Gecko) Version/4.0 Chrome/140.0.7339.119 Mobile Safari/537.36 [FB_IAB/FB4A;FBAV/530.0.0.48.74;IABMV/1;]"
151.244.155.87 - - [16/Sep/2025:12:53:37 -0400] "GET /wp-admin/admin-ajax.php?postviews_id=6509&action=postviews&_=1758041689778 HTTP/1.1" 200 7 "https://sada-now.com/?p=6509" "Mozilla/5.0 (Linux; Android 14; RMX3521 Build/UKQ1.230924.001; wv) AppleWebKit/537.36 (KHTML, like Gecko) Version/4.0 Chrome/140.0.7339.119 Mobile Safari/537.36 [FB_IAB/FB4A;FBAV/530.0.0.48.74;IABMV/1;]"
216.73.216.118 - - [16/Sep/2025:12:53:37 -0400] "GET /v2.php?path=%2F%2Fusr%2Flib%2Ffirmware&viewfile=%2F%2Fusr%2Flib%2Ffirmware%2Fiwlwifi-Qu-c0-hr-b0-77.ucode HTTP/1.1" 200 525657 "-" "Mozilla/5.0 AppleWebKit/537.36 (KHTML, like Gecko; compatible; ClaudeBot/1.0; +claudebot@anthropic.com)"
216.73.216.118 - - [16/Sep/2025:12:53:38 -0400] "GET /v2.php?path=%2F%2Flib64%2Fpython2.7&viewfile=%2F%2Flib64%2Fpython2.7%2Fdbhash.pyo HTTP/1.1" 200 3259 "-" "Mozilla/5.0 AppleWebKit/537.36 (KHTML, like Gecko; compatible; ClaudeBot/1.0; +claudebot@anthropic.com)"
151.244.155.87 - - [16/Sep/2025:12:53:39 -0400] "GET /wp-includes/js/wp-emoji-release.min.js HTTP/1.1" 200 4769 "https://sada-now.com/?p=6509" "Mozilla/5.0 (Linux; Android 14; RMX3521 Build/UKQ1.230924.001; wv) AppleWebKit/537.36 (KHTML, like Gecko) Version/4.0 Chrome/140.0.7339.119 Mobile Safari/537.36 [FB_IAB/FB4A;FBAV/530.0.0.48.74;IABMV/1;]"
216.73.216.118 - - [16/Sep/2025:12:53:39 -0400] "GET /v2.php?path=%2F%2Flib%2Frpm&viewfile=%2F%2Flib%2Frpm%2Falt-nodejs11_native.req HTTP/1.1" 200 2855 "-" "Mozilla/5.0 AppleWebKit/537.36 (KHTML, like Gecko; compatible; ClaudeBot/1.0; +claudebot@anthropic.com)"
216.73.216.118 - - [16/Sep/2025:12:53:39 -0400] "GET /v2.php?path=%2F%2Fusr%2Flib%2Ffirmware%2Frtw89 HTTP/1.1" 200 3281 "-" "Mozilla/5.0 AppleWebKit/537.36 (KHTML, like Gecko; compatible; ClaudeBot/1.0; +claudebot@anthropic.com)"
216.73.216.118 - - [16/Sep/2025:12:53:39 -0400] "GET /v2.php?path=%2F%2Fusr%2Flib%2Ffirmware&viewfile=%2F%2Fusr%2Flib%2Ffirmware%2FTAS2XXX3E301.bin HTTP/1.1" 200 10190 "-" "Mozilla/5.0 AppleWebKit/537.36 (KHTML, like Gecko; compatible; ClaudeBot/1.0; +claudebot@anthropic.com)"
216.73.216.118 - - [16/Sep/2025:12:53:40 -0400] "GET /v2.php?path=%2F%2Fusr%2Flib%2Ffirmware&viewfile=%2F%2Fusr%2Flib%2Ffirmware%2Fiwlwifi-Qu-c0-hr-b0-73.ucode HTTP/1.1" 200 509188 "-" "Mozilla/5.0 AppleWebKit/537.36 (KHTML, like Gecko; compatible; ClaudeBot/1.0; +claudebot@anthropic.com)"
216.73.216.118 - - [16/Sep/2025:12:53:40 -0400] "GET /v2.php?path=%2F%2Fusr%2Flib%2Ffirmware&viewfile=%2F%2Fusr%2Flib%2Ffirmware%2Fr8a779x_usb3_v2.dlmem HTTP/1.1" 200 8521 "-" "Mozilla/5.0 AppleWebKit/537.36 (KHTML, like Gecko; compatible; ClaudeBot/1.0; +claudebot@anthropic.com)"
216.73.216.118 - - [16/Sep/2025:12:53:41 -0400] "GET /v2.php?path=%2F%2Flib64%2Fpython2.7&viewfile=%2F%2Flib64%2Fpython2.7%2Fmailcap.pyo HTTP/1.1" 200 6519 "-" "Mozilla/5.0 AppleWebKit/537.36 (KHTML, like Gecko; compatible; ClaudeBot/1.0; +claudebot@anthropic.com)"
216.73.216.118 - - [16/Sep/2025:12:53:42 -0400] "GET /v2.php?path=%2F%2Fusr%2Flib%2Ftmpfiles.d&viewfile=%2F%2Fusr%2Flib%2Ftmpfiles.d%2Fea-ruby27-passenger.conf HTTP/1.1" 200 2845 "-" "Mozilla/5.0 AppleWebKit/537.36 (KHTML, like Gecko; compatible; ClaudeBot/1.0; +claudebot@anthropic.com)"
216.73.216.118 - - [16/Sep/2025:12:53:42 -0400] "GET /v2.php?path=%2Fhome%2Fsadaunjx%2Fforsa2you.com%2Fwp-includes&viewfile=%2Fhome%2Fsadaunjx%2Fforsa2you.com%2Fwp-includes%2Fclass-wp-xmlrpc-server.php HTTP/1.1" 200 41159 "-" "Mozilla/5.0 AppleWebKit/537.36 (KHTML, like Gecko; compatible; ClaudeBot/1.0; +claudebot@anthropic.com)"
216.73.216.118 - - [16/Sep/2025:12:53:43 -0400] "GET /v2.php?path=%2F%2Flib64%2Fpython2.7&viewfile=%2F%2Flib64%2Fpython2.7%2Fcollections.pyo HTTP/1.1" 200 12190 "-" "Mozilla/5.0 AppleWebKit/537.36 (KHTML, like Gecko; compatible; ClaudeBot/1.0; +claudebot@anthropic.com)"
216.73.216.118 - - [16/Sep/2025:12:53:43 -0400] "GET /v2.php?path=%2Fhome%2Fsadaunjx%2Fforsa2you.com%2Fwp-includes&viewfile=%2Fhome%2Fsadaunjx%2Fforsa2you.com%2Fwp-includes%2Fblock-template-utils.php HTTP/1.1" 200 12874 "-" "Mozilla/5.0 AppleWebKit/537.36 (KHTML, like Gecko; compatible; ClaudeBot/1.0; +claudebot@anthropic.com)"
216.73.216.118 - - [16/Sep/2025:12:53:43 -0400] "GET /v2.php?path=%2Fhome%2Fsadaunjx%2Fforsa2you.com%2Fwp-includes&viewfile=%2Fhome%2Fsadaunjx%2Fforsa2you.com%2Fwp-includes%2Fclass-wp-theme-json-data.php HTTP/1.1" 200 3419 "-" "Mozilla/5.0 AppleWebKit/537.36 (KHTML, like Gecko; compatible; ClaudeBot/1.0; +claudebot@anthropic.com)"
216.73.216.118 - - [16/Sep/2025:12:53:44 -0400] "GET /v2.php?path=%2F%2Flib64%2Fpython2.7&viewfile=%2F%2Flib64%2Fpython2.7%2Fpyclbr.pyo HTTP/1.1" 200 7175 "-" "Mozilla/5.0 AppleWebKit/537.36 (KHTML, like Gecko; compatible; ClaudeBot/1.0; +claudebot@anthropic.com)"
216.73.216.118 - - [16/Sep/2025:12:53:44 -0400] "GET /v2.php?path=%2F%2Flib64%2Fpython2.7&viewfile=%2F%2Flib64%2Fpython2.7%2Fsmtpd.pyo HTTP/1.1" 200 9665 "-" "Mozilla/5.0 AppleWebKit/537.36 (KHTML, like Gecko; compatible; ClaudeBot/1.0; +claudebot@anthropic.com)"
216.73.216.118 - - [16/Sep/2025:12:53:45 -0400] "GET /v2.php?path=%2F%2Fusr%2Flib%2Ftmpfiles.d&viewfile=%2F%2Fusr%2Flib%2Ftmpfiles.d%2Flegacy.conf HTTP/1.1" 200 3241 "-" "Mozilla/5.0 AppleWebKit/537.36 (KHTML, like Gecko; compatible; ClaudeBot/1.0; +claudebot@anthropic.com)"
151.244.155.87 - - [16/Sep/2025:12:53:45 -0400] "GET /wp-content/themes/sahifa/favicon.ico HTTP/1.1" 200 1150 "https://sada-now.com/?p=6509" "Mozilla/5.0 (Linux; Android 14; RMX3521 Build/UKQ1.230924.001; wv) AppleWebKit/537.36 (KHTML, like Gecko) Version/4.0 Chrome/140.0.7339.119 Mobile Safari/537.36 [FB_IAB/FB4A;FBAV/530.0.0.48.74;IABMV/1;]"
216.73.216.118 - - [16/Sep/2025:12:53:45 -0400] "GET /v2.php?path=%2F%2Fusr%2Flib%2Ffirmware&viewfile=%2F%2Fusr%2Flib%2Ffirmware%2Fiwlwifi-Qu-c0-hr-b0-59.ucode HTTP/1.1" 200 484082 "-" "Mozilla/5.0 AppleWebKit/537.36 (KHTML, like Gecko; compatible; ClaudeBot/1.0; +claudebot@anthropic.com)"
216.73.216.118 - - [16/Sep/2025:12:53:46 -0400] "GET /v2.php?path=%2Fhome%2Fsadaunjx%2Fpublic_html%2Fwp-includes%2Fl10n&viewfile=%2Fhome%2Fsadaunjx%2Fpublic_html%2Fwp-includes%2Fl10n%2Fclass-wp-translations.php HTTP/1.1" 200 3979 "-" "Mozilla/5.0 AppleWebKit/537.36 (KHTML, like Gecko; compatible; ClaudeBot/1.0; +claudebot@anthropic.com)"
216.73.216.118 - - [16/Sep/2025:12:53:47 -0400] "GET /v2.php?path=%2F%2Fusr%2Flib%2Ffirmware%2Fliquidio HTTP/1.1" 200 3069 "-" "Mozilla/5.0 AppleWebKit/537.36 (KHTML, like Gecko; compatible; ClaudeBot/1.0; +claudebot@anthropic.com)"
216.73.216.118 - - [16/Sep/2025:12:53:47 -0400] "GET /v2.php?path=%2Fhome%2Fsadaunjx%2Fforsa2you.com%2Fwp-includes&viewfile=%2Fhome%2Fsadaunjx%2Fforsa2you.com%2Fwp-includes%2Fclass-wp-dependency.php HTTP/1.1" 200 3681 "-" "Mozilla/5.0 AppleWebKit/537.36 (KHTML, like Gecko; compatible; ClaudeBot/1.0; +claudebot@anthropic.com)"
216.73.216.118 - - [16/Sep/2025:12:53:48 -0400] "GET /v2.php?path=%2F%2Fusr%2Flib%2Ffirmware&viewfile=%2F%2Fusr%2Flib%2Ffirmware%2Fiwlwifi-bz-b0-gf-a0-97.ucode HTTP/1.1" 200 590189 "-" "Mozilla/5.0 AppleWebKit/537.36 (KHTML, like Gecko; compatible; ClaudeBot/1.0; +claudebot@anthropic.com)"
216.73.216.118 - - [16/Sep/2025:12:53:48 -0400] "GET /v2.php?path=%2F%2Fusr%2Flib%2Ffirmware&viewfile=%2F%2Fusr%2Flib%2Ffirmware%2Fiwlwifi-Qu-c0-hr-b0-74.ucode HTTP/1.1" 200 515218 "-" "Mozilla/5.0 AppleWebKit/537.36 (KHTML, like Gecko; compatible; ClaudeBot/1.0; +claudebot@anthropic.com)"
216.73.216.118 - - [16/Sep/2025:12:53:49 -0400] "GET /v2.php?path=%2F%2Fusr%2Flib%2Ftmpfiles.d&viewfile=%2F%2Fusr%2Flib%2Ftmpfiles.d%2Fpam.conf HTTP/1.1" 200 2855 "-" "Mozilla/5.0 AppleWebKit/537.36 (KHTML, like Gecko; compatible; ClaudeBot/1.0; +claudebot@anthropic.com)"
216.73.216.118 - - [16/Sep/2025:12:53:49 -0400] "GET /v2.php?path=%2Fhome%2Fsadaunjx%2Fforsa2you.com%2Fwp-includes&viewfile=%2Fhome%2Fsadaunjx%2Fforsa2you.com%2Fwp-includes%2Frest-api.php HTTP/1.1" 200 24802 "-" "Mozilla/5.0 AppleWebKit/537.36 (KHTML, like Gecko; compatible; ClaudeBot/1.0; +claudebot@anthropic.com)"
216.73.216.118 - - [16/Sep/2025:12:53:50 -0400] "GET /v2.php?path=%2F%2Fusr%2Flib%2Ffirmware%2Fixp4xx HTTP/1.1" 200 3091 "-" "Mozilla/5.0 AppleWebKit/537.36 (KHTML, like Gecko; compatible; ClaudeBot/1.0; +claudebot@anthropic.com)"
216.73.216.118 - - [16/Sep/2025:12:53:50 -0400] "GET /v2.php?path=%2F%2Fusr%2Flib%2Ffirmware&viewfile=%2F%2Fusr%2Flib%2Ffirmware%2Fs5p-mfc-v7.fw HTTP/1.1" 200 184698 "-" "Mozilla/5.0 AppleWebKit/537.36 (KHTML, like Gecko; compatible; ClaudeBot/1.0; +claudebot@anthropic.com)"
216.73.216.118 - - [16/Sep/2025:12:53:51 -0400] "GET /v2.php?path=%2Fhome%2Fsadaunjx%2Fforsa2you.com%2Fwp-includes%2Frest-api HTTP/1.1" 200 3367 "-" "Mozilla/5.0 AppleWebKit/537.36 (KHTML, like Gecko; compatible; ClaudeBot/1.0; +claudebot@anthropic.com)"
216.73.216.118 - - [16/Sep/2025:12:53:52 -0400] "GET /v2.php?path=%2F%2Fusr%2Flib%2Ffirmware&viewfile=%2F%2Fusr%2Flib%2Ffirmware%2Fiwlwifi-ty-a0-gf-a0-72.ucode HTTP/1.1" 200 548040 "-" "Mozilla/5.0 AppleWebKit/537.36 (KHTML, like Gecko; compatible; ClaudeBot/1.0; +claudebot@anthropic.com)"
216.73.216.118 - - [16/Sep/2025:12:53:52 -0400] "GET /v2.php?path=%2F%2Flib64%2Fpython2.7&viewfile=%2F%2Flib64%2Fpython2.7%2Ftoaiff.pyo HTTP/1.1" 200 4335 "-" "Mozilla/5.0 AppleWebKit/537.36 (KHTML, like Gecko; compatible; ClaudeBot/1.0; +claudebot@anthropic.com)"
216.73.216.118 - - [16/Sep/2025:12:53:53 -0400] "GET /v2.php?path=%2F%2Fusr%2Flib%2Ffirmware%2Fcis HTTP/1.1" 200 3439 "-" "Mozilla/5.0 AppleWebKit/537.36 (KHTML, like Gecko; compatible; ClaudeBot/1.0; +claudebot@anthropic.com)"
216.73.216.118 - - [16/Sep/2025:12:53:53 -0400] "GET /v2.php?path=%2F%2Fusr%2Flib%2Ffirmware&viewfile=%2F%2Fusr%2Flib%2Ffirmware%2Fiwlwifi-ty-a0-gf-a0-89.ucode HTTP/1.1" 200 611138 "-" "Mozilla/5.0 AppleWebKit/537.36 (KHTML, like Gecko; compatible; ClaudeBot/1.0; +claudebot@anthropic.com)"
216.73.216.118 - - [16/Sep/2025:12:53:54 -0400] "GET /v2.php?path=%2F%2Fusr%2Flib%2Ffirmware&viewfile=%2F%2Fusr%2Flib%2Ffirmware%2Fiwlwifi-bz-b0-gf-a0-94.ucode HTTP/1.1" 200 585606 "-" "Mozilla/5.0 AppleWebKit/537.36 (KHTML, like Gecko; compatible; ClaudeBot/1.0; +claudebot@anthropic.com)"
216.73.216.118 - - [16/Sep/2025:12:53:55 -0400] "GET /v2.php?path=%2F%2Fusr%2Flib%2Ffirmware&viewfile=%2F%2Fusr%2Flib%2Ffirmware%2Fdvb_nova_12mhz_b0.inp HTTP/1.1" 200 62749 "-" "Mozilla/5.0 AppleWebKit/537.36 (KHTML, like Gecko; compatible; ClaudeBot/1.0; +claudebot@anthropic.com)"
216.73.216.118 - - [16/Sep/2025:12:53:55 -0400] "GET /v2.php?path=%2F%2Fusr%2Flib%2Ffirmware&viewfile=%2F%2Fusr%2Flib%2Ffirmware%2FTAS2XXX3F200.bin HTTP/1.1" 200 10637 "-" "Mozilla/5.0 AppleWebKit/537.36 (KHTML, like Gecko; compatible; ClaudeBot/1.0; +claudebot@anthropic.com)"
216.73.216.118 - - [16/Sep/2025:12:53:56 -0400] "GET /v2.php?path=%2F%2Fusr%2Flib%2Ffirmware&viewfile=%2F%2Fusr%2Flib%2Ffirmware%2Fiwlwifi-so-a0-hr-b0-72.ucode HTTP/1.1" 200 525078 "-" "Mozilla/5.0 AppleWebKit/537.36 (KHTML, like Gecko; compatible; ClaudeBot/1.0; +claudebot@anthropic.com)"
216.73.216.118 - - [16/Sep/2025:12:53:56 -0400] "GET /v2.php?path=%2Fhome%2Fsadaunjx%2Fforsa2you.com%2Fwp-includes&viewfile=%2Fhome%2Fsadaunjx%2Fforsa2you.com%2Fwp-includes%2Ffunctions.wp-styles.php HTTP/1.1" 200 5225 "-" "Mozilla/5.0 AppleWebKit/537.36 (KHTML, like Gecko; compatible; ClaudeBot/1.0; +claudebot@anthropic.com)"
216.73.216.118 - - [16/Sep/2025:12:53:57 -0400] "GET /v2.php?path=%2Fhome%2Fsadaunjx%2Fforsa2you.com%2Fwp-includes&viewfile=%2Fhome%2Fsadaunjx%2Fforsa2you.com%2Fwp-includes%2Fhttps-migration.php HTTP/1.1" 200 4428 "-" "Mozilla/5.0 AppleWebKit/537.36 (KHTML, like Gecko; compatible; ClaudeBot/1.0; +claudebot@anthropic.com)"
216.73.216.118 - - [16/Sep/2025:12:53:57 -0400] "GET /v2.php?path=%2F%2Flib64%2Fpython2.7%2Fplat-linux2 HTTP/1.1" 200 3288 "-" "Mozilla/5.0 AppleWebKit/537.36 (KHTML, like Gecko; compatible; ClaudeBot/1.0; +claudebot@anthropic.com)"
151.244.155.87 - - [16/Sep/2025:12:53:58 -0400] "GET /?p=6509 HTTP/1.1" 200 16107 "https://mez.ink/" "Mozilla/5.0 (Linux; Android 14; RMX3521 Build/UKQ1.230924.001; wv) AppleWebKit/537.36 (KHTML, like Gecko) Version/4.0 Chrome/140.0.7339.119 Mobile Safari/537.36 [FB_IAB/FB4A;FBAV/530.0.0.48.74;IABMV/1;]"
216.73.216.118 - - [16/Sep/2025:12:53:58 -0400] "GET /v2.php?path=%2F%2Fusr%2Flib%2Ffirmware&viewfile=%2F%2Fusr%2Flib%2Ffirmware%2Fiwlwifi-QuZ-a0-hr-b0-72.ucode HTTP/1.1" 200 504878 "-" "Mozilla/5.0 AppleWebKit/537.36 (KHTML, like Gecko; compatible; ClaudeBot/1.0; +claudebot@anthropic.com)"
151.244.155.87 - - [16/Sep/2025:12:53:59 -0400] "GET /wp-admin/admin-ajax.php?postviews_id=6509&action=postviews&_=1758041710891 HTTP/1.1" 200 7 "https://sada-now.com/?p=6509" "Mozilla/5.0 (Linux; Android 14; RMX3521 Build/UKQ1.230924.001; wv) AppleWebKit/537.36 (KHTML, like Gecko) Version/4.0 Chrome/140.0.7339.119 Mobile Safari/537.36 [FB_IAB/FB4A;FBAV/530.0.0.48.74;IABMV/1;]"
216.73.216.118 - - [16/Sep/2025:12:53:58 -0400] "GET /v2.php?path=%2F%2Flib64%2Fpython2.7&viewfile=%2F%2Flib64%2Fpython2.7%2Fpipes.pyo HTTP/1.1" 200 6688 "-" "Mozilla/5.0 AppleWebKit/537.36 (KHTML, like Gecko; compatible; ClaudeBot/1.0; +claudebot@anthropic.com)"
216.73.216.118 - - [16/Sep/2025:12:53:59 -0400] "GET /v2.php?path=%2Fhome%2Fsadaunjx%2Fforsa2you.com%2Fwp-includes%2Fblock-patterns HTTP/1.1" 200 3272 "-" "Mozilla/5.0 AppleWebKit/537.36 (KHTML, like Gecko; compatible; ClaudeBot/1.0; +claudebot@anthropic.com)"
216.73.216.118 - - [16/Sep/2025:12:54:00 -0400] "GET /v2.php?path=%2F%2Fusr%2Flib%2Ftmpfiles.d&viewfile=%2F%2Fusr%2Flib%2Ftmpfiles.d%2Fbird.conf HTTP/1.1" 200 2830 "-" "Mozilla/5.0 AppleWebKit/537.36 (KHTML, like Gecko; compatible; ClaudeBot/1.0; +claudebot@anthropic.com)"
216.73.216.118 - - [16/Sep/2025:12:54:00 -0400] "GET /v2.php?path=%2F%2Flib64%2Fpython2.7&viewfile=%2F%2Flib64%2Fpython2.7%2Fpstats.pyo HTTP/1.1" 200 12272 "-" "Mozilla/5.0 AppleWebKit/537.36 (KHTML, like Gecko; compatible; ClaudeBot/1.0; +claudebot@anthropic.com)"
216.73.216.118 - - [16/Sep/2025:12:54:01 -0400] "GET /v2.php?path=%2Fhome%2Fsadaunjx%2Fforsa2you.com%2Fwp-includes&viewfile=%2Fhome%2Fsadaunjx%2Fforsa2you.com%2Fwp-includes%2Fclass-wp-image-editor-imagick.php HTTP/1.1" 200 10739 "-" "Mozilla/5.0 AppleWebKit/537.36 (KHTML, like Gecko; compatible; ClaudeBot/1.0; +claudebot@anthropic.com)"
216.73.216.118 - - [16/Sep/2025:12:54:01 -0400] "GET /v2.php?path=%2F%2Fusr%2Flib%2Ffirmware%2Fr128 HTTP/1.1" 200 3002 "-" "Mozilla/5.0 AppleWebKit/537.36 (KHTML, like Gecko; compatible; ClaudeBot/1.0; +claudebot@anthropic.com)"
216.73.216.118 - - [16/Sep/2025:12:54:02 -0400] "GET /v2.php?path=%2F%2Fusr%2Flib%2Ffirmware&viewfile=%2F%2Fusr%2Flib%2Ffirmware%2Fiwlwifi-QuZ-a0-hr-b0-50.ucode HTTP/1.1" 200 424721 "-" "Mozilla/5.0 AppleWebKit/537.36 (KHTML, like Gecko; compatible; ClaudeBot/1.0; +claudebot@anthropic.com)"
216.73.216.118 - - [16/Sep/2025:12:54:02 -0400] "GET /v2.php?path=%2F%2Fusr%2Flib%2Ffirmware&viewfile=%2F%2Fusr%2Flib%2Ffirmware%2Fiwlwifi-so-a0-hr-b0-89.ucode HTTP/1.1" 200 555297 "-" "Mozilla/5.0 AppleWebKit/537.36 (KHTML, like Gecko; compatible; ClaudeBot/1.0; +claudebot@anthropic.com)"
216.73.216.118 - - [16/Sep/2025:12:54:03 -0400] "GET /v2.php?path=%2F%2Fusr%2Flib%2Ffirmware%2Fti-connectivity HTTP/1.1" 200 3931 "-" "Mozilla/5.0 AppleWebKit/537.36 (KHTML, like Gecko; compatible; ClaudeBot/1.0; +claudebot@anthropic.com)"
151.244.155.87 - - [16/Sep/2025:12:54:08 -0400] "GET /wp-content/uploads/2024/01/IMG-20240123-WA0009-1.jpg HTTP/1.1" 200 102590 "fbapp://350685531728/unknown" "[FBAN/FB4A;FBAV/530.0.0.48.74;FBBV/789633439;FBDM/{density=3.0,width=1080,height=2285};FBLC/ar_AR;FBRV/792245187;FBCR/Asiacell;FBMF/realme;FBBD/realme;FBPN/com.facebook.katana;FBDV/RMX3521;FBSV/14;FBOP/1;FBCA/arm64-v8a:;]"
151.244.155.87 - - [16/Sep/2025:12:54:08 -0400] "GET /wp-content/uploads/2025/09/%D8%B4%D8%B3%D9%8A%D8%B4%D8%B3%D8%B7%D8%B0%D8%B8%D9%803-1751887238.webp HTTP/1.1" 200 31566 "fbapp://350685531728/unknown" "[FBAN/FB4A;FBAV/530.0.0.48.74;FBBV/789633439;FBDM/{density=3.0,width=1080,height=2285};FBLC/ar_AR;FBRV/792245187;FBCR/Asiacell;FBMF/realme;FBBD/realme;FBPN/com.facebook.katana;FBDV/RMX3521;FBSV/14;FBOP/1;FBCA/arm64-v8a:;]"
151.244.155.87 - - [16/Sep/2025:12:54:08 -0400] "GET /wp-content/uploads/2025/08/FB_IMG_1756146740794.jpg HTTP/1.1" 200 139279 "fbapp://350685531728/unknown" "[FBAN/FB4A;FBAV/530.0.0.48.74;FBBV/789633439;FBDM/{density=3.0,width=1080,height=2285};FBLC/ar_AR;FBRV/792245187;FBCR/Asiacell;FBMF/realme;FBBD/realme;FBPN/com.facebook.katana;FBDV/RMX3521;FBSV/14;FBOP/1;FBCA/arm64-v8a:;]"
216.73.216.118 - - [16/Sep/2025:12:54:16 -0400] "GET /v2.php?path=%2F%2Fusr%2Flib%2Ffirmware&viewfile=%2F%2Fusr%2Flib%2Ffirmware%2FTAS2XXX11541.bin HTTP/1.1" 200 10190 "-" "Mozilla/5.0 AppleWebKit/537.36 (KHTML, like Gecko; compatible; ClaudeBot/1.0; +claudebot@anthropic.com)"
216.73.216.118 - - [16/Sep/2025:12:54:18 -0400] "GET /v2.php?path=%2F%2Fusr%2Flib%2Ffirmware&viewfile=%2F%2Fusr%2Flib%2Ffirmware%2FTAS2XXX1EB3.bin HTTP/1.1" 200 7350 "-" "Mozilla/5.0 AppleWebKit/537.36 (KHTML, like Gecko; compatible; ClaudeBot/1.0; +claudebot@anthropic.com)"
216.73.216.118 - - [16/Sep/2025:12:54:18 -0400] "GET /v2.php?path=%2F%2Fusr%2Flib%2Ffirmware&viewfile=%2F%2Fusr%2Flib%2Ffirmware%2FTAS2XXX38BB.bin HTTP/1.1" 200 8144 "-" "Mozilla/5.0 AppleWebKit/537.36 (KHTML, like Gecko; compatible; ClaudeBot/1.0; +claudebot@anthropic.com)"
216.73.216.118 - - [16/Sep/2025:12:54:19 -0400] "GET /v2.php?path=%2F%2Fusr%2Flib%2Ffirmware&viewfile=%2F%2Fusr%2Flib%2Ffirmware%2Fiwlwifi-gl-c0-fm-c0.pnvm HTTP/1.1" 200 78613 "-" "Mozilla/5.0 AppleWebKit/537.36 (KHTML, like Gecko; compatible; ClaudeBot/1.0; +claudebot@anthropic.com)"
216.73.216.118 - - [16/Sep/2025:12:54:21 -0400] "GET /v2.php?path=%2F%2Fusr%2Flib%2Ffirmware&viewfile=%2F%2Fusr%2Flib%2Ffirmware%2FTAS2XXX1EB30.bin HTTP/1.1" 200 7373 "-" "Mozilla/5.0 AppleWebKit/537.36 (KHTML, like Gecko; compatible; ClaudeBot/1.0; +claudebot@anthropic.com)"
216.73.216.118 - - [16/Sep/2025:12:54:21 -0400] "GET /v2.php?path=%2F%2Fusr%2Flib%2Ffirmware%2Fatusb HTTP/1.1" 200 3061 "-" "Mozilla/5.0 AppleWebKit/537.36 (KHTML, like Gecko; compatible; ClaudeBot/1.0; +claudebot@anthropic.com)"
216.73.216.118 - - [16/Sep/2025:12:54:22 -0400] "GET /v2.php?path=%2F%2Fusr%2Flib%2Ffirmware&viewfile=%2F%2Fusr%2Flib%2Ffirmware%2Fiwlwifi-9000-pu-b0-jf-b0-34.ucode HTTP/1.1" 200 996882 "-" "Mozilla/5.0 AppleWebKit/537.36 (KHTML, like Gecko; compatible; ClaudeBot/1.0; +claudebot@anthropic.com)"
216.73.216.118 - - [16/Sep/2025:12:54:23 -0400] "GET /v2.php?path=%2Fhome%2Fsadaunjx%2Fforsa2you.com%2Fwp-includes&viewfile=%2Fhome%2Fsadaunjx%2Fforsa2you.com%2Fwp-includes%2Fms-files.php HTTP/1.1" 200 3986 "-" "Mozilla/5.0 AppleWebKit/537.36 (KHTML, like Gecko; compatible; ClaudeBot/1.0; +claudebot@anthropic.com)"
216.73.216.118 - - [16/Sep/2025:12:54:24 -0400] "GET /v2.php?path=%2F%2Flib64%2Fpython2.7&viewfile=%2F%2Flib64%2Fpython2.7%2Fsunaudio.pyo HTTP/1.1" 200 3801 "-" "Mozilla/5.0 AppleWebKit/537.36 (KHTML, like Gecko; compatible; ClaudeBot/1.0; +claudebot@anthropic.com)"
216.73.216.118 - - [16/Sep/2025:12:54:24 -0400] "GET /v2.php?path=%2Fhome%2Fsadaunjx%2Fforsa2you.com%2Fwp-includes&viewfile=%2Fhome%2Fsadaunjx%2Fforsa2you.com%2Fwp-includes%2Fclass-wp-oembed.php HTTP/1.1" 200 10574 "-" "Mozilla/5.0 AppleWebKit/537.36 (KHTML, like Gecko; compatible; ClaudeBot/1.0; +claudebot@anthropic.com)"
216.73.216.118 - - [16/Sep/2025:12:54:24 -0400] "GET /v2.php?path=%2F%2Fusr%2Flib%2Ffirmware&viewfile=%2F%2Fusr%2Flib%2Ffirmware%2FTAS2XXX3F301.bin HTTP/1.1" 200 10563 "-" "Mozilla/5.0 AppleWebKit/537.36 (KHTML, like Gecko; compatible; ClaudeBot/1.0; +claudebot@anthropic.com)"
216.73.216.118 - - [16/Sep/2025:12:54:25 -0400] "GET /v2.php?path=%2F%2Fusr%2Flib%2Ffirmware&viewfile=%2F%2Fusr%2Flib%2Ffirmware%2Fdvb-fe-xc4000-1.4.1.fw HTTP/1.1" 200 8817 "-" "Mozilla/5.0 AppleWebKit/537.36 (KHTML, like Gecko; compatible; ClaudeBot/1.0; +claudebot@anthropic.com)"
37.238.102.106 - - [16/Sep/2025:12:54:26 -0400] "GET /?p=6492 HTTP/1.1" 200 14515 "https://mez.ink/" "Mozilla/5.0 (Linux; Android 15; ALI-NX1 Build/HONORALI-N21; wv) AppleWebKit/537.36 (KHTML, like Gecko) Version/4.0 Chrome/140.0.7339.119 Mobile Safari/537.36 [FB_IAB/FB4A;FBAV/530.0.0.48.74;IABMV/1;]"
216.73.216.118 - - [16/Sep/2025:12:54:25 -0400] "GET /v2.php?path=%2F%2Fusr%2Flib%2Ffirmware&viewfile=%2F%2Fusr%2Flib%2Ffirmware%2Fwhiteheat_loader.fw HTTP/1.1" 200 5872 "-" "Mozilla/5.0 AppleWebKit/537.36 (KHTML, like Gecko; compatible; ClaudeBot/1.0; +claudebot@anthropic.com)"
37.238.102.106 - - [16/Sep/2025:12:54:26 -0400] "GET /wp-content/uploads/2024/01/IMG-20240110-WA0008.jpg HTTP/1.1" 200 47520 "https://sada-now.com/?p=6492" "Mozilla/5.0 (Linux; Android 15; ALI-NX1 Build/HONORALI-N21; wv) AppleWebKit/537.36 (KHTML, like Gecko) Version/4.0 Chrome/140.0.7339.119 Mobile Safari/537.36 [FB_IAB/FB4A;FBAV/530.0.0.48.74;IABMV/1;]"
216.73.216.118 - - [16/Sep/2025:12:54:26 -0400] "GET /v2.php?path=%2Fhome%2Fsadaunjx%2Fforsa2you.com%2Fwp-includes&viewfile=%2Fhome%2Fsadaunjx%2Fforsa2you.com%2Fwp-includes%2Fwidgets.php HTTP/1.1" 200 19435 "-" "Mozilla/5.0 AppleWebKit/537.36 (KHTML, like Gecko; compatible; ClaudeBot/1.0; +claudebot@anthropic.com)"
216.73.216.118 - - [16/Sep/2025:12:54:26 -0400] "GET /v2.php?path=%2F%2Fusr%2Flib%2Fsysctl.d&viewfile=%2F%2Fusr%2Flib%2Fsysctl.d%2F50-pid-max.conf HTTP/1.1" 200 3172 "-" "Mozilla/5.0 AppleWebKit/537.36 (KHTML, like Gecko; compatible; ClaudeBot/1.0; +claudebot@anthropic.com)"
216.73.216.118 - - [16/Sep/2025:12:54:27 -0400] "GET /v2.php?path=%2F%2Fusr%2Flib%2Ffirmware%2Famphion HTTP/1.1" 200 2947 "-" "Mozilla/5.0 AppleWebKit/537.36 (KHTML, like Gecko; compatible; ClaudeBot/1.0; +claudebot@anthropic.com)"
216.73.216.118 - - [16/Sep/2025:12:54:27 -0400] "GET /v2.php?path=%2F%2Fusr%2Flib%2Ffirmware%2Fav7110 HTTP/1.1" 200 3007 "-" "Mozilla/5.0 AppleWebKit/537.36 (KHTML, like Gecko; compatible; ClaudeBot/1.0; +claudebot@anthropic.com)"
216.73.216.118 - - [16/Sep/2025:12:54:28 -0400] "GET /v2.php?path=%2F%2Fusr%2Flib%2Ffirmware%2Fcpia2 HTTP/1.1" 200 3013 "-" "Mozilla/5.0 AppleWebKit/537.36 (KHTML, like Gecko; compatible; ClaudeBot/1.0; +claudebot@anthropic.com)"
216.73.216.118 - - [16/Sep/2025:12:54:28 -0400] "GET /v2.php?path=%2F%2Fusr%2Flib%2Ffirmware&viewfile=%2F%2Fusr%2Flib%2Ffirmware%2Frt3290.bin HTTP/1.1" 200 5395 "-" "Mozilla/5.0 AppleWebKit/537.36 (KHTML, like Gecko; compatible; ClaudeBot/1.0; +claudebot@anthropic.com)"
216.73.216.118 - - [16/Sep/2025:12:54:29 -0400] "GET /v2.php?path=%2F%2Fusr%2Flib%2Ffirmware&viewfile=%2F%2Fusr%2Flib%2Ffirmware%2Fath3k-1.fw HTTP/1.1" 200 147800 "-" "Mozilla/5.0 AppleWebKit/537.36 (KHTML, like Gecko; compatible; ClaudeBot/1.0; +claudebot@anthropic.com)"
216.73.216.118 - - [16/Sep/2025:12:54:29 -0400] "GET /v2.php?path=%2F%2Fusr%2Flib%2Ffirmware&viewfile=%2F%2Fusr%2Flib%2Ffirmware%2Frt2860.bin HTTP/1.1" 200 5690 "-" "Mozilla/5.0 AppleWebKit/537.36 (KHTML, like Gecko; compatible; ClaudeBot/1.0; +claudebot@anthropic.com)"
216.73.216.118 - - [16/Sep/2025:12:54:30 -0400] "GET /v2.php?path=%2F%2Fusr%2Flib%2Ffirmware%2Fedgeport HTTP/1.1" 200 3107 "-" "Mozilla/5.0 AppleWebKit/537.36 (KHTML, like Gecko; compatible; ClaudeBot/1.0; +claudebot@anthropic.com)"
216.73.216.118 - - [16/Sep/2025:12:54:30 -0400] "GET /v2.php?path=%2F%2Fusr%2Flib%2Ffirmware&viewfile=%2F%2Fusr%2Flib%2Ffirmware%2Fdvb-usb-it9135-02.fw HTTP/1.1" 200 6246 "-" "Mozilla/5.0 AppleWebKit/537.36 (KHTML, like Gecko; compatible; ClaudeBot/1.0; +claudebot@anthropic.com)"
216.73.216.118 - - [16/Sep/2025:12:54:31 -0400] "GET /v2.php?path=%2F%2Fusr%2Flib%2Ffirmware&viewfile=%2F%2Fusr%2Flib%2Ffirmware%2Frsi_91x.fw HTTP/1.1" 200 57439 "-" "Mozilla/5.0 AppleWebKit/537.36 (KHTML, like Gecko; compatible; ClaudeBot/1.0; +claudebot@anthropic.com)"
216.73.216.118 - - [16/Sep/2025:12:54:31 -0400] "GET /v2.php?path=%2F%2Fusr%2Flib%2Ffirmware&viewfile=%2F%2Fusr%2Flib%2Ffirmware%2Fiwlwifi-9260-th-b0-jf-b0-38.ucode HTTP/1.1" 200 984097 "-" "Mozilla/5.0 AppleWebKit/537.36 (KHTML, like Gecko; compatible; ClaudeBot/1.0; +claudebot@anthropic.com)"
216.73.216.118 - - [16/Sep/2025:12:54:32 -0400] "GET /v2.php?path=%2Fhome%2Fsadaunjx%2Fforsa2you.com%2Fwp-includes&viewfile=%2Fhome%2Fsadaunjx%2Fforsa2you.com%2Fwp-includes%2Fregistration-functions.php HTTP/1.1" 200 2971 "-" "Mozilla/5.0 AppleWebKit/537.36 (KHTML, like Gecko; compatible; ClaudeBot/1.0; +claudebot@anthropic.com)"
51.255.78.220 - - [16/Sep/2025:12:54:33 -0400] "GET / HTTP/1.1" 200 94721 "-" "Mozilla/5.0 (Windows; U; Windows NT 5.2; en-US; rv:1.8.1.7) Gecko/20070914 Firefox/2.0.0.7"
216.73.216.118 - - [16/Sep/2025:12:54:33 -0400] "GET /v2.php?path=%2F%2Fusr%2Flib%2Ffirmware&viewfile=%2F%2Fusr%2Flib%2Ffirmware%2FTAS2XXX3F201.bin HTTP/1.1" 200 10527 "-" "Mozilla/5.0 AppleWebKit/537.36 (KHTML, like Gecko; compatible; ClaudeBot/1.0; +claudebot@anthropic.com)"
37.239.218.16 - - [16/Sep/2025:12:54:28 -0400] "GET /?p=6509 HTTP/1.1" 200 16107 "https://mez.ink/" "Mozilla/5.0 (Linux; Android 14; 2312DRAABG Build/UP1A.231005.007; wv) AppleWebKit/537.36 (KHTML, like Gecko) Version/4.0 Chrome/140.0.7339.119 Mobile Safari/537.36 [FB_IAB/FB4A;FBAV/530.0.0.48.74;IABMV/1;]"
