D7net
Home
Console
Upload
information
Create File
Create Folder
About
Tools
:
/
home
/
sadaunjx
/
access-logs
/
Filename :
sada-now.com-ssl_log
back
Copy
51.255.78.220 - - [16/Sep/2025:08:08:55 -0400] "GET / HTTP/1.1" 200 94721 "-" "Mozilla/5.0 (Windows; U; Windows NT 5.2; en-US; rv:1.8.1.7) Gecko/20070914 Firefox/2.0.0.7"
109.205.116.243 - - [16/Sep/2025:08:08:56 -0400] "GET /wp-content/uploads/2025/09/%D8%B4%D8%B3%D9%8A%D8%B4%D8%B3%D8%B7%D8%B0%D8%B8%D9%803-1751887238-768x512.webp HTTP/1.1" 200 31890 "https://sada-now.com/?p=6628" "Mozilla/5.0 (Linux; Android 13; SM-A325F Build/TP1A.220624.014; wv) AppleWebKit/537.36 (KHTML, like Gecko) Version/4.0 Chrome/140.0.7339.119 Mobile Safari/537.36 [FB_IAB/FB4A;FBAV/530.0.0.48.74;IABMV/1;]"
109.205.116.243 - - [16/Sep/2025:08:08:56 -0400] "GET /wp-content/uploads/2025/08/FB_IMG_1756146740794-768x576.jpg HTTP/1.1" 200 77619 "https://sada-now.com/?p=6628" "Mozilla/5.0 (Linux; Android 13; SM-A325F Build/TP1A.220624.014; wv) AppleWebKit/537.36 (KHTML, like Gecko) Version/4.0 Chrome/140.0.7339.119 Mobile Safari/537.36 [FB_IAB/FB4A;FBAV/530.0.0.48.74;IABMV/1;]"
109.205.116.243 - - [16/Sep/2025:08:08:56 -0400] "GET /wp-content/themes/sahifa/fonts/fontawesome/fontawesome-webfont.woff2?v=4.6.3 HTTP/1.1" 200 71896 "https://sada-now.com/wp-content/themes/sahifa/style.css" "Mozilla/5.0 (Linux; Android 13; SM-A325F Build/TP1A.220624.014; wv) AppleWebKit/537.36 (KHTML, like Gecko) Version/4.0 Chrome/140.0.7339.119 Mobile Safari/537.36 [FB_IAB/FB4A;FBAV/530.0.0.48.74;IABMV/1;]"
109.205.116.243 - - [16/Sep/2025:08:08:56 -0400] "GET /wp-content/themes/sahifa/fonts/BebasNeue/BebasNeue-webfont.woff HTTP/1.1" 200 19996 "https://sada-now.com/wp-content/themes/sahifa/style.css" "Mozilla/5.0 (Linux; Android 13; SM-A325F Build/TP1A.220624.014; wv) AppleWebKit/537.36 (KHTML, like Gecko) Version/4.0 Chrome/140.0.7339.119 Mobile Safari/537.36 [FB_IAB/FB4A;FBAV/530.0.0.48.74;IABMV/1;]"
109.205.116.243 - - [16/Sep/2025:08:08:56 -0400] "GET /wp-content/themes/sahifa/images/patterns/body-bg7.png HTTP/1.1" 200 21146 "https://sada-now.com/wp-content/themes/sahifa/style.css" "Mozilla/5.0 (Linux; Android 13; SM-A325F Build/TP1A.220624.014; wv) AppleWebKit/537.36 (KHTML, like Gecko) Version/4.0 Chrome/140.0.7339.119 Mobile Safari/537.36 [FB_IAB/FB4A;FBAV/530.0.0.48.74;IABMV/1;]"
109.205.116.243 - - [16/Sep/2025:08:08:56 -0400] "GET /wp-content/themes/sahifa/js/tie-scripts.js HTTP/1.1" 200 22645 "https://sada-now.com/?p=6628" "Mozilla/5.0 (Linux; Android 13; SM-A325F Build/TP1A.220624.014; wv) AppleWebKit/537.36 (KHTML, like Gecko) Version/4.0 Chrome/140.0.7339.119 Mobile Safari/537.36 [FB_IAB/FB4A;FBAV/530.0.0.48.74;IABMV/1;]"
109.205.116.243 - - [16/Sep/2025:08:08:56 -0400] "GET /wp-admin/admin-ajax.php?postviews_id=6628&action=postviews&_=1758024536047 HTTP/1.1" 200 6 "https://sada-now.com/?p=6628" "Mozilla/5.0 (Linux; Android 13; SM-A325F Build/TP1A.220624.014; wv) AppleWebKit/537.36 (KHTML, like Gecko) Version/4.0 Chrome/140.0.7339.119 Mobile Safari/537.36 [FB_IAB/FB4A;FBAV/530.0.0.48.74;IABMV/1;]"
51.255.78.220 - - [16/Sep/2025:08:08:57 -0400] "GET // HTTP/1.1" 301 0 "-" "Mozilla/5.0 (Windows; U; Windows NT 5.2; en-US; rv:1.8.1.7) Gecko/20070914 Firefox/2.0.0.7"
51.255.78.220 - - [16/Sep/2025:08:08:57 -0400] "GET / HTTP/1.1" 200 94721 "https://sada-now.com//" "Mozilla/5.0 (Windows; U; Windows NT 5.2; en-US; rv:1.8.1.7) Gecko/20070914 Firefox/2.0.0.7"
216.73.216.118 - - [16/Sep/2025:08:08:58 -0400] "GET /?page=129&paged=10 HTTP/1.1" 200 15543 "-" "Mozilla/5.0 AppleWebKit/537.36 (KHTML, like Gecko; compatible; ClaudeBot/1.0; +claudebot@anthropic.com)"
216.73.216.118 - - [16/Sep/2025:08:08:58 -0400] "GET /?page=79&paged=89 HTTP/1.1" 200 15482 "-" "Mozilla/5.0 AppleWebKit/537.36 (KHTML, like Gecko; compatible; ClaudeBot/1.0; +claudebot@anthropic.com)"
216.73.216.118 - - [16/Sep/2025:08:08:59 -0400] "GET /?page=49&paged=12 HTTP/1.1" 200 14765 "-" "Mozilla/5.0 AppleWebKit/537.36 (KHTML, like Gecko; compatible; ClaudeBot/1.0; +claudebot@anthropic.com)"
216.73.216.118 - - [16/Sep/2025:08:08:59 -0400] "GET /?page=140&paged=145 HTTP/1.1" 200 15351 "-" "Mozilla/5.0 AppleWebKit/537.36 (KHTML, like Gecko; compatible; ClaudeBot/1.0; +claudebot@anthropic.com)"
216.73.216.118 - - [16/Sep/2025:08:09:00 -0400] "GET /?page=153&paged=10 HTTP/1.1" 200 15256 "-" "Mozilla/5.0 AppleWebKit/537.36 (KHTML, like Gecko; compatible; ClaudeBot/1.0; +claudebot@anthropic.com)"
216.73.216.118 - - [16/Sep/2025:08:09:00 -0400] "GET /?page=32&paged=63 HTTP/1.1" 200 15703 "-" "Mozilla/5.0 AppleWebKit/537.36 (KHTML, like Gecko; compatible; ClaudeBot/1.0; +claudebot@anthropic.com)"
216.73.216.118 - - [16/Sep/2025:08:09:01 -0400] "GET /?page=148&paged=5 HTTP/1.1" 200 15498 "-" "Mozilla/5.0 AppleWebKit/537.36 (KHTML, like Gecko; compatible; ClaudeBot/1.0; +claudebot@anthropic.com)"
216.73.216.118 - - [16/Sep/2025:08:09:01 -0400] "GET /?page=152&paged=96 HTTP/1.1" 200 16077 "-" "Mozilla/5.0 AppleWebKit/537.36 (KHTML, like Gecko; compatible; ClaudeBot/1.0; +claudebot@anthropic.com)"
216.73.216.118 - - [16/Sep/2025:08:09:02 -0400] "GET /?page=44&paged=29 HTTP/1.1" 200 16079 "-" "Mozilla/5.0 AppleWebKit/537.36 (KHTML, like Gecko; compatible; ClaudeBot/1.0; +claudebot@anthropic.com)"
216.73.216.118 - - [16/Sep/2025:08:09:02 -0400] "GET /?page=145&paged=143 HTTP/1.1" 200 15361 "-" "Mozilla/5.0 AppleWebKit/537.36 (KHTML, like Gecko; compatible; ClaudeBot/1.0; +claudebot@anthropic.com)"
216.73.216.118 - - [16/Sep/2025:08:09:02 -0400] "GET /?page=44&paged=38 HTTP/1.1" 200 16242 "-" "Mozilla/5.0 AppleWebKit/537.36 (KHTML, like Gecko; compatible; ClaudeBot/1.0; +claudebot@anthropic.com)"
216.73.216.118 - - [16/Sep/2025:08:09:03 -0400] "GET /?page=151&paged=126 HTTP/1.1" 200 15511 "-" "Mozilla/5.0 AppleWebKit/537.36 (KHTML, like Gecko; compatible; ClaudeBot/1.0; +claudebot@anthropic.com)"
216.73.216.118 - - [16/Sep/2025:08:09:03 -0400] "GET /?page=148&paged=4 HTTP/1.1" 200 16010 "-" "Mozilla/5.0 AppleWebKit/537.36 (KHTML, like Gecko; compatible; ClaudeBot/1.0; +claudebot@anthropic.com)"
216.73.216.118 - - [16/Sep/2025:08:09:04 -0400] "GET /?page=80&paged=4 HTTP/1.1" 200 15689 "-" "Mozilla/5.0 AppleWebKit/537.36 (KHTML, like Gecko; compatible; ClaudeBot/1.0; +claudebot@anthropic.com)"
216.73.216.118 - - [16/Sep/2025:08:09:04 -0400] "GET /?page=14&paged=31 HTTP/1.1" 200 16295 "-" "Mozilla/5.0 AppleWebKit/537.36 (KHTML, like Gecko; compatible; ClaudeBot/1.0; +claudebot@anthropic.com)"
216.73.216.118 - - [16/Sep/2025:08:09:05 -0400] "GET /?page=44&paged=158 HTTP/1.1" 200 14629 "-" "Mozilla/5.0 AppleWebKit/537.36 (KHTML, like Gecko; compatible; ClaudeBot/1.0; +claudebot@anthropic.com)"
216.73.216.118 - - [16/Sep/2025:08:09:05 -0400] "GET /?page=67&paged=130 HTTP/1.1" 200 15455 "-" "Mozilla/5.0 AppleWebKit/537.36 (KHTML, like Gecko; compatible; ClaudeBot/1.0; +claudebot@anthropic.com)"
216.73.216.118 - - [16/Sep/2025:08:09:06 -0400] "GET /?page=18&paged=13 HTTP/1.1" 200 14650 "-" "Mozilla/5.0 AppleWebKit/537.36 (KHTML, like Gecko; compatible; ClaudeBot/1.0; +claudebot@anthropic.com)"
216.73.216.118 - - [16/Sep/2025:08:09:07 -0400] "GET /?page=99&paged=89 HTTP/1.1" 200 15280 "-" "Mozilla/5.0 AppleWebKit/537.36 (KHTML, like Gecko; compatible; ClaudeBot/1.0; +claudebot@anthropic.com)"
216.73.216.118 - - [16/Sep/2025:08:09:07 -0400] "GET /?page=9&paged=65 HTTP/1.1" 200 15795 "-" "Mozilla/5.0 AppleWebKit/537.36 (KHTML, like Gecko; compatible; ClaudeBot/1.0; +claudebot@anthropic.com)"
216.73.216.118 - - [16/Sep/2025:08:09:07 -0400] "GET /?page=48&paged=19 HTTP/1.1" 200 16326 "-" "Mozilla/5.0 AppleWebKit/537.36 (KHTML, like Gecko; compatible; ClaudeBot/1.0; +claudebot@anthropic.com)"
216.73.216.118 - - [16/Sep/2025:08:09:08 -0400] "GET /?page=9&paged=48 HTTP/1.1" 200 16355 "-" "Mozilla/5.0 AppleWebKit/537.36 (KHTML, like Gecko; compatible; ClaudeBot/1.0; +claudebot@anthropic.com)"
216.73.216.118 - - [16/Sep/2025:08:09:08 -0400] "GET /?page=44&paged=32 HTTP/1.1" 200 15809 "-" "Mozilla/5.0 AppleWebKit/537.36 (KHTML, like Gecko; compatible; ClaudeBot/1.0; +claudebot@anthropic.com)"
216.73.216.118 - - [16/Sep/2025:08:09:09 -0400] "GET /?page=140&paged=8 HTTP/1.1" 200 15154 "-" "Mozilla/5.0 AppleWebKit/537.36 (KHTML, like Gecko; compatible; ClaudeBot/1.0; +claudebot@anthropic.com)"
216.73.216.118 - - [16/Sep/2025:08:09:09 -0400] "GET /?page=32&paged=89 HTTP/1.1" 200 15508 "-" "Mozilla/5.0 AppleWebKit/537.36 (KHTML, like Gecko; compatible; ClaudeBot/1.0; +claudebot@anthropic.com)"
216.73.216.118 - - [16/Sep/2025:08:09:10 -0400] "GET /?page=20&paged=73 HTTP/1.1" 200 15749 "-" "Mozilla/5.0 AppleWebKit/537.36 (KHTML, like Gecko; compatible; ClaudeBot/1.0; +claudebot@anthropic.com)"
109.205.116.243 - - [16/Sep/2025:08:09:10 -0400] "GET /?p=6575 HTTP/1.1" 200 17354 "https://mez.ink/" "Mozilla/5.0 (Linux; Android 13; SM-A325F Build/TP1A.220624.014; wv) AppleWebKit/537.36 (KHTML, like Gecko) Version/4.0 Chrome/140.0.7339.119 Mobile Safari/537.36 [FB_IAB/FB4A;FBAV/530.0.0.48.74;IABMV/1;]"
216.73.216.118 - - [16/Sep/2025:08:09:10 -0400] "GET /?page=32&paged=152 HTTP/1.1" 200 14006 "-" "Mozilla/5.0 AppleWebKit/537.36 (KHTML, like Gecko; compatible; ClaudeBot/1.0; +claudebot@anthropic.com)"
216.73.216.118 - - [16/Sep/2025:08:09:11 -0400] "GET /?page=148&paged=3 HTTP/1.1" 200 16249 "-" "Mozilla/5.0 AppleWebKit/537.36 (KHTML, like Gecko; compatible; ClaudeBot/1.0; +claudebot@anthropic.com)"
216.73.216.118 - - [16/Sep/2025:08:09:11 -0400] "GET /?page=157&paged=144 HTTP/1.1" 200 15182 "-" "Mozilla/5.0 AppleWebKit/537.36 (KHTML, like Gecko; compatible; ClaudeBot/1.0; +claudebot@anthropic.com)"
216.73.216.118 - - [16/Sep/2025:08:09:11 -0400] "GET /?page=139&paged=91 HTTP/1.1" 200 15051 "-" "Mozilla/5.0 AppleWebKit/537.36 (KHTML, like Gecko; compatible; ClaudeBot/1.0; +claudebot@anthropic.com)"
216.73.216.118 - - [16/Sep/2025:08:09:12 -0400] "GET /?page=80&paged=5 HTTP/1.1" 200 15747 "-" "Mozilla/5.0 AppleWebKit/537.36 (KHTML, like Gecko; compatible; ClaudeBot/1.0; +claudebot@anthropic.com)"
216.73.216.118 - - [16/Sep/2025:08:09:12 -0400] "GET /?page=9&paged=66 HTTP/1.1" 200 15813 "-" "Mozilla/5.0 AppleWebKit/537.36 (KHTML, like Gecko; compatible; ClaudeBot/1.0; +claudebot@anthropic.com)"
216.73.216.118 - - [16/Sep/2025:08:09:13 -0400] "GET /?page=139&paged=12 HTTP/1.1" 200 14950 "-" "Mozilla/5.0 AppleWebKit/537.36 (KHTML, like Gecko; compatible; ClaudeBot/1.0; +claudebot@anthropic.com)"
216.73.216.118 - - [16/Sep/2025:08:09:13 -0400] "GET /?page=83&paged=85 HTTP/1.1" 200 16163 "-" "Mozilla/5.0 AppleWebKit/537.36 (KHTML, like Gecko; compatible; ClaudeBot/1.0; +claudebot@anthropic.com)"
216.73.216.118 - - [16/Sep/2025:08:09:14 -0400] "GET /?page=150&paged=158 HTTP/1.1" 200 14825 "-" "Mozilla/5.0 AppleWebKit/537.36 (KHTML, like Gecko; compatible; ClaudeBot/1.0; +claudebot@anthropic.com)"
216.73.216.118 - - [16/Sep/2025:08:09:14 -0400] "GET /?page=100&paged=89 HTTP/1.1" 200 15401 "-" "Mozilla/5.0 AppleWebKit/537.36 (KHTML, like Gecko; compatible; ClaudeBot/1.0; +claudebot@anthropic.com)"
216.73.216.118 - - [16/Sep/2025:08:09:15 -0400] "GET /?page=152&paged=97 HTTP/1.1" 200 15731 "-" "Mozilla/5.0 AppleWebKit/537.36 (KHTML, like Gecko; compatible; ClaudeBot/1.0; +claudebot@anthropic.com)"
216.73.216.118 - - [16/Sep/2025:08:09:15 -0400] "GET /?page=32&paged=23 HTTP/1.1" 200 16382 "-" "Mozilla/5.0 AppleWebKit/537.36 (KHTML, like Gecko; compatible; ClaudeBot/1.0; +claudebot@anthropic.com)"
216.73.216.118 - - [16/Sep/2025:08:09:15 -0400] "GET /?page=14&paged=19 HTTP/1.1" 200 16242 "-" "Mozilla/5.0 AppleWebKit/537.36 (KHTML, like Gecko; compatible; ClaudeBot/1.0; +claudebot@anthropic.com)"
216.73.216.118 - - [16/Sep/2025:08:09:16 -0400] "GET /?page=71&paged=76 HTTP/1.1" 200 15418 "-" "Mozilla/5.0 AppleWebKit/537.36 (KHTML, like Gecko; compatible; ClaudeBot/1.0; +claudebot@anthropic.com)"
216.73.216.118 - - [16/Sep/2025:08:09:16 -0400] "GET /?page=44&paged=159 HTTP/1.1" 200 14279 "-" "Mozilla/5.0 AppleWebKit/537.36 (KHTML, like Gecko; compatible; ClaudeBot/1.0; +claudebot@anthropic.com)"
216.73.216.118 - - [16/Sep/2025:08:09:17 -0400] "GET /?page=44&paged=160 HTTP/1.1" 200 14229 "-" "Mozilla/5.0 AppleWebKit/537.36 (KHTML, like Gecko; compatible; ClaudeBot/1.0; +claudebot@anthropic.com)"
216.73.216.118 - - [16/Sep/2025:08:09:17 -0400] "GET /?page=51&paged=11 HTTP/1.1" 200 15748 "-" "Mozilla/5.0 AppleWebKit/537.36 (KHTML, like Gecko; compatible; ClaudeBot/1.0; +claudebot@anthropic.com)"
216.73.216.118 - - [16/Sep/2025:08:09:18 -0400] "GET /?page=121&paged=117 HTTP/1.1" 200 15632 "-" "Mozilla/5.0 AppleWebKit/537.36 (KHTML, like Gecko; compatible; ClaudeBot/1.0; +claudebot@anthropic.com)"
216.73.216.118 - - [16/Sep/2025:08:09:18 -0400] "GET /?page=34&paged=21 HTTP/1.1" 200 16137 "-" "Mozilla/5.0 AppleWebKit/537.36 (KHTML, like Gecko; compatible; ClaudeBot/1.0; +claudebot@anthropic.com)"
216.73.216.118 - - [16/Sep/2025:08:09:19 -0400] "GET /?page=11&paged=24 HTTP/1.1" 200 16150 "-" "Mozilla/5.0 AppleWebKit/537.36 (KHTML, like Gecko; compatible; ClaudeBot/1.0; +claudebot@anthropic.com)"
216.73.216.118 - - [16/Sep/2025:08:09:19 -0400] "GET /?page=80&paged=3 HTTP/1.1" 200 16242 "-" "Mozilla/5.0 AppleWebKit/537.36 (KHTML, like Gecko; compatible; ClaudeBot/1.0; +claudebot@anthropic.com)"
216.73.216.118 - - [16/Sep/2025:08:09:20 -0400] "GET /?page=48&paged=18 HTTP/1.1" 200 16191 "-" "Mozilla/5.0 AppleWebKit/537.36 (KHTML, like Gecko; compatible; ClaudeBot/1.0; +claudebot@anthropic.com)"
216.73.216.118 - - [16/Sep/2025:08:09:20 -0400] "GET /?page=44&paged=49 HTTP/1.1" 200 16536 "-" "Mozilla/5.0 AppleWebKit/537.36 (KHTML, like Gecko; compatible; ClaudeBot/1.0; +claudebot@anthropic.com)"
216.73.216.118 - - [16/Sep/2025:08:09:20 -0400] "GET /?page=152&paged=72 HTTP/1.1" 200 15648 "-" "Mozilla/5.0 AppleWebKit/537.36 (KHTML, like Gecko; compatible; ClaudeBot/1.0; +claudebot@anthropic.com)"
216.73.216.118 - - [16/Sep/2025:08:09:21 -0400] "GET /?page=12&paged=13 HTTP/1.1" 200 14620 "-" "Mozilla/5.0 AppleWebKit/537.36 (KHTML, like Gecko; compatible; ClaudeBot/1.0; +claudebot@anthropic.com)"
216.73.216.118 - - [16/Sep/2025:08:09:21 -0400] "GET /?page=152&paged=79 HTTP/1.1" 200 15486 "-" "Mozilla/5.0 AppleWebKit/537.36 (KHTML, like Gecko; compatible; ClaudeBot/1.0; +claudebot@anthropic.com)"
216.73.216.118 - - [16/Sep/2025:08:09:22 -0400] "GET /?page=11&paged=98 HTTP/1.1" 200 15414 "-" "Mozilla/5.0 AppleWebKit/537.36 (KHTML, like Gecko; compatible; ClaudeBot/1.0; +claudebot@anthropic.com)"
66.249.65.101 - - [16/Sep/2025:08:09:22 -0400] "GET /wp-content/uploads/2021/12/11-12-21-312964606.jpg HTTP/1.1" 200 181655 "-" "Googlebot-Image/1.0"
216.73.216.118 - - [16/Sep/2025:08:09:22 -0400] "GET /?page=103&paged=100 HTTP/1.1" 200 15794 "-" "Mozilla/5.0 AppleWebKit/537.36 (KHTML, like Gecko; compatible; ClaudeBot/1.0; +claudebot@anthropic.com)"
216.73.216.118 - - [16/Sep/2025:08:09:23 -0400] "GET /?page=44&paged=22 HTTP/1.1" 200 16018 "-" "Mozilla/5.0 AppleWebKit/537.36 (KHTML, like Gecko; compatible; ClaudeBot/1.0; +claudebot@anthropic.com)"
109.205.116.243 - - [16/Sep/2025:08:09:26 -0400] "GET /?p=6628 HTTP/1.1" 200 21162 "https://mez.ink/" "Mozilla/5.0 (Linux; Android 13; SM-A325F Build/TP1A.220624.014; wv) AppleWebKit/537.36 (KHTML, like Gecko) Version/4.0 Chrome/140.0.7339.119 Mobile Safari/537.36 [FB_IAB/FB4A;FBAV/530.0.0.48.74;IABMV/1;]"
109.205.116.243 - - [16/Sep/2025:08:09:28 -0400] "GET /wp-content/uploads/2025/08/FB_IMG_1756146740794-768x576.jpg HTTP/1.1" 200 77619 "https://sada-now.com/?p=6628" "Mozilla/5.0 (Linux; Android 13; SM-A325F Build/TP1A.220624.014; wv) AppleWebKit/537.36 (KHTML, like Gecko) Version/4.0 Chrome/140.0.7339.119 Mobile Safari/537.36 [FB_IAB/FB4A;FBAV/530.0.0.48.74;IABMV/1;]"
109.205.116.243 - - [16/Sep/2025:08:09:28 -0400] "GET /wp-content/uploads/2025/09/%D8%B4%D8%B3%D9%8A%D8%B4%D8%B3%D8%B7%D8%B0%D8%B8%D9%803-1751887238-768x512.webp HTTP/1.1" 206 1 "https://sada-now.com/?p=6628" "Mozilla/5.0 (Linux; Android 13; SM-A325F Build/TP1A.220624.014; wv) AppleWebKit/537.36 (KHTML, like Gecko) Version/4.0 Chrome/140.0.7339.119 Mobile Safari/537.36 [FB_IAB/FB4A;FBAV/530.0.0.48.74;IABMV/1;]"
109.205.116.243 - - [16/Sep/2025:08:09:29 -0400] "GET /wp-content/themes/sahifa/js/tie-scripts.js HTTP/1.1" 200 22645 "https://sada-now.com/?p=6628" "Mozilla/5.0 (Linux; Android 13; SM-A325F Build/TP1A.220624.014; wv) AppleWebKit/537.36 (KHTML, like Gecko) Version/4.0 Chrome/140.0.7339.119 Mobile Safari/537.36 [FB_IAB/FB4A;FBAV/530.0.0.48.74;IABMV/1;]"
109.205.116.243 - - [16/Sep/2025:08:09:29 -0400] "GET /wp-content/themes/sahifa/js/ilightbox.packed.js HTTP/1.1" 200 22083 "https://sada-now.com/?p=6628" "Mozilla/5.0 (Linux; Android 13; SM-A325F Build/TP1A.220624.014; wv) AppleWebKit/537.36 (KHTML, like Gecko) Version/4.0 Chrome/140.0.7339.119 Mobile Safari/537.36 [FB_IAB/FB4A;FBAV/530.0.0.48.74;IABMV/1;]"
109.205.116.243 - - [16/Sep/2025:08:09:29 -0400] "GET /wp-content/themes/sahifa/fonts/fontawesome/fontawesome-webfont.woff2?v=4.6.3 HTTP/1.1" 200 71896 "https://sada-now.com/wp-content/themes/sahifa/style.css" "Mozilla/5.0 (Linux; Android 13; SM-A325F Build/TP1A.220624.014; wv) AppleWebKit/537.36 (KHTML, like Gecko) Version/4.0 Chrome/140.0.7339.119 Mobile Safari/537.36 [FB_IAB/FB4A;FBAV/530.0.0.48.74;IABMV/1;]"
109.205.116.243 - - [16/Sep/2025:08:09:29 -0400] "GET /wp-content/themes/sahifa/images/patterns/body-bg7.png HTTP/1.1" 200 21146 "https://sada-now.com/wp-content/themes/sahifa/style.css" "Mozilla/5.0 (Linux; Android 13; SM-A325F Build/TP1A.220624.014; wv) AppleWebKit/537.36 (KHTML, like Gecko) Version/4.0 Chrome/140.0.7339.119 Mobile Safari/537.36 [FB_IAB/FB4A;FBAV/530.0.0.48.74;IABMV/1;]"
109.205.116.243 - - [16/Sep/2025:08:09:29 -0400] "GET /wp-content/themes/sahifa/fonts/BebasNeue/BebasNeue-webfont.woff HTTP/1.1" 200 19996 "https://sada-now.com/wp-content/themes/sahifa/style.css" "Mozilla/5.0 (Linux; Android 13; SM-A325F Build/TP1A.220624.014; wv) AppleWebKit/537.36 (KHTML, like Gecko) Version/4.0 Chrome/140.0.7339.119 Mobile Safari/537.36 [FB_IAB/FB4A;FBAV/530.0.0.48.74;IABMV/1;]"
109.205.116.243 - - [16/Sep/2025:08:09:29 -0400] "GET /wp-admin/admin-ajax.php?postviews_id=6628&action=postviews&_=1758024566929 HTTP/1.1" 200 6 "https://sada-now.com/?p=6628" "Mozilla/5.0 (Linux; Android 13; SM-A325F Build/TP1A.220624.014; wv) AppleWebKit/537.36 (KHTML, like Gecko) Version/4.0 Chrome/140.0.7339.119 Mobile Safari/537.36 [FB_IAB/FB4A;FBAV/530.0.0.48.74;IABMV/1;]"
109.205.116.243 - - [16/Sep/2025:08:09:31 -0400] "GET /wp-content/uploads/2025/09/%D8%B4%D8%B3%D9%8A%D8%B4%D8%B3%D8%B7%D8%B0%D8%B8%D9%803-1751887238-768x512.webp HTTP/1.1" 206 28187 "https://sada-now.com/?p=6628" "Mozilla/5.0 (Linux; Android 13; SM-A325F Build/TP1A.220624.014; wv) AppleWebKit/537.36 (KHTML, like Gecko) Version/4.0 Chrome/140.0.7339.119 Mobile Safari/537.36 [FB_IAB/FB4A;FBAV/530.0.0.48.74;IABMV/1;]"
109.205.116.243 - - [16/Sep/2025:08:09:36 -0400] "GET /wp-content/themes/sahifa/js/search.js HTTP/1.1" 200 3390 "https://sada-now.com/?p=6628" "Mozilla/5.0 (Linux; Android 13; SM-A325F Build/TP1A.220624.014; wv) AppleWebKit/537.36 (KHTML, like Gecko) Version/4.0 Chrome/140.0.7339.119 Mobile Safari/537.36 [FB_IAB/FB4A;FBAV/530.0.0.48.74;IABMV/1;]"
216.73.216.118 - - [16/Sep/2025:08:09:37 -0400] "GET /?page=20&paged=88 HTTP/1.1" 200 15735 "-" "Mozilla/5.0 AppleWebKit/537.36 (KHTML, like Gecko; compatible; ClaudeBot/1.0; +claudebot@anthropic.com)"
216.73.216.118 - - [16/Sep/2025:08:09:37 -0400] "GET /?page=123&paged=140 HTTP/1.1" 200 15226 "-" "Mozilla/5.0 AppleWebKit/537.36 (KHTML, like Gecko; compatible; ClaudeBot/1.0; +claudebot@anthropic.com)"
216.73.216.118 - - [16/Sep/2025:08:09:39 -0400] "GET /?page=32&paged=134 HTTP/1.1" 200 15652 "-" "Mozilla/5.0 AppleWebKit/537.36 (KHTML, like Gecko; compatible; ClaudeBot/1.0; +claudebot@anthropic.com)"
216.73.216.118 - - [16/Sep/2025:08:09:39 -0400] "GET /?page=28&paged=92 HTTP/1.1" 200 15821 "-" "Mozilla/5.0 AppleWebKit/537.36 (KHTML, like Gecko; compatible; ClaudeBot/1.0; +claudebot@anthropic.com)"
216.73.216.118 - - [16/Sep/2025:08:09:40 -0400] "GET /?page=34&paged=28 HTTP/1.1" 200 16014 "-" "Mozilla/5.0 AppleWebKit/537.36 (KHTML, like Gecko; compatible; ClaudeBot/1.0; +claudebot@anthropic.com)"
47.128.123.99 - - [16/Sep/2025:08:09:40 -0400] "GET / HTTP/1.1" 200 15217 "-" "Mozilla/5.0 (Linux; Android 5.0) AppleWebKit/537.36 (KHTML, like Gecko) Mobile Safari/537.36 (compatible; Bytespider; spider-feedback@bytedance.com)"
216.73.216.118 - - [16/Sep/2025:08:09:40 -0400] "GET /?page=99&paged=88 HTTP/1.1" 200 15695 "-" "Mozilla/5.0 AppleWebKit/537.36 (KHTML, like Gecko; compatible; ClaudeBot/1.0; +claudebot@anthropic.com)"
47.128.123.99 - - [16/Sep/2025:08:09:41 -0400] "GET /wp-content/themes/sahifa/style.css HTTP/1.1" 200 34984 "https://sada-now.com/" "Mozilla/5.0 (Linux; Android 5.0) AppleWebKit/537.36 (KHTML, like Gecko) Mobile Safari/537.36 (compatible; Bytespider; spider-feedback@bytedance.com)"
47.128.123.99 - - [16/Sep/2025:08:09:41 -0400] "GET /wp-includes/css/dist/block-library/style-rtl.min.css HTTP/1.1" 200 14312 "https://sada-now.com/" "Mozilla/5.0 (Linux; Android 5.0) AppleWebKit/537.36 (KHTML, like Gecko) Mobile Safari/537.36 (compatible; Bytespider; spider-feedback@bytedance.com)"
47.128.123.99 - - [16/Sep/2025:08:09:41 -0400] "GET /wp-content/themes/sahifa/rtl.css HTTP/1.1" 200 3537 "https://sada-now.com/" "Mozilla/5.0 (Linux; Android 5.0) AppleWebKit/537.36 (KHTML, like Gecko) Mobile Safari/537.36 (compatible; Bytespider; spider-feedback@bytedance.com)"
47.128.123.99 - - [16/Sep/2025:08:09:41 -0400] "GET /wp-content/themes/sahifa/css/ilightbox/dark-skin/skin.css HTTP/1.1" 200 1196 "https://sada-now.com/" "Mozilla/5.0 (Linux; Android 5.0) AppleWebKit/537.36 (KHTML, like Gecko) Mobile Safari/537.36 (compatible; Bytespider; spider-feedback@bytedance.com)"
216.73.216.118 - - [16/Sep/2025:08:09:41 -0400] "GET /?page=11&paged=102 HTTP/1.1" 200 15642 "-" "Mozilla/5.0 AppleWebKit/537.36 (KHTML, like Gecko; compatible; ClaudeBot/1.0; +claudebot@anthropic.com)"
216.73.216.118 - - [16/Sep/2025:08:09:41 -0400] "GET /?page=44&paged=61 HTTP/1.1" 200 15728 "-" "Mozilla/5.0 AppleWebKit/537.36 (KHTML, like Gecko; compatible; ClaudeBot/1.0; +claudebot@anthropic.com)"
216.73.216.118 - - [16/Sep/2025:08:09:42 -0400] "GET /?page=152&paged=82 HTTP/1.1" 200 15389 "-" "Mozilla/5.0 AppleWebKit/537.36 (KHTML, like Gecko; compatible; ClaudeBot/1.0; +claudebot@anthropic.com)"
47.128.123.99 - - [16/Sep/2025:08:09:42 -0400] "GET /wp-content/uploads/2025/08/FB_IMG_1756146740794-300x225.jpg HTTP/1.1" 206 500 "https://sada-now.com/" "Mozilla/5.0 (Linux; Android 5.0) AppleWebKit/537.36 (KHTML, like Gecko) Mobile Safari/537.36 (compatible; Bytespider; spider-feedback@bytedance.com)"
216.73.216.118 - - [16/Sep/2025:08:09:42 -0400] "GET /?page=145&paged=160 HTTP/1.1" 200 14211 "-" "Mozilla/5.0 AppleWebKit/537.36 (KHTML, like Gecko; compatible; ClaudeBot/1.0; +claudebot@anthropic.com)"
47.128.123.99 - - [16/Sep/2025:08:09:42 -0400] "GET /wp-content/themes/sahifa/images/patterns/body-bg7.png HTTP/1.1" 206 500 "https://sada-now.com/wp-content/themes/sahifa/style.css" "Mozilla/5.0 (Linux; Android 5.0) AppleWebKit/537.36 (KHTML, like Gecko) Mobile Safari/537.36 (compatible; Bytespider; spider-feedback@bytedance.com)"
47.128.123.99 - - [16/Sep/2025:08:09:42 -0400] "GET /wp-content/uploads/2025/09/doc-73kt2pj-1757166322-300x200.webp HTTP/1.1" 206 500 "https://sada-now.com/" "Mozilla/5.0 (Linux; Android 5.0) AppleWebKit/537.36 (KHTML, like Gecko) Mobile Safari/537.36 (compatible; Bytespider; spider-feedback@bytedance.com)"
47.128.123.99 - - [16/Sep/2025:08:09:42 -0400] "GET /wp-content/uploads/2025/09/284281-300x196.jpg HTTP/1.1" 206 500 "https://sada-now.com/" "Mozilla/5.0 (Linux; Android 5.0) AppleWebKit/537.36 (KHTML, like Gecko) Mobile Safari/537.36 (compatible; Bytespider; spider-feedback@bytedance.com)"
47.128.123.99 - - [16/Sep/2025:08:09:42 -0400] "GET /wp-content/uploads/2025/09/7461e2cf-7845-4b8b-92fc-889577cd80c0-300x200.jpeg HTTP/1.1" 206 500 "https://sada-now.com/" "Mozilla/5.0 (Linux; Android 5.0) AppleWebKit/537.36 (KHTML, like Gecko) Mobile Safari/537.36 (compatible; Bytespider; spider-feedback@bytedance.com)"
47.128.123.99 - - [16/Sep/2025:08:09:42 -0400] "GET /wp-content/themes/sahifa/images/stripe.png HTTP/1.1" 206 93 "https://sada-now.com/wp-content/themes/sahifa/style.css" "Mozilla/5.0 (Linux; Android 5.0) AppleWebKit/537.36 (KHTML, like Gecko) Mobile Safari/537.36 (compatible; Bytespider; spider-feedback@bytedance.com)"
47.128.123.99 - - [16/Sep/2025:08:09:42 -0400] "GET /wp-content/uploads/2025/09/%D8%B4%D8%B3%D9%8A%D8%B4%D8%B3%D8%B7%D8%B0%D8%B8%D9%803-1751887238-300x200.webp HTTP/1.1" 206 500 "https://sada-now.com/" "Mozilla/5.0 (Linux; Android 5.0) AppleWebKit/537.36 (KHTML, like Gecko) Mobile Safari/537.36 (compatible; Bytespider; spider-feedback@bytedance.com)"
47.128.123.99 - - [16/Sep/2025:08:09:43 -0400] "GET /wp-content/uploads/2025/07/FB_IMG_1753222923765-300x270.jpg HTTP/1.1" 206 500 "https://sada-now.com/" "Mozilla/5.0 (Linux; Android 5.0) AppleWebKit/537.36 (KHTML, like Gecko) Mobile Safari/537.36 (compatible; Bytespider; spider-feedback@bytedance.com)"
47.128.123.99 - - [16/Sep/2025:08:09:43 -0400] "GET /wp-content/uploads/2025/08/FB_IMG_1756052735952-300x200.jpg HTTP/1.1" 206 500 "https://sada-now.com/" "Mozilla/5.0 (Linux; Android 5.0) AppleWebKit/537.36 (KHTML, like Gecko) Mobile Safari/537.36 (compatible; Bytespider; spider-feedback@bytedance.com)"
216.73.216.118 - - [16/Sep/2025:08:09:42 -0400] "GET /?page=37&paged=119 HTTP/1.1" 200 15850 "-" "Mozilla/5.0 AppleWebKit/537.36 (KHTML, like Gecko; compatible; ClaudeBot/1.0; +claudebot@anthropic.com)"
216.73.216.118 - - [16/Sep/2025:08:09:43 -0400] "GET /?page=26&paged=159 HTTP/1.1" 200 14377 "-" "Mozilla/5.0 AppleWebKit/537.36 (KHTML, like Gecko; compatible; ClaudeBot/1.0; +claudebot@anthropic.com)"
216.73.216.118 - - [16/Sep/2025:08:09:43 -0400] "GET /?page=26&paged=160 HTTP/1.1" 200 14227 "-" "Mozilla/5.0 AppleWebKit/537.36 (KHTML, like Gecko; compatible; ClaudeBot/1.0; +claudebot@anthropic.com)"
216.73.216.118 - - [16/Sep/2025:08:09:44 -0400] "GET /?page=32&paged=88 HTTP/1.1" 200 15797 "-" "Mozilla/5.0 AppleWebKit/537.36 (KHTML, like Gecko; compatible; ClaudeBot/1.0; +claudebot@anthropic.com)"
216.73.216.118 - - [16/Sep/2025:08:09:44 -0400] "GET /?page=11&paged=112 HTTP/1.1" 200 15690 "-" "Mozilla/5.0 AppleWebKit/537.36 (KHTML, like Gecko; compatible; ClaudeBot/1.0; +claudebot@anthropic.com)"
109.205.116.243 - - [16/Sep/2025:08:09:45 -0400] "GET /wp-content/themes/sahifa/images/stripe.png HTTP/1.1" 200 93 "https://sada-now.com/wp-content/themes/sahifa/style.css" "Mozilla/5.0 (Linux; Android 13; SM-A325F Build/TP1A.220624.014; wv) AppleWebKit/537.36 (KHTML, like Gecko) Version/4.0 Chrome/140.0.7339.119 Mobile Safari/537.36 [FB_IAB/FB4A;FBAV/530.0.0.48.74;IABMV/1;]"
216.73.216.118 - - [16/Sep/2025:08:09:45 -0400] "GET /?page=60&paged=25 HTTP/1.1" 200 16034 "-" "Mozilla/5.0 AppleWebKit/537.36 (KHTML, like Gecko; compatible; ClaudeBot/1.0; +claudebot@anthropic.com)"
216.73.216.118 - - [16/Sep/2025:08:09:45 -0400] "GET /?page=153&paged=30 HTTP/1.1" 200 15782 "-" "Mozilla/5.0 AppleWebKit/537.36 (KHTML, like Gecko; compatible; ClaudeBot/1.0; +claudebot@anthropic.com)"
216.73.216.118 - - [16/Sep/2025:08:09:46 -0400] "GET /?page=79&paged=98 HTTP/1.1" 200 15414 "-" "Mozilla/5.0 AppleWebKit/537.36 (KHTML, like Gecko; compatible; ClaudeBot/1.0; +claudebot@anthropic.com)"
216.73.216.118 - - [16/Sep/2025:08:09:46 -0400] "GET /?page=45&paged=71 HTTP/1.1" 200 15564 "-" "Mozilla/5.0 AppleWebKit/537.36 (KHTML, like Gecko; compatible; ClaudeBot/1.0; +claudebot@anthropic.com)"
216.73.216.118 - - [16/Sep/2025:08:09:47 -0400] "GET /?page=129&paged=30 HTTP/1.1" 200 15599 "-" "Mozilla/5.0 AppleWebKit/537.36 (KHTML, like Gecko; compatible; ClaudeBot/1.0; +claudebot@anthropic.com)"
216.73.216.118 - - [16/Sep/2025:08:09:47 -0400] "GET /?page=80&paged=10 HTTP/1.1" 200 15552 "-" "Mozilla/5.0 AppleWebKit/537.36 (KHTML, like Gecko; compatible; ClaudeBot/1.0; +claudebot@anthropic.com)"
216.73.216.118 - - [16/Sep/2025:08:09:47 -0400] "GET /?page=48&paged=29 HTTP/1.1" 200 16068 "-" "Mozilla/5.0 AppleWebKit/537.36 (KHTML, like Gecko; compatible; ClaudeBot/1.0; +claudebot@anthropic.com)"
216.73.216.118 - - [16/Sep/2025:08:09:48 -0400] "GET /?page=28&paged=35 HTTP/1.1" 200 16519 "-" "Mozilla/5.0 AppleWebKit/537.36 (KHTML, like Gecko; compatible; ClaudeBot/1.0; +claudebot@anthropic.com)"
216.73.216.118 - - [16/Sep/2025:08:09:48 -0400] "GET /?page=99&paged=39 HTTP/1.1" 200 16400 "-" "Mozilla/5.0 AppleWebKit/537.36 (KHTML, like Gecko; compatible; ClaudeBot/1.0; +claudebot@anthropic.com)"
216.73.216.118 - - [16/Sep/2025:08:09:49 -0400] "GET /?page=20&paged=98 HTTP/1.1" 200 15412 "-" "Mozilla/5.0 AppleWebKit/537.36 (KHTML, like Gecko; compatible; ClaudeBot/1.0; +claudebot@anthropic.com)"
216.73.216.118 - - [16/Sep/2025:08:09:49 -0400] "GET /?page=37&paged=89 HTTP/1.1" 200 15508 "-" "Mozilla/5.0 AppleWebKit/537.36 (KHTML, like Gecko; compatible; ClaudeBot/1.0; +claudebot@anthropic.com)"
216.73.216.118 - - [16/Sep/2025:08:09:50 -0400] "GET /?page=28&paged=15 HTTP/1.1" 200 16032 "-" "Mozilla/5.0 AppleWebKit/537.36 (KHTML, like Gecko; compatible; ClaudeBot/1.0; +claudebot@anthropic.com)"
216.73.216.118 - - [16/Sep/2025:08:09:50 -0400] "GET /?page=139&paged=89 HTTP/1.1" 200 15498 "-" "Mozilla/5.0 AppleWebKit/537.36 (KHTML, like Gecko; compatible; ClaudeBot/1.0; +claudebot@anthropic.com)"
216.73.216.118 - - [16/Sep/2025:08:09:51 -0400] "GET /?page=37&paged=143 HTTP/1.1" 200 14973 "-" "Mozilla/5.0 AppleWebKit/537.36 (KHTML, like Gecko; compatible; ClaudeBot/1.0; +claudebot@anthropic.com)"
216.73.216.118 - - [16/Sep/2025:08:09:51 -0400] "GET /?page=37&paged=13 HTTP/1.1" 200 14533 "-" "Mozilla/5.0 AppleWebKit/537.36 (KHTML, like Gecko; compatible; ClaudeBot/1.0; +claudebot@anthropic.com)"
216.73.216.118 - - [16/Sep/2025:08:09:51 -0400] "GET /?page=44&paged=80 HTTP/1.1" 200 15620 "-" "Mozilla/5.0 AppleWebKit/537.36 (KHTML, like Gecko; compatible; ClaudeBot/1.0; +claudebot@anthropic.com)"
216.73.216.118 - - [16/Sep/2025:08:09:52 -0400] "GET /?page=152&paged=104 HTTP/1.1" 200 15683 "-" "Mozilla/5.0 AppleWebKit/537.36 (KHTML, like Gecko; compatible; ClaudeBot/1.0; +claudebot@anthropic.com)"
216.73.216.118 - - [16/Sep/2025:08:09:52 -0400] "GET /?page=145&paged=120 HTTP/1.1" 200 15714 "-" "Mozilla/5.0 AppleWebKit/537.36 (KHTML, like Gecko; compatible; ClaudeBot/1.0; +claudebot@anthropic.com)"
216.73.216.118 - - [16/Sep/2025:08:09:53 -0400] "GET /?page=130&paged=89 HTTP/1.1" 200 15406 "-" "Mozilla/5.0 AppleWebKit/537.36 (KHTML, like Gecko; compatible; ClaudeBot/1.0; +claudebot@anthropic.com)"
216.73.216.118 - - [16/Sep/2025:08:09:53 -0400] "GET /?page=100&paged=88 HTTP/1.1" 200 15617 "-" "Mozilla/5.0 AppleWebKit/537.36 (KHTML, like Gecko; compatible; ClaudeBot/1.0; +claudebot@anthropic.com)"
216.73.216.118 - - [16/Sep/2025:08:09:54 -0400] "GET /?page=155&paged=83 HTTP/1.1" 200 15762 "-" "Mozilla/5.0 AppleWebKit/537.36 (KHTML, like Gecko; compatible; ClaudeBot/1.0; +claudebot@anthropic.com)"
216.73.216.118 - - [16/Sep/2025:08:09:54 -0400] "GET /?page=48&paged=32 HTTP/1.1" 200 15749 "-" "Mozilla/5.0 AppleWebKit/537.36 (KHTML, like Gecko; compatible; ClaudeBot/1.0; +claudebot@anthropic.com)"
216.73.216.118 - - [16/Sep/2025:08:09:55 -0400] "GET /?page=150&paged=126 HTTP/1.1" 200 15545 "-" "Mozilla/5.0 AppleWebKit/537.36 (KHTML, like Gecko; compatible; ClaudeBot/1.0; +claudebot@anthropic.com)"
216.73.216.118 - - [16/Sep/2025:08:09:55 -0400] "GET /?page=155&paged=97 HTTP/1.1" 200 15731 "-" "Mozilla/5.0 AppleWebKit/537.36 (KHTML, like Gecko; compatible; ClaudeBot/1.0; +claudebot@anthropic.com)"
216.73.216.118 - - [16/Sep/2025:08:09:56 -0400] "GET /?page=155&paged=96 HTTP/1.1" 200 16087 "-" "Mozilla/5.0 AppleWebKit/537.36 (KHTML, like Gecko; compatible; ClaudeBot/1.0; +claudebot@anthropic.com)"
216.73.216.118 - - [16/Sep/2025:08:09:56 -0400] "GET /?page=131&paged=71 HTTP/1.1" 200 15571 "-" "Mozilla/5.0 AppleWebKit/537.36 (KHTML, like Gecko; compatible; ClaudeBot/1.0; +claudebot@anthropic.com)"
216.73.216.118 - - [16/Sep/2025:08:09:56 -0400] "GET /?page=48&paged=45 HTTP/1.1" 200 16141 "-" "Mozilla/5.0 AppleWebKit/537.36 (KHTML, like Gecko; compatible; ClaudeBot/1.0; +claudebot@anthropic.com)"
216.73.216.118 - - [16/Sep/2025:08:09:57 -0400] "GET /?page=51&paged=99 HTTP/1.1" 200 15430 "-" "Mozilla/5.0 AppleWebKit/537.36 (KHTML, like Gecko; compatible; ClaudeBot/1.0; +claudebot@anthropic.com)"
216.73.216.118 - - [16/Sep/2025:08:09:57 -0400] "GET /?page=32&paged=98 HTTP/1.1" 200 12576 "-" "Mozilla/5.0 AppleWebKit/537.36 (KHTML, like Gecko; compatible; ClaudeBot/1.0; +claudebot@anthropic.com)"
109.205.116.243 - - [16/Sep/2025:08:09:59 -0400] "GET /?p=6628 HTTP/1.1" 200 21161 "https://mez.ink/" "Mozilla/5.0 (Linux; Android 13; SM-A325F Build/TP1A.220624.014; wv) AppleWebKit/537.36 (KHTML, like Gecko) Version/4.0 Chrome/140.0.7339.119 Mobile Safari/537.36 [FB_IAB/FB4A;FBAV/530.0.0.48.74;IABMV/1;]"
109.205.116.243 - - [16/Sep/2025:08:10:00 -0400] "GET /wp-admin/admin-ajax.php?postviews_id=6628&action=postviews&_=1758024599838 HTTP/1.1" 200 6 "https://sada-now.com/?p=6628" "Mozilla/5.0 (Linux; Android 13; SM-A325F Build/TP1A.220624.014; wv) AppleWebKit/537.36 (KHTML, like Gecko) Version/4.0 Chrome/140.0.7339.119 Mobile Safari/537.36 [FB_IAB/FB4A;FBAV/530.0.0.48.74;IABMV/1;]"
216.73.216.118 - - [16/Sep/2025:08:10:00 -0400] "GET /?page=32&paged=112 HTTP/1.1" 200 15644 "-" "Mozilla/5.0 AppleWebKit/537.36 (KHTML, like Gecko; compatible; ClaudeBot/1.0; +claudebot@anthropic.com)"
109.205.116.243 - - [16/Sep/2025:08:10:01 -0400] "GET /wp-content/uploads/2025/09/%D8%B4%D8%B3%D9%8A%D8%B4%D8%B3%D8%B7%D8%B0%D8%B8%D9%803-1751887238-768x512.webp HTTP/1.1" 206 1 "https://sada-now.com/?p=6628" "Mozilla/5.0 (Linux; Android 13; SM-A325F Build/TP1A.220624.014; wv) AppleWebKit/537.36 (KHTML, like Gecko) Version/4.0 Chrome/140.0.7339.119 Mobile Safari/537.36 [FB_IAB/FB4A;FBAV/530.0.0.48.74;IABMV/1;]"
109.205.116.243 - - [16/Sep/2025:08:10:01 -0400] "GET /wp-content/themes/sahifa/js/search.js HTTP/1.1" 200 3390 "https://sada-now.com/?p=6628" "Mozilla/5.0 (Linux; Android 13; SM-A325F Build/TP1A.220624.014; wv) AppleWebKit/537.36 (KHTML, like Gecko) Version/4.0 Chrome/140.0.7339.119 Mobile Safari/537.36 [FB_IAB/FB4A;FBAV/530.0.0.48.74;IABMV/1;]"
109.205.116.243 - - [16/Sep/2025:08:10:01 -0400] "GET /wp-content/themes/sahifa/images/stripe.png HTTP/1.1" 200 93 "https://sada-now.com/wp-content/themes/sahifa/style.css" "Mozilla/5.0 (Linux; Android 13; SM-A325F Build/TP1A.220624.014; wv) AppleWebKit/537.36 (KHTML, like Gecko) Version/4.0 Chrome/140.0.7339.119 Mobile Safari/537.36 [FB_IAB/FB4A;FBAV/530.0.0.48.74;IABMV/1;]"
109.205.116.243 - - [16/Sep/2025:08:10:01 -0400] "GET /wp-content/uploads/2025/09/%D8%B4%D8%B3%D9%8A%D8%B4%D8%B3%D8%B7%D8%B0%D8%B8%D9%803-1751887238-768x512.webp HTTP/1.1" 206 27752 "https://sada-now.com/?p=6628" "Mozilla/5.0 (Linux; Android 13; SM-A325F Build/TP1A.220624.014; wv) AppleWebKit/537.36 (KHTML, like Gecko) Version/4.0 Chrome/140.0.7339.119 Mobile Safari/537.36 [FB_IAB/FB4A;FBAV/530.0.0.48.74;IABMV/1;]"
216.73.216.118 - - [16/Sep/2025:08:10:01 -0400] "GET /?page=45&paged=72 HTTP/1.1" 200 15598 "-" "Mozilla/5.0 AppleWebKit/537.36 (KHTML, like Gecko; compatible; ClaudeBot/1.0; +claudebot@anthropic.com)"
216.73.216.118 - - [16/Sep/2025:08:10:02 -0400] "GET /?page=45&paged=159 HTTP/1.1" 200 14087 "-" "Mozilla/5.0 AppleWebKit/537.36 (KHTML, like Gecko; compatible; ClaudeBot/1.0; +claudebot@anthropic.com)"
109.205.116.243 - - [16/Sep/2025:08:10:02 -0400] "GET /wp-includes/js/wp-emoji-release.min.js HTTP/1.1" 200 4769 "https://sada-now.com/?p=6628" "Mozilla/5.0 (Linux; Android 13; SM-A325F Build/TP1A.220624.014; wv) AppleWebKit/537.36 (KHTML, like Gecko) Version/4.0 Chrome/140.0.7339.119 Mobile Safari/537.36 [FB_IAB/FB4A;FBAV/530.0.0.48.74;IABMV/1;]"
216.73.216.118 - - [16/Sep/2025:08:10:02 -0400] "GET /?page=45&paged=160 HTTP/1.1" 200 13946 "-" "Mozilla/5.0 AppleWebKit/537.36 (KHTML, like Gecko; compatible; ClaudeBot/1.0; +claudebot@anthropic.com)"
216.73.216.118 - - [16/Sep/2025:08:10:03 -0400] "GET /?page=133&paged=146 HTTP/1.1" 200 15991 "-" "Mozilla/5.0 AppleWebKit/537.36 (KHTML, like Gecko; compatible; ClaudeBot/1.0; +claudebot@anthropic.com)"
52.167.144.234 - - [16/Sep/2025:08:10:03 -0400] "GET /?p=3602 HTTP/1.1" 200 13989 "-" "Mozilla/5.0 AppleWebKit/537.36 (KHTML, like Gecko; compatible; bingbot/2.0; +http://www.bing.com/bingbot.htm) Chrome/116.0.1938.76 Safari/537.36"
216.73.216.118 - - [16/Sep/2025:08:10:04 -0400] "GET /?page=148&paged=30 HTTP/1.1" 200 15873 "-" "Mozilla/5.0 AppleWebKit/537.36 (KHTML, like Gecko; compatible; ClaudeBot/1.0; +claudebot@anthropic.com)"
216.73.216.118 - - [16/Sep/2025:08:10:04 -0400] "GET /?page=82&paged=162 HTTP/1.1" 200 14384 "-" "Mozilla/5.0 AppleWebKit/537.36 (KHTML, like Gecko; compatible; ClaudeBot/1.0; +claudebot@anthropic.com)"
216.73.216.118 - - [16/Sep/2025:08:10:05 -0400] "GET /?page=38&paged=44 HTTP/1.1" 200 16315 "-" "Mozilla/5.0 AppleWebKit/537.36 (KHTML, like Gecko; compatible; ClaudeBot/1.0; +claudebot@anthropic.com)"
216.73.216.118 - - [16/Sep/2025:08:10:05 -0400] "GET /?page=51&paged=129 HTTP/1.1" 200 15022 "-" "Mozilla/5.0 AppleWebKit/537.36 (KHTML, like Gecko; compatible; ClaudeBot/1.0; +claudebot@anthropic.com)"
216.73.216.118 - - [16/Sep/2025:08:10:06 -0400] "GET /?page=123&paged=110 HTTP/1.1" 200 15650 "-" "Mozilla/5.0 AppleWebKit/537.36 (KHTML, like Gecko; compatible; ClaudeBot/1.0; +claudebot@anthropic.com)"
216.73.216.118 - - [16/Sep/2025:08:10:06 -0400] "GET /?page=140&paged=18 HTTP/1.1" 200 16198 "-" "Mozilla/5.0 AppleWebKit/537.36 (KHTML, like Gecko; compatible; ClaudeBot/1.0; +claudebot@anthropic.com)"
216.73.216.118 - - [16/Sep/2025:08:10:06 -0400] "GET /?page=100&paged=132 HTTP/1.1" 200 15927 "-" "Mozilla/5.0 AppleWebKit/537.36 (KHTML, like Gecko; compatible; ClaudeBot/1.0; +claudebot@anthropic.com)"
216.73.216.118 - - [16/Sep/2025:08:10:07 -0400] "GET /?page=148&paged=100 HTTP/1.1" 200 15458 "-" "Mozilla/5.0 AppleWebKit/537.36 (KHTML, like Gecko; compatible; ClaudeBot/1.0; +claudebot@anthropic.com)"
216.73.216.118 - - [16/Sep/2025:08:10:07 -0400] "GET /?page=34&paged=140 HTTP/1.1" 200 15191 "-" "Mozilla/5.0 AppleWebKit/537.36 (KHTML, like Gecko; compatible; ClaudeBot/1.0; +claudebot@anthropic.com)"
216.73.216.118 - - [16/Sep/2025:08:10:08 -0400] "GET /?page=157&paged=118 HTTP/1.1" 200 15810 "-" "Mozilla/5.0 AppleWebKit/537.36 (KHTML, like Gecko; compatible; ClaudeBot/1.0; +claudebot@anthropic.com)"
216.73.216.118 - - [16/Sep/2025:08:10:08 -0400] "GET /?page=37&paged=88 HTTP/1.1" 200 15615 "-" "Mozilla/5.0 AppleWebKit/537.36 (KHTML, like Gecko; compatible; ClaudeBot/1.0; +claudebot@anthropic.com)"
216.73.216.118 - - [16/Sep/2025:08:10:09 -0400] "GET /?page=45&paged=68 HTTP/1.1" 200 15655 "-" "Mozilla/5.0 AppleWebKit/537.36 (KHTML, like Gecko; compatible; ClaudeBot/1.0; +claudebot@anthropic.com)"
216.73.216.118 - - [16/Sep/2025:08:10:09 -0400] "GET /?page=32&paged=64 HTTP/1.1" 200 15770 "-" "Mozilla/5.0 AppleWebKit/537.36 (KHTML, like Gecko; compatible; ClaudeBot/1.0; +claudebot@anthropic.com)"
216.73.216.118 - - [16/Sep/2025:08:10:10 -0400] "GET /?page=80&paged=130 HTTP/1.1" 200 15807 "-" "Mozilla/5.0 AppleWebKit/537.36 (KHTML, like Gecko; compatible; ClaudeBot/1.0; +claudebot@anthropic.com)"
216.73.216.118 - - [16/Sep/2025:08:10:10 -0400] "GET /?page=99&paged=42 HTTP/1.1" 200 15743 "-" "Mozilla/5.0 AppleWebKit/537.36 (KHTML, like Gecko; compatible; ClaudeBot/1.0; +claudebot@anthropic.com)"
216.73.216.118 - - [16/Sep/2025:08:10:10 -0400] "GET /?page=99&paged=58 HTTP/1.1" 200 15796 "-" "Mozilla/5.0 AppleWebKit/537.36 (KHTML, like Gecko; compatible; ClaudeBot/1.0; +claudebot@anthropic.com)"
216.73.216.118 - - [16/Sep/2025:08:10:11 -0400] "GET /?page=82&paged=100 HTTP/1.1" 200 15799 "-" "Mozilla/5.0 AppleWebKit/537.36 (KHTML, like Gecko; compatible; ClaudeBot/1.0; +claudebot@anthropic.com)"
216.73.216.118 - - [16/Sep/2025:08:10:11 -0400] "GET /?page=156&paged=125 HTTP/1.1" 200 15219 "-" "Mozilla/5.0 AppleWebKit/537.36 (KHTML, like Gecko; compatible; ClaudeBot/1.0; +claudebot@anthropic.com)"
216.73.216.118 - - [16/Sep/2025:08:10:12 -0400] "GET /?page=51&paged=38 HTTP/1.1" 200 16379 "-" "Mozilla/5.0 AppleWebKit/537.36 (KHTML, like Gecko; compatible; ClaudeBot/1.0; +claudebot@anthropic.com)"
216.73.216.118 - - [16/Sep/2025:08:10:12 -0400] "GET /?page=130&paged=88 HTTP/1.1" 200 15668 "-" "Mozilla/5.0 AppleWebKit/537.36 (KHTML, like Gecko; compatible; ClaudeBot/1.0; +claudebot@anthropic.com)"
216.73.216.118 - - [16/Sep/2025:08:10:13 -0400] "GET /?page=20&paged=92 HTTP/1.1" 200 15918 "-" "Mozilla/5.0 AppleWebKit/537.36 (KHTML, like Gecko; compatible; ClaudeBot/1.0; +claudebot@anthropic.com)"
216.73.216.118 - - [16/Sep/2025:08:10:13 -0400] "GET /?page=139&paged=28 HTTP/1.1" 200 16113 "-" "Mozilla/5.0 AppleWebKit/537.36 (KHTML, like Gecko; compatible; ClaudeBot/1.0; +claudebot@anthropic.com)"
109.205.116.243 - - [16/Sep/2025:08:10:14 -0400] "GET /?p=6628 HTTP/1.1" 200 21162 "https://mez.ink/" "Mozilla/5.0 (Linux; Android 13; SM-A325F Build/TP1A.220624.014; wv) AppleWebKit/537.36 (KHTML, like Gecko) Version/4.0 Chrome/140.0.7339.119 Mobile Safari/537.36 [FB_IAB/FB4A;FBAV/530.0.0.48.74;IABMV/1;]"
216.73.216.118 - - [16/Sep/2025:08:10:14 -0400] "GET /?page=139&paged=88 HTTP/1.1" 200 15619 "-" "Mozilla/5.0 AppleWebKit/537.36 (KHTML, like Gecko; compatible; ClaudeBot/1.0; +claudebot@anthropic.com)"
216.73.216.118 - - [16/Sep/2025:08:10:14 -0400] "GET /?page=79&paged=92 HTTP/1.1" 200 15998 "-" "Mozilla/5.0 AppleWebKit/537.36 (KHTML, like Gecko; compatible; ClaudeBot/1.0; +claudebot@anthropic.com)"
216.73.216.118 - - [16/Sep/2025:08:10:15 -0400] "GET /?page=153&paged=20 HTTP/1.1" 200 15907 "-" "Mozilla/5.0 AppleWebKit/537.36 (KHTML, like Gecko; compatible; ClaudeBot/1.0; +claudebot@anthropic.com)"
216.73.216.118 - - [16/Sep/2025:08:10:15 -0400] "GET /?page=26&paged=140 HTTP/1.1" 200 15162 "-" "Mozilla/5.0 AppleWebKit/537.36 (KHTML, like Gecko; compatible; ClaudeBot/1.0; +claudebot@anthropic.com)"
109.205.116.243 - - [16/Sep/2025:08:10:15 -0400] "GET /wp-admin/admin-ajax.php?postviews_id=6628&action=postviews&_=1758024615362 HTTP/1.1" 200 6 "https://sada-now.com/?p=6628" "Mozilla/5.0 (Linux; Android 13; SM-A325F Build/TP1A.220624.014; wv) AppleWebKit/537.36 (KHTML, like Gecko) Version/4.0 Chrome/140.0.7339.119 Mobile Safari/537.36 [FB_IAB/FB4A;FBAV/530.0.0.48.74;IABMV/1;]"
216.73.216.118 - - [16/Sep/2025:08:10:16 -0400] "GET /?page=67&paged=158 HTTP/1.1" 200 14718 "-" "Mozilla/5.0 AppleWebKit/537.36 (KHTML, like Gecko; compatible; ClaudeBot/1.0; +claudebot@anthropic.com)"
216.73.216.118 - - [16/Sep/2025:08:10:16 -0400] "GET /?page=129&paged=20 HTTP/1.1" 200 15883 "-" "Mozilla/5.0 AppleWebKit/537.36 (KHTML, like Gecko; compatible; ClaudeBot/1.0; +claudebot@anthropic.com)"
216.73.216.118 - - [16/Sep/2025:08:10:16 -0400] "GET /?page=61&paged=74 HTTP/1.1" 200 15356 "-" "Mozilla/5.0 AppleWebKit/537.36 (KHTML, like Gecko; compatible; ClaudeBot/1.0; +claudebot@anthropic.com)"
216.73.216.118 - - [16/Sep/2025:08:10:17 -0400] "GET /?page=148&paged=118 HTTP/1.1" 200 15897 "-" "Mozilla/5.0 AppleWebKit/537.36 (KHTML, like Gecko; compatible; ClaudeBot/1.0; +claudebot@anthropic.com)"
216.73.216.118 - - [16/Sep/2025:08:10:17 -0400] "GET /?page=145&paged=140 HTTP/1.1" 200 15274 "-" "Mozilla/5.0 AppleWebKit/537.36 (KHTML, like Gecko; compatible; ClaudeBot/1.0; +claudebot@anthropic.com)"
216.73.216.118 - - [16/Sep/2025:08:10:18 -0400] "GET /?page=99&paged=92 HTTP/1.1" 200 15794 "-" "Mozilla/5.0 AppleWebKit/537.36 (KHTML, like Gecko; compatible; ClaudeBot/1.0; +claudebot@anthropic.com)"
216.73.216.118 - - [16/Sep/2025:08:10:18 -0400] "GET /?page=139&paged=31 HTTP/1.1" 200 16418 "-" "Mozilla/5.0 AppleWebKit/537.36 (KHTML, like Gecko; compatible; ClaudeBot/1.0; +claudebot@anthropic.com)"
216.73.216.118 - - [16/Sep/2025:08:10:19 -0400] "GET /?page=130&paged=98 HTTP/1.1" 200 15401 "-" "Mozilla/5.0 AppleWebKit/537.36 (KHTML, like Gecko; compatible; ClaudeBot/1.0; +claudebot@anthropic.com)"
216.73.216.118 - - [16/Sep/2025:08:10:19 -0400] "GET /?page=37&paged=136 HTTP/1.1" 200 15443 "-" "Mozilla/5.0 AppleWebKit/537.36 (KHTML, like Gecko; compatible; ClaudeBot/1.0; +claudebot@anthropic.com)"
216.73.216.118 - - [16/Sep/2025:08:10:20 -0400] "GET /?page=99&paged=61 HTTP/1.1" 200 15716 "-" "Mozilla/5.0 AppleWebKit/537.36 (KHTML, like Gecko; compatible; ClaudeBot/1.0; +claudebot@anthropic.com)"
216.73.216.118 - - [16/Sep/2025:08:10:20 -0400] "GET /?page=11&paged=111 HTTP/1.1" 200 15119 "-" "Mozilla/5.0 AppleWebKit/537.36 (KHTML, like Gecko; compatible; ClaudeBot/1.0; +claudebot@anthropic.com)"
216.73.216.118 - - [16/Sep/2025:08:10:20 -0400] "GET /?page=32&paged=92 HTTP/1.1" 200 15941 "-" "Mozilla/5.0 AppleWebKit/537.36 (KHTML, like Gecko; compatible; ClaudeBot/1.0; +claudebot@anthropic.com)"
216.73.216.118 - - [16/Sep/2025:08:10:21 -0400] "GET /?page=49&paged=55 HTTP/1.1" 200 15588 "-" "Mozilla/5.0 AppleWebKit/537.36 (KHTML, like Gecko; compatible; ClaudeBot/1.0; +claudebot@anthropic.com)"
216.73.216.118 - - [16/Sep/2025:08:10:21 -0400] "GET /?page=67&paged=159 HTTP/1.1" 200 14235 "-" "Mozilla/5.0 AppleWebKit/537.36 (KHTML, like Gecko; compatible; ClaudeBot/1.0; +claudebot@anthropic.com)"
216.73.216.118 - - [16/Sep/2025:08:10:22 -0400] "GET /?page=67&paged=160 HTTP/1.1" 200 14229 "-" "Mozilla/5.0 AppleWebKit/537.36 (KHTML, like Gecko; compatible; ClaudeBot/1.0; +claudebot@anthropic.com)"
216.73.216.118 - - [16/Sep/2025:08:10:22 -0400] "GET /?page=38&paged=43 HTTP/1.1" 200 15883 "-" "Mozilla/5.0 AppleWebKit/537.36 (KHTML, like Gecko; compatible; ClaudeBot/1.0; +claudebot@anthropic.com)"
216.73.216.118 - - [16/Sep/2025:08:10:23 -0400] "GET /?page=32&paged=148 HTTP/1.1" 200 14885 "-" "Mozilla/5.0 AppleWebKit/537.36 (KHTML, like Gecko; compatible; ClaudeBot/1.0; +claudebot@anthropic.com)"
216.73.216.118 - - [16/Sep/2025:08:10:23 -0400] "GET /?page=32&paged=108 HTTP/1.1" 200 16133 "-" "Mozilla/5.0 AppleWebKit/537.36 (KHTML, like Gecko; compatible; ClaudeBot/1.0; +claudebot@anthropic.com)"
51.255.78.220 - - [16/Sep/2025:08:10:23 -0400] "GET / HTTP/1.1" 200 94721 "-" "Mozilla/5.0 (Windows; U; Windows NT 5.2; en-US; rv:1.8.1.7) Gecko/20070914 Firefox/2.0.0.7"
216.73.216.118 - - [16/Sep/2025:08:10:24 -0400] "GET /?page=60&paged=103 HTTP/1.1" 200 15685 "-" "Mozilla/5.0 AppleWebKit/537.36 (KHTML, like Gecko; compatible; ClaudeBot/1.0; +claudebot@anthropic.com)"
216.73.216.118 - - [16/Sep/2025:08:10:24 -0400] "GET /?page=83&paged=81 HTTP/1.1" 200 15412 "-" "Mozilla/5.0 AppleWebKit/537.36 (KHTML, like Gecko; compatible; ClaudeBot/1.0; +claudebot@anthropic.com)"
216.73.216.118 - - [16/Sep/2025:08:10:24 -0400] "GET /?page=11&paged=109 HTTP/1.1" 200 16206 "-" "Mozilla/5.0 AppleWebKit/537.36 (KHTML, like Gecko; compatible; ClaudeBot/1.0; +claudebot@anthropic.com)"
51.255.78.220 - - [16/Sep/2025:08:10:25 -0400] "GET // HTTP/1.1" 301 0 "-" "Mozilla/5.0 (Windows; U; Windows NT 5.2; en-US; rv:1.8.1.7) Gecko/20070914 Firefox/2.0.0.7"
51.255.78.220 - - [16/Sep/2025:08:10:25 -0400] "GET / HTTP/1.1" 200 94721 "https://sada-now.com//" "Mozilla/5.0 (Windows; U; Windows NT 5.2; en-US; rv:1.8.1.7) Gecko/20070914 Firefox/2.0.0.7"
216.73.216.118 - - [16/Sep/2025:08:10:25 -0400] "GET /?page=83&paged=84 HTTP/1.1" 200 16049 "-" "Mozilla/5.0 AppleWebKit/537.36 (KHTML, like Gecko; compatible; ClaudeBot/1.0; +claudebot@anthropic.com)"
216.73.216.118 - - [16/Sep/2025:08:10:25 -0400] "GET /?page=11&paged=101 HTTP/1.1" 200 15838 "-" "Mozilla/5.0 AppleWebKit/537.36 (KHTML, like Gecko; compatible; ClaudeBot/1.0; +claudebot@anthropic.com)"
216.73.216.118 - - [16/Sep/2025:08:10:26 -0400] "GET /?page=28&paged=64 HTTP/1.1" 200 15770 "-" "Mozilla/5.0 AppleWebKit/537.36 (KHTML, like Gecko; compatible; ClaudeBot/1.0; +claudebot@anthropic.com)"
109.205.116.243 - - [16/Sep/2025:08:10:34 -0400] "GET /wp-content/uploads/2025/04/5-5-2020.jpg HTTP/1.1" 200 94005 "fbapp://350685531728/unknown" "[FBAN/FB4A;FBAV/530.0.0.48.74;FBBV/789633209;FBDM/{density=2.625,width=1080,height=2194};FBLC/ar_AR;FBRV/791779379;FBCR/Asiacell;FBMF/samsung;FBBD/samsung;FBPN/com.facebook.katana;FBDV/SM-A325F;FBSV/13;FBOP/1;FBCA/arm64-v8a:;]"
109.205.116.243 - - [16/Sep/2025:08:10:34 -0400] "GET /wp-content/uploads/2025/09/%D8%B4%D8%B3%D9%8A%D8%B4%D8%B3%D8%B7%D8%B0%D8%B8%D9%803-1751887238.webp HTTP/1.1" 200 31566 "fbapp://350685531728/unknown" "[FBAN/FB4A;FBAV/530.0.0.48.74;FBBV/789633209;FBDM/{density=2.625,width=1080,height=2194};FBLC/ar_AR;FBRV/791779379;FBCR/Asiacell;FBMF/samsung;FBBD/samsung;FBPN/com.facebook.katana;FBDV/SM-A325F;FBSV/13;FBOP/1;FBCA/arm64-v8a:;]"
109.205.116.243 - - [16/Sep/2025:08:10:34 -0400] "GET /wp-content/uploads/2025/08/FB_IMG_1756146740794.jpg HTTP/1.1" 200 139279 "fbapp://350685531728/unknown" "[FBAN/FB4A;FBAV/530.0.0.48.74;FBBV/789633209;FBDM/{density=2.625,width=1080,height=2194};FBLC/ar_AR;FBRV/791779379;FBCR/Asiacell;FBMF/samsung;FBBD/samsung;FBPN/com.facebook.katana;FBDV/SM-A325F;FBSV/13;FBOP/1;FBCA/arm64-v8a:;]"
209.85.238.37 - - [16/Sep/2025:08:10:34 -0400] "GET /?p=6628 HTTP/1.1" 200 21130 "-" "Mediapartners-Google"
43.166.132.142 - - [16/Sep/2025:08:10:38 -0400] "GET /?paged=162 HTTP/1.1" 200 17499 "-" "Mozilla/5.0 (iPhone; CPU iPhone OS 13_2_3 like Mac OS X) AppleWebKit/605.1.15 (KHTML, like Gecko) Version/13.0.3 Mobile/15E148 Safari/604.1"
109.205.116.243 - - [16/Sep/2025:08:10:58 -0400] "GET /?p=6628 HTTP/1.1" 200 21162 "https://mez.ink/" "Mozilla/5.0 (Linux; Android 13; SM-A325F Build/TP1A.220624.014; wv) AppleWebKit/537.36 (KHTML, like Gecko) Version/4.0 Chrome/140.0.7339.119 Mobile Safari/537.36 [FB_IAB/FB4A;FBAV/530.0.0.48.74;IABMV/1;]"
