114.119.140.137 - - [16/Sep/2025:09:37:40 -0400] "GET /?m=201908 HTTP/1.1" 200 17961 "https://sada-now.com?p=1540" "Mozilla/5.0 (Linux; Android 7.0;) AppleWebKit/537.36 (KHTML, like Gecko) Mobile Safari/537.36 (compatible; PetalBot;+https://webmaster.petalsearch.com/site/petalbot)"
51.255.78.220 - - [16/Sep/2025:09:38:05 -0400] "GET / HTTP/1.1" 200 94721 "-" "Mozilla/5.0 (Windows; U; Windows NT 5.2; en-US; rv:1.8.1.7) Gecko/20070914 Firefox/2.0.0.7"
51.255.78.220 - - [16/Sep/2025:09:38:07 -0400] "GET // HTTP/1.1" 301 0 "-" "Mozilla/5.0 (Windows; U; Windows NT 5.2; en-US; rv:1.8.1.7) Gecko/20070914 Firefox/2.0.0.7"
51.255.78.220 - - [16/Sep/2025:09:38:07 -0400] "GET / HTTP/1.1" 200 94721 "https://sada-now.com//" "Mozilla/5.0 (Windows; U; Windows NT 5.2; en-US; rv:1.8.1.7) Gecko/20070914 Firefox/2.0.0.7"
66.249.65.100 - - [16/Sep/2025:09:38:21 -0400] "GET /wp-content/uploads/2020/06/280px-%D8%B1%D9%8A%D8%A7%D9%84_%D9%8A%D9%85%D9%86%D9%8A_500.png HTTP/1.1" 200 173081 "-" "Googlebot-Image/1.0"
185.191.171.17 - - [16/Sep/2025:09:38:26 -0400] "GET /?p=2728 HTTP/1.1" 200 16853 "-" "Mozilla/5.0 (compatible; SemrushBot/7~bl; +http://www.semrush.com/bot.html)"
43.157.148.38 - - [16/Sep/2025:09:38:29 -0400] "GET /?cat=10 HTTP/1.1" 200 19178 "-" "Mozilla/5.0 (iPhone; CPU iPhone OS 13_2_3 like Mac OS X) AppleWebKit/605.1.15 (KHTML, like Gecko) Version/13.0.3 Mobile/15E148 Safari/604.1"
47.128.63.10 - - [16/Sep/2025:09:38:48 -0400] "GET / HTTP/1.1" 200 15485 "-" "Mozilla/5.0 (Linux; Android 5.0) AppleWebKit/537.36 (KHTML, like Gecko) Mobile Safari/537.36 (compatible; Bytespider; spider-feedback@bytedance.com)"
47.128.63.10 - - [16/Sep/2025:09:38:50 -0400] "GET /wp-content/themes/sahifa/style.css HTTP/1.1" 200 34984 "https://sada-now.com/" "Mozilla/5.0 (Linux; Android 5.0) AppleWebKit/537.36 (KHTML, like Gecko) Mobile Safari/537.36 (compatible; Bytespider; spider-feedback@bytedance.com)"
47.128.63.10 - - [16/Sep/2025:09:38:50 -0400] "GET /wp-content/themes/sahifa/css/ilightbox/dark-skin/skin.css HTTP/1.1" 200 1196 "https://sada-now.com/" "Mozilla/5.0 (Linux; Android 5.0) AppleWebKit/537.36 (KHTML, like Gecko) Mobile Safari/537.36 (compatible; Bytespider; spider-feedback@bytedance.com)"
47.128.63.10 - - [16/Sep/2025:09:38:50 -0400] "GET /wp-content/themes/sahifa/rtl.css HTTP/1.1" 200 3537 "https://sada-now.com/" "Mozilla/5.0 (Linux; Android 5.0) AppleWebKit/537.36 (KHTML, like Gecko) Mobile Safari/537.36 (compatible; Bytespider; spider-feedback@bytedance.com)"
47.128.63.10 - - [16/Sep/2025:09:38:50 -0400] "GET /wp-includes/css/dist/block-library/style-rtl.min.css HTTP/1.1" 200 14312 "https://sada-now.com/" "Mozilla/5.0 (Linux; Android 5.0) AppleWebKit/537.36 (KHTML, like Gecko) Mobile Safari/537.36 (compatible; Bytespider; spider-feedback@bytedance.com)"
47.128.63.10 - - [16/Sep/2025:09:38:50 -0400] "GET /wp-content/uploads/2025/09/7461e2cf-7845-4b8b-92fc-889577cd80c0-300x200.jpeg HTTP/1.1" 206 500 "https://sada-now.com/" "Mozilla/5.0 (Linux; Android 5.0) AppleWebKit/537.36 (KHTML, like Gecko) Mobile Safari/537.36 (compatible; Bytespider; spider-feedback@bytedance.com)"
47.128.63.10 - - [16/Sep/2025:09:38:50 -0400] "GET /wp-content/themes/sahifa/images/patterns/body-bg7.png HTTP/1.1" 206 500 "https://sada-now.com/wp-content/themes/sahifa/style.css" "Mozilla/5.0 (Linux; Android 5.0) AppleWebKit/537.36 (KHTML, like Gecko) Mobile Safari/537.36 (compatible; Bytespider; spider-feedback@bytedance.com)"
47.128.63.10 - - [16/Sep/2025:09:38:50 -0400] "GET /wp-content/uploads/2025/09/doc-73kt2pj-1757166322-300x200.webp HTTP/1.1" 206 500 "https://sada-now.com/" "Mozilla/5.0 (Linux; Android 5.0) AppleWebKit/537.36 (KHTML, like Gecko) Mobile Safari/537.36 (compatible; Bytespider; spider-feedback@bytedance.com)"
47.128.63.10 - - [16/Sep/2025:09:38:50 -0400] "GET /wp-content/uploads/2025/09/284281-300x196.jpg HTTP/1.1" 206 500 "https://sada-now.com/" "Mozilla/5.0 (Linux; Android 5.0) AppleWebKit/537.36 (KHTML, like Gecko) Mobile Safari/537.36 (compatible; Bytespider; spider-feedback@bytedance.com)"
47.128.63.10 - - [16/Sep/2025:09:38:51 -0400] "GET /wp-content/uploads/2025/08/FB_IMG_1756052735952-300x200.jpg HTTP/1.1" 206 500 "https://sada-now.com/" "Mozilla/5.0 (Linux; Android 5.0) AppleWebKit/537.36 (KHTML, like Gecko) Mobile Safari/537.36 (compatible; Bytespider; spider-feedback@bytedance.com)"
47.128.63.10 - - [16/Sep/2025:09:38:51 -0400] "GET /wp-content/uploads/2025/08/FB_IMG_1756146740794-300x225.jpg HTTP/1.1" 206 500 "https://sada-now.com/" "Mozilla/5.0 (Linux; Android 5.0) AppleWebKit/537.36 (KHTML, like Gecko) Mobile Safari/537.36 (compatible; Bytespider; spider-feedback@bytedance.com)"
47.128.63.10 - - [16/Sep/2025:09:38:51 -0400] "GET /wp-content/uploads/2025/07/FB_IMG_1753222923765-300x270.jpg HTTP/1.1" 206 500 "https://sada-now.com/" "Mozilla/5.0 (Linux; Android 5.0) AppleWebKit/537.36 (KHTML, like Gecko) Mobile Safari/537.36 (compatible; Bytespider; spider-feedback@bytedance.com)"
47.128.63.10 - - [16/Sep/2025:09:38:51 -0400] "GET /wp-content/uploads/2025/09/%D8%B4%D8%B3%D9%8A%D8%B4%D8%B3%D8%B7%D8%B0%D8%B8%D9%803-1751887238-300x200.webp HTTP/1.1" 206 500 "https://sada-now.com/" "Mozilla/5.0 (Linux; Android 5.0) AppleWebKit/537.36 (KHTML, like Gecko) Mobile Safari/537.36 (compatible; Bytespider; spider-feedback@bytedance.com)"
47.128.63.10 - - [16/Sep/2025:09:38:51 -0400] "GET /wp-content/themes/sahifa/images/stripe.png HTTP/1.1" 206 93 "https://sada-now.com/wp-content/themes/sahifa/style.css" "Mozilla/5.0 (Linux; Android 5.0) AppleWebKit/537.36 (KHTML, like Gecko) Mobile Safari/537.36 (compatible; Bytespider; spider-feedback@bytedance.com)"
114.119.146.171 - - [16/Sep/2025:09:39:11 -0400] "GET /?p=703 HTTP/1.1" 200 21616 "https://sada-now.com?tag=%D8%B1%D8%B3%D9%88%D9%85-%D8%A7%D9%84%D9%85%D8%B1%D8%A7%D9%81%D9%82%D9%8A%D9%86-2020" "Mozilla/5.0 (Linux; Android 7.0;) AppleWebKit/537.36 (KHTML, like Gecko) Mobile Safari/537.36 (compatible; PetalBot;+https://webmaster.petalsearch.com/site/petalbot)"
51.255.78.220 - - [16/Sep/2025:09:39:21 -0400] "GET / HTTP/1.1" 200 94721 "-" "Mozilla/5.0 (Windows; U; Windows NT 5.2; en-US; rv:1.8.1.7) Gecko/20070914 Firefox/2.0.0.7"
51.255.78.220 - - [16/Sep/2025:09:39:22 -0400] "GET // HTTP/1.1" 301 0 "-" "Mozilla/5.0 (Windows; U; Windows NT 5.2; en-US; rv:1.8.1.7) Gecko/20070914 Firefox/2.0.0.7"
51.255.78.220 - - [16/Sep/2025:09:39:22 -0400] "GET / HTTP/1.1" 200 94721 "https://sada-now.com//" "Mozilla/5.0 (Windows; U; Windows NT 5.2; en-US; rv:1.8.1.7) Gecko/20070914 Firefox/2.0.0.7"
34.22.177.31 - - [16/Sep/2025:09:40:30 -0400] "GET / HTTP/1.1" 301 0 "-" "python-requests/2.32.4"
51.255.78.220 - - [16/Sep/2025:09:40:34 -0400] "GET / HTTP/1.1" 200 94721 "-" "Mozilla/5.0 (Windows; U; Windows NT 5.2; en-US; rv:1.8.1.7) Gecko/20070914 Firefox/2.0.0.7"
51.255.78.220 - - [16/Sep/2025:09:40:35 -0400] "GET // HTTP/1.1" 301 0 "-" "Mozilla/5.0 (Windows; U; Windows NT 5.2; en-US; rv:1.8.1.7) Gecko/20070914 Firefox/2.0.0.7"
51.255.78.220 - - [16/Sep/2025:09:40:35 -0400] "GET / HTTP/1.1" 200 94721 "https://sada-now.com//" "Mozilla/5.0 (Windows; U; Windows NT 5.2; en-US; rv:1.8.1.7) Gecko/20070914 Firefox/2.0.0.7"
37.237.125.186 - - [16/Sep/2025:09:40:53 -0400] "GET /wp-content/uploads/2024/01/IMG-20240123-WA0009-1.jpg HTTP/1.1" 200 102590 "fbapp://350685531728/unknown" "[FBAN/FB4A;FBAV/530.0.0.48.74;FBBV/789633439;FBDM/{density=3.0,width=1080,height=2191};FBLC/ar_AR;FBRV/792245187;FBCR/Zain 4.5G+;FBMF/HONOR;FBBD/HONOR;FBPN/com.facebook.katana;FBDV/LLY-LX2;FBSV/14;FBOP/1;FBCA/arm64-v8a:;]"
51.255.78.220 - - [16/Sep/2025:09:42:25 -0400] "GET / HTTP/1.1" 200 94721 "-" "Mozilla/5.0 (Windows; U; Windows NT 5.2; en-US; rv:1.8.1.7) Gecko/20070914 Firefox/2.0.0.7"
51.255.78.220 - - [16/Sep/2025:09:42:27 -0400] "GET // HTTP/1.1" 301 0 "-" "Mozilla/5.0 (Windows; U; Windows NT 5.2; en-US; rv:1.8.1.7) Gecko/20070914 Firefox/2.0.0.7"
51.255.78.220 - - [16/Sep/2025:09:42:27 -0400] "GET / HTTP/1.1" 200 94721 "https://sada-now.com//" "Mozilla/5.0 (Windows; U; Windows NT 5.2; en-US; rv:1.8.1.7) Gecko/20070914 Firefox/2.0.0.7"
66.249.65.101 - - [16/Sep/2025:09:43:06 -0400] "GET /wp-content/uploads/2021/11/IMG-20211107-WA0010.jpg HTTP/1.1" 200 53472 "-" "Googlebot-Image/1.0"
51.255.78.220 - - [16/Sep/2025:09:43:28 -0400] "GET / HTTP/1.1" 200 94721 "-" "Mozilla/5.0 (Windows; U; Windows NT 5.2; en-US; rv:1.8.1.7) Gecko/20070914 Firefox/2.0.0.7"
51.255.78.220 - - [16/Sep/2025:09:43:30 -0400] "GET // HTTP/1.1" 301 0 "-" "Mozilla/5.0 (Windows; U; Windows NT 5.2; en-US; rv:1.8.1.7) Gecko/20070914 Firefox/2.0.0.7"
51.255.78.220 - - [16/Sep/2025:09:43:30 -0400] "GET / HTTP/1.1" 200 94721 "https://sada-now.com//" "Mozilla/5.0 (Windows; U; Windows NT 5.2; en-US; rv:1.8.1.7) Gecko/20070914 Firefox/2.0.0.7"
114.119.146.40 - - [16/Sep/2025:09:44:02 -0400] "GET /?paged=24&m=2020 HTTP/1.1" 200 19361 "https://sada-now.com/?m=2020&paged=25" "Mozilla/5.0 (Linux; Android 7.0;) AppleWebKit/537.36 (KHTML, like Gecko) Mobile Safari/537.36 (compatible; PetalBot;+https://webmaster.petalsearch.com/site/petalbot)"
51.255.78.220 - - [16/Sep/2025:09:44:34 -0400] "GET / HTTP/1.1" 200 94721 "-" "Mozilla/5.0 (Windows; U; Windows NT 5.2; en-US; rv:1.8.1.7) Gecko/20070914 Firefox/2.0.0.7"
51.255.78.220 - - [16/Sep/2025:09:44:36 -0400] "GET // HTTP/1.1" 301 0 "-" "Mozilla/5.0 (Windows; U; Windows NT 5.2; en-US; rv:1.8.1.7) Gecko/20070914 Firefox/2.0.0.7"
51.255.78.220 - - [16/Sep/2025:09:44:36 -0400] "GET / HTTP/1.1" 200 94721 "https://sada-now.com//" "Mozilla/5.0 (Windows; U; Windows NT 5.2; en-US; rv:1.8.1.7) Gecko/20070914 Firefox/2.0.0.7"
66.249.65.100 - - [16/Sep/2025:09:44:48 -0400] "GET /wp-content/uploads/2020/09/MaanSaneaKSA20032018.jpg HTTP/1.1" 200 81403 "-" "Googlebot-Image/1.0"
114.119.159.233 - - [16/Sep/2025:09:45:25 -0400] "GET /?p=3217 HTTP/1.1" 200 17533 "https://sada-now.com/?paged=2&m=202106" "Mozilla/5.0 (Linux; Android 7.0;) AppleWebKit/537.36 (KHTML, like Gecko) Mobile Safari/537.36 (compatible; PetalBot;+https://webmaster.petalsearch.com/site/petalbot)"
66.249.65.100 - - [16/Sep/2025:09:45:30 -0400] "GET /wp-content/uploads/2021/05/xwp253tU_400x400.jpg HTTP/1.1" 200 19880 "-" "Googlebot-Image/1.0"
51.255.78.220 - - [16/Sep/2025:09:45:56 -0400] "GET / HTTP/1.1" 200 94721 "-" "Mozilla/5.0 (Windows; U; Windows NT 5.2; en-US; rv:1.8.1.7) Gecko/20070914 Firefox/2.0.0.7"
51.255.78.220 - - [16/Sep/2025:09:45:58 -0400] "GET // HTTP/1.1" 301 0 "-" "Mozilla/5.0 (Windows; U; Windows NT 5.2; en-US; rv:1.8.1.7) Gecko/20070914 Firefox/2.0.0.7"
51.255.78.220 - - [16/Sep/2025:09:45:58 -0400] "GET / HTTP/1.1" 200 94721 "https://sada-now.com//" "Mozilla/5.0 (Windows; U; Windows NT 5.2; en-US; rv:1.8.1.7) Gecko/20070914 Firefox/2.0.0.7"
66.249.65.99 - - [16/Sep/2025:09:46:12 -0400] "GET /wp-content/uploads/2022/03/%D9%A2%D9%A0%D9%A2%D9%A2%D9%A0%D9%A3%D9%A0%D9%A1_%D9%A2%D9%A2%D9%A2%D9%A1%D9%A5%D9%A6.jpg HTTP/1.1" 200 291687 "-" "Googlebot-Image/1.0"
66.249.65.100 - - [16/Sep/2025:09:46:53 -0400] "GET /wp-content/uploads/2021/11/GettyImages-500861264-%D9%A1-scaled.jpg HTTP/1.1" 200 395793 "-" "Googlebot-Image/1.0"
51.255.78.220 - - [16/Sep/2025:09:47:13 -0400] "GET / HTTP/1.1" 200 94721 "-" "Mozilla/5.0 (Windows; U; Windows NT 5.2; en-US; rv:1.8.1.7) Gecko/20070914 Firefox/2.0.0.7"
51.255.78.220 - - [16/Sep/2025:09:47:14 -0400] "GET // HTTP/1.1" 301 0 "-" "Mozilla/5.0 (Windows; U; Windows NT 5.2; en-US; rv:1.8.1.7) Gecko/20070914 Firefox/2.0.0.7"
51.255.78.220 - - [16/Sep/2025:09:47:14 -0400] "GET / HTTP/1.1" 200 94721 "https://sada-now.com//" "Mozilla/5.0 (Windows; U; Windows NT 5.2; en-US; rv:1.8.1.7) Gecko/20070914 Firefox/2.0.0.7"
66.249.65.99 - - [16/Sep/2025:09:47:35 -0400] "GET /wp-content/uploads/2021/05/%D9%A2%D9%A0%D9%A2%D9%A1%D9%A0%D9%A5%D9%A0%D9%A6_%D9%A2%D9%A2%D9%A2%D9%A3%D9%A4%D9%A7.jpg HTTP/1.1" 200 139890 "-" "Googlebot-Image/1.0"
51.255.78.220 - - [16/Sep/2025:09:48:29 -0400] "GET / HTTP/1.1" 200 94721 "-" "Mozilla/5.0 (Windows; U; Windows NT 5.2; en-US; rv:1.8.1.7) Gecko/20070914 Firefox/2.0.0.7"
51.255.78.220 - - [16/Sep/2025:09:48:30 -0400] "GET // HTTP/1.1" 301 0 "-" "Mozilla/5.0 (Windows; U; Windows NT 5.2; en-US; rv:1.8.1.7) Gecko/20070914 Firefox/2.0.0.7"
51.255.78.220 - - [16/Sep/2025:09:48:30 -0400] "GET / HTTP/1.1" 200 94721 "https://sada-now.com//" "Mozilla/5.0 (Windows; U; Windows NT 5.2; en-US; rv:1.8.1.7) Gecko/20070914 Firefox/2.0.0.7"
37.237.180.15 - - [16/Sep/2025:09:48:48 -0400] "GET /?p=6509 HTTP/1.1" 200 16106 "https://mez.ink/" "Mozilla/5.0 (Linux; Android 11; Infinix X695D Build/RP1A.200720.011; wv) AppleWebKit/537.36 (KHTML, like Gecko) Version/4.0 Chrome/140.0.7339.119 Mobile Safari/537.36 [FB_IAB/FB4A;FBAV/530.0.0.48.74;IABMV/1;]"
37.237.180.15 - - [16/Sep/2025:09:48:49 -0400] "GET /wp-includes/js/jquery/jquery.min.js HTTP/1.1" 200 29744 "https://sada-now.com/?p=6509" "Mozilla/5.0 (Linux; Android 11; Infinix X695D Build/RP1A.200720.011; wv) AppleWebKit/537.36 (KHTML, like Gecko) Version/4.0 Chrome/140.0.7339.119 Mobile Safari/537.36 [FB_IAB/FB4A;FBAV/530.0.0.48.74;IABMV/1;]"
37.237.180.15 - - [16/Sep/2025:09:48:49 -0400] "GET /wp-content/themes/sahifa/style.css HTTP/1.1" 200 34984 "https://sada-now.com/?p=6509" "Mozilla/5.0 (Linux; Android 11; Infinix X695D Build/RP1A.200720.011; wv) AppleWebKit/537.36 (KHTML, like Gecko) Version/4.0 Chrome/140.0.7339.119 Mobile Safari/537.36 [FB_IAB/FB4A;FBAV/530.0.0.48.74;IABMV/1;]"
37.237.180.15 - - [16/Sep/2025:09:48:49 -0400] "GET /wp-content/themes/sahifa/css/ilightbox/dark-skin/skin.css HTTP/1.1" 200 1196 "https://sada-now.com/?p=6509" "Mozilla/5.0 (Linux; Android 11; Infinix X695D Build/RP1A.200720.011; wv) AppleWebKit/537.36 (KHTML, like Gecko) Version/4.0 Chrome/140.0.7339.119 Mobile Safari/537.36 [FB_IAB/FB4A;FBAV/530.0.0.48.74;IABMV/1;]"
37.237.180.15 - - [16/Sep/2025:09:48:49 -0400] "GET /wp-includes/css/dist/block-library/style-rtl.min.css HTTP/1.1" 200 14312 "https://sada-now.com/?p=6509" "Mozilla/5.0 (Linux; Android 11; Infinix X695D Build/RP1A.200720.011; wv) AppleWebKit/537.36 (KHTML, like Gecko) Version/4.0 Chrome/140.0.7339.119 Mobile Safari/537.36 [FB_IAB/FB4A;FBAV/530.0.0.48.74;IABMV/1;]"
37.237.180.15 - - [16/Sep/2025:09:48:49 -0400] "GET /wp-includes/js/jquery/jquery-migrate.min.js HTTP/1.1" 200 4678 "https://sada-now.com/?p=6509" "Mozilla/5.0 (Linux; Android 11; Infinix X695D Build/RP1A.200720.011; wv) AppleWebKit/537.36 (KHTML, like Gecko) Version/4.0 Chrome/140.0.7339.119 Mobile Safari/537.36 [FB_IAB/FB4A;FBAV/530.0.0.48.74;IABMV/1;]"
37.237.180.15 - - [16/Sep/2025:09:48:49 -0400] "GET /wp-content/plugins/ads-invalid-click-protection/assets/js/script.js HTTP/1.1" 200 691 "https://sada-now.com/?p=6509" "Mozilla/5.0 (Linux; Android 11; Infinix X695D Build/RP1A.200720.011; wv) AppleWebKit/537.36 (KHTML, like Gecko) Version/4.0 Chrome/140.0.7339.119 Mobile Safari/537.36 [FB_IAB/FB4A;FBAV/530.0.0.48.74;IABMV/1;]"
37.237.180.15 - - [16/Sep/2025:09:48:49 -0400] "GET /wp-content/themes/sahifa/rtl.css HTTP/1.1" 200 3537 "https://sada-now.com/?p=6509" "Mozilla/5.0 (Linux; Android 11; Infinix X695D Build/RP1A.200720.011; wv) AppleWebKit/537.36 (KHTML, like Gecko) Version/4.0 Chrome/140.0.7339.119 Mobile Safari/537.36 [FB_IAB/FB4A;FBAV/530.0.0.48.74;IABMV/1;]"
37.237.180.15 - - [16/Sep/2025:09:48:49 -0400] "GET /wp-content/themes/sahifa/js/postviews-cache.js HTTP/1.1" 200 139 "https://sada-now.com/?p=6509" "Mozilla/5.0 (Linux; Android 11; Infinix X695D Build/RP1A.200720.011; wv) AppleWebKit/537.36 (KHTML, like Gecko) Version/4.0 Chrome/140.0.7339.119 Mobile Safari/537.36 [FB_IAB/FB4A;FBAV/530.0.0.48.74;IABMV/1;]"
37.237.180.15 - - [16/Sep/2025:09:48:49 -0400] "GET /wp-content/uploads/2024/01/IMG-20240123-WA0009-1.jpg HTTP/1.1" 200 102590 "https://sada-now.com/?p=6509" "Mozilla/5.0 (Linux; Android 11; Infinix X695D Build/RP1A.200720.011; wv) AppleWebKit/537.36 (KHTML, like Gecko) Version/4.0 Chrome/140.0.7339.119 Mobile Safari/537.36 [FB_IAB/FB4A;FBAV/530.0.0.48.74;IABMV/1;]"
37.237.180.15 - - [16/Sep/2025:09:48:49 -0400] "GET /wp-content/uploads/2025/09/%D8%B4%D8%B3%D9%8A%D8%B4%D8%B3%D8%B7%D8%B0%D8%B8%D9%803-1751887238-768x512.webp HTTP/1.1" 200 31890 "https://sada-now.com/?p=6509" "Mozilla/5.0 (Linux; Android 11; Infinix X695D Build/RP1A.200720.011; wv) AppleWebKit/537.36 (KHTML, like Gecko) Version/4.0 Chrome/140.0.7339.119 Mobile Safari/537.36 [FB_IAB/FB4A;FBAV/530.0.0.48.74;IABMV/1;]"
37.237.180.15 - - [16/Sep/2025:09:48:49 -0400] "GET /wp-content/uploads/2025/08/FB_IMG_1756146740794-768x576.jpg HTTP/1.1" 200 77619 "https://sada-now.com/?p=6509" "Mozilla/5.0 (Linux; Android 11; Infinix X695D Build/RP1A.200720.011; wv) AppleWebKit/537.36 (KHTML, like Gecko) Version/4.0 Chrome/140.0.7339.119 Mobile Safari/537.36 [FB_IAB/FB4A;FBAV/530.0.0.48.74;IABMV/1;]"
37.237.180.15 - - [16/Sep/2025:09:48:50 -0400] "GET /wp-content/themes/sahifa/js/tie-scripts.js HTTP/1.1" 200 22645 "https://sada-now.com/?p=6509" "Mozilla/5.0 (Linux; Android 11; Infinix X695D Build/RP1A.200720.011; wv) AppleWebKit/537.36 (KHTML, like Gecko) Version/4.0 Chrome/140.0.7339.119 Mobile Safari/537.36 [FB_IAB/FB4A;FBAV/530.0.0.48.74;IABMV/1;]"
37.237.180.15 - - [16/Sep/2025:09:48:50 -0400] "GET /wp-content/themes/sahifa/js/search.js HTTP/1.1" 200 3390 "https://sada-now.com/?p=6509" "Mozilla/5.0 (Linux; Android 11; Infinix X695D Build/RP1A.200720.011; wv) AppleWebKit/537.36 (KHTML, like Gecko) Version/4.0 Chrome/140.0.7339.119 Mobile Safari/537.36 [FB_IAB/FB4A;FBAV/530.0.0.48.74;IABMV/1;]"
37.237.180.15 - - [16/Sep/2025:09:48:50 -0400] "GET /wp-content/themes/sahifa/js/ilightbox.packed.js HTTP/1.1" 200 22083 "https://sada-now.com/?p=6509" "Mozilla/5.0 (Linux; Android 11; Infinix X695D Build/RP1A.200720.011; wv) AppleWebKit/537.36 (KHTML, like Gecko) Version/4.0 Chrome/140.0.7339.119 Mobile Safari/537.36 [FB_IAB/FB4A;FBAV/530.0.0.48.74;IABMV/1;]"
37.237.180.15 - - [16/Sep/2025:09:48:50 -0400] "GET /wp-content/themes/sahifa/images/patterns/body-bg7.png HTTP/1.1" 200 21146 "https://sada-now.com/wp-content/themes/sahifa/style.css" "Mozilla/5.0 (Linux; Android 11; Infinix X695D Build/RP1A.200720.011; wv) AppleWebKit/537.36 (KHTML, like Gecko) Version/4.0 Chrome/140.0.7339.119 Mobile Safari/537.36 [FB_IAB/FB4A;FBAV/530.0.0.48.74;IABMV/1;]"
37.237.180.15 - - [16/Sep/2025:09:48:50 -0400] "GET /wp-content/themes/sahifa/fonts/BebasNeue/BebasNeue-webfont.woff HTTP/1.1" 200 19996 "https://sada-now.com/wp-content/themes/sahifa/style.css" "Mozilla/5.0 (Linux; Android 11; Infinix X695D Build/RP1A.200720.011; wv) AppleWebKit/537.36 (KHTML, like Gecko) Version/4.0 Chrome/140.0.7339.119 Mobile Safari/537.36 [FB_IAB/FB4A;FBAV/530.0.0.48.74;IABMV/1;]"
37.237.180.15 - - [16/Sep/2025:09:48:50 -0400] "GET /wp-content/themes/sahifa/fonts/fontawesome/fontawesome-webfont.woff2?v=4.6.3 HTTP/1.1" 200 71896 "https://sada-now.com/wp-content/themes/sahifa/style.css" "Mozilla/5.0 (Linux; Android 11; Infinix X695D Build/RP1A.200720.011; wv) AppleWebKit/537.36 (KHTML, like Gecko) Version/4.0 Chrome/140.0.7339.119 Mobile Safari/537.36 [FB_IAB/FB4A;FBAV/530.0.0.48.74;IABMV/1;]"
37.237.180.15 - - [16/Sep/2025:09:48:50 -0400] "GET /wp-content/themes/sahifa/images/stripe.png HTTP/1.1" 200 93 "https://sada-now.com/wp-content/themes/sahifa/style.css" "Mozilla/5.0 (Linux; Android 11; Infinix X695D Build/RP1A.200720.011; wv) AppleWebKit/537.36 (KHTML, like Gecko) Version/4.0 Chrome/140.0.7339.119 Mobile Safari/537.36 [FB_IAB/FB4A;FBAV/530.0.0.48.74;IABMV/1;]"
37.237.180.15 - - [16/Sep/2025:09:48:50 -0400] "GET /wp-admin/admin-ajax.php?postviews_id=6509&action=postviews&_=1758030529366 HTTP/1.1" 200 7 "https://sada-now.com/?p=6509" "Mozilla/5.0 (Linux; Android 11; Infinix X695D Build/RP1A.200720.011; wv) AppleWebKit/537.36 (KHTML, like Gecko) Version/4.0 Chrome/140.0.7339.119 Mobile Safari/537.36 [FB_IAB/FB4A;FBAV/530.0.0.48.74;IABMV/1;]"
37.237.180.15 - - [16/Sep/2025:09:48:50 -0400] "GET /wp-includes/js/wp-emoji-release.min.js HTTP/1.1" 200 4769 "https://sada-now.com/?p=6509" "Mozilla/5.0 (Linux; Android 11; Infinix X695D Build/RP1A.200720.011; wv) AppleWebKit/537.36 (KHTML, like Gecko) Version/4.0 Chrome/140.0.7339.119 Mobile Safari/537.36 [FB_IAB/FB4A;FBAV/530.0.0.48.74;IABMV/1;]"
37.237.180.15 - - [16/Sep/2025:09:48:55 -0400] "GET /wp-content/themes/sahifa/favicon.ico HTTP/1.1" 200 1150 "https://sada-now.com/?p=6509" "Mozilla/5.0 (Linux; Android 11; Infinix X695D Build/RP1A.200720.011; wv) AppleWebKit/537.36 (KHTML, like Gecko) Version/4.0 Chrome/140.0.7339.119 Mobile Safari/537.36 [FB_IAB/FB4A;FBAV/530.0.0.48.74;IABMV/1;]"
66.249.65.99 - - [16/Sep/2025:09:49:00 -0400] "GET /wp-content/uploads/2021/07/7607281-1982377760.jpg HTTP/1.1" 200 61557 "-" "Googlebot-Image/1.0"
37.237.180.15 - - [16/Sep/2025:09:49:18 -0400] "GET /wp-content/uploads/2024/01/IMG-20240123-WA0009-1.jpg HTTP/1.1" 200 102590 "fbapp://350685531728/unknown" "[FBAN/FB4A;FBAV/530.0.0.48.74;FBBV/789633439;FBDM/{density=3.0,width=1080,height=2208};FBLC/ar_AR;FBRV/792245187;FBCR/Zain;FBMF/INFINIX MOBILITY LIMITED;FBBD/Infinix;FBPN/com.facebook.katana;FBDV/Infinix X695D;FBSV/11;FBOP/1;FBCA/arm64-v8a:;]"
37.237.180.15 - - [16/Sep/2025:09:49:18 -0400] "GET /wp-content/uploads/2025/09/%D8%B4%D8%B3%D9%8A%D8%B4%D8%B3%D8%B7%D8%B0%D8%B8%D9%803-1751887238.webp HTTP/1.1" 200 31566 "fbapp://350685531728/unknown" "[FBAN/FB4A;FBAV/530.0.0.48.74;FBBV/789633439;FBDM/{density=3.0,width=1080,height=2208};FBLC/ar_AR;FBRV/792245187;FBCR/Zain;FBMF/INFINIX MOBILITY LIMITED;FBBD/Infinix;FBPN/com.facebook.katana;FBDV/Infinix X695D;FBSV/11;FBOP/1;FBCA/arm64-v8a:;]"
37.237.180.15 - - [16/Sep/2025:09:49:18 -0400] "GET /wp-content/uploads/2025/08/FB_IMG_1756146740794.jpg HTTP/1.1" 200 139279 "fbapp://350685531728/unknown" "[FBAN/FB4A;FBAV/530.0.0.48.74;FBBV/789633439;FBDM/{density=3.0,width=1080,height=2208};FBLC/ar_AR;FBRV/792245187;FBCR/Zain;FBMF/INFINIX MOBILITY LIMITED;FBBD/Infinix;FBPN/com.facebook.katana;FBDV/Infinix X695D;FBSV/11;FBOP/1;FBCA/arm64-v8a:;]"
51.255.78.220 - - [16/Sep/2025:09:49:49 -0400] "GET / HTTP/1.1" 200 94721 "-" "Mozilla/5.0 (Windows; U; Windows NT 5.2; en-US; rv:1.8.1.7) Gecko/20070914 Firefox/2.0.0.7"
51.255.78.220 - - [16/Sep/2025:09:49:50 -0400] "GET // HTTP/1.1" 301 0 "-" "Mozilla/5.0 (Windows; U; Windows NT 5.2; en-US; rv:1.8.1.7) Gecko/20070914 Firefox/2.0.0.7"
51.255.78.220 - - [16/Sep/2025:09:49:50 -0400] "GET / HTTP/1.1" 200 94721 "https://sada-now.com//" "Mozilla/5.0 (Windows; U; Windows NT 5.2; en-US; rv:1.8.1.7) Gecko/20070914 Firefox/2.0.0.7"
169.224.121.172 - - [16/Sep/2025:09:50:38 -0400] "GET /wp-content/uploads/2025/04/5-5-2020.jpg HTTP/1.1" 200 94005 "fbapp://350685531728/unknown" "[FBAN/FB4A;FBAV/530.0.0.48.74;FBBV/789633429;FBDM/{density=1.75,width=720,height=1382};FBLC/ar_AR;FBRV/792245187;FBCR/;FBMF/samsung;FBBD/samsung;FBPN/com.facebook.katana;FBDV/SM-A105F;FBSV/11;FBOP/19;FBCA/armeabi-v7a:armeabi;]"
47.128.34.244 - - [16/Sep/2025:09:51:09 -0400] "GET / HTTP/1.1" 200 15485 "-" "Mozilla/5.0 (Linux; Android 5.0) AppleWebKit/537.36 (KHTML, like Gecko) Mobile Safari/537.36 (compatible; Bytespider; spider-feedback@bytedance.com)"
47.128.34.244 - - [16/Sep/2025:09:51:10 -0400] "GET /wp-content/themes/sahifa/style.css HTTP/1.1" 200 34984 "https://sada-now.com/" "Mozilla/5.0 (Linux; Android 5.0) AppleWebKit/537.36 (KHTML, like Gecko) Mobile Safari/537.36 (compatible; Bytespider; spider-feedback@bytedance.com)"
47.128.34.244 - - [16/Sep/2025:09:51:10 -0400] "GET /wp-includes/css/dist/block-library/style-rtl.min.css HTTP/1.1" 200 14312 "https://sada-now.com/" "Mozilla/5.0 (Linux; Android 5.0) AppleWebKit/537.36 (KHTML, like Gecko) Mobile Safari/537.36 (compatible; Bytespider; spider-feedback@bytedance.com)"
47.128.34.244 - - [16/Sep/2025:09:51:10 -0400] "GET /wp-content/themes/sahifa/css/ilightbox/dark-skin/skin.css HTTP/1.1" 200 1196 "https://sada-now.com/" "Mozilla/5.0 (Linux; Android 5.0) AppleWebKit/537.36 (KHTML, like Gecko) Mobile Safari/537.36 (compatible; Bytespider; spider-feedback@bytedance.com)"
47.128.34.244 - - [16/Sep/2025:09:51:10 -0400] "GET /wp-content/themes/sahifa/rtl.css HTTP/1.1" 200 3537 "https://sada-now.com/" "Mozilla/5.0 (Linux; Android 5.0) AppleWebKit/537.36 (KHTML, like Gecko) Mobile Safari/537.36 (compatible; Bytespider; spider-feedback@bytedance.com)"
47.128.34.244 - - [16/Sep/2025:09:51:10 -0400] "GET /wp-content/uploads/2025/09/7461e2cf-7845-4b8b-92fc-889577cd80c0-300x200.jpeg HTTP/1.1" 206 500 "https://sada-now.com/" "Mozilla/5.0 (Linux; Android 5.0) AppleWebKit/537.36 (KHTML, like Gecko) Mobile Safari/537.36 (compatible; Bytespider; spider-feedback@bytedance.com)"
47.128.34.244 - - [16/Sep/2025:09:51:10 -0400] "GET /wp-content/themes/sahifa/images/patterns/body-bg7.png HTTP/1.1" 206 500 "https://sada-now.com/wp-content/themes/sahifa/style.css" "Mozilla/5.0 (Linux; Android 5.0) AppleWebKit/537.36 (KHTML, like Gecko) Mobile Safari/537.36 (compatible; Bytespider; spider-feedback@bytedance.com)"
47.128.34.244 - - [16/Sep/2025:09:51:10 -0400] "GET /wp-content/themes/sahifa/images/stripe.png HTTP/1.1" 206 93 "https://sada-now.com/wp-content/themes/sahifa/style.css" "Mozilla/5.0 (Linux; Android 5.0) AppleWebKit/537.36 (KHTML, like Gecko) Mobile Safari/537.36 (compatible; Bytespider; spider-feedback@bytedance.com)"
47.128.34.244 - - [16/Sep/2025:09:51:10 -0400] "GET /wp-content/uploads/2025/09/doc-73kt2pj-1757166322-300x200.webp HTTP/1.1" 206 500 "https://sada-now.com/" "Mozilla/5.0 (Linux; Android 5.0) AppleWebKit/537.36 (KHTML, like Gecko) Mobile Safari/537.36 (compatible; Bytespider; spider-feedback@bytedance.com)"
47.128.34.244 - - [16/Sep/2025:09:51:10 -0400] "GET /wp-content/uploads/2025/09/284281-300x196.jpg HTTP/1.1" 206 500 "https://sada-now.com/" "Mozilla/5.0 (Linux; Android 5.0) AppleWebKit/537.36 (KHTML, like Gecko) Mobile Safari/537.36 (compatible; Bytespider; spider-feedback@bytedance.com)"
47.128.34.244 - - [16/Sep/2025:09:51:10 -0400] "GET /wp-content/uploads/2025/09/%D8%B4%D8%B3%D9%8A%D8%B4%D8%B3%D8%B7%D8%B0%D8%B8%D9%803-1751887238-300x200.webp HTTP/1.1" 206 500 "https://sada-now.com/" "Mozilla/5.0 (Linux; Android 5.0) AppleWebKit/537.36 (KHTML, like Gecko) Mobile Safari/537.36 (compatible; Bytespider; spider-feedback@bytedance.com)"
47.128.34.244 - - [16/Sep/2025:09:51:10 -0400] "GET /wp-content/uploads/2025/08/FB_IMG_1756146740794-300x225.jpg HTTP/1.1" 206 500 "https://sada-now.com/" "Mozilla/5.0 (Linux; Android 5.0) AppleWebKit/537.36 (KHTML, like Gecko) Mobile Safari/537.36 (compatible; Bytespider; spider-feedback@bytedance.com)"
47.128.34.244 - - [16/Sep/2025:09:51:10 -0400] "GET /wp-content/uploads/2025/07/FB_IMG_1753222923765-300x270.jpg HTTP/1.1" 206 500 "https://sada-now.com/" "Mozilla/5.0 (Linux; Android 5.0) AppleWebKit/537.36 (KHTML, like Gecko) Mobile Safari/537.36 (compatible; Bytespider; spider-feedback@bytedance.com)"
47.128.34.244 - - [16/Sep/2025:09:51:10 -0400] "GET /wp-content/uploads/2025/08/FB_IMG_1756052735952-300x200.jpg HTTP/1.1" 206 500 "https://sada-now.com/" "Mozilla/5.0 (Linux; Android 5.0) AppleWebKit/537.36 (KHTML, like Gecko) Mobile Safari/537.36 (compatible; Bytespider; spider-feedback@bytedance.com)"
51.255.78.220 - - [16/Sep/2025:09:51:11 -0400] "GET / HTTP/1.1" 200 94721 "-" "Mozilla/5.0 (Windows; U; Windows NT 5.2; en-US; rv:1.8.1.7) Gecko/20070914 Firefox/2.0.0.7"
51.255.78.220 - - [16/Sep/2025:09:51:13 -0400] "GET // HTTP/1.1" 301 0 "-" "Mozilla/5.0 (Windows; U; Windows NT 5.2; en-US; rv:1.8.1.7) Gecko/20070914 Firefox/2.0.0.7"
51.255.78.220 - - [16/Sep/2025:09:51:13 -0400] "GET / HTTP/1.1" 200 94721 "https://sada-now.com//" "Mozilla/5.0 (Windows; U; Windows NT 5.2; en-US; rv:1.8.1.7) Gecko/20070914 Firefox/2.0.0.7"
66.249.65.100 - - [16/Sep/2025:09:51:23 -0400] "GET /wp-content/uploads/2020/08/1639974.jpg HTTP/1.1" 200 427300 "-" "Googlebot-Image/1.0"
52.167.144.234 - - [16/Sep/2025:09:51:53 -0400] "GET /?tag=%D8%A7%D9%84%D9%85%D8%B1%D8%A7%D9%81%D9%82%D9%8A%D9%86 HTTP/1.1" 200 14520 "-" "Mozilla/5.0 AppleWebKit/537.36 (KHTML, like Gecko; compatible; bingbot/2.0; +http://www.bing.com/bingbot.htm) Chrome/116.0.1938.76 Safari/537.36"
162.0.235.180 - - [16/Sep/2025:09:52:05 -0400] "POST /wp-cron.php?doing_wp_cron=1758030725.9361948966979980468750 HTTP/1.1" 200 0 "-" "WordPress/6.8.2; https://sada-now.com"
43.135.183.82 - - [16/Sep/2025:09:52:05 -0400] "GET /index.php?rest_route=%2Foembed%2F1.0%2Fembed&url=https%3A%2F%2Fsada-now.com%2F%3Fp%3D6555 HTTP/1.1" 200 5415 "-" "Mozilla/5.0 (iPhone; CPU iPhone OS 13_2_3 like Mac OS X) AppleWebKit/605.1.15 (KHTML, like Gecko) Version/13.0.3 Mobile/15E148 Safari/604.1"
51.255.78.220 - - [16/Sep/2025:09:52:27 -0400] "GET / HTTP/1.1" 200 94721 "-" "Mozilla/5.0 (Windows; U; Windows NT 5.2; en-US; rv:1.8.1.7) Gecko/20070914 Firefox/2.0.0.7"
51.255.78.220 - - [16/Sep/2025:09:52:28 -0400] "GET // HTTP/1.1" 301 0 "-" "Mozilla/5.0 (Windows; U; Windows NT 5.2; en-US; rv:1.8.1.7) Gecko/20070914 Firefox/2.0.0.7"
51.255.78.220 - - [16/Sep/2025:09:52:28 -0400] "GET / HTTP/1.1" 200 94721 "https://sada-now.com//" "Mozilla/5.0 (Windows; U; Windows NT 5.2; en-US; rv:1.8.1.7) Gecko/20070914 Firefox/2.0.0.7"
51.255.78.220 - - [16/Sep/2025:09:53:48 -0400] "GET / HTTP/1.1" 200 94721 "-" "Mozilla/5.0 (Windows; U; Windows NT 5.2; en-US; rv:1.8.1.7) Gecko/20070914 Firefox/2.0.0.7"
51.255.78.220 - - [16/Sep/2025:09:53:49 -0400] "GET // HTTP/1.1" 301 0 "-" "Mozilla/5.0 (Windows; U; Windows NT 5.2; en-US; rv:1.8.1.7) Gecko/20070914 Firefox/2.0.0.7"
51.255.78.220 - - [16/Sep/2025:09:53:50 -0400] "GET / HTTP/1.1" 200 94721 "https://sada-now.com//" "Mozilla/5.0 (Windows; U; Windows NT 5.2; en-US; rv:1.8.1.7) Gecko/20070914 Firefox/2.0.0.7"
66.249.65.100 - - [16/Sep/2025:09:54:10 -0400] "GET /wp-content/uploads/2020/06/640-%D9%A2-1.jpg HTTP/1.1" 200 45822 "-" "Googlebot-Image/1.0"
114.119.146.40 - - [16/Sep/2025:09:54:43 -0400] "GET /?paged=3&cat=10 HTTP/1.1" 200 19012 "https://sada-now.com?paged=4&cat=10" "Mozilla/5.0 (Linux; Android 7.0;) AppleWebKit/537.36 (KHTML, like Gecko) Mobile Safari/537.36 (compatible; PetalBot;+https://webmaster.petalsearch.com/site/petalbot)"
51.255.78.220 - - [16/Sep/2025:09:55:07 -0400] "GET / HTTP/1.1" 200 94721 "-" "Mozilla/5.0 (Windows; U; Windows NT 5.2; en-US; rv:1.8.1.7) Gecko/20070914 Firefox/2.0.0.7"
51.255.78.220 - - [16/Sep/2025:09:55:09 -0400] "GET // HTTP/1.1" 301 0 "-" "Mozilla/5.0 (Windows; U; Windows NT 5.2; en-US; rv:1.8.1.7) Gecko/20070914 Firefox/2.0.0.7"
51.255.78.220 - - [16/Sep/2025:09:55:09 -0400] "GET / HTTP/1.1" 200 94721 "https://sada-now.com//" "Mozilla/5.0 (Windows; U; Windows NT 5.2; en-US; rv:1.8.1.7) Gecko/20070914 Firefox/2.0.0.7"
42.111.105.30 - - [16/Sep/2025:09:55:15 -0400] "GET /wp-mail.php HTTP/1.1" 403 1004 "-" "Mozilla/5.0 (Linux; Android 5.0; SM-G900P Build/LRX21T) AppleWebKit/537.36 (KHTML, like Gecko) Chrome/52.0.9030.1244 Mobile Safari/537.36"
66.249.65.100 - - [16/Sep/2025:09:55:58 -0400] "GET /wp-content/uploads/2021/12/IMG-20160314-WA0055-750x1000-1.jpg HTTP/1.1" 200 190926 "-" "Googlebot-Image/1.0"
114.119.146.40 - - [16/Sep/2025:09:56:04 -0400] "GET /?paged=3&cat=10 HTTP/1.1" 200 19012 "https://sada-now.com?paged=4&cat=10" "Mozilla/5.0 (Linux; Android 7.0;) AppleWebKit/537.36 (KHTML, like Gecko) Mobile Safari/537.36 (compatible; PetalBot;+https://webmaster.petalsearch.com/site/petalbot)"
114.119.143.207 - - [16/Sep/2025:09:56:23 -0400] "GET /?paged=36&author=1 HTTP/1.1" 200 20152 "https://sada-now.com?paged=38&author=1" "Mozilla/5.0 (Linux; Android 7.0;) AppleWebKit/537.36 (KHTML, like Gecko) Mobile Safari/537.36 (compatible; PetalBot;+https://webmaster.petalsearch.com/site/petalbot)"
51.255.78.220 - - [16/Sep/2025:09:56:26 -0400] "GET / HTTP/1.1" 200 94721 "-" "Mozilla/5.0 (Windows; U; Windows NT 5.2; en-US; rv:1.8.1.7) Gecko/20070914 Firefox/2.0.0.7"
51.255.78.220 - - [16/Sep/2025:09:56:27 -0400] "GET // HTTP/1.1" 301 0 "-" "Mozilla/5.0 (Windows; U; Windows NT 5.2; en-US; rv:1.8.1.7) Gecko/20070914 Firefox/2.0.0.7"
51.255.78.220 - - [16/Sep/2025:09:56:28 -0400] "GET / HTTP/1.1" 200 94721 "https://sada-now.com//" "Mozilla/5.0 (Windows; U; Windows NT 5.2; en-US; rv:1.8.1.7) Gecko/20070914 Firefox/2.0.0.7"
66.249.65.100 - - [16/Sep/2025:09:57:21 -0400] "GET /wp-content/uploads/2020/06/5c76771c19cae.jpg HTTP/1.1" 200 160683 "-" "Googlebot-Image/1.0"
51.255.78.220 - - [16/Sep/2025:09:57:37 -0400] "GET / HTTP/1.1" 200 94721 "-" "Mozilla/5.0 (Windows; U; Windows NT 5.2; en-US; rv:1.8.1.7) Gecko/20070914 Firefox/2.0.0.7"
51.255.78.220 - - [16/Sep/2025:09:57:38 -0400] "GET // HTTP/1.1" 301 0 "-" "Mozilla/5.0 (Windows; U; Windows NT 5.2; en-US; rv:1.8.1.7) Gecko/20070914 Firefox/2.0.0.7"
51.255.78.220 - - [16/Sep/2025:09:57:38 -0400] "GET / HTTP/1.1" 200 94721 "https://sada-now.com//" "Mozilla/5.0 (Windows; U; Windows NT 5.2; en-US; rv:1.8.1.7) Gecko/20070914 Firefox/2.0.0.7"
114.119.159.233 - - [16/Sep/2025:09:57:45 -0400] "GET /?paged=36&author=1 HTTP/1.1" 200 19912 "https://sada-now.com?paged=38&author=1" "Mozilla/5.0 (Linux; Android 7.0;) AppleWebKit/537.36 (KHTML, like Gecko) Mobile Safari/537.36 (compatible; PetalBot;+https://webmaster.petalsearch.com/site/petalbot)"
66.249.65.99 - - [16/Sep/2025:09:58:45 -0400] "GET /wp-content/uploads/2022/01/IMG-20151229-WA0022.jpg HTTP/1.1" 200 154954 "-" "Googlebot-Image/1.0"
51.255.78.220 - - [16/Sep/2025:09:59:06 -0400] "GET / HTTP/1.1" 200 94721 "-" "Mozilla/5.0 (Windows; U; Windows NT 5.2; en-US; rv:1.8.1.7) Gecko/20070914 Firefox/2.0.0.7"
51.255.78.220 - - [16/Sep/2025:09:59:07 -0400] "GET // HTTP/1.1" 301 0 "-" "Mozilla/5.0 (Windows; U; Windows NT 5.2; en-US; rv:1.8.1.7) Gecko/20070914 Firefox/2.0.0.7"
51.255.78.220 - - [16/Sep/2025:09:59:07 -0400] "GET / HTTP/1.1" 200 94721 "https://sada-now.com//" "Mozilla/5.0 (Windows; U; Windows NT 5.2; en-US; rv:1.8.1.7) Gecko/20070914 Firefox/2.0.0.7"
52.167.144.234 - - [16/Sep/2025:09:59:13 -0400] "GET /?p=1222 HTTP/1.1" 200 12760 "-" "Mozilla/5.0 AppleWebKit/537.36 (KHTML, like Gecko; compatible; bingbot/2.0; +http://www.bing.com/bingbot.htm) Chrome/116.0.1938.76 Safari/537.36"
36.83.117.54 - - [16/Sep/2025:09:59:10 -0400] "GET /wp-config-sample.php HTTP/1.1" 500 905 "-" "Mozilla/5.0 (Linux; Android 6.0; Nexus 5 Build/MRA58N) AppleWebKit/537.36 (KHTML, like Gecko) Chrome/54.0.5430.1358 Mobile Safari/537.36"
51.255.78.220 - - [16/Sep/2025:10:00:21 -0400] "GET / HTTP/1.1" 200 94721 "-" "Mozilla/5.0 (Windows; U; Windows NT 5.2; en-US; rv:1.8.1.7) Gecko/20070914 Firefox/2.0.0.7"
51.255.78.220 - - [16/Sep/2025:10:00:23 -0400] "GET // HTTP/1.1" 301 0 "-" "Mozilla/5.0 (Windows; U; Windows NT 5.2; en-US; rv:1.8.1.7) Gecko/20070914 Firefox/2.0.0.7"
51.255.78.220 - - [16/Sep/2025:10:00:23 -0400] "GET / HTTP/1.1" 200 94721 "https://sada-now.com//" "Mozilla/5.0 (Windows; U; Windows NT 5.2; en-US; rv:1.8.1.7) Gecko/20070914 Firefox/2.0.0.7"
43.159.152.4 - - [16/Sep/2025:10:01:02 -0400] "GET /?p=6563 HTTP/1.1" 200 10222 "-" "Mozilla/5.0 (iPhone; CPU iPhone OS 13_2_3 like Mac OS X) AppleWebKit/605.1.15 (KHTML, like Gecko) Version/13.0.3 Mobile/15E148 Safari/604.1"
66.249.65.100 - - [16/Sep/2025:10:01:09 -0400] "GET /wp-content/uploads/2020/07/1039224969_0_0_3500_1892_1000x541_80_0_0_3eedc263b7b9f5eb390440a91788699c.jpg HTTP/1.1" 200 107498 "-" "Googlebot-Image/1.0"
51.255.78.220 - - [16/Sep/2025:10:01:38 -0400] "GET / HTTP/1.1" 200 94721 "-" "Mozilla/5.0 (Windows; U; Windows NT 5.2; en-US; rv:1.8.1.7) Gecko/20070914 Firefox/2.0.0.7"
51.255.78.220 - - [16/Sep/2025:10:01:39 -0400] "GET // HTTP/1.1" 301 0 "-" "Mozilla/5.0 (Windows; U; Windows NT 5.2; en-US; rv:1.8.1.7) Gecko/20070914 Firefox/2.0.0.7"
51.255.78.220 - - [16/Sep/2025:10:01:39 -0400] "GET / HTTP/1.1" 200 94721 "https://sada-now.com//" "Mozilla/5.0 (Windows; U; Windows NT 5.2; en-US; rv:1.8.1.7) Gecko/20070914 Firefox/2.0.0.7"
66.249.65.100 - - [16/Sep/2025:10:02:56 -0400] "GET /wp-content/uploads/2020/03/salmaaan-s.jpg HTTP/1.1" 200 221075 "-" "Googlebot-Image/1.0"
51.255.78.220 - - [16/Sep/2025:10:03:04 -0400] "GET / HTTP/1.1" 200 94721 "-" "Mozilla/5.0 (Windows; U; Windows NT 5.2; en-US; rv:1.8.1.7) Gecko/20070914 Firefox/2.0.0.7"
51.255.78.220 - - [16/Sep/2025:10:03:06 -0400] "GET // HTTP/1.1" 301 0 "-" "Mozilla/5.0 (Windows; U; Windows NT 5.2; en-US; rv:1.8.1.7) Gecko/20070914 Firefox/2.0.0.7"
51.255.78.220 - - [16/Sep/2025:10:03:07 -0400] "GET / HTTP/1.1" 200 94721 "https://sada-now.com//" "Mozilla/5.0 (Windows; U; Windows NT 5.2; en-US; rv:1.8.1.7) Gecko/20070914 Firefox/2.0.0.7"
114.119.159.233 - - [16/Sep/2025:10:03:39 -0400] "GET /?tag=%D8%AA%D9%85%D8%AF%D9%8A%D8%AF-%D8%AA%D8%A7%D8%B4%D9%8A%D8%B1%D8%A9-%D8%A7%D9%84%D8%AE%D8%B1%D9%88%D8%AC-%D9%88%D8%A7%D9%84%D8%B9%D9%88%D8%AF%D8%A9-%D9%84%D9%84%D8%AA%D8%A7%D8%A8%D8%B9%D9%8A%D9%86 HTTP/1.1" 200 17587 "https://sada-now.com/?tag=%D8%AA%D9%85%D8%AF%D9%8A%D8%AF-%D8%AA%D8%A7%D8%B4%D9%8A%D8%B1%D8%A9-%D8%A7%D9%84%D8%AE%D8%B1%D9%88%D8%AC-%D9%88%D8%A7%D9%84%D8%B9%D9%88%D8%AF%D8%A9-%D9%84%D9%84%D8%AA%D8%A7%D8%A8%D8%B9%D9%8A%D9%86" "Mozilla/5.0 (Linux; Android 7.0;) AppleWebKit/537.36 (KHTML, like Gecko) Mobile Safari/537.36 (compatible; PetalBot;+https://webmaster.petalsearch.com/site/petalbot)"
51.255.78.220 - - [16/Sep/2025:10:04:22 -0400] "GET / HTTP/1.1" 200 94721 "-" "Mozilla/5.0 (Windows; U; Windows NT 5.2; en-US; rv:1.8.1.7) Gecko/20070914 Firefox/2.0.0.7"
51.255.78.220 - - [16/Sep/2025:10:04:23 -0400] "GET // HTTP/1.1" 301 0 "-" "Mozilla/5.0 (Windows; U; Windows NT 5.2; en-US; rv:1.8.1.7) Gecko/20070914 Firefox/2.0.0.7"
51.255.78.220 - - [16/Sep/2025:10:04:24 -0400] "GET / HTTP/1.1" 200 94721 "https://sada-now.com//" "Mozilla/5.0 (Windows; U; Windows NT 5.2; en-US; rv:1.8.1.7) Gecko/20070914 Firefox/2.0.0.7"
199.12.43.227 - - [16/Sep/2025:10:04:58 -0400] "GET /error_log HTTP/1.1" 403 1242 "-" "Mozilla/5.0 (Linux; Android 8.0; Pixel 2 Build/OPD3.170816.012) AppleWebKit/537.36 (KHTML, like Gecko) Chrome/50.0.8987.1629 Mobile Safari/537.36"
114.119.133.119 - - [16/Sep/2025:10:05:03 -0400] "GET /?p=2584 HTTP/1.1" 200 16601 "https://sada-now.com/?paged=29&cat=1" "Mozilla/5.0 (Linux; Android 7.0;) AppleWebKit/537.36 (KHTML, like Gecko) Mobile Safari/537.36 (compatible; PetalBot;+https://webmaster.petalsearch.com/site/petalbot)"
66.249.65.100 - - [16/Sep/2025:10:05:20 -0400] "GET /wp-content/uploads/2020/06/%D8%A7%D9%84%D9%84%D9%88%D8%A7%D8%A1-%D8%A7%D9%84%D8%B3%D8%AD%D9%8A%D8%A8%D8%A7%D9%86%D9%8A-%D8%B4%D8%B9%D8%A8%D8%A9-%D8%A7%D9%84%D8%AC%D9%88%D8%B2%D8%A7%D8%AA2-1.png HTTP/1.1" 404 1251 "-" "Googlebot-Image/1.0"
51.255.78.220 - - [16/Sep/2025:10:05:32 -0400] "GET / HTTP/1.1" 200 94721 "-" "Mozilla/5.0 (Windows; U; Windows NT 5.2; en-US; rv:1.8.1.7) Gecko/20070914 Firefox/2.0.0.7"
51.255.78.220 - - [16/Sep/2025:10:05:33 -0400] "GET // HTTP/1.1" 301 0 "-" "Mozilla/5.0 (Windows; U; Windows NT 5.2; en-US; rv:1.8.1.7) Gecko/20070914 Firefox/2.0.0.7"
51.255.78.220 - - [16/Sep/2025:10:05:34 -0400] "GET / HTTP/1.1" 200 94721 "https://sada-now.com//" "Mozilla/5.0 (Windows; U; Windows NT 5.2; en-US; rv:1.8.1.7) Gecko/20070914 Firefox/2.0.0.7"
66.249.65.100 - - [16/Sep/2025:10:06:02 -0400] "GET /wp-content/uploads/2020/07/2019_7_28_22_57_28_327.jpg HTTP/1.1" 200 71311 "-" "Googlebot-Image/1.0"
51.255.78.220 - - [16/Sep/2025:10:06:57 -0400] "GET / HTTP/1.1" 200 94721 "-" "Mozilla/5.0 (Windows; U; Windows NT 5.2; en-US; rv:1.8.1.7) Gecko/20070914 Firefox/2.0.0.7"
51.255.78.220 - - [16/Sep/2025:10:06:59 -0400] "GET // HTTP/1.1" 301 0 "-" "Mozilla/5.0 (Windows; U; Windows NT 5.2; en-US; rv:1.8.1.7) Gecko/20070914 Firefox/2.0.0.7"
51.255.78.220 - - [16/Sep/2025:10:06:59 -0400] "GET / HTTP/1.1" 200 94721 "https://sada-now.com//" "Mozilla/5.0 (Windows; U; Windows NT 5.2; en-US; rv:1.8.1.7) Gecko/20070914 Firefox/2.0.0.7"
162.0.235.180 - - [16/Sep/2025:10:08:14 -0400] "POST /wp-cron.php?doing_wp_cron=1758031694.9718790054321289062500 HTTP/1.1" 200 0 "-" "WordPress/6.8.2; https://sada-now.com"
51.255.78.220 - - [16/Sep/2025:10:08:14 -0400] "GET / HTTP/1.1" 200 94721 "-" "Mozilla/5.0 (Windows; U; Windows NT 5.2; en-US; rv:1.8.1.7) Gecko/20070914 Firefox/2.0.0.7"
51.255.78.220 - - [16/Sep/2025:10:08:16 -0400] "GET // HTTP/1.1" 301 0 "-" "Mozilla/5.0 (Windows; U; Windows NT 5.2; en-US; rv:1.8.1.7) Gecko/20070914 Firefox/2.0.0.7"
51.255.78.220 - - [16/Sep/2025:10:08:16 -0400] "GET / HTTP/1.1" 200 94721 "https://sada-now.com//" "Mozilla/5.0 (Windows; U; Windows NT 5.2; en-US; rv:1.8.1.7) Gecko/20070914 Firefox/2.0.0.7"
66.249.65.99 - - [16/Sep/2025:10:08:31 -0400] "GET /wp-content/uploads/2020/07/Cy6b2pdXAAAaXol.jpg HTTP/1.1" 200 142287 "-" "Googlebot-Image/1.0"
98.221.119.23 - - [16/Sep/2025:10:08:58 -0400] "GET /wp-settings.php HTTP/1.1" 500 0 "-" "Mozilla/5.0 (Linux; Android 5.0; SM-G900P Build/LRX21T) AppleWebKit/537.36 (KHTML, like Gecko) Chrome/42.0.6892.1652 Mobile Safari/537.36"
51.255.78.220 - - [16/Sep/2025:10:09:30 -0400] "GET / HTTP/1.1" 200 94721 "-" "Mozilla/5.0 (Windows; U; Windows NT 5.2; en-US; rv:1.8.1.7) Gecko/20070914 Firefox/2.0.0.7"
51.255.78.220 - - [16/Sep/2025:10:09:32 -0400] "GET // HTTP/1.1" 301 0 "-" "Mozilla/5.0 (Windows; U; Windows NT 5.2; en-US; rv:1.8.1.7) Gecko/20070914 Firefox/2.0.0.7"
51.255.78.220 - - [16/Sep/2025:10:09:32 -0400] "GET / HTTP/1.1" 200 94721 "https://sada-now.com//" "Mozilla/5.0 (Windows; U; Windows NT 5.2; en-US; rv:1.8.1.7) Gecko/20070914 Firefox/2.0.0.7"
65.21.232.254 - - [16/Sep/2025:10:09:53 -0400] "GET /robots.txt HTTP/1.1" 200 303 "-" "Mozilla/5.0 (compatible; MJ12bot/v1.4.8; http://mj12bot.com/)"
66.249.65.99 - - [16/Sep/2025:10:09:55 -0400] "GET /wp-content/uploads/2021/09/image-%D9%A2-1.jpg HTTP/1.1" 200 38153 "-" "Googlebot-Image/1.0"
65.21.232.254 - - [16/Sep/2025:10:09:55 -0400] "GET /?p=1201 HTTP/1.1" 200 14312 "-" "Mozilla/5.0 (compatible; MJ12bot/v1.4.8; http://mj12bot.com/)"
65.21.232.254 - - [16/Sep/2025:10:09:58 -0400] "GET /?p=1222 HTTP/1.1" 200 12760 "-" "Mozilla/5.0 (compatible; MJ12bot/v1.4.8; http://mj12bot.com/)"
65.21.232.254 - - [16/Sep/2025:10:10:00 -0400] "GET /?p=1243 HTTP/1.1" 200 12515 "-" "Mozilla/5.0 (compatible; MJ12bot/v1.4.8; http://mj12bot.com/)"
65.21.232.254 - - [16/Sep/2025:10:10:02 -0400] "GET /?p=1247 HTTP/1.1" 200 14062 "-" "Mozilla/5.0 (compatible; MJ12bot/v1.4.8; http://mj12bot.com/)"
65.21.232.254 - - [16/Sep/2025:10:10:05 -0400] "GET /?p=1250 HTTP/1.1" 200 13661 "-" "Mozilla/5.0 (compatible; MJ12bot/v1.4.8; http://mj12bot.com/)"
65.21.232.254 - - [16/Sep/2025:10:10:07 -0400] "GET /?p=1253 HTTP/1.1" 200 12635 "-" "Mozilla/5.0 (compatible; MJ12bot/v1.4.8; http://mj12bot.com/)"
65.21.232.254 - - [16/Sep/2025:10:10:10 -0400] "GET /?p=1263 HTTP/1.1" 200 14270 "-" "Mozilla/5.0 (compatible; MJ12bot/v1.4.8; http://mj12bot.com/)"
65.21.232.254 - - [16/Sep/2025:10:10:12 -0400] "GET /?p=3955 HTTP/1.1" 200 13843 "-" "Mozilla/5.0 (compatible; MJ12bot/v1.4.8; http://mj12bot.com/)"
65.21.232.254 - - [16/Sep/2025:10:10:14 -0400] "GET /?p=3958 HTTP/1.1" 200 16582 "-" "Mozilla/5.0 (compatible; MJ12bot/v1.4.8; http://mj12bot.com/)"
65.21.232.254 - - [16/Sep/2025:10:10:17 -0400] "GET /?p=4436 HTTP/1.1" 200 14231 "-" "Mozilla/5.0 (compatible; MJ12bot/v1.4.8; http://mj12bot.com/)"
65.21.232.254 - - [16/Sep/2025:10:10:19 -0400] "GET /?p=831 HTTP/1.1" 200 12686 "-" "Mozilla/5.0 (compatible; MJ12bot/v1.4.8; http://mj12bot.com/)"
65.21.232.254 - - [16/Sep/2025:10:10:21 -0400] "GET /?p=834 HTTP/1.1" 200 15560 "-" "Mozilla/5.0 (compatible; MJ12bot/v1.4.8; http://mj12bot.com/)"
65.21.232.254 - - [16/Sep/2025:10:10:24 -0400] "GET /?p=843 HTTP/1.1" 200 12726 "-" "Mozilla/5.0 (compatible; MJ12bot/v1.4.8; http://mj12bot.com/)"
65.21.232.254 - - [16/Sep/2025:10:10:26 -0400] "GET /?p=850 HTTP/1.1" 200 18619 "-" "Mozilla/5.0 (compatible; MJ12bot/v1.4.8; http://mj12bot.com/)"
65.21.232.254 - - [16/Sep/2025:10:10:29 -0400] "GET /?p=853 HTTP/1.1" 200 13795 "-" "Mozilla/5.0 (compatible; MJ12bot/v1.4.8; http://mj12bot.com/)"
65.21.232.254 - - [16/Sep/2025:10:10:31 -0400] "GET /?p=898 HTTP/1.1" 200 12626 "-" "Mozilla/5.0 (compatible; MJ12bot/v1.4.8; http://mj12bot.com/)"
65.21.232.254 - - [16/Sep/2025:10:10:33 -0400] "GET /?p=907 HTTP/1.1" 200 14102 "-" "Mozilla/5.0 (compatible; MJ12bot/v1.4.8; http://mj12bot.com/)"
65.21.232.254 - - [16/Sep/2025:10:10:36 -0400] "GET /?p=910 HTTP/1.1" 200 15216 "-" "Mozilla/5.0 (compatible; MJ12bot/v1.4.8; http://mj12bot.com/)"
65.21.232.254 - - [16/Sep/2025:10:10:38 -0400] "GET /?p=913 HTTP/1.1" 200 13229 "-" "Mozilla/5.0 (compatible; MJ12bot/v1.4.8; http://mj12bot.com/)"
65.21.232.254 - - [16/Sep/2025:10:10:41 -0400] "GET /?paged=103 HTTP/1.1" 200 15695 "-" "Mozilla/5.0 (compatible; MJ12bot/v1.4.8; http://mj12bot.com/)"
65.21.232.254 - - [16/Sep/2025:10:10:43 -0400] "GET /?paged=104 HTTP/1.1" 200 15675 "-" "Mozilla/5.0 (compatible; MJ12bot/v1.4.8; http://mj12bot.com/)"
65.21.232.254 - - [16/Sep/2025:10:10:46 -0400] "GET /?paged=106 HTTP/1.1" 200 15009 "-" "Mozilla/5.0 (compatible; MJ12bot/v1.4.8; http://mj12bot.com/)"
65.21.232.254 - - [16/Sep/2025:10:10:48 -0400] "GET /?paged=107 HTTP/1.1" 200 15305 "-" "Mozilla/5.0 (compatible; MJ12bot/v1.4.8; http://mj12bot.com/)"
65.21.232.254 - - [16/Sep/2025:10:10:50 -0400] "GET /?paged=113 HTTP/1.1" 200 15584 "-" "Mozilla/5.0 (compatible; MJ12bot/v1.4.8; http://mj12bot.com/)"
65.21.232.254 - - [16/Sep/2025:10:10:53 -0400] "GET /?paged=114 HTTP/1.1" 200 15577 "-" "Mozilla/5.0 (compatible; MJ12bot/v1.4.8; http://mj12bot.com/)"
51.255.78.220 - - [16/Sep/2025:10:10:55 -0400] "GET / HTTP/1.1" 200 94721 "-" "Mozilla/5.0 (Windows; U; Windows NT 5.2; en-US; rv:1.8.1.7) Gecko/20070914 Firefox/2.0.0.7"
65.21.232.254 - - [16/Sep/2025:10:10:55 -0400] "GET /?paged=116 HTTP/1.1" 200 15763 "-" "Mozilla/5.0 (compatible; MJ12bot/v1.4.8; http://mj12bot.com/)"
51.255.78.220 - - [16/Sep/2025:10:10:56 -0400] "GET // HTTP/1.1" 301 0 "-" "Mozilla/5.0 (Windows; U; Windows NT 5.2; en-US; rv:1.8.1.7) Gecko/20070914 Firefox/2.0.0.7"
51.255.78.220 - - [16/Sep/2025:10:10:56 -0400] "GET / HTTP/1.1" 200 94721 "https://sada-now.com//" "Mozilla/5.0 (Windows; U; Windows NT 5.2; en-US; rv:1.8.1.7) Gecko/20070914 Firefox/2.0.0.7"
65.21.232.254 - - [16/Sep/2025:10:10:58 -0400] "GET /?paged=117 HTTP/1.1" 200 15882 "-" "Mozilla/5.0 (compatible; MJ12bot/v1.4.8; http://mj12bot.com/)"
65.21.232.254 - - [16/Sep/2025:10:11:00 -0400] "GET /?paged=123 HTTP/1.1" 200 15945 "-" "Mozilla/5.0 (compatible; MJ12bot/v1.4.8; http://mj12bot.com/)"
43.159.139.164 - - [16/Sep/2025:10:11:01 -0400] "GET /index.php?rest_route=/wp/v2/posts/38 HTTP/1.1" 200 22625 "-" "Mozilla/5.0 (iPhone; CPU iPhone OS 13_2_3 like Mac OS X) AppleWebKit/605.1.15 (KHTML, like Gecko) Version/13.0.3 Mobile/15E148 Safari/604.1"
65.21.232.254 - - [16/Sep/2025:10:11:02 -0400] "GET /?paged=124 HTTP/1.1" 200 15586 "-" "Mozilla/5.0 (compatible; MJ12bot/v1.4.8; http://mj12bot.com/)"
114.119.133.119 - - [16/Sep/2025:10:11:02 -0400] "GET /?p=1508 HTTP/1.1" 200 16180 "https://sada-now.com?paged=36&author=1" "Mozilla/5.0 (Linux; Android 7.0;) AppleWebKit/537.36 (KHTML, like Gecko) Mobile Safari/537.36 (compatible; PetalBot;+https://webmaster.petalsearch.com/site/petalbot)"
65.21.232.254 - - [16/Sep/2025:10:11:05 -0400] "GET /?paged=125 HTTP/1.1" 200 15518 "-" "Mozilla/5.0 (compatible; MJ12bot/v1.4.8; http://mj12bot.com/)"
65.21.232.254 - - [16/Sep/2025:10:11:07 -0400] "GET /?paged=135 HTTP/1.1" 200 15821 "-" "Mozilla/5.0 (compatible; MJ12bot/v1.4.8; http://mj12bot.com/)"
65.21.232.254 - - [16/Sep/2025:10:11:10 -0400] "GET /?paged=145 HTTP/1.1" 200 15178 "-" "Mozilla/5.0 (compatible; MJ12bot/v1.4.8; http://mj12bot.com/)"
17.241.219.137 - - [16/Sep/2025:10:11:12 -0400] "GET /?p=5649 HTTP/1.1" 200 18883 "-" "Mozilla/5.0 (Macintosh; Intel Mac OS X 10_15_7) AppleWebKit/605.1.15 (KHTML, like Gecko) Version/17.4 Safari/605.1.15 (Applebot/0.1; +http://www.apple.com/go/applebot)"
65.21.232.254 - - [16/Sep/2025:10:11:12 -0400] "GET /?paged=45 HTTP/1.1" 200 15762 "-" "Mozilla/5.0 (compatible; MJ12bot/v1.4.8; http://mj12bot.com/)"
65.21.232.254 - - [16/Sep/2025:10:11:15 -0400] "GET /?paged=55 HTTP/1.1" 200 15913 "-" "Mozilla/5.0 (compatible; MJ12bot/v1.4.8; http://mj12bot.com/)"
65.21.232.254 - - [16/Sep/2025:10:11:17 -0400] "GET /?paged=65 HTTP/1.1" 200 15824 "-" "Mozilla/5.0 (compatible; MJ12bot/v1.4.8; http://mj12bot.com/)"
65.21.232.254 - - [16/Sep/2025:10:11:20 -0400] "GET /?paged=66 HTTP/1.1" 200 15750 "-" "Mozilla/5.0 (compatible; MJ12bot/v1.4.8; http://mj12bot.com/)"
65.21.232.254 - - [16/Sep/2025:10:11:22 -0400] "GET /?paged=67 HTTP/1.1" 200 15219 "-" "Mozilla/5.0 (compatible; MJ12bot/v1.4.8; http://mj12bot.com/)"
65.21.232.254 - - [16/Sep/2025:10:11:25 -0400] "GET /?paged=73 HTTP/1.1" 200 15816 "-" "Mozilla/5.0 (compatible; MJ12bot/v1.4.8; http://mj12bot.com/)"
65.21.232.254 - - [16/Sep/2025:10:11:27 -0400] "GET /?paged=74 HTTP/1.1" 200 15343 "-" "Mozilla/5.0 (compatible; MJ12bot/v1.4.8; http://mj12bot.com/)"
65.21.232.254 - - [16/Sep/2025:10:11:30 -0400] "GET /?paged=76 HTTP/1.1" 200 15247 "-" "Mozilla/5.0 (compatible; MJ12bot/v1.4.8; http://mj12bot.com/)"
65.21.232.254 - - [16/Sep/2025:10:11:32 -0400] "GET /?paged=77 HTTP/1.1" 200 15639 "-" "Mozilla/5.0 (compatible; MJ12bot/v1.4.8; http://mj12bot.com/)"
65.21.232.254 - - [16/Sep/2025:10:11:34 -0400] "GET /?paged=83 HTTP/1.1" 200 15735 "-" "Mozilla/5.0 (compatible; MJ12bot/v1.4.8; http://mj12bot.com/)"
65.21.232.254 - - [16/Sep/2025:10:11:37 -0400] "GET /?paged=84 HTTP/1.1" 200 16032 "-" "Mozilla/5.0 (compatible; MJ12bot/v1.4.8; http://mj12bot.com/)"
65.21.232.254 - - [16/Sep/2025:10:11:39 -0400] "GET /?paged=86 HTTP/1.1" 200 15919 "-" "Mozilla/5.0 (compatible; MJ12bot/v1.4.8; http://mj12bot.com/)"
65.21.232.254 - - [16/Sep/2025:10:11:42 -0400] "GET /?paged=87 HTTP/1.1" 200 15795 "-" "Mozilla/5.0 (compatible; MJ12bot/v1.4.8; http://mj12bot.com/)"
65.21.232.254 - - [16/Sep/2025:10:11:44 -0400] "GET /?paged=93 HTTP/1.1" 200 16102 "-" "Mozilla/5.0 (compatible; MJ12bot/v1.4.8; http://mj12bot.com/)"
65.21.232.254 - - [16/Sep/2025:10:11:47 -0400] "GET /?paged=94 HTTP/1.1" 200 15355 "-" "Mozilla/5.0 (compatible; MJ12bot/v1.4.8; http://mj12bot.com/)"
