216.73.216.118 - - [16/Sep/2025:08:30:15 -0400] "GET /?page=152&paged=89 HTTP/1.1" 200 15495 "-" "Mozilla/5.0 AppleWebKit/537.36 (KHTML, like Gecko; compatible; ClaudeBot/1.0; +claudebot@anthropic.com)"
216.73.216.118 - - [16/Sep/2025:08:30:20 -0400] "GET /?page=9&paged=76 HTTP/1.1" 200 15268 "-" "Mozilla/5.0 AppleWebKit/537.36 (KHTML, like Gecko; compatible; ClaudeBot/1.0; +claudebot@anthropic.com)"
114.119.133.119 - - [16/Sep/2025:08:30:25 -0400] "GET /?p=253 HTTP/1.1" 200 17912 "https://sada-now.com/?m=2019&paged=11" "Mozilla/5.0 (Linux; Android 7.0;) AppleWebKit/537.36 (KHTML, like Gecko) Mobile Safari/537.36 (compatible; PetalBot;+https://webmaster.petalsearch.com/site/petalbot)"
216.73.216.118 - - [16/Sep/2025:08:30:25 -0400] "GET /?page=119&paged=10 HTTP/1.1" 200 15543 "-" "Mozilla/5.0 AppleWebKit/537.36 (KHTML, like Gecko; compatible; ClaudeBot/1.0; +claudebot@anthropic.com)"
216.73.216.118 - - [16/Sep/2025:08:30:30 -0400] "GET /?page=33&paged=110 HTTP/1.1" 200 15613 "-" "Mozilla/5.0 AppleWebKit/537.36 (KHTML, like Gecko; compatible; ClaudeBot/1.0; +claudebot@anthropic.com)"
216.73.216.118 - - [16/Sep/2025:08:30:35 -0400] "GET /?page=7&paged=151 HTTP/1.1" 200 14868 "-" "Mozilla/5.0 AppleWebKit/537.36 (KHTML, like Gecko; compatible; ClaudeBot/1.0; +claudebot@anthropic.com)"
216.73.216.118 - - [16/Sep/2025:08:30:40 -0400] "GET /?page=152&paged=21 HTTP/1.1" 200 15975 "-" "Mozilla/5.0 AppleWebKit/537.36 (KHTML, like Gecko; compatible; ClaudeBot/1.0; +claudebot@anthropic.com)"
216.73.216.118 - - [16/Sep/2025:08:30:45 -0400] "GET /?page=78&paged=162 HTTP/1.1" 200 14608 "-" "Mozilla/5.0 AppleWebKit/537.36 (KHTML, like Gecko; compatible; ClaudeBot/1.0; +claudebot@anthropic.com)"
216.73.216.118 - - [16/Sep/2025:08:30:50 -0400] "GET /?page=112&paged=162 HTTP/1.1" 200 14598 "-" "Mozilla/5.0 AppleWebKit/537.36 (KHTML, like Gecko; compatible; ClaudeBot/1.0; +claudebot@anthropic.com)"
216.73.216.118 - - [16/Sep/2025:08:30:55 -0400] "GET /?page=48&paged=90 HTTP/1.1" 200 15900 "-" "Mozilla/5.0 AppleWebKit/537.36 (KHTML, like Gecko; compatible; ClaudeBot/1.0; +claudebot@anthropic.com)"
216.73.216.118 - - [16/Sep/2025:08:31:00 -0400] "GET /?page=100&paged=105 HTTP/1.1" 200 15628 "-" "Mozilla/5.0 AppleWebKit/537.36 (KHTML, like Gecko; compatible; ClaudeBot/1.0; +claudebot@anthropic.com)"
216.73.216.118 - - [16/Sep/2025:08:31:05 -0400] "GET /wp-includes/css/dist/widgets/style.min.css HTTP/1.1" 200 1045 "-" "Mozilla/5.0 AppleWebKit/537.36 (KHTML, like Gecko; compatible; ClaudeBot/1.0; +claudebot@anthropic.com)"
216.73.216.118 - - [16/Sep/2025:08:31:10 -0400] "GET /?page=126&paged=2 HTTP/1.1" 200 16221 "-" "Mozilla/5.0 AppleWebKit/537.36 (KHTML, like Gecko; compatible; ClaudeBot/1.0; +claudebot@anthropic.com)"
216.73.216.118 - - [16/Sep/2025:08:31:15 -0400] "GET /?page=7&paged=152 HTTP/1.1" 200 14008 "-" "Mozilla/5.0 AppleWebKit/537.36 (KHTML, like Gecko; compatible; ClaudeBot/1.0; +claudebot@anthropic.com)"
51.255.78.220 - - [16/Sep/2025:08:31:18 -0400] "GET / HTTP/1.1" 200 94721 "-" "Mozilla/5.0 (Windows; U; Windows NT 5.2; en-US; rv:1.8.1.7) Gecko/20070914 Firefox/2.0.0.7"
51.255.78.220 - - [16/Sep/2025:08:31:19 -0400] "GET // HTTP/1.1" 301 0 "-" "Mozilla/5.0 (Windows; U; Windows NT 5.2; en-US; rv:1.8.1.7) Gecko/20070914 Firefox/2.0.0.7"
51.255.78.220 - - [16/Sep/2025:08:31:19 -0400] "GET / HTTP/1.1" 200 94721 "https://sada-now.com//" "Mozilla/5.0 (Windows; U; Windows NT 5.2; en-US; rv:1.8.1.7) Gecko/20070914 Firefox/2.0.0.7"
216.73.216.118 - - [16/Sep/2025:08:31:20 -0400] "GET /?page=154&paged=11 HTTP/1.1" 200 15790 "-" "Mozilla/5.0 AppleWebKit/537.36 (KHTML, like Gecko; compatible; ClaudeBot/1.0; +claudebot@anthropic.com)"
216.73.216.118 - - [16/Sep/2025:08:31:25 -0400] "GET /?page=137&paged=5 HTTP/1.1" 200 15796 "-" "Mozilla/5.0 AppleWebKit/537.36 (KHTML, like Gecko; compatible; ClaudeBot/1.0; +claudebot@anthropic.com)"
216.73.216.118 - - [16/Sep/2025:08:31:30 -0400] "GET /?page=44&paged=100 HTTP/1.1" 200 15717 "-" "Mozilla/5.0 AppleWebKit/537.36 (KHTML, like Gecko; compatible; ClaudeBot/1.0; +claudebot@anthropic.com)"
216.73.216.118 - - [16/Sep/2025:08:31:35 -0400] "GET /?page=151&paged=18 HTTP/1.1" 200 16199 "-" "Mozilla/5.0 AppleWebKit/537.36 (KHTML, like Gecko; compatible; ClaudeBot/1.0; +claudebot@anthropic.com)"
216.73.216.118 - - [16/Sep/2025:08:31:44 -0400] "GET /wp-includes/css/dist/block-library/editor-rtl.css HTTP/1.1" 200 11551 "-" "Mozilla/5.0 AppleWebKit/537.36 (KHTML, like Gecko; compatible; ClaudeBot/1.0; +claudebot@anthropic.com)"
216.73.216.118 - - [16/Sep/2025:08:31:47 -0400] "GET /wp-includes/css/dist/widgets/style-rtl.min.css HTTP/1.1" 200 1042 "-" "Mozilla/5.0 AppleWebKit/537.36 (KHTML, like Gecko; compatible; ClaudeBot/1.0; +claudebot@anthropic.com)"
216.73.216.118 - - [16/Sep/2025:08:31:52 -0400] "GET /wp-includes/sodium_compat/src/Core32/Curve25519 HTTP/1.1" 301 795 "-" "Mozilla/5.0 AppleWebKit/537.36 (KHTML, like Gecko; compatible; ClaudeBot/1.0; +claudebot@anthropic.com)"
216.73.216.118 - - [16/Sep/2025:08:31:52 -0400] "GET /wp-includes/sodium_compat/src/Core32/Curve25519/ HTTP/1.1" 200 721 "https://sada-now.com/wp-includes/sodium_compat/src/Core32/Curve25519" "Mozilla/5.0 AppleWebKit/537.36 (KHTML, like Gecko; compatible; ClaudeBot/1.0; +claudebot@anthropic.com)"
40.77.167.67 - - [16/Sep/2025:08:31:56 -0400] "GET /?p=6088 HTTP/1.1" 200 15775 "-" "Mozilla/5.0 AppleWebKit/537.36 (KHTML, like Gecko; compatible; bingbot/2.0; +http://www.bing.com/bingbot.htm) Chrome/116.0.1938.76 Safari/537.36"
216.73.216.118 - - [16/Sep/2025:08:31:57 -0400] "GET /wp-includes/css/dist/block-library/style-rtl.css HTTP/1.1" 200 15053 "-" "Mozilla/5.0 AppleWebKit/537.36 (KHTML, like Gecko; compatible; ClaudeBot/1.0; +claudebot@anthropic.com)"
114.119.155.96 - - [16/Sep/2025:08:31:58 -0400] "GET /?m=202112&paged=11 HTTP/1.1" 200 19390 "https://sada-now.com/?m=202112&paged=15" "Mozilla/5.0 (Linux; Android 7.0;) AppleWebKit/537.36 (KHTML, like Gecko) Mobile Safari/537.36 (compatible; PetalBot;+https://webmaster.petalsearch.com/site/petalbot)"
216.73.216.118 - - [16/Sep/2025:08:32:02 -0400] "GET /wp-includes/sitemaps/providers/class-wp-sitemaps-taxonomies.php HTTP/1.1" 500 0 "-" "Mozilla/5.0 AppleWebKit/537.36 (KHTML, like Gecko; compatible; ClaudeBot/1.0; +claudebot@anthropic.com)"
216.73.216.118 - - [16/Sep/2025:08:32:07 -0400] "GET /wp-includes/css/dist/block-library/editor-elements.css HTTP/1.1" 200 89 "-" "Mozilla/5.0 AppleWebKit/537.36 (KHTML, like Gecko; compatible; ClaudeBot/1.0; +claudebot@anthropic.com)"
216.73.216.118 - - [16/Sep/2025:08:32:12 -0400] "GET /?paged=105 HTTP/1.1" 200 15606 "-" "Mozilla/5.0 AppleWebKit/537.36 (KHTML, like Gecko; compatible; ClaudeBot/1.0; +claudebot@anthropic.com)"
216.73.216.118 - - [16/Sep/2025:08:32:17 -0400] "GET /wp-includes/js/jquery/ui/selectable.min.js HTTP/1.1" 200 1317 "-" "Mozilla/5.0 AppleWebKit/537.36 (KHTML, like Gecko; compatible; ClaudeBot/1.0; +claudebot@anthropic.com)"
216.73.216.118 - - [16/Sep/2025:08:32:22 -0400] "GET /wp-includes/js/jquery/ui/effect-drop.min.js HTTP/1.1" 200 425 "-" "Mozilla/5.0 AppleWebKit/537.36 (KHTML, like Gecko; compatible; ClaudeBot/1.0; +claudebot@anthropic.com)"
216.73.216.118 - - [16/Sep/2025:08:32:27 -0400] "GET /wp-includes/js/jquery/ui/progressbar.min.js HTTP/1.1" 200 844 "-" "Mozilla/5.0 AppleWebKit/537.36 (KHTML, like Gecko; compatible; ClaudeBot/1.0; +claudebot@anthropic.com)"
216.73.216.118 - - [16/Sep/2025:08:32:32 -0400] "GET /wp-includes/js/jquery/ui/effect-slide.min.js HTTP/1.1" 200 499 "-" "Mozilla/5.0 AppleWebKit/537.36 (KHTML, like Gecko; compatible; ClaudeBot/1.0; +claudebot@anthropic.com)"
216.73.216.118 - - [16/Sep/2025:08:32:37 -0400] "GET /wp-includes/js/jquery/ui/tabs.js HTTP/1.1" 200 6600 "-" "Mozilla/5.0 AppleWebKit/537.36 (KHTML, like Gecko; compatible; ClaudeBot/1.0; +claudebot@anthropic.com)"
40.77.167.156 - - [16/Sep/2025:08:32:37 -0400] "GET /?p=5383 HTTP/1.1" 200 15223 "-" "Mozilla/5.0 AppleWebKit/537.36 (KHTML, like Gecko; compatible; bingbot/2.0; +http://www.bing.com/bingbot.htm) Chrome/116.0.1938.76 Safari/537.36"
51.255.78.220 - - [16/Sep/2025:08:32:38 -0400] "GET / HTTP/1.1" 200 94721 "-" "Mozilla/5.0 (Windows; U; Windows NT 5.2; en-US; rv:1.8.1.7) Gecko/20070914 Firefox/2.0.0.7"
51.255.78.220 - - [16/Sep/2025:08:32:39 -0400] "GET // HTTP/1.1" 301 0 "-" "Mozilla/5.0 (Windows; U; Windows NT 5.2; en-US; rv:1.8.1.7) Gecko/20070914 Firefox/2.0.0.7"
51.255.78.220 - - [16/Sep/2025:08:32:39 -0400] "GET / HTTP/1.1" 200 94721 "https://sada-now.com//" "Mozilla/5.0 (Windows; U; Windows NT 5.2; en-US; rv:1.8.1.7) Gecko/20070914 Firefox/2.0.0.7"
216.73.216.118 - - [16/Sep/2025:08:32:42 -0400] "GET /wp-includes/js/jquery/ui/effect-fade.min.js HTTP/1.1" 200 303 "-" "Mozilla/5.0 AppleWebKit/537.36 (KHTML, like Gecko; compatible; ClaudeBot/1.0; +claudebot@anthropic.com)"
216.73.216.118 - - [16/Sep/2025:08:32:47 -0400] "GET /wp-includes/js/jquery/ui/spinner.js HTTP/1.1" 200 4147 "-" "Mozilla/5.0 AppleWebKit/537.36 (KHTML, like Gecko; compatible; ClaudeBot/1.0; +claudebot@anthropic.com)"
216.73.216.118 - - [16/Sep/2025:08:32:52 -0400] "GET /wp-includes/js/jquery/ui/checkboxradio.min.js HTTP/1.1" 200 1296 "-" "Mozilla/5.0 AppleWebKit/537.36 (KHTML, like Gecko; compatible; ClaudeBot/1.0; +claudebot@anthropic.com)"
216.73.216.118 - - [16/Sep/2025:08:32:57 -0400] "GET /wp-includes/js/jquery/ui/selectmenu.min.js HTTP/1.1" 200 2853 "-" "Mozilla/5.0 AppleWebKit/537.36 (KHTML, like Gecko; compatible; ClaudeBot/1.0; +claudebot@anthropic.com)"
216.73.216.118 - - [16/Sep/2025:08:33:02 -0400] "GET /wp-includes/js/jquery/ui/dialog.min.js HTTP/1.1" 200 3660 "-" "Mozilla/5.0 AppleWebKit/537.36 (KHTML, like Gecko; compatible; ClaudeBot/1.0; +claudebot@anthropic.com)"
216.73.216.118 - - [16/Sep/2025:08:33:07 -0400] "GET /wp-includes/js/jquery/ui/effect-puff.js HTTP/1.1" 200 482 "-" "Mozilla/5.0 AppleWebKit/537.36 (KHTML, like Gecko; compatible; ClaudeBot/1.0; +claudebot@anthropic.com)"
216.73.216.118 - - [16/Sep/2025:08:33:12 -0400] "GET /wp-includes/js/jquery/ui/sortable.js HTTP/1.1" 200 11329 "-" "Mozilla/5.0 AppleWebKit/537.36 (KHTML, like Gecko; compatible; ClaudeBot/1.0; +claudebot@anthropic.com)"
114.119.159.233 - - [16/Sep/2025:08:33:14 -0400] "GET /?author=1&paged=65 HTTP/1.1" 200 19598 "https://sada-now.com/?author=1&paged=65" "Mozilla/5.0 (Linux; Android 7.0;) AppleWebKit/537.36 (KHTML, like Gecko) Mobile Safari/537.36 (compatible; PetalBot;+https://webmaster.petalsearch.com/site/petalbot)"
216.73.216.118 - - [16/Sep/2025:08:33:17 -0400] "GET /wp-includes/rest-api/endpoints/class-wp-rest-navigation-fallback-controller.php HTTP/1.1" 500 0 "-" "Mozilla/5.0 AppleWebKit/537.36 (KHTML, like Gecko; compatible; ClaudeBot/1.0; +claudebot@anthropic.com)"
216.73.216.118 - - [16/Sep/2025:08:33:22 -0400] "GET /wp-includes/js/jquery/ui/tooltip.min.js HTTP/1.1" 200 2019 "-" "Mozilla/5.0 AppleWebKit/537.36 (KHTML, like Gecko; compatible; ClaudeBot/1.0; +claudebot@anthropic.com)"
66.249.65.101 - - [16/Sep/2025:08:33:24 -0400] "GET /wp-content/uploads/2021/07/FB_IMG_16268973374743972.jpg HTTP/1.1" 200 193633 "-" "Googlebot-Image/1.0"
216.73.216.118 - - [16/Sep/2025:08:33:27 -0400] "GET /wp-includes/rest-api/endpoints/class-wp-rest-blocks-controller.php HTTP/1.1" 500 0 "-" "Mozilla/5.0 AppleWebKit/537.36 (KHTML, like Gecko; compatible; ClaudeBot/1.0; +claudebot@anthropic.com)"
216.73.216.118 - - [16/Sep/2025:08:33:32 -0400] "GET /wp-includes/rest-api/endpoints/class-wp-rest-application-passwords-controller.php HTTP/1.1" 500 0 "-" "Mozilla/5.0 AppleWebKit/537.36 (KHTML, like Gecko; compatible; ClaudeBot/1.0; +claudebot@anthropic.com)"
216.73.216.118 - - [16/Sep/2025:08:33:37 -0400] "GET /wp-includes/rest-api/endpoints/class-wp-rest-users-controller.php HTTP/1.1" 500 0 "-" "Mozilla/5.0 AppleWebKit/537.36 (KHTML, like Gecko; compatible; ClaudeBot/1.0; +claudebot@anthropic.com)"
40.77.167.156 - - [16/Sep/2025:08:33:46 -0400] "GET /?p=4302 HTTP/1.1" 200 13498 "-" "Mozilla/5.0 AppleWebKit/537.36 (KHTML, like Gecko; compatible; bingbot/2.0; +http://www.bing.com/bingbot.htm) Chrome/116.0.1938.76 Safari/537.36"
47.128.115.231 - - [16/Sep/2025:08:33:50 -0400] "GET / HTTP/1.1" 200 15485 "-" "Mozilla/5.0 (Linux; Android 5.0) AppleWebKit/537.36 (KHTML, like Gecko) Mobile Safari/537.36 (compatible; Bytespider; spider-feedback@bytedance.com)"
47.128.115.231 - - [16/Sep/2025:08:33:50 -0400] "GET /wp-includes/css/dist/block-library/style-rtl.min.css HTTP/1.1" 200 14312 "https://sada-now.com/" "Mozilla/5.0 (Linux; Android 5.0) AppleWebKit/537.36 (KHTML, like Gecko) Mobile Safari/537.36 (compatible; Bytespider; spider-feedback@bytedance.com)"
47.128.115.231 - - [16/Sep/2025:08:33:50 -0400] "GET /wp-content/themes/sahifa/style.css HTTP/1.1" 200 34984 "https://sada-now.com/" "Mozilla/5.0 (Linux; Android 5.0) AppleWebKit/537.36 (KHTML, like Gecko) Mobile Safari/537.36 (compatible; Bytespider; spider-feedback@bytedance.com)"
47.128.115.231 - - [16/Sep/2025:08:33:50 -0400] "GET /wp-content/themes/sahifa/css/ilightbox/dark-skin/skin.css HTTP/1.1" 200 1196 "https://sada-now.com/" "Mozilla/5.0 (Linux; Android 5.0) AppleWebKit/537.36 (KHTML, like Gecko) Mobile Safari/537.36 (compatible; Bytespider; spider-feedback@bytedance.com)"
47.128.115.231 - - [16/Sep/2025:08:33:50 -0400] "GET /wp-content/themes/sahifa/rtl.css HTTP/1.1" 200 3537 "https://sada-now.com/" "Mozilla/5.0 (Linux; Android 5.0) AppleWebKit/537.36 (KHTML, like Gecko) Mobile Safari/537.36 (compatible; Bytespider; spider-feedback@bytedance.com)"
47.128.115.231 - - [16/Sep/2025:08:33:51 -0400] "GET /wp-content/uploads/2025/09/doc-73kt2pj-1757166322-300x200.webp HTTP/1.1" 206 500 "https://sada-now.com/" "Mozilla/5.0 (Linux; Android 5.0) AppleWebKit/537.36 (KHTML, like Gecko) Mobile Safari/537.36 (compatible; Bytespider; spider-feedback@bytedance.com)"
47.128.115.231 - - [16/Sep/2025:08:33:51 -0400] "GET /wp-content/themes/sahifa/images/patterns/body-bg7.png HTTP/1.1" 206 500 "https://sada-now.com/wp-content/themes/sahifa/style.css" "Mozilla/5.0 (Linux; Android 5.0) AppleWebKit/537.36 (KHTML, like Gecko) Mobile Safari/537.36 (compatible; Bytespider; spider-feedback@bytedance.com)"
47.128.115.231 - - [16/Sep/2025:08:33:51 -0400] "GET /wp-content/uploads/2025/09/284281-300x196.jpg HTTP/1.1" 206 500 "https://sada-now.com/" "Mozilla/5.0 (Linux; Android 5.0) AppleWebKit/537.36 (KHTML, like Gecko) Mobile Safari/537.36 (compatible; Bytespider; spider-feedback@bytedance.com)"
47.128.115.231 - - [16/Sep/2025:08:33:51 -0400] "GET /wp-content/uploads/2025/09/7461e2cf-7845-4b8b-92fc-889577cd80c0-300x200.jpeg HTTP/1.1" 206 500 "https://sada-now.com/" "Mozilla/5.0 (Linux; Android 5.0) AppleWebKit/537.36 (KHTML, like Gecko) Mobile Safari/537.36 (compatible; Bytespider; spider-feedback@bytedance.com)"
47.128.115.231 - - [16/Sep/2025:08:33:51 -0400] "GET /wp-content/themes/sahifa/images/stripe.png HTTP/1.1" 206 93 "https://sada-now.com/wp-content/themes/sahifa/style.css" "Mozilla/5.0 (Linux; Android 5.0) AppleWebKit/537.36 (KHTML, like Gecko) Mobile Safari/537.36 (compatible; Bytespider; spider-feedback@bytedance.com)"
47.128.115.231 - - [16/Sep/2025:08:33:51 -0400] "GET /wp-content/uploads/2025/07/FB_IMG_1753222923765-300x270.jpg HTTP/1.1" 206 500 "https://sada-now.com/" "Mozilla/5.0 (Linux; Android 5.0) AppleWebKit/537.36 (KHTML, like Gecko) Mobile Safari/537.36 (compatible; Bytespider; spider-feedback@bytedance.com)"
47.128.115.231 - - [16/Sep/2025:08:33:51 -0400] "GET /wp-content/uploads/2025/08/FB_IMG_1756146740794-300x225.jpg HTTP/1.1" 206 500 "https://sada-now.com/" "Mozilla/5.0 (Linux; Android 5.0) AppleWebKit/537.36 (KHTML, like Gecko) Mobile Safari/537.36 (compatible; Bytespider; spider-feedback@bytedance.com)"
47.128.115.231 - - [16/Sep/2025:08:33:51 -0400] "GET /wp-content/uploads/2025/09/%D8%B4%D8%B3%D9%8A%D8%B4%D8%B3%D8%B7%D8%B0%D8%B8%D9%803-1751887238-300x200.webp HTTP/1.1" 206 500 "https://sada-now.com/" "Mozilla/5.0 (Linux; Android 5.0) AppleWebKit/537.36 (KHTML, like Gecko) Mobile Safari/537.36 (compatible; Bytespider; spider-feedback@bytedance.com)"
47.128.115.231 - - [16/Sep/2025:08:33:51 -0400] "GET /wp-content/uploads/2025/08/FB_IMG_1756052735952-300x200.jpg HTTP/1.1" 206 500 "https://sada-now.com/" "Mozilla/5.0 (Linux; Android 5.0) AppleWebKit/537.36 (KHTML, like Gecko) Mobile Safari/537.36 (compatible; Bytespider; spider-feedback@bytedance.com)"
51.255.78.220 - - [16/Sep/2025:08:34:02 -0400] "GET / HTTP/1.1" 200 94721 "-" "Mozilla/5.0 (Windows; U; Windows NT 5.2; en-US; rv:1.8.1.7) Gecko/20070914 Firefox/2.0.0.7"
51.255.78.220 - - [16/Sep/2025:08:34:04 -0400] "GET // HTTP/1.1" 301 0 "-" "Mozilla/5.0 (Windows; U; Windows NT 5.2; en-US; rv:1.8.1.7) Gecko/20070914 Firefox/2.0.0.7"
51.255.78.220 - - [16/Sep/2025:08:34:04 -0400] "GET / HTTP/1.1" 200 94721 "https://sada-now.com//" "Mozilla/5.0 (Windows; U; Windows NT 5.2; en-US; rv:1.8.1.7) Gecko/20070914 Firefox/2.0.0.7"
162.0.235.180 - - [16/Sep/2025:08:34:33 -0400] "POST /wp-cron.php?doing_wp_cron=1758026073.1242098808288574218750 HTTP/1.1" 200 0 "-" "WordPress/6.8.2; https://sada-now.com"
114.119.146.171 - - [16/Sep/2025:08:34:33 -0400] "GET /?p=3537 HTTP/1.1" 200 17490 "https://sada-now.com/?m=202108&paged=8" "Mozilla/5.0 (Linux; Android 7.0;) AppleWebKit/537.36 (KHTML, like Gecko) Mobile Safari/537.36 (compatible; PetalBot;+https://webmaster.petalsearch.com/site/petalbot)"
162.0.235.180 - - [16/Sep/2025:08:34:46 -0400] "POST /wp-cron.php?doing_wp_cron=1758026086.9528141021728515625000 HTTP/1.1" 200 0 "-" "WordPress/6.8.2; https://sada-now.com"
216.73.216.118 - - [16/Sep/2025:08:34:46 -0400] "GET /?page=30&paged=145 HTTP/1.1" 200 15398 "-" "Mozilla/5.0 AppleWebKit/537.36 (KHTML, like Gecko; compatible; ClaudeBot/1.0; +claudebot@anthropic.com)"
216.73.216.118 - - [16/Sep/2025:08:34:51 -0400] "GET /?page=39&paged=44 HTTP/1.1" 200 16351 "-" "Mozilla/5.0 AppleWebKit/537.36 (KHTML, like Gecko; compatible; ClaudeBot/1.0; +claudebot@anthropic.com)"
216.73.216.118 - - [16/Sep/2025:08:34:56 -0400] "GET /?page=6&paged=150 HTTP/1.1" 200 15104 "-" "Mozilla/5.0 AppleWebKit/537.36 (KHTML, like Gecko; compatible; ClaudeBot/1.0; +claudebot@anthropic.com)"
216.73.216.118 - - [16/Sep/2025:08:35:01 -0400] "GET /?page=76&paged=77 HTTP/1.1" 200 15449 "-" "Mozilla/5.0 AppleWebKit/537.36 (KHTML, like Gecko; compatible; ClaudeBot/1.0; +claudebot@anthropic.com)"
216.73.216.118 - - [16/Sep/2025:08:35:06 -0400] "GET /?p=5594 HTTP/1.1" 200 17856 "-" "Mozilla/5.0 AppleWebKit/537.36 (KHTML, like Gecko; compatible; ClaudeBot/1.0; +claudebot@anthropic.com)"
216.73.216.118 - - [16/Sep/2025:08:35:11 -0400] "GET /?page=7&paged=99 HTTP/1.1" 200 15370 "-" "Mozilla/5.0 AppleWebKit/537.36 (KHTML, like Gecko; compatible; ClaudeBot/1.0; +claudebot@anthropic.com)"
51.255.78.220 - - [16/Sep/2025:08:35:17 -0400] "GET / HTTP/1.1" 200 94721 "-" "Mozilla/5.0 (Windows; U; Windows NT 5.2; en-US; rv:1.8.1.7) Gecko/20070914 Firefox/2.0.0.7"
51.255.78.220 - - [16/Sep/2025:08:35:18 -0400] "GET // HTTP/1.1" 301 0 "-" "Mozilla/5.0 (Windows; U; Windows NT 5.2; en-US; rv:1.8.1.7) Gecko/20070914 Firefox/2.0.0.7"
51.255.78.220 - - [16/Sep/2025:08:35:18 -0400] "GET / HTTP/1.1" 200 94721 "https://sada-now.com//" "Mozilla/5.0 (Windows; U; Windows NT 5.2; en-US; rv:1.8.1.7) Gecko/20070914 Firefox/2.0.0.7"
216.73.216.118 - - [16/Sep/2025:08:35:20 -0400] "GET /?page=90&paged=114 HTTP/1.1" 200 15669 "-" "Mozilla/5.0 AppleWebKit/537.36 (KHTML, like Gecko; compatible; ClaudeBot/1.0; +claudebot@anthropic.com)"
216.73.216.118 - - [16/Sep/2025:08:35:25 -0400] "GET /?m=2019&paged=8 HTTP/1.1" 200 14832 "-" "Mozilla/5.0 AppleWebKit/537.36 (KHTML, like Gecko; compatible; ClaudeBot/1.0; +claudebot@anthropic.com)"
216.73.216.118 - - [16/Sep/2025:08:35:30 -0400] "GET /?page=46&paged=150 HTTP/1.1" 200 15161 "-" "Mozilla/5.0 AppleWebKit/537.36 (KHTML, like Gecko; compatible; ClaudeBot/1.0; +claudebot@anthropic.com)"
216.73.216.118 - - [16/Sep/2025:08:35:35 -0400] "GET /?page=7&paged=129 HTTP/1.1" 200 15297 "-" "Mozilla/5.0 AppleWebKit/537.36 (KHTML, like Gecko; compatible; ClaudeBot/1.0; +claudebot@anthropic.com)"
216.73.216.118 - - [16/Sep/2025:08:35:40 -0400] "GET /?page=7&paged=139 HTTP/1.1" 200 15729 "-" "Mozilla/5.0 AppleWebKit/537.36 (KHTML, like Gecko; compatible; ClaudeBot/1.0; +claudebot@anthropic.com)"
216.73.216.118 - - [16/Sep/2025:08:35:46 -0400] "GET /?page=142&paged=30 HTTP/1.1" 200 15821 "-" "Mozilla/5.0 AppleWebKit/537.36 (KHTML, like Gecko; compatible; ClaudeBot/1.0; +claudebot@anthropic.com)"
216.73.216.118 - - [16/Sep/2025:08:35:51 -0400] "GET /?page=10&paged=120 HTTP/1.1" 200 15731 "-" "Mozilla/5.0 AppleWebKit/537.36 (KHTML, like Gecko; compatible; ClaudeBot/1.0; +claudebot@anthropic.com)"
114.119.159.233 - - [16/Sep/2025:08:35:52 -0400] "GET /?p=2377 HTTP/1.1" 200 24296 "https://sada-now.com/?cat=1&paged=31" "Mozilla/5.0 (Linux; Android 7.0;) AppleWebKit/537.36 (KHTML, like Gecko) Mobile Safari/537.36 (compatible; PetalBot;+https://webmaster.petalsearch.com/site/petalbot)"
216.73.216.118 - - [16/Sep/2025:08:35:56 -0400] "GET /wp-content/uploads/2021/03/WhatsApp-Image-2018-12-10-at-7.30.57-PM-1.jpeg.jpg HTTP/1.1" 200 195342 "-" "Mozilla/5.0 AppleWebKit/537.36 (KHTML, like Gecko; compatible; ClaudeBot/1.0; +claudebot@anthropic.com)"
216.73.216.118 - - [16/Sep/2025:08:36:01 -0400] "GET /?page=154&paged=19 HTTP/1.1" 200 16355 "-" "Mozilla/5.0 AppleWebKit/537.36 (KHTML, like Gecko; compatible; ClaudeBot/1.0; +claudebot@anthropic.com)"
66.249.65.99 - - [16/Sep/2025:08:36:04 -0400] "GET /wp-content/uploads/2020/06/wefrhglryhuytyty67yuhgvbf.jpg HTTP/1.1" 200 137452 "-" "Googlebot-Image/1.0"
216.73.216.118 - - [16/Sep/2025:08:36:06 -0400] "GET /?page=151&paged=60 HTTP/1.1" 200 15612 "-" "Mozilla/5.0 AppleWebKit/537.36 (KHTML, like Gecko; compatible; ClaudeBot/1.0; +claudebot@anthropic.com)"
216.73.216.118 - - [16/Sep/2025:08:36:11 -0400] "GET /?page=90&paged=139 HTTP/1.1" 200 15680 "-" "Mozilla/5.0 AppleWebKit/537.36 (KHTML, like Gecko; compatible; ClaudeBot/1.0; +claudebot@anthropic.com)"
51.255.78.220 - - [16/Sep/2025:08:36:32 -0400] "GET / HTTP/1.1" 200 94721 "-" "Mozilla/5.0 (Windows; U; Windows NT 5.2; en-US; rv:1.8.1.7) Gecko/20070914 Firefox/2.0.0.7"
51.255.78.220 - - [16/Sep/2025:08:36:33 -0400] "GET // HTTP/1.1" 301 0 "-" "Mozilla/5.0 (Windows; U; Windows NT 5.2; en-US; rv:1.8.1.7) Gecko/20070914 Firefox/2.0.0.7"
51.255.78.220 - - [16/Sep/2025:08:36:34 -0400] "GET / HTTP/1.1" 200 94721 "https://sada-now.com//" "Mozilla/5.0 (Windows; U; Windows NT 5.2; en-US; rv:1.8.1.7) Gecko/20070914 Firefox/2.0.0.7"
195.7.10.134 - - [16/Sep/2025:08:36:35 -0400] "GET /?p=6492 HTTP/1.1" 200 14541 "https://mez.ink/" "Mozilla/5.0 (Linux; Android 14; CLK-LX2 Build/HONORCLK-L32; wv) AppleWebKit/537.36 (KHTML, like Gecko) Version/4.0 Chrome/139.0.7258.158 Mobile Safari/537.36 [FB_IAB/FB4A;FBAV/530.0.0.48.74;IABMV/1;]"
195.7.10.134 - - [16/Sep/2025:08:36:35 -0400] "GET /wp-includes/css/dist/block-library/style-rtl.min.css HTTP/1.1" 200 14312 "https://sada-now.com/?p=6492" "Mozilla/5.0 (Linux; Android 14; CLK-LX2 Build/HONORCLK-L32; wv) AppleWebKit/537.36 (KHTML, like Gecko) Version/4.0 Chrome/139.0.7258.158 Mobile Safari/537.36 [FB_IAB/FB4A;FBAV/530.0.0.48.74;IABMV/1;]"
195.7.10.134 - - [16/Sep/2025:08:36:35 -0400] "GET /wp-content/themes/sahifa/style.css HTTP/1.1" 200 34984 "https://sada-now.com/?p=6492" "Mozilla/5.0 (Linux; Android 14; CLK-LX2 Build/HONORCLK-L32; wv) AppleWebKit/537.36 (KHTML, like Gecko) Version/4.0 Chrome/139.0.7258.158 Mobile Safari/537.36 [FB_IAB/FB4A;FBAV/530.0.0.48.74;IABMV/1;]"
195.7.10.134 - - [16/Sep/2025:08:36:35 -0400] "GET /wp-content/themes/sahifa/css/ilightbox/dark-skin/skin.css HTTP/1.1" 200 1196 "https://sada-now.com/?p=6492" "Mozilla/5.0 (Linux; Android 14; CLK-LX2 Build/HONORCLK-L32; wv) AppleWebKit/537.36 (KHTML, like Gecko) Version/4.0 Chrome/139.0.7258.158 Mobile Safari/537.36 [FB_IAB/FB4A;FBAV/530.0.0.48.74;IABMV/1;]"
195.7.10.134 - - [16/Sep/2025:08:36:35 -0400] "GET /wp-content/themes/sahifa/rtl.css HTTP/1.1" 200 3537 "https://sada-now.com/?p=6492" "Mozilla/5.0 (Linux; Android 14; CLK-LX2 Build/HONORCLK-L32; wv) AppleWebKit/537.36 (KHTML, like Gecko) Version/4.0 Chrome/139.0.7258.158 Mobile Safari/537.36 [FB_IAB/FB4A;FBAV/530.0.0.48.74;IABMV/1;]"
195.7.10.134 - - [16/Sep/2025:08:36:35 -0400] "GET /wp-includes/js/jquery/jquery-migrate.min.js HTTP/1.1" 200 4678 "https://sada-now.com/?p=6492" "Mozilla/5.0 (Linux; Android 14; CLK-LX2 Build/HONORCLK-L32; wv) AppleWebKit/537.36 (KHTML, like Gecko) Version/4.0 Chrome/139.0.7258.158 Mobile Safari/537.36 [FB_IAB/FB4A;FBAV/530.0.0.48.74;IABMV/1;]"
195.7.10.134 - - [16/Sep/2025:08:36:35 -0400] "GET /wp-includes/js/jquery/jquery.min.js HTTP/1.1" 200 29744 "https://sada-now.com/?p=6492" "Mozilla/5.0 (Linux; Android 14; CLK-LX2 Build/HONORCLK-L32; wv) AppleWebKit/537.36 (KHTML, like Gecko) Version/4.0 Chrome/139.0.7258.158 Mobile Safari/537.36 [FB_IAB/FB4A;FBAV/530.0.0.48.74;IABMV/1;]"
195.7.10.134 - - [16/Sep/2025:08:36:35 -0400] "GET /wp-content/plugins/ads-invalid-click-protection/assets/js/script.js HTTP/1.1" 200 691 "https://sada-now.com/?p=6492" "Mozilla/5.0 (Linux; Android 14; CLK-LX2 Build/HONORCLK-L32; wv) AppleWebKit/537.36 (KHTML, like Gecko) Version/4.0 Chrome/139.0.7258.158 Mobile Safari/537.36 [FB_IAB/FB4A;FBAV/530.0.0.48.74;IABMV/1;]"
195.7.10.134 - - [16/Sep/2025:08:36:35 -0400] "GET /wp-content/themes/sahifa/js/postviews-cache.js HTTP/1.1" 200 139 "https://sada-now.com/?p=6492" "Mozilla/5.0 (Linux; Android 14; CLK-LX2 Build/HONORCLK-L32; wv) AppleWebKit/537.36 (KHTML, like Gecko) Version/4.0 Chrome/139.0.7258.158 Mobile Safari/537.36 [FB_IAB/FB4A;FBAV/530.0.0.48.74;IABMV/1;]"
195.7.10.134 - - [16/Sep/2025:08:36:35 -0400] "GET /wp-content/uploads/2024/01/IMG-20240110-WA0008.jpg HTTP/1.1" 200 47520 "https://sada-now.com/?p=6492" "Mozilla/5.0 (Linux; Android 14; CLK-LX2 Build/HONORCLK-L32; wv) AppleWebKit/537.36 (KHTML, like Gecko) Version/4.0 Chrome/139.0.7258.158 Mobile Safari/537.36 [FB_IAB/FB4A;FBAV/530.0.0.48.74;IABMV/1;]"
195.7.10.134 - - [16/Sep/2025:08:36:35 -0400] "GET /wp-content/uploads/2025/09/%D8%B4%D8%B3%D9%8A%D8%B4%D8%B3%D8%B7%D8%B0%D8%B8%D9%803-1751887238-768x512.webp HTTP/1.1" 200 31890 "https://sada-now.com/?p=6492" "Mozilla/5.0 (Linux; Android 14; CLK-LX2 Build/HONORCLK-L32; wv) AppleWebKit/537.36 (KHTML, like Gecko) Version/4.0 Chrome/139.0.7258.158 Mobile Safari/537.36 [FB_IAB/FB4A;FBAV/530.0.0.48.74;IABMV/1;]"
195.7.10.134 - - [16/Sep/2025:08:36:35 -0400] "GET /wp-content/uploads/2025/08/FB_IMG_1756146740794-768x576.jpg HTTP/1.1" 200 77619 "https://sada-now.com/?p=6492" "Mozilla/5.0 (Linux; Android 14; CLK-LX2 Build/HONORCLK-L32; wv) AppleWebKit/537.36 (KHTML, like Gecko) Version/4.0 Chrome/139.0.7258.158 Mobile Safari/537.36 [FB_IAB/FB4A;FBAV/530.0.0.48.74;IABMV/1;]"
195.7.10.134 - - [16/Sep/2025:08:36:37 -0400] "GET /wp-content/themes/sahifa/images/patterns/body-bg7.png HTTP/1.1" 200 21146 "https://sada-now.com/wp-content/themes/sahifa/style.css" "Mozilla/5.0 (Linux; Android 14; CLK-LX2 Build/HONORCLK-L32; wv) AppleWebKit/537.36 (KHTML, like Gecko) Version/4.0 Chrome/139.0.7258.158 Mobile Safari/537.36 [FB_IAB/FB4A;FBAV/530.0.0.48.74;IABMV/1;]"
195.7.10.134 - - [16/Sep/2025:08:36:37 -0400] "GET /wp-content/themes/sahifa/images/stripe.png HTTP/1.1" 200 93 "https://sada-now.com/wp-content/themes/sahifa/style.css" "Mozilla/5.0 (Linux; Android 14; CLK-LX2 Build/HONORCLK-L32; wv) AppleWebKit/537.36 (KHTML, like Gecko) Version/4.0 Chrome/139.0.7258.158 Mobile Safari/537.36 [FB_IAB/FB4A;FBAV/530.0.0.48.74;IABMV/1;]"
195.7.10.134 - - [16/Sep/2025:08:36:37 -0400] "GET /wp-content/themes/sahifa/js/search.js HTTP/1.1" 200 3390 "https://sada-now.com/?p=6492" "Mozilla/5.0 (Linux; Android 14; CLK-LX2 Build/HONORCLK-L32; wv) AppleWebKit/537.36 (KHTML, like Gecko) Version/4.0 Chrome/139.0.7258.158 Mobile Safari/537.36 [FB_IAB/FB4A;FBAV/530.0.0.48.74;IABMV/1;]"
195.7.10.134 - - [16/Sep/2025:08:36:37 -0400] "GET /wp-content/themes/sahifa/js/tie-scripts.js HTTP/1.1" 200 22645 "https://sada-now.com/?p=6492" "Mozilla/5.0 (Linux; Android 14; CLK-LX2 Build/HONORCLK-L32; wv) AppleWebKit/537.36 (KHTML, like Gecko) Version/4.0 Chrome/139.0.7258.158 Mobile Safari/537.36 [FB_IAB/FB4A;FBAV/530.0.0.48.74;IABMV/1;]"
195.7.10.134 - - [16/Sep/2025:08:36:37 -0400] "GET /wp-content/themes/sahifa/js/ilightbox.packed.js HTTP/1.1" 200 22083 "https://sada-now.com/?p=6492" "Mozilla/5.0 (Linux; Android 14; CLK-LX2 Build/HONORCLK-L32; wv) AppleWebKit/537.36 (KHTML, like Gecko) Version/4.0 Chrome/139.0.7258.158 Mobile Safari/537.36 [FB_IAB/FB4A;FBAV/530.0.0.48.74;IABMV/1;]"
195.7.10.134 - - [16/Sep/2025:08:36:37 -0400] "GET /wp-content/themes/sahifa/fonts/BebasNeue/BebasNeue-webfont.woff HTTP/1.1" 200 19996 "https://sada-now.com/wp-content/themes/sahifa/style.css" "Mozilla/5.0 (Linux; Android 14; CLK-LX2 Build/HONORCLK-L32; wv) AppleWebKit/537.36 (KHTML, like Gecko) Version/4.0 Chrome/139.0.7258.158 Mobile Safari/537.36 [FB_IAB/FB4A;FBAV/530.0.0.48.74;IABMV/1;]"
195.7.10.134 - - [16/Sep/2025:08:36:37 -0400] "GET /wp-content/themes/sahifa/fonts/fontawesome/fontawesome-webfont.woff2?v=4.6.3 HTTP/1.1" 200 71896 "https://sada-now.com/wp-content/themes/sahifa/style.css" "Mozilla/5.0 (Linux; Android 14; CLK-LX2 Build/HONORCLK-L32; wv) AppleWebKit/537.36 (KHTML, like Gecko) Version/4.0 Chrome/139.0.7258.158 Mobile Safari/537.36 [FB_IAB/FB4A;FBAV/530.0.0.48.74;IABMV/1;]"
195.7.10.134 - - [16/Sep/2025:08:36:37 -0400] "GET /wp-admin/admin-ajax.php?postviews_id=6492&action=postviews&_=1758026198973 HTTP/1.1" 200 6 "https://sada-now.com/?p=6492" "Mozilla/5.0 (Linux; Android 14; CLK-LX2 Build/HONORCLK-L32; wv) AppleWebKit/537.36 (KHTML, like Gecko) Version/4.0 Chrome/139.0.7258.158 Mobile Safari/537.36 [FB_IAB/FB4A;FBAV/530.0.0.48.74;IABMV/1;]"
195.7.10.134 - - [16/Sep/2025:08:36:38 -0400] "GET /wp-includes/js/wp-emoji-release.min.js HTTP/1.1" 200 4769 "https://sada-now.com/?p=6492" "Mozilla/5.0 (Linux; Android 14; CLK-LX2 Build/HONORCLK-L32; wv) AppleWebKit/537.36 (KHTML, like Gecko) Version/4.0 Chrome/139.0.7258.158 Mobile Safari/537.36 [FB_IAB/FB4A;FBAV/530.0.0.48.74;IABMV/1;]"
195.7.10.134 - - [16/Sep/2025:08:36:46 -0400] "GET /wp-content/themes/sahifa/favicon.ico HTTP/1.1" 200 1150 "https://sada-now.com/?p=6492" "Mozilla/5.0 (Linux; Android 14; CLK-LX2 Build/HONORCLK-L32; wv) AppleWebKit/537.36 (KHTML, like Gecko) Version/4.0 Chrome/139.0.7258.158 Mobile Safari/537.36 [FB_IAB/FB4A;FBAV/530.0.0.48.74;IABMV/1;]"
162.0.235.180 - - [16/Sep/2025:08:37:42 -0400] "POST /wp-cron.php?doing_wp_cron=1758026262.6047279834747314453125 HTTP/1.1" 200 0 "-" "WordPress/6.8.2; https://sada-now.com"
216.73.216.118 - - [16/Sep/2025:08:37:42 -0400] "GET /?page=9&paged=85 HTTP/1.1" 200 15873 "-" "Mozilla/5.0 AppleWebKit/537.36 (KHTML, like Gecko; compatible; ClaudeBot/1.0; +claudebot@anthropic.com)"
216.73.216.118 - - [16/Sep/2025:08:37:46 -0400] "GET /?page=46&paged=130 HTTP/1.1" 200 15708 "-" "Mozilla/5.0 AppleWebKit/537.36 (KHTML, like Gecko; compatible; ClaudeBot/1.0; +claudebot@anthropic.com)"
216.73.216.118 - - [16/Sep/2025:08:37:51 -0400] "GET /?page=119&paged=78 HTTP/1.1" 200 15455 "-" "Mozilla/5.0 AppleWebKit/537.36 (KHTML, like Gecko; compatible; ClaudeBot/1.0; +claudebot@anthropic.com)"
216.73.216.118 - - [16/Sep/2025:08:37:56 -0400] "GET /?page=142&paged=18 HTTP/1.1" 200 16199 "-" "Mozilla/5.0 AppleWebKit/537.36 (KHTML, like Gecko; compatible; ClaudeBot/1.0; +claudebot@anthropic.com)"
51.255.78.220 - - [16/Sep/2025:08:37:58 -0400] "GET / HTTP/1.1" 200 94721 "-" "Mozilla/5.0 (Windows; U; Windows NT 5.2; en-US; rv:1.8.1.7) Gecko/20070914 Firefox/2.0.0.7"
51.255.78.220 - - [16/Sep/2025:08:37:59 -0400] "GET // HTTP/1.1" 301 0 "-" "Mozilla/5.0 (Windows; U; Windows NT 5.2; en-US; rv:1.8.1.7) Gecko/20070914 Firefox/2.0.0.7"
51.255.78.220 - - [16/Sep/2025:08:37:59 -0400] "GET / HTTP/1.1" 200 94721 "https://sada-now.com//" "Mozilla/5.0 (Windows; U; Windows NT 5.2; en-US; rv:1.8.1.7) Gecko/20070914 Firefox/2.0.0.7"
216.73.216.118 - - [16/Sep/2025:08:38:01 -0400] "GET /?page=111&paged=77 HTTP/1.1" 200 15498 "-" "Mozilla/5.0 AppleWebKit/537.36 (KHTML, like Gecko; compatible; ClaudeBot/1.0; +claudebot@anthropic.com)"
216.73.216.118 - - [16/Sep/2025:08:38:11 -0400] "GET /?page=111&paged=160 HTTP/1.1" 200 14155 "-" "Mozilla/5.0 AppleWebKit/537.36 (KHTML, like Gecko; compatible; ClaudeBot/1.0; +claudebot@anthropic.com)"
216.73.216.118 - - [16/Sep/2025:08:38:15 -0400] "GET /?m=2021&paged=28 HTTP/1.1" 200 16300 "-" "Mozilla/5.0 AppleWebKit/537.36 (KHTML, like Gecko; compatible; ClaudeBot/1.0; +claudebot@anthropic.com)"
216.73.216.118 - - [16/Sep/2025:08:38:20 -0400] "GET /?page=141&paged=6 HTTP/1.1" 200 15781 "-" "Mozilla/5.0 AppleWebKit/537.36 (KHTML, like Gecko; compatible; ClaudeBot/1.0; +claudebot@anthropic.com)"
216.73.216.118 - - [16/Sep/2025:08:38:25 -0400] "GET /?page=41&paged=111 HTTP/1.1" 200 15013 "-" "Mozilla/5.0 AppleWebKit/537.36 (KHTML, like Gecko; compatible; ClaudeBot/1.0; +claudebot@anthropic.com)"
216.73.216.118 - - [16/Sep/2025:08:38:30 -0400] "GET /?page=6&paged=159 HTTP/1.1" 200 14418 "-" "Mozilla/5.0 AppleWebKit/537.36 (KHTML, like Gecko; compatible; ClaudeBot/1.0; +claudebot@anthropic.com)"
216.73.216.118 - - [16/Sep/2025:08:38:35 -0400] "GET /?page=111&paged=114 HTTP/1.1" 200 15518 "-" "Mozilla/5.0 AppleWebKit/537.36 (KHTML, like Gecko; compatible; ClaudeBot/1.0; +claudebot@anthropic.com)"
216.73.216.118 - - [16/Sep/2025:08:38:56 -0400] "GET /robots.txt HTTP/1.1" 200 92 "-" "Mozilla/5.0 AppleWebKit/537.36 (KHTML, like Gecko; compatible; ClaudeBot/1.0; +claudebot@anthropic.com)"
216.73.216.118 - - [16/Sep/2025:08:38:56 -0400] "GET /?page=38&paged=136 HTTP/1.1" 200 15446 "-" "Mozilla/5.0 AppleWebKit/537.36 (KHTML, like Gecko; compatible; ClaudeBot/1.0; +claudebot@anthropic.com)"
216.73.216.118 - - [16/Sep/2025:08:39:01 -0400] "GET /?page=119&paged=81 HTTP/1.1" 200 15368 "-" "Mozilla/5.0 AppleWebKit/537.36 (KHTML, like Gecko; compatible; ClaudeBot/1.0; +claudebot@anthropic.com)"
216.73.216.118 - - [16/Sep/2025:08:39:06 -0400] "GET /?page=141&paged=71 HTTP/1.1" 200 15488 "-" "Mozilla/5.0 AppleWebKit/537.36 (KHTML, like Gecko; compatible; ClaudeBot/1.0; +claudebot@anthropic.com)"
216.73.216.118 - - [16/Sep/2025:08:39:11 -0400] "GET /?page=77&paged=110 HTTP/1.1" 200 15671 "-" "Mozilla/5.0 AppleWebKit/537.36 (KHTML, like Gecko; compatible; ClaudeBot/1.0; +claudebot@anthropic.com)"
51.255.78.220 - - [16/Sep/2025:08:39:13 -0400] "GET / HTTP/1.1" 200 94721 "-" "Mozilla/5.0 (Windows; U; Windows NT 5.2; en-US; rv:1.8.1.7) Gecko/20070914 Firefox/2.0.0.7"
51.255.78.220 - - [16/Sep/2025:08:39:14 -0400] "GET // HTTP/1.1" 301 0 "-" "Mozilla/5.0 (Windows; U; Windows NT 5.2; en-US; rv:1.8.1.7) Gecko/20070914 Firefox/2.0.0.7"
51.255.78.220 - - [16/Sep/2025:08:39:14 -0400] "GET / HTTP/1.1" 200 94721 "https://sada-now.com//" "Mozilla/5.0 (Windows; U; Windows NT 5.2; en-US; rv:1.8.1.7) Gecko/20070914 Firefox/2.0.0.7"
216.73.216.118 - - [16/Sep/2025:08:39:16 -0400] "GET /?page=46&paged=29 HTTP/1.1" 200 16184 "-" "Mozilla/5.0 AppleWebKit/537.36 (KHTML, like Gecko; compatible; ClaudeBot/1.0; +claudebot@anthropic.com)"
216.73.216.118 - - [16/Sep/2025:08:39:21 -0400] "GET /?page=109&paged=103 HTTP/1.1" 200 15651 "-" "Mozilla/5.0 AppleWebKit/537.36 (KHTML, like Gecko; compatible; ClaudeBot/1.0; +claudebot@anthropic.com)"
216.73.216.118 - - [16/Sep/2025:08:39:26 -0400] "GET /?page=46&paged=158 HTTP/1.1" 200 14797 "-" "Mozilla/5.0 AppleWebKit/537.36 (KHTML, like Gecko; compatible; ClaudeBot/1.0; +claudebot@anthropic.com)"
216.73.216.118 - - [16/Sep/2025:08:39:31 -0400] "GET /?page=142&paged=137 HTTP/1.1" 200 15635 "-" "Mozilla/5.0 AppleWebKit/537.36 (KHTML, like Gecko; compatible; ClaudeBot/1.0; +claudebot@anthropic.com)"
216.73.216.118 - - [16/Sep/2025:08:39:36 -0400] "GET /?page=109&paged=76 HTTP/1.1" 200 15358 "-" "Mozilla/5.0 AppleWebKit/537.36 (KHTML, like Gecko; compatible; ClaudeBot/1.0; +claudebot@anthropic.com)"
216.73.216.118 - - [16/Sep/2025:08:39:41 -0400] "GET /?page=77&paged=82 HTTP/1.1" 200 15515 "-" "Mozilla/5.0 AppleWebKit/537.36 (KHTML, like Gecko; compatible; ClaudeBot/1.0; +claudebot@anthropic.com)"
216.73.216.118 - - [16/Sep/2025:08:39:46 -0400] "GET /?page=78&paged=120 HTTP/1.1" 200 15732 "-" "Mozilla/5.0 AppleWebKit/537.36 (KHTML, like Gecko; compatible; ClaudeBot/1.0; +claudebot@anthropic.com)"
216.73.216.118 - - [16/Sep/2025:08:39:51 -0400] "GET /?page=46&paged=32 HTTP/1.1" 200 15810 "-" "Mozilla/5.0 AppleWebKit/537.36 (KHTML, like Gecko; compatible; ClaudeBot/1.0; +claudebot@anthropic.com)"
216.73.216.118 - - [16/Sep/2025:08:39:56 -0400] "GET /?page=108&paged=108 HTTP/1.1" 200 16104 "-" "Mozilla/5.0 AppleWebKit/537.36 (KHTML, like Gecko; compatible; ClaudeBot/1.0; +claudebot@anthropic.com)"
216.73.216.118 - - [16/Sep/2025:08:40:01 -0400] "GET /?page=46&paged=159 HTTP/1.1" 200 14300 "-" "Mozilla/5.0 AppleWebKit/537.36 (KHTML, like Gecko; compatible; ClaudeBot/1.0; +claudebot@anthropic.com)"
216.73.216.118 - - [16/Sep/2025:08:40:17 -0400] "GET /?page=142&paged=149 HTTP/1.1" 200 15087 "-" "Mozilla/5.0 AppleWebKit/537.36 (KHTML, like Gecko; compatible; ClaudeBot/1.0; +claudebot@anthropic.com)"
216.73.216.118 - - [16/Sep/2025:08:40:21 -0400] "GET /?page=109&paged=106 HTTP/1.1" 200 15068 "-" "Mozilla/5.0 AppleWebKit/537.36 (KHTML, like Gecko; compatible; ClaudeBot/1.0; +claudebot@anthropic.com)"
216.73.216.118 - - [16/Sep/2025:08:40:26 -0400] "GET /?page=108&paged=110 HTTP/1.1" 200 15650 "-" "Mozilla/5.0 AppleWebKit/537.36 (KHTML, like Gecko; compatible; ClaudeBot/1.0; +claudebot@anthropic.com)"
43.153.102.138 - - [16/Sep/2025:08:40:28 -0400] "GET /?paged=20 HTTP/1.1" 200 18941 "-" "Mozilla/5.0 (iPhone; CPU iPhone OS 13_2_3 like Mac OS X) AppleWebKit/605.1.15 (KHTML, like Gecko) Version/13.0.3 Mobile/15E148 Safari/604.1"
216.73.216.118 - - [16/Sep/2025:08:40:31 -0400] "GET /?page=38&paged=156 HTTP/1.1" 200 14446 "-" "Mozilla/5.0 AppleWebKit/537.36 (KHTML, like Gecko; compatible; ClaudeBot/1.0; +claudebot@anthropic.com)"
216.73.216.118 - - [16/Sep/2025:08:40:36 -0400] "GET /?page=149&paged=93 HTTP/1.1" 200 16106 "-" "Mozilla/5.0 AppleWebKit/537.36 (KHTML, like Gecko; compatible; ClaudeBot/1.0; +claudebot@anthropic.com)"
51.255.78.220 - - [16/Sep/2025:08:40:40 -0400] "GET / HTTP/1.1" 200 94721 "-" "Mozilla/5.0 (Windows; U; Windows NT 5.2; en-US; rv:1.8.1.7) Gecko/20070914 Firefox/2.0.0.7"
51.255.78.220 - - [16/Sep/2025:08:40:41 -0400] "GET // HTTP/1.1" 301 0 "-" "Mozilla/5.0 (Windows; U; Windows NT 5.2; en-US; rv:1.8.1.7) Gecko/20070914 Firefox/2.0.0.7"
51.255.78.220 - - [16/Sep/2025:08:40:41 -0400] "GET / HTTP/1.1" 200 94721 "https://sada-now.com//" "Mozilla/5.0 (Windows; U; Windows NT 5.2; en-US; rv:1.8.1.7) Gecko/20070914 Firefox/2.0.0.7"
216.73.216.118 - - [16/Sep/2025:08:40:41 -0400] "GET /?page=141&paged=78 HTTP/1.1" 200 15456 "-" "Mozilla/5.0 AppleWebKit/537.36 (KHTML, like Gecko; compatible; ClaudeBot/1.0; +claudebot@anthropic.com)"
216.73.216.118 - - [16/Sep/2025:08:40:46 -0400] "GET /?page=149&paged=28 HTTP/1.1" 200 15970 "-" "Mozilla/5.0 AppleWebKit/537.36 (KHTML, like Gecko; compatible; ClaudeBot/1.0; +claudebot@anthropic.com)"
216.73.216.118 - - [16/Sep/2025:08:40:51 -0400] "GET /?page=149&paged=50 HTTP/1.1" 200 15918 "-" "Mozilla/5.0 AppleWebKit/537.36 (KHTML, like Gecko; compatible; ClaudeBot/1.0; +claudebot@anthropic.com)"
216.73.216.118 - - [16/Sep/2025:08:40:56 -0400] "GET /?page=38&paged=139 HTTP/1.1" 200 15681 "-" "Mozilla/5.0 AppleWebKit/537.36 (KHTML, like Gecko; compatible; ClaudeBot/1.0; +claudebot@anthropic.com)"
216.73.216.118 - - [16/Sep/2025:08:41:01 -0400] "GET /?page=109&paged=159 HTTP/1.1" 200 14398 "-" "Mozilla/5.0 AppleWebKit/537.36 (KHTML, like Gecko; compatible; ClaudeBot/1.0; +claudebot@anthropic.com)"
216.73.216.118 - - [16/Sep/2025:08:41:06 -0400] "GET /?page=109&paged=160 HTTP/1.1" 200 14208 "-" "Mozilla/5.0 AppleWebKit/537.36 (KHTML, like Gecko; compatible; ClaudeBot/1.0; +claudebot@anthropic.com)"
216.73.216.118 - - [16/Sep/2025:08:41:11 -0400] "GET /?page=108&paged=109 HTTP/1.1" 200 16085 "-" "Mozilla/5.0 AppleWebKit/537.36 (KHTML, like Gecko; compatible; ClaudeBot/1.0; +claudebot@anthropic.com)"
216.73.216.118 - - [16/Sep/2025:08:41:16 -0400] "GET /?page=78&paged=102 HTTP/1.1" 200 15741 "-" "Mozilla/5.0 AppleWebKit/537.36 (KHTML, like Gecko; compatible; ClaudeBot/1.0; +claudebot@anthropic.com)"
216.73.216.118 - - [16/Sep/2025:08:41:21 -0400] "GET /?page=141&paged=98 HTTP/1.1" 200 15431 "-" "Mozilla/5.0 AppleWebKit/537.36 (KHTML, like Gecko; compatible; ClaudeBot/1.0; +claudebot@anthropic.com)"
66.249.65.101 - - [16/Sep/2025:08:41:25 -0400] "GET /wp-content/uploads/2021/12/c085f589e8c1c4b016963c20a7b67ca7.jpg HTTP/1.1" 200 207770 "-" "Googlebot-Image/1.0"
51.255.78.220 - - [16/Sep/2025:08:41:51 -0400] "GET / HTTP/1.1" 200 94721 "-" "Mozilla/5.0 (Windows; U; Windows NT 5.2; en-US; rv:1.8.1.7) Gecko/20070914 Firefox/2.0.0.7"
51.255.78.220 - - [16/Sep/2025:08:41:52 -0400] "GET // HTTP/1.1" 301 0 "-" "Mozilla/5.0 (Windows; U; Windows NT 5.2; en-US; rv:1.8.1.7) Gecko/20070914 Firefox/2.0.0.7"
51.255.78.220 - - [16/Sep/2025:08:41:52 -0400] "GET / HTTP/1.1" 200 94721 "https://sada-now.com//" "Mozilla/5.0 (Windows; U; Windows NT 5.2; en-US; rv:1.8.1.7) Gecko/20070914 Firefox/2.0.0.7"
216.73.216.118 - - [16/Sep/2025:08:42:40 -0400] "GET /?page=129&paged=81 HTTP/1.1" 200 15418 "-" "Mozilla/5.0 AppleWebKit/537.36 (KHTML, like Gecko; compatible; ClaudeBot/1.0; +claudebot@anthropic.com)"
216.73.216.118 - - [16/Sep/2025:08:42:45 -0400] "GET /?page=149&paged=155 HTTP/1.1" 200 14383 "-" "Mozilla/5.0 AppleWebKit/537.36 (KHTML, like Gecko; compatible; ClaudeBot/1.0; +claudebot@anthropic.com)"
216.73.216.118 - - [16/Sep/2025:08:42:50 -0400] "GET /?page=110&paged=89 HTTP/1.1" 200 15407 "-" "Mozilla/5.0 AppleWebKit/537.36 (KHTML, like Gecko; compatible; ClaudeBot/1.0; +claudebot@anthropic.com)"
216.73.216.118 - - [16/Sep/2025:08:42:55 -0400] "GET /?page=149&paged=112 HTTP/1.1" 200 15774 "-" "Mozilla/5.0 AppleWebKit/537.36 (KHTML, like Gecko; compatible; ClaudeBot/1.0; +claudebot@anthropic.com)"
216.73.216.118 - - [16/Sep/2025:08:43:00 -0400] "GET /?page=38&paged=137 HTTP/1.1" 200 15650 "-" "Mozilla/5.0 AppleWebKit/537.36 (KHTML, like Gecko; compatible; ClaudeBot/1.0; +claudebot@anthropic.com)"
216.73.216.118 - - [16/Sep/2025:08:43:05 -0400] "GET /?page=149&paged=124 HTTP/1.1" 200 15604 "-" "Mozilla/5.0 AppleWebKit/537.36 (KHTML, like Gecko; compatible; ClaudeBot/1.0; +claudebot@anthropic.com)"
216.73.216.118 - - [16/Sep/2025:08:43:10 -0400] "GET /?page=141&paged=133 HTTP/1.1" 200 15847 "-" "Mozilla/5.0 AppleWebKit/537.36 (KHTML, like Gecko; compatible; ClaudeBot/1.0; +claudebot@anthropic.com)"
51.255.78.220 - - [16/Sep/2025:08:43:12 -0400] "GET / HTTP/1.1" 200 94721 "-" "Mozilla/5.0 (Windows; U; Windows NT 5.2; en-US; rv:1.8.1.7) Gecko/20070914 Firefox/2.0.0.7"
51.255.78.220 - - [16/Sep/2025:08:43:13 -0400] "GET // HTTP/1.1" 301 0 "-" "Mozilla/5.0 (Windows; U; Windows NT 5.2; en-US; rv:1.8.1.7) Gecko/20070914 Firefox/2.0.0.7"
51.255.78.220 - - [16/Sep/2025:08:43:13 -0400] "GET / HTTP/1.1" 200 94721 "https://sada-now.com//" "Mozilla/5.0 (Windows; U; Windows NT 5.2; en-US; rv:1.8.1.7) Gecko/20070914 Firefox/2.0.0.7"
216.73.216.118 - - [16/Sep/2025:08:43:15 -0400] "GET /?page=109&paged=121 HTTP/1.1" 200 15662 "-" "Mozilla/5.0 AppleWebKit/537.36 (KHTML, like Gecko; compatible; ClaudeBot/1.0; +claudebot@anthropic.com)"
216.73.216.118 - - [16/Sep/2025:08:43:20 -0400] "GET /?page=116&paged=115 HTTP/1.1" 200 15534 "-" "Mozilla/5.0 AppleWebKit/537.36 (KHTML, like Gecko; compatible; ClaudeBot/1.0; +claudebot@anthropic.com)"
216.73.216.118 - - [16/Sep/2025:08:43:25 -0400] "GET /?page=149&paged=135 HTTP/1.1" 200 15821 "-" "Mozilla/5.0 AppleWebKit/537.36 (KHTML, like Gecko; compatible; ClaudeBot/1.0; +claudebot@anthropic.com)"
216.73.216.118 - - [16/Sep/2025:08:43:30 -0400] "GET /?page=141&paged=97 HTTP/1.1" 200 15731 "-" "Mozilla/5.0 AppleWebKit/537.36 (KHTML, like Gecko; compatible; ClaudeBot/1.0; +claudebot@anthropic.com)"
216.73.216.118 - - [16/Sep/2025:08:43:36 -0400] "GET /?page=109&paged=142 HTTP/1.1" 200 15836 "-" "Mozilla/5.0 AppleWebKit/537.36 (KHTML, like Gecko; compatible; ClaudeBot/1.0; +claudebot@anthropic.com)"
199.16.157.182 - - [16/Sep/2025:08:43:40 -0400] "GET /robots.txt HTTP/1.1" 200 303 "-" "Twitterbot/1.0"
199.16.157.182 - - [16/Sep/2025:08:43:40 -0400] "GET /robots.txt HTTP/1.1" 200 303 "-" "Twitterbot/1.0"
199.16.157.182 - - [16/Sep/2025:08:43:40 -0400] "GET /wp-content/uploads/2022/08/%D8%A7%D8%AC%D9%85%D9%84-%D8%A7%D9%84%D8%B5%D9%88%D8%B1-%D8%A8%D9%86%D8%A7%D8%AA-%D8%A7%D9%84%D8%A8%D8%B1%D8%AA%D8%BA%D8%A7%D9%84-%D9%88-%D8%B1%D9%85%D8%B2%D9%8A%D8%A7%D8%AA-%D9%83%D9%8A%D9%88%D8%AA-%D8%A8%D8%B1%D8%AA%D8%BA%D8%A7%D9%84%D9%8A%D8%A9-%D9%81%D9%8A%D8%B3-%D8%A8%D9%88%D9%83-2021.jpg HTTP/1.1" 200 75126 "-" "Twitterbot/1.0"
199.16.157.182 - - [16/Sep/2025:08:43:41 -0400] "GET /?p=6276 HTTP/1.1" 200 15061 "-" "Twitterbot/1.0"
216.73.216.118 - - [16/Sep/2025:08:43:41 -0400] "GET /?page=141&paged=83 HTTP/1.1" 200 15811 "-" "Mozilla/5.0 AppleWebKit/537.36 (KHTML, like Gecko; compatible; ClaudeBot/1.0; +claudebot@anthropic.com)"
216.73.216.118 - - [16/Sep/2025:08:43:46 -0400] "GET /?page=128&paged=161 HTTP/1.1" 200 13990 "-" "Mozilla/5.0 AppleWebKit/537.36 (KHTML, like Gecko; compatible; ClaudeBot/1.0; +claudebot@anthropic.com)"
216.73.216.118 - - [16/Sep/2025:08:43:51 -0400] "GET /wp-content/uploads/2021/01/27b49e95-5ae0-4d45-98b7-5f0336aade62.jpg HTTP/1.1" 200 57520 "-" "Mozilla/5.0 AppleWebKit/537.36 (KHTML, like Gecko; compatible; ClaudeBot/1.0; +claudebot@anthropic.com)"
216.73.216.118 - - [16/Sep/2025:08:43:56 -0400] "GET /wp-content/uploads/2021/08/5a2444741bd47.jpeg.jpg HTTP/1.1" 200 143031 "-" "Mozilla/5.0 AppleWebKit/537.36 (KHTML, like Gecko; compatible; ClaudeBot/1.0; +claudebot@anthropic.com)"
216.73.216.118 - - [16/Sep/2025:08:44:01 -0400] "GET /?page=110&paged=98 HTTP/1.1" 200 15428 "-" "Mozilla/5.0 AppleWebKit/537.36 (KHTML, like Gecko; compatible; ClaudeBot/1.0; +claudebot@anthropic.com)"
66.249.65.99 - - [16/Sep/2025:08:44:06 -0400] "GET /wp-content/uploads/2021/01/%D8%AD%D9%81%D9%84-%D9%85%D8%B9%D8%A7%D9%8A%D8%AF%D8%A9-%D8%A7%D9%84%D8%AC%D9%88%D8%A7%D8%B2%D8%A7%D8%AA-10-800x533-1.jpg HTTP/1.1" 200 225938 "-" "Googlebot-Image/1.0"
216.73.216.118 - - [16/Sep/2025:08:44:06 -0400] "GET /?page=46&paged=161 HTTP/1.1" 200 13939 "-" "Mozilla/5.0 AppleWebKit/537.36 (KHTML, like Gecko; compatible; ClaudeBot/1.0; +claudebot@anthropic.com)"
216.73.216.118 - - [16/Sep/2025:08:44:11 -0400] "GET /?page=157&paged=137 HTTP/1.1" 200 15689 "-" "Mozilla/5.0 AppleWebKit/537.36 (KHTML, like Gecko; compatible; ClaudeBot/1.0; +claudebot@anthropic.com)"
216.73.216.118 - - [16/Sep/2025:08:44:16 -0400] "GET /?page=110&paged=106 HTTP/1.1" 200 15067 "-" "Mozilla/5.0 AppleWebKit/537.36 (KHTML, like Gecko; compatible; ClaudeBot/1.0; +claudebot@anthropic.com)"
216.73.216.118 - - [16/Sep/2025:08:44:21 -0400] "GET /?page=109&paged=81 HTTP/1.1" 200 15321 "-" "Mozilla/5.0 AppleWebKit/537.36 (KHTML, like Gecko; compatible; ClaudeBot/1.0; +claudebot@anthropic.com)"
216.73.216.118 - - [16/Sep/2025:08:44:26 -0400] "GET /?page=110&paged=20 HTTP/1.1" 200 15967 "-" "Mozilla/5.0 AppleWebKit/537.36 (KHTML, like Gecko; compatible; ClaudeBot/1.0; +claudebot@anthropic.com)"
54.38.147.184 - - [16/Sep/2025:08:44:27 -0400] "GET /robots.txt HTTP/1.1" 200 92 "-" "Mozilla/5.0 (compatible; AhrefsBot/7.0; +http://ahrefs.com/robot/)"
198.244.168.18 - - [16/Sep/2025:08:44:29 -0400] "GET /?feed=rss2&p=6677 HTTP/1.1" 200 605 "-" "Mozilla/5.0 (compatible; AhrefsBot/7.0; +http://ahrefs.com/robot/)"
216.73.216.118 - - [16/Sep/2025:08:44:31 -0400] "GET /?page=141&paged=101 HTTP/1.1" 200 15691 "-" "Mozilla/5.0 AppleWebKit/537.36 (KHTML, like Gecko; compatible; ClaudeBot/1.0; +claudebot@anthropic.com)"
51.255.78.220 - - [16/Sep/2025:08:44:34 -0400] "GET / HTTP/1.1" 200 94721 "-" "Mozilla/5.0 (Windows; U; Windows NT 5.2; en-US; rv:1.8.1.7) Gecko/20070914 Firefox/2.0.0.7"
51.255.78.220 - - [16/Sep/2025:08:44:35 -0400] "GET // HTTP/1.1" 301 0 "-" "Mozilla/5.0 (Windows; U; Windows NT 5.2; en-US; rv:1.8.1.7) Gecko/20070914 Firefox/2.0.0.7"
51.255.78.220 - - [16/Sep/2025:08:44:35 -0400] "GET / HTTP/1.1" 200 94721 "https://sada-now.com//" "Mozilla/5.0 (Windows; U; Windows NT 5.2; en-US; rv:1.8.1.7) Gecko/20070914 Firefox/2.0.0.7"
216.73.216.118 - - [16/Sep/2025:08:44:36 -0400] "GET /?page=107&paged=104 HTTP/1.1" 200 15334 "-" "Mozilla/5.0 AppleWebKit/537.36 (KHTML, like Gecko; compatible; ClaudeBot/1.0; +claudebot@anthropic.com)"
216.73.216.118 - - [16/Sep/2025:08:44:41 -0400] "GET /?page=109&paged=131 HTTP/1.1" 200 16274 "-" "Mozilla/5.0 AppleWebKit/537.36 (KHTML, like Gecko; compatible; ClaudeBot/1.0; +claudebot@anthropic.com)"
216.73.216.118 - - [16/Sep/2025:08:44:46 -0400] "GET /?page=149&paged=81 HTTP/1.1" 200 15103 "-" "Mozilla/5.0 AppleWebKit/537.36 (KHTML, like Gecko; compatible; ClaudeBot/1.0; +claudebot@anthropic.com)"
216.73.216.118 - - [16/Sep/2025:08:44:51 -0400] "GET /wp-content/uploads/2021/11/DepwpK7XkAAlqJf.jpg HTTP/1.1" 200 85960 "-" "Mozilla/5.0 AppleWebKit/537.36 (KHTML, like Gecko; compatible; ClaudeBot/1.0; +claudebot@anthropic.com)"
216.73.216.118 - - [16/Sep/2025:08:44:56 -0400] "GET /?page=109&paged=101 HTTP/1.1" 200 15838 "-" "Mozilla/5.0 AppleWebKit/537.36 (KHTML, like Gecko; compatible; ClaudeBot/1.0; +claudebot@anthropic.com)"
216.73.216.118 - - [16/Sep/2025:08:45:01 -0400] "GET /wp-content/uploads/2021/01/%D8%AD%D9%81%D9%84-%D9%85%D8%B9%D8%A7%D9%8A%D8%AF%D8%A9-%D8%A7%D9%84%D8%AC%D9%88%D8%A7%D8%B2%D8%A7%D8%AA-10-800x533-1.jpg HTTP/1.1" 200 225938 "-" "Mozilla/5.0 AppleWebKit/537.36 (KHTML, like Gecko; compatible; ClaudeBot/1.0; +claudebot@anthropic.com)"
216.73.216.118 - - [16/Sep/2025:08:45:06 -0400] "GET /?page=149&paged=82 HTTP/1.1" 200 15397 "-" "Mozilla/5.0 AppleWebKit/537.36 (KHTML, like Gecko; compatible; ClaudeBot/1.0; +claudebot@anthropic.com)"
