37.237.151.6 - - [16/Sep/2025:11:52:08 -0400] "GET /wp-content/plugins/ads-invalid-click-protection/assets/js/script.js HTTP/1.1" 200 691 "https://sada-now.com/?p=6509" "Mozilla/5.0 (Linux; Android 10; Infinix X690B Build/QP1A.190711.020; wv) AppleWebKit/537.36 (KHTML, like Gecko) Version/4.0 Chrome/140.0.7339.119 Mobile Safari/537.36 [FB_IAB/FB4A;FBAV/530.0.0.48.74;IABMV/1;]"
37.237.151.6 - - [16/Sep/2025:11:52:08 -0400] "GET /wp-content/themes/sahifa/rtl.css HTTP/1.1" 200 3537 "https://sada-now.com/?p=6509" "Mozilla/5.0 (Linux; Android 10; Infinix X690B Build/QP1A.190711.020; wv) AppleWebKit/537.36 (KHTML, like Gecko) Version/4.0 Chrome/140.0.7339.119 Mobile Safari/537.36 [FB_IAB/FB4A;FBAV/530.0.0.48.74;IABMV/1;]"
37.237.151.6 - - [16/Sep/2025:11:52:08 -0400] "GET /wp-content/themes/sahifa/js/postviews-cache.js HTTP/1.1" 200 139 "https://sada-now.com/?p=6509" "Mozilla/5.0 (Linux; Android 10; Infinix X690B Build/QP1A.190711.020; wv) AppleWebKit/537.36 (KHTML, like Gecko) Version/4.0 Chrome/140.0.7339.119 Mobile Safari/537.36 [FB_IAB/FB4A;FBAV/530.0.0.48.74;IABMV/1;]"
37.237.151.6 - - [16/Sep/2025:11:52:08 -0400] "GET /wp-content/uploads/2024/01/IMG-20240123-WA0009-1-768x572.jpg HTTP/1.1" 200 79842 "https://sada-now.com/?p=6509" "Mozilla/5.0 (Linux; Android 10; Infinix X690B Build/QP1A.190711.020; wv) AppleWebKit/537.36 (KHTML, like Gecko) Version/4.0 Chrome/140.0.7339.119 Mobile Safari/537.36 [FB_IAB/FB4A;FBAV/530.0.0.48.74;IABMV/1;]"
37.237.151.6 - - [16/Sep/2025:11:52:08 -0400] "GET /wp-content/uploads/2025/09/%D8%B4%D8%B3%D9%8A%D8%B4%D8%B3%D8%B7%D8%B0%D8%B8%D9%803-1751887238-768x512.webp HTTP/1.1" 200 31890 "https://sada-now.com/?p=6509" "Mozilla/5.0 (Linux; Android 10; Infinix X690B Build/QP1A.190711.020; wv) AppleWebKit/537.36 (KHTML, like Gecko) Version/4.0 Chrome/140.0.7339.119 Mobile Safari/537.36 [FB_IAB/FB4A;FBAV/530.0.0.48.74;IABMV/1;]"
37.237.151.6 - - [16/Sep/2025:11:52:08 -0400] "GET /wp-content/uploads/2025/08/FB_IMG_1756146740794-768x576.jpg HTTP/1.1" 200 77619 "https://sada-now.com/?p=6509" "Mozilla/5.0 (Linux; Android 10; Infinix X690B Build/QP1A.190711.020; wv) AppleWebKit/537.36 (KHTML, like Gecko) Version/4.0 Chrome/140.0.7339.119 Mobile Safari/537.36 [FB_IAB/FB4A;FBAV/530.0.0.48.74;IABMV/1;]"
37.237.151.6 - - [16/Sep/2025:11:52:09 -0400] "GET /wp-content/themes/sahifa/js/tie-scripts.js HTTP/1.1" 200 22645 "https://sada-now.com/?p=6509" "Mozilla/5.0 (Linux; Android 10; Infinix X690B Build/QP1A.190711.020; wv) AppleWebKit/537.36 (KHTML, like Gecko) Version/4.0 Chrome/140.0.7339.119 Mobile Safari/537.36 [FB_IAB/FB4A;FBAV/530.0.0.48.74;IABMV/1;]"
37.237.151.6 - - [16/Sep/2025:11:52:09 -0400] "GET /wp-content/themes/sahifa/js/ilightbox.packed.js HTTP/1.1" 200 22083 "https://sada-now.com/?p=6509" "Mozilla/5.0 (Linux; Android 10; Infinix X690B Build/QP1A.190711.020; wv) AppleWebKit/537.36 (KHTML, like Gecko) Version/4.0 Chrome/140.0.7339.119 Mobile Safari/537.36 [FB_IAB/FB4A;FBAV/530.0.0.48.74;IABMV/1;]"
37.237.151.6 - - [16/Sep/2025:11:52:09 -0400] "GET /wp-content/themes/sahifa/js/search.js HTTP/1.1" 200 3390 "https://sada-now.com/?p=6509" "Mozilla/5.0 (Linux; Android 10; Infinix X690B Build/QP1A.190711.020; wv) AppleWebKit/537.36 (KHTML, like Gecko) Version/4.0 Chrome/140.0.7339.119 Mobile Safari/537.36 [FB_IAB/FB4A;FBAV/530.0.0.48.74;IABMV/1;]"
37.237.151.6 - - [16/Sep/2025:11:52:10 -0400] "GET /wp-content/themes/sahifa/images/patterns/body-bg7.png HTTP/1.1" 200 21146 "https://sada-now.com/wp-content/themes/sahifa/style.css" "Mozilla/5.0 (Linux; Android 10; Infinix X690B Build/QP1A.190711.020; wv) AppleWebKit/537.36 (KHTML, like Gecko) Version/4.0 Chrome/140.0.7339.119 Mobile Safari/537.36 [FB_IAB/FB4A;FBAV/530.0.0.48.74;IABMV/1;]"
37.237.151.6 - - [16/Sep/2025:11:52:10 -0400] "GET /wp-content/themes/sahifa/fonts/fontawesome/fontawesome-webfont.woff2?v=4.6.3 HTTP/1.1" 200 71896 "https://sada-now.com/wp-content/themes/sahifa/style.css" "Mozilla/5.0 (Linux; Android 10; Infinix X690B Build/QP1A.190711.020; wv) AppleWebKit/537.36 (KHTML, like Gecko) Version/4.0 Chrome/140.0.7339.119 Mobile Safari/537.36 [FB_IAB/FB4A;FBAV/530.0.0.48.74;IABMV/1;]"
37.237.151.6 - - [16/Sep/2025:11:52:10 -0400] "GET /wp-content/themes/sahifa/fonts/BebasNeue/BebasNeue-webfont.woff HTTP/1.1" 200 19996 "https://sada-now.com/wp-content/themes/sahifa/style.css" "Mozilla/5.0 (Linux; Android 10; Infinix X690B Build/QP1A.190711.020; wv) AppleWebKit/537.36 (KHTML, like Gecko) Version/4.0 Chrome/140.0.7339.119 Mobile Safari/537.36 [FB_IAB/FB4A;FBAV/530.0.0.48.74;IABMV/1;]"
37.237.151.6 - - [16/Sep/2025:11:52:10 -0400] "GET /wp-admin/admin-ajax.php?postviews_id=6509&action=postviews&_=1758037929125 HTTP/1.1" 200 7 "https://sada-now.com/?p=6509" "Mozilla/5.0 (Linux; Android 10; Infinix X690B Build/QP1A.190711.020; wv) AppleWebKit/537.36 (KHTML, like Gecko) Version/4.0 Chrome/140.0.7339.119 Mobile Safari/537.36 [FB_IAB/FB4A;FBAV/530.0.0.48.74;IABMV/1;]"
37.237.151.6 - - [16/Sep/2025:11:52:10 -0400] "GET /wp-content/themes/sahifa/images/stripe.png HTTP/1.1" 200 93 "https://sada-now.com/wp-content/themes/sahifa/style.css" "Mozilla/5.0 (Linux; Android 10; Infinix X690B Build/QP1A.190711.020; wv) AppleWebKit/537.36 (KHTML, like Gecko) Version/4.0 Chrome/140.0.7339.119 Mobile Safari/537.36 [FB_IAB/FB4A;FBAV/530.0.0.48.74;IABMV/1;]"
37.237.151.6 - - [16/Sep/2025:11:52:10 -0400] "GET /wp-includes/js/wp-emoji-release.min.js HTTP/1.1" 200 4769 "https://sada-now.com/?p=6509" "Mozilla/5.0 (Linux; Android 10; Infinix X690B Build/QP1A.190711.020; wv) AppleWebKit/537.36 (KHTML, like Gecko) Version/4.0 Chrome/140.0.7339.119 Mobile Safari/537.36 [FB_IAB/FB4A;FBAV/530.0.0.48.74;IABMV/1;]"
37.237.151.6 - - [16/Sep/2025:11:52:17 -0400] "GET /wp-content/themes/sahifa/favicon.ico HTTP/1.1" 200 1150 "https://sada-now.com/?p=6509" "Mozilla/5.0 (Linux; Android 10; Infinix X690B Build/QP1A.190711.020; wv) AppleWebKit/537.36 (KHTML, like Gecko) Version/4.0 Chrome/140.0.7339.119 Mobile Safari/537.36 [FB_IAB/FB4A;FBAV/530.0.0.48.74;IABMV/1;]"
37.237.151.6 - - [16/Sep/2025:11:52:41 -0400] "GET /wp-content/uploads/2024/01/IMG-20240123-WA0009-1.jpg HTTP/1.1" 200 102590 "fbapp://350685531728/unknown" "[FBAN/FB4A;FBAV/530.0.0.48.74;FBBV/789633415;FBDM/{density=2.0,width=720,height=1464};FBLC/ar_AR;FBRV/792245187;FBCR/;FBMF/INFINIX MOBILITY LIMITED;FBBD/Infinix;FBPN/com.facebook.katana;FBDV/Infinix X690B;FBSV/10;FBOP/1;FBCA/arm64-v8a:;]"
37.237.151.6 - - [16/Sep/2025:11:52:41 -0400] "GET /wp-content/uploads/2025/09/%D8%B4%D8%B3%D9%8A%D8%B4%D8%B3%D8%B7%D8%B0%D8%B8%D9%803-1751887238.webp HTTP/1.1" 200 31566 "fbapp://350685531728/unknown" "[FBAN/FB4A;FBAV/530.0.0.48.74;FBBV/789633415;FBDM/{density=2.0,width=720,height=1464};FBLC/ar_AR;FBRV/792245187;FBCR/;FBMF/INFINIX MOBILITY LIMITED;FBBD/Infinix;FBPN/com.facebook.katana;FBDV/Infinix X690B;FBSV/10;FBOP/1;FBCA/arm64-v8a:;]"
37.237.151.6 - - [16/Sep/2025:11:52:41 -0400] "GET /wp-content/uploads/2025/08/FB_IMG_1756146740794.jpg HTTP/1.1" 200 139279 "fbapp://350685531728/unknown" "[FBAN/FB4A;FBAV/530.0.0.48.74;FBBV/789633415;FBDM/{density=2.0,width=720,height=1464};FBLC/ar_AR;FBRV/792245187;FBCR/;FBMF/INFINIX MOBILITY LIMITED;FBBD/Infinix;FBPN/com.facebook.katana;FBDV/Infinix X690B;FBSV/10;FBOP/1;FBCA/arm64-v8a:;]"
66.249.65.100 - - [16/Sep/2025:11:52:49 -0400] "GET /1613735876 HTTP/1.1" 404 1251 "-" "Mozilla/5.0 (Linux; Android 6.0.1; Nexus 5X Build/MMB29P) AppleWebKit/537.36 (KHTML, like Gecko) Chrome/140.0.7339.127 Mobile Safari/537.36 (compatible; GoogleOther)"
66.249.65.99 - - [16/Sep/2025:11:52:54 -0400] "GET /38696172297 HTTP/1.1" 404 1251 "-" "Mozilla/5.0 (Linux; Android 6.0.1; Nexus 5X Build/MMB29P) AppleWebKit/537.36 (KHTML, like Gecko) Chrome/140.0.7339.127 Mobile Safari/537.36 (compatible; GoogleOther)"
51.255.78.220 - - [16/Sep/2025:11:53:16 -0400] "GET / HTTP/1.1" 200 94721 "-" "Mozilla/5.0 (Windows; U; Windows NT 5.2; en-US; rv:1.8.1.7) Gecko/20070914 Firefox/2.0.0.7"
51.255.78.220 - - [16/Sep/2025:11:53:18 -0400] "GET // HTTP/1.1" 301 0 "-" "Mozilla/5.0 (Windows; U; Windows NT 5.2; en-US; rv:1.8.1.7) Gecko/20070914 Firefox/2.0.0.7"
51.255.78.220 - - [16/Sep/2025:11:53:18 -0400] "GET / HTTP/1.1" 200 94721 "https://sada-now.com//" "Mozilla/5.0 (Windows; U; Windows NT 5.2; en-US; rv:1.8.1.7) Gecko/20070914 Firefox/2.0.0.7"
66.249.65.99 - - [16/Sep/2025:11:53:50 -0400] "GET /wp-content/uploads/2021/11/EfTANlwXsAEnHMS.jpeg.jpg HTTP/1.1" 200 629583 "-" "Googlebot-Image/1.0"
66.249.65.99 - - [16/Sep/2025:11:53:56 -0400] "GET /14938219574 HTTP/1.1" 404 1251 "-" "Mozilla/5.0 (Linux; Android 6.0.1; Nexus 5X Build/MMB29P) AppleWebKit/537.36 (KHTML, like Gecko) Chrome/140.0.7339.127 Mobile Safari/537.36 (compatible; GoogleOther)"
66.249.65.100 - - [16/Sep/2025:11:54:10 -0400] "GET /38969167099 HTTP/1.1" 404 1251 "-" "Mozilla/5.0 (Linux; Android 6.0.1; Nexus 5X Build/MMB29P) AppleWebKit/537.36 (KHTML, like Gecko) Chrome/140.0.7339.127 Mobile Safari/537.36 (compatible; GoogleOther)"
51.255.78.220 - - [16/Sep/2025:11:54:29 -0400] "GET / HTTP/1.1" 200 94721 "-" "Mozilla/5.0 (Windows; U; Windows NT 5.2; en-US; rv:1.8.1.7) Gecko/20070914 Firefox/2.0.0.7"
51.255.78.220 - - [16/Sep/2025:11:54:31 -0400] "GET // HTTP/1.1" 301 0 "-" "Mozilla/5.0 (Windows; U; Windows NT 5.2; en-US; rv:1.8.1.7) Gecko/20070914 Firefox/2.0.0.7"
51.255.78.220 - - [16/Sep/2025:11:54:31 -0400] "GET / HTTP/1.1" 200 94721 "https://sada-now.com//" "Mozilla/5.0 (Windows; U; Windows NT 5.2; en-US; rv:1.8.1.7) Gecko/20070914 Firefox/2.0.0.7"
66.249.65.100 - - [16/Sep/2025:11:54:58 -0400] "GET /wp-content/uploads/2020/07/%D8%AA%D9%86%D8%B2%D9%8A%D9%84-%D9%A1.png HTTP/1.1" 404 1251 "-" "Googlebot-Image/1.0"
66.249.65.99 - - [16/Sep/2025:11:55:10 -0400] "GET /14938102482 HTTP/1.1" 404 1251 "-" "Mozilla/5.0 (Linux; Android 6.0.1; Nexus 5X Build/MMB29P) AppleWebKit/537.36 (KHTML, like Gecko) Chrome/140.0.7339.127 Mobile Safari/537.36 (compatible; GoogleOther)"
66.249.65.101 - - [16/Sep/2025:11:55:12 -0400] "GET /38696275674 HTTP/1.1" 404 1251 "-" "Mozilla/5.0 (Linux; Android 6.0.1; Nexus 5X Build/MMB29P) AppleWebKit/537.36 (KHTML, like Gecko) Chrome/140.0.7339.127 Mobile Safari/537.36 (compatible; GoogleOther)"
66.249.65.99 - - [16/Sep/2025:11:55:14 -0400] "GET /3869696717 HTTP/1.1" 404 1251 "-" "Mozilla/5.0 (Linux; Android 6.0.1; Nexus 5X Build/MMB29P) AppleWebKit/537.36 (KHTML, like Gecko) Chrome/140.0.7339.127 Mobile Safari/537.36 (compatible; GoogleOther)"
51.255.78.220 - - [16/Sep/2025:11:55:49 -0400] "GET / HTTP/1.1" 200 94721 "-" "Mozilla/5.0 (Windows; U; Windows NT 5.2; en-US; rv:1.8.1.7) Gecko/20070914 Firefox/2.0.0.7"
51.255.78.220 - - [16/Sep/2025:11:55:50 -0400] "GET // HTTP/1.1" 301 0 "-" "Mozilla/5.0 (Windows; U; Windows NT 5.2; en-US; rv:1.8.1.7) Gecko/20070914 Firefox/2.0.0.7"
51.255.78.220 - - [16/Sep/2025:11:55:51 -0400] "GET / HTTP/1.1" 200 94721 "https://sada-now.com//" "Mozilla/5.0 (Windows; U; Windows NT 5.2; en-US; rv:1.8.1.7) Gecko/20070914 Firefox/2.0.0.7"
114.119.159.233 - - [16/Sep/2025:11:55:58 -0400] "GET /?p=1028 HTTP/1.1" 200 17310 "https://sada-now.com?paged=47&author=1" "Mozilla/5.0 (Linux; Android 7.0;) AppleWebKit/537.36 (KHTML, like Gecko) Mobile Safari/537.36 (compatible; PetalBot;+https://webmaster.petalsearch.com/site/petalbot)"
66.249.65.100 - - [16/Sep/2025:11:56:22 -0400] "GET /wp-content/uploads/2021/11/90e2a458-c5ff-461e-8548-5948dbf791ba.jpg HTTP/1.1" 200 66980 "-" "Googlebot-Image/1.0"
52.167.144.197 - - [16/Sep/2025:11:56:46 -0400] "GET /?p=2128 HTTP/1.1" 200 13478 "-" "Mozilla/5.0 AppleWebKit/537.36 (KHTML, like Gecko; compatible; bingbot/2.0; +http://www.bing.com/bingbot.htm) Chrome/116.0.1938.76 Safari/537.36"
114.119.140.137 - - [16/Sep/2025:11:56:51 -0400] "GET /?paged=42&cat=1 HTTP/1.1" 200 17383 "https://sada-now.com/?cat=1&paged=41" "Mozilla/5.0 (Linux; Android 7.0;) AppleWebKit/537.36 (KHTML, like Gecko) Mobile Safari/537.36 (compatible; PetalBot;+https://webmaster.petalsearch.com/site/petalbot)"
51.255.78.220 - - [16/Sep/2025:11:57:12 -0400] "GET / HTTP/1.1" 200 94721 "-" "Mozilla/5.0 (Windows; U; Windows NT 5.2; en-US; rv:1.8.1.7) Gecko/20070914 Firefox/2.0.0.7"
51.255.78.220 - - [16/Sep/2025:11:57:13 -0400] "GET // HTTP/1.1" 301 0 "-" "Mozilla/5.0 (Windows; U; Windows NT 5.2; en-US; rv:1.8.1.7) Gecko/20070914 Firefox/2.0.0.7"
51.255.78.220 - - [16/Sep/2025:11:57:13 -0400] "GET / HTTP/1.1" 200 94721 "https://sada-now.com//" "Mozilla/5.0 (Windows; U; Windows NT 5.2; en-US; rv:1.8.1.7) Gecko/20070914 Firefox/2.0.0.7"
209.85.238.35 - - [16/Sep/2025:11:57:41 -0400] "GET / HTTP/1.1" 200 15485 "-" "Mozilla/5.0 (Macintosh; Intel Mac OS X 10_7_3) AppleWebKit/537.36 (KHTML, like Gecko, Mediapartners-Google) Chrome/139.0.7258.127 Safari/537.36"
209.85.238.35 - - [16/Sep/2025:11:57:41 -0400] "GET /wp-content/themes/sahifa/style.css HTTP/1.1" 200 34984 "https://sada-now.com/" "Mozilla/5.0 (Macintosh; Intel Mac OS X 10_7_3) AppleWebKit/537.36 (KHTML, like Gecko, Mediapartners-Google) Chrome/139.0.7258.127 Safari/537.36"
209.85.238.37 - - [16/Sep/2025:11:57:41 -0400] "GET /wp-content/plugins/ads-invalid-click-protection/assets/js/script.js HTTP/1.1" 200 691 "https://sada-now.com/" "Mozilla/5.0 (Macintosh; Intel Mac OS X 10_7_3) AppleWebKit/537.36 (KHTML, like Gecko, Mediapartners-Google) Chrome/139.0.7258.127 Safari/537.36"
209.85.238.35 - - [16/Sep/2025:11:57:41 -0400] "GET /wp-content/uploads/2025/09/doc-73kt2pj-1757166322-300x200.webp HTTP/1.1" 200 13654 "https://sada-now.com/" "Mozilla/5.0 (Macintosh; Intel Mac OS X 10_7_3) AppleWebKit/537.36 (KHTML, like Gecko, Mediapartners-Google) Chrome/139.0.7258.127 Safari/537.36"
209.85.238.35 - - [16/Sep/2025:11:57:41 -0400] "GET /wp-includes/js/jquery/jquery-migrate.min.js HTTP/1.1" 200 4678 "https://sada-now.com/" "Mozilla/5.0 (Macintosh; Intel Mac OS X 10_7_3) AppleWebKit/537.36 (KHTML, like Gecko, Mediapartners-Google) Chrome/139.0.7258.127 Safari/537.36"
209.85.238.36 - - [16/Sep/2025:11:57:41 -0400] "GET /wp-includes/js/jquery/jquery.min.js HTTP/1.1" 200 29744 "https://sada-now.com/" "Mozilla/5.0 (Macintosh; Intel Mac OS X 10_7_3) AppleWebKit/537.36 (KHTML, like Gecko, Mediapartners-Google) Chrome/139.0.7258.127 Safari/537.36"
209.85.238.35 - - [16/Sep/2025:11:57:41 -0400] "GET /wp-content/uploads/2025/09/7461e2cf-7845-4b8b-92fc-889577cd80c0-300x200.jpeg HTTP/1.1" 200 10728 "https://sada-now.com/" "Mozilla/5.0 (Macintosh; Intel Mac OS X 10_7_3) AppleWebKit/537.36 (KHTML, like Gecko, Mediapartners-Google) Chrome/139.0.7258.127 Safari/537.36"
209.85.238.36 - - [16/Sep/2025:11:57:41 -0400] "GET /wp-content/themes/sahifa/css/ilightbox/dark-skin/skin.css HTTP/1.1" 200 1196 "https://sada-now.com/" "Mozilla/5.0 (Macintosh; Intel Mac OS X 10_7_3) AppleWebKit/537.36 (KHTML, like Gecko, Mediapartners-Google) Chrome/139.0.7258.127 Safari/537.36"
209.85.238.35 - - [16/Sep/2025:11:57:41 -0400] "GET /wp-includes/css/dist/block-library/style-rtl.min.css HTTP/1.1" 200 14312 "https://sada-now.com/" "Mozilla/5.0 (Macintosh; Intel Mac OS X 10_7_3) AppleWebKit/537.36 (KHTML, like Gecko, Mediapartners-Google) Chrome/139.0.7258.127 Safari/537.36"
209.85.238.37 - - [16/Sep/2025:11:57:41 -0400] "GET /wp-content/uploads/2025/09/284281-300x196.jpg HTTP/1.1" 200 8351 "https://sada-now.com/" "Mozilla/5.0 (Macintosh; Intel Mac OS X 10_7_3) AppleWebKit/537.36 (KHTML, like Gecko, Mediapartners-Google) Chrome/139.0.7258.127 Safari/537.36"
209.85.238.35 - - [16/Sep/2025:11:57:41 -0400] "GET /wp-content/themes/sahifa/js/tie-scripts.js HTTP/1.1" 200 22645 "https://sada-now.com/" "Mozilla/5.0 (Macintosh; Intel Mac OS X 10_7_3) AppleWebKit/537.36 (KHTML, like Gecko, Mediapartners-Google) Chrome/139.0.7258.127 Safari/537.36"
209.85.238.36 - - [16/Sep/2025:11:57:41 -0400] "GET /wp-content/themes/sahifa/rtl.css HTTP/1.1" 200 3537 "https://sada-now.com/" "Mozilla/5.0 (Macintosh; Intel Mac OS X 10_7_3) AppleWebKit/537.36 (KHTML, like Gecko, Mediapartners-Google) Chrome/139.0.7258.127 Safari/537.36"
209.85.238.35 - - [16/Sep/2025:11:57:41 -0400] "GET /wp-content/themes/sahifa/js/ilightbox.packed.js HTTP/1.1" 200 22083 "https://sada-now.com/" "Mozilla/5.0 (Macintosh; Intel Mac OS X 10_7_3) AppleWebKit/537.36 (KHTML, like Gecko, Mediapartners-Google) Chrome/139.0.7258.127 Safari/537.36"
209.85.238.37 - - [16/Sep/2025:11:57:42 -0400] "GET /wp-content/themes/sahifa/js/search.js HTTP/1.1" 200 3390 "https://sada-now.com/" "Mozilla/5.0 (Macintosh; Intel Mac OS X 10_7_3) AppleWebKit/537.36 (KHTML, like Gecko, Mediapartners-Google) Chrome/139.0.7258.127 Safari/537.36"
209.85.238.35 - - [16/Sep/2025:11:57:42 -0400] "GET /wp-content/themes/sahifa/images/patterns/body-bg7.png HTTP/1.1" 200 21146 "https://sada-now.com/wp-content/themes/sahifa/style.css" "Mozilla/5.0 (Macintosh; Intel Mac OS X 10_7_3) AppleWebKit/537.36 (KHTML, like Gecko, Mediapartners-Google) Chrome/139.0.7258.127 Safari/537.36"
209.85.238.37 - - [16/Sep/2025:11:57:42 -0400] "GET /wp-content/themes/sahifa/fonts/BebasNeue/BebasNeue-webfont.woff HTTP/1.1" 200 19996 "https://sada-now.com/wp-content/themes/sahifa/style.css" "Mozilla/5.0 (Macintosh; Intel Mac OS X 10_7_3) AppleWebKit/537.36 (KHTML, like Gecko, Mediapartners-Google) Chrome/139.0.7258.127 Safari/537.36"
209.85.238.35 - - [16/Sep/2025:11:57:42 -0400] "GET /wp-content/themes/sahifa/fonts/fontawesome/fontawesome-webfont.woff2?v=4.6.3 HTTP/1.1" 200 71896 "https://sada-now.com/wp-content/themes/sahifa/style.css" "Mozilla/5.0 (Macintosh; Intel Mac OS X 10_7_3) AppleWebKit/537.36 (KHTML, like Gecko, Mediapartners-Google) Chrome/139.0.7258.127 Safari/537.36"
209.85.238.35 - - [16/Sep/2025:11:57:42 -0400] "GET /wp-includes/js/wp-emoji-release.min.js HTTP/1.1" 200 4769 "https://sada-now.com/" "Mozilla/5.0 (Macintosh; Intel Mac OS X 10_7_3) AppleWebKit/537.36 (KHTML, like Gecko, Mediapartners-Google) Chrome/139.0.7258.127 Safari/537.36"
209.85.238.37 - - [16/Sep/2025:11:57:42 -0400] "GET /wp-content/themes/sahifa/images/stripe.png HTTP/1.1" 200 93 "https://sada-now.com/wp-content/themes/sahifa/style.css" "Mozilla/5.0 (Macintosh; Intel Mac OS X 10_7_3) AppleWebKit/537.36 (KHTML, like Gecko, Mediapartners-Google) Chrome/139.0.7258.127 Safari/537.36"
209.85.238.37 - - [16/Sep/2025:11:57:43 -0400] "GET /wp-content/uploads/2025/09/%D8%B4%D8%B3%D9%8A%D8%B4%D8%B3%D8%B7%D8%B0%D8%B8%D9%803-1751887238-768x512.webp HTTP/1.1" 200 31890 "https://sada-now.com/" "Mozilla/5.0 (Macintosh; Intel Mac OS X 10_7_3) AppleWebKit/537.36 (KHTML, like Gecko, Mediapartners-Google) Chrome/139.0.7258.127 Safari/537.36"
209.85.238.35 - - [16/Sep/2025:11:57:43 -0400] "GET /wp-content/uploads/2025/08/FB_IMG_1756052735952-768x512.jpg HTTP/1.1" 200 67814 "https://sada-now.com/" "Mozilla/5.0 (Macintosh; Intel Mac OS X 10_7_3) AppleWebKit/537.36 (KHTML, like Gecko, Mediapartners-Google) Chrome/139.0.7258.127 Safari/537.36"
209.85.238.37 - - [16/Sep/2025:11:57:43 -0400] "GET /wp-content/uploads/2025/07/FB_IMG_1753222923765-768x692.jpg HTTP/1.1" 200 74226 "https://sada-now.com/" "Mozilla/5.0 (Macintosh; Intel Mac OS X 10_7_3) AppleWebKit/537.36 (KHTML, like Gecko, Mediapartners-Google) Chrome/139.0.7258.127 Safari/537.36"
209.85.238.37 - - [16/Sep/2025:11:57:43 -0400] "GET /wp-content/uploads/2025/08/FB_IMG_1756146740794-768x576.jpg HTTP/1.1" 200 77619 "https://sada-now.com/" "Mozilla/5.0 (Macintosh; Intel Mac OS X 10_7_3) AppleWebKit/537.36 (KHTML, like Gecko, Mediapartners-Google) Chrome/139.0.7258.127 Safari/537.36"
209.85.238.37 - - [16/Sep/2025:11:57:44 -0400] "GET /wp-content/uploads/2025/07/774967.jpeg-768x463.webp HTTP/1.1" 200 88618 "https://sada-now.com/" "Mozilla/5.0 (Macintosh; Intel Mac OS X 10_7_3) AppleWebKit/537.36 (KHTML, like Gecko, Mediapartners-Google) Chrome/139.0.7258.127 Safari/537.36"
209.85.238.37 - - [16/Sep/2025:11:57:44 -0400] "GET /wp-content/uploads/2025/07/FB_IMG_1752171982638-1-736x1024.jpg HTTP/1.1" 200 182510 "https://sada-now.com/" "Mozilla/5.0 (Macintosh; Intel Mac OS X 10_7_3) AppleWebKit/537.36 (KHTML, like Gecko, Mediapartners-Google) Chrome/139.0.7258.127 Safari/537.36"
209.85.238.35 - - [16/Sep/2025:11:57:44 -0400] "GET /wp-content/uploads/2025/07/FB_IMG_1752076816062.jpg HTTP/1.1" 200 45544 "https://sada-now.com/" "Mozilla/5.0 (Macintosh; Intel Mac OS X 10_7_3) AppleWebKit/537.36 (KHTML, like Gecko, Mediapartners-Google) Chrome/139.0.7258.127 Safari/537.36"
209.85.238.37 - - [16/Sep/2025:11:57:44 -0400] "GET /wp-content/uploads/2025/07/686e62cd4236041def3c2ac9-768x500.jpg HTTP/1.1" 200 80338 "https://sada-now.com/" "Mozilla/5.0 (Macintosh; Intel Mac OS X 10_7_3) AppleWebKit/537.36 (KHTML, like Gecko, Mediapartners-Google) Chrome/139.0.7258.127 Safari/537.36"
209.85.238.36 - - [16/Sep/2025:11:57:44 -0400] "GET /wp-content/uploads/2025/07/Emir-of-Qatar-768x817.webp HTTP/1.1" 200 66120 "https://sada-now.com/" "Mozilla/5.0 (Macintosh; Intel Mac OS X 10_7_3) AppleWebKit/537.36 (KHTML, like Gecko, Mediapartners-Google) Chrome/139.0.7258.127 Safari/537.36"
66.249.65.99 - - [16/Sep/2025:11:57:45 -0400] "GET /wp-content/uploads/2021/08/image109-800x600-1.jpg HTTP/1.1" 200 96340 "-" "Googlebot-Image/1.0"
209.85.238.35 - - [16/Sep/2025:11:57:53 -0400] "GET /?p=6628 HTTP/1.1" 200 21162 "-" "Mozilla/5.0 (Macintosh; Intel Mac OS X 10_7_3) AppleWebKit/537.36 (KHTML, like Gecko, Mediapartners-Google) Chrome/139.0.7258.127 Safari/537.36"
209.85.238.35 - - [16/Sep/2025:11:57:53 -0400] "GET /wp-content/themes/sahifa/js/postviews-cache.js HTTP/1.1" 200 139 "https://sada-now.com/?p=6628" "Mozilla/5.0 (Macintosh; Intel Mac OS X 10_7_3) AppleWebKit/537.36 (KHTML, like Gecko, Mediapartners-Google) Chrome/139.0.7258.127 Safari/537.36"
209.85.238.35 - - [16/Sep/2025:11:57:53 -0400] "GET /wp-content/uploads/2025/08/FB_IMG_1756146740794-300x225.jpg HTTP/1.1" 200 18360 "https://sada-now.com/?p=6628" "Mozilla/5.0 (Macintosh; Intel Mac OS X 10_7_3) AppleWebKit/537.36 (KHTML, like Gecko, Mediapartners-Google) Chrome/139.0.7258.127 Safari/537.36"
209.85.238.35 - - [16/Sep/2025:11:57:53 -0400] "GET /wp-content/uploads/2025/04/5-5-2020-768x506.jpg HTTP/1.1" 200 67678 "https://sada-now.com/?p=6628" "Mozilla/5.0 (Macintosh; Intel Mac OS X 10_7_3) AppleWebKit/537.36 (KHTML, like Gecko, Mediapartners-Google) Chrome/139.0.7258.127 Safari/537.36"
209.85.238.35 - - [16/Sep/2025:11:57:53 -0400] "GET /wp-content/uploads/2025/09/%D8%B4%D8%B3%D9%8A%D8%B4%D8%B3%D8%B7%D8%B0%D8%B8%D9%803-1751887238-300x200.webp HTTP/1.1" 200 9788 "https://sada-now.com/?p=6628" "Mozilla/5.0 (Macintosh; Intel Mac OS X 10_7_3) AppleWebKit/537.36 (KHTML, like Gecko, Mediapartners-Google) Chrome/139.0.7258.127 Safari/537.36"
209.85.238.35 - - [16/Sep/2025:11:57:56 -0400] "GET /wp-admin/admin-ajax.php?postviews_id=6628&action=postviews&_=1758038273205 HTTP/1.1" 200 6 "https://sada-now.com/?p=6628" "Mozilla/5.0 (Macintosh; Intel Mac OS X 10_7_3) AppleWebKit/537.36 (KHTML, like Gecko, Mediapartners-Google) Chrome/139.0.7258.127 Safari/537.36"
209.85.238.35 - - [16/Sep/2025:11:57:56 -0400] "GET /wp-content/uploads/2025/08/FB_IMG_1756052735952-300x200.jpg HTTP/1.1" 200 18149 "https://sada-now.com/?p=6628" "Mozilla/5.0 (Macintosh; Intel Mac OS X 10_7_3) AppleWebKit/537.36 (KHTML, like Gecko, Mediapartners-Google) Chrome/139.0.7258.127 Safari/537.36"
209.85.238.35 - - [16/Sep/2025:11:57:56 -0400] "GET /wp-content/uploads/2025/07/FB_IMG_1753222923765-300x270.jpg HTTP/1.1" 200 16485 "https://sada-now.com/?p=6628" "Mozilla/5.0 (Macintosh; Intel Mac OS X 10_7_3) AppleWebKit/537.36 (KHTML, like Gecko, Mediapartners-Google) Chrome/139.0.7258.127 Safari/537.36"
114.119.143.207 - - [16/Sep/2025:11:57:58 -0400] "GET /?p=5697 HTTP/1.1" 200 18811 "https://sada-now.com/?paged=22&author=1" "Mozilla/5.0 (Linux; Android 7.0;) AppleWebKit/537.36 (KHTML, like Gecko) Mobile Safari/537.36 (compatible; PetalBot;+https://webmaster.petalsearch.com/site/petalbot)"
209.85.238.35 - - [16/Sep/2025:11:58:06 -0400] "GET /?p=6509 HTTP/1.1" 200 16107 "-" "Mozilla/5.0 (Macintosh; Intel Mac OS X 10_7_3) AppleWebKit/537.36 (KHTML, like Gecko, Mediapartners-Google) Chrome/139.0.7258.127 Safari/537.36"
209.85.238.37 - - [16/Sep/2025:11:58:07 -0400] "GET /wp-content/uploads/2024/01/IMG-20240123-WA0009-1-768x572.jpg HTTP/1.1" 200 79842 "https://sada-now.com/?p=6509" "Mozilla/5.0 (Macintosh; Intel Mac OS X 10_7_3) AppleWebKit/537.36 (KHTML, like Gecko, Mediapartners-Google) Chrome/139.0.7258.127 Safari/537.36"
209.85.238.35 - - [16/Sep/2025:11:58:07 -0400] "GET /wp-admin/admin-ajax.php?postviews_id=6509&action=postviews&_=1758038286552 HTTP/1.1" 200 7 "https://sada-now.com/?p=6509" "Mozilla/5.0 (Macintosh; Intel Mac OS X 10_7_3) AppleWebKit/537.36 (KHTML, like Gecko, Mediapartners-Google) Chrome/139.0.7258.127 Safari/537.36"
209.85.238.35 - - [16/Sep/2025:11:58:16 -0400] "GET /?p=6492 HTTP/1.1" 200 14541 "-" "Mozilla/5.0 (Macintosh; Intel Mac OS X 10_7_3) AppleWebKit/537.36 (KHTML, like Gecko, Mediapartners-Google) Chrome/139.0.7258.127 Safari/537.36"
209.85.238.35 - - [16/Sep/2025:11:58:16 -0400] "GET /wp-content/uploads/2024/01/IMG-20240110-WA0008-768x512.jpg HTTP/1.1" 200 61234 "https://sada-now.com/?p=6492" "Mozilla/5.0 (Macintosh; Intel Mac OS X 10_7_3) AppleWebKit/537.36 (KHTML, like Gecko, Mediapartners-Google) Chrome/139.0.7258.127 Safari/537.36"
209.85.238.35 - - [16/Sep/2025:11:58:18 -0400] "GET /wp-admin/admin-ajax.php?postviews_id=6492&action=postviews&_=1758038296243 HTTP/1.1" 200 6 "https://sada-now.com/?p=6492" "Mozilla/5.0 (Macintosh; Intel Mac OS X 10_7_3) AppleWebKit/537.36 (KHTML, like Gecko, Mediapartners-Google) Chrome/139.0.7258.127 Safari/537.36"
51.255.78.220 - - [16/Sep/2025:11:58:26 -0400] "GET / HTTP/1.1" 200 94721 "-" "Mozilla/5.0 (Windows; U; Windows NT 5.2; en-US; rv:1.8.1.7) Gecko/20070914 Firefox/2.0.0.7"
51.255.78.220 - - [16/Sep/2025:11:58:27 -0400] "GET // HTTP/1.1" 301 0 "-" "Mozilla/5.0 (Windows; U; Windows NT 5.2; en-US; rv:1.8.1.7) Gecko/20070914 Firefox/2.0.0.7"
51.255.78.220 - - [16/Sep/2025:11:58:28 -0400] "GET / HTTP/1.1" 200 94721 "https://sada-now.com//" "Mozilla/5.0 (Windows; U; Windows NT 5.2; en-US; rv:1.8.1.7) Gecko/20070914 Firefox/2.0.0.7"
66.249.65.99 - - [16/Sep/2025:11:58:39 -0400] "GET /?p=5864 HTTP/1.1" 200 13626 "-" "Mozilla/5.0 (Linux; Android 6.0.1; Nexus 5X Build/MMB29P) AppleWebKit/537.36 (KHTML, like Gecko) Chrome/140.0.7339.127 Mobile Safari/537.36 (compatible; GoogleOther)"
66.249.65.99 - - [16/Sep/2025:11:58:42 -0400] "GET /wp-admin/admin-ajax.php?postviews_id=5864&action=postviews&_=1757376000000 HTTP/1.1" 200 6 "https://sada-now.com/?p=5864" "Mozilla/5.0 (Linux; Android 6.0.1; Nexus 5X Build/MMB29P) AppleWebKit/537.36 (KHTML, like Gecko) Chrome/139.0.7258.127 Mobile Safari/537.36 (compatible; Googlebot/2.1; +http://www.google.com/bot.html)"
47.128.35.80 - - [16/Sep/2025:11:59:02 -0400] "GET / HTTP/1.1" 200 15437 "-" "Mozilla/5.0 (Linux; Android 5.0) AppleWebKit/537.36 (KHTML, like Gecko) Mobile Safari/537.36 (compatible; Bytespider; spider-feedback@bytedance.com)"
47.128.35.80 - - [16/Sep/2025:11:59:03 -0400] "GET /wp-content/themes/sahifa/css/ilightbox/dark-skin/skin.css HTTP/1.1" 200 1196 "https://sada-now.com/" "Mozilla/5.0 (Linux; Android 5.0) AppleWebKit/537.36 (KHTML, like Gecko) Mobile Safari/537.36 (compatible; Bytespider; spider-feedback@bytedance.com)"
47.128.35.80 - - [16/Sep/2025:11:59:03 -0400] "GET /wp-content/themes/sahifa/rtl.css HTTP/1.1" 200 3537 "https://sada-now.com/" "Mozilla/5.0 (Linux; Android 5.0) AppleWebKit/537.36 (KHTML, like Gecko) Mobile Safari/537.36 (compatible; Bytespider; spider-feedback@bytedance.com)"
47.128.35.80 - - [16/Sep/2025:11:59:03 -0400] "GET /wp-includes/css/dist/block-library/style-rtl.min.css HTTP/1.1" 200 14312 "https://sada-now.com/" "Mozilla/5.0 (Linux; Android 5.0) AppleWebKit/537.36 (KHTML, like Gecko) Mobile Safari/537.36 (compatible; Bytespider; spider-feedback@bytedance.com)"
47.128.35.80 - - [16/Sep/2025:11:59:03 -0400] "GET /wp-content/themes/sahifa/style.css HTTP/1.1" 200 34984 "https://sada-now.com/" "Mozilla/5.0 (Linux; Android 5.0) AppleWebKit/537.36 (KHTML, like Gecko) Mobile Safari/537.36 (compatible; Bytespider; spider-feedback@bytedance.com)"
47.128.35.80 - - [16/Sep/2025:11:59:06 -0400] "GET /wp-content/themes/sahifa/images/patterns/body-bg7.png HTTP/1.1" 206 500 "https://sada-now.com/wp-content/themes/sahifa/style.css" "Mozilla/5.0 (Linux; Android 5.0) AppleWebKit/537.36 (KHTML, like Gecko) Mobile Safari/537.36 (compatible; Bytespider; spider-feedback@bytedance.com)"
47.128.35.80 - - [16/Sep/2025:11:59:06 -0400] "GET /wp-content/uploads/2025/09/doc-73kt2pj-1757166322-300x200.webp HTTP/1.1" 206 500 "https://sada-now.com/" "Mozilla/5.0 (Linux; Android 5.0) AppleWebKit/537.36 (KHTML, like Gecko) Mobile Safari/537.36 (compatible; Bytespider; spider-feedback@bytedance.com)"
47.128.35.80 - - [16/Sep/2025:11:59:06 -0400] "GET /wp-content/uploads/2025/09/284281-300x196.jpg HTTP/1.1" 206 500 "https://sada-now.com/" "Mozilla/5.0 (Linux; Android 5.0) AppleWebKit/537.36 (KHTML, like Gecko) Mobile Safari/537.36 (compatible; Bytespider; spider-feedback@bytedance.com)"
47.128.35.80 - - [16/Sep/2025:11:59:06 -0400] "GET /wp-content/uploads/2025/09/7461e2cf-7845-4b8b-92fc-889577cd80c0-300x200.jpeg HTTP/1.1" 206 500 "https://sada-now.com/" "Mozilla/5.0 (Linux; Android 5.0) AppleWebKit/537.36 (KHTML, like Gecko) Mobile Safari/537.36 (compatible; Bytespider; spider-feedback@bytedance.com)"
47.128.35.80 - - [16/Sep/2025:11:59:06 -0400] "GET /wp-content/themes/sahifa/images/stripe.png HTTP/1.1" 206 93 "https://sada-now.com/wp-content/themes/sahifa/style.css" "Mozilla/5.0 (Linux; Android 5.0) AppleWebKit/537.36 (KHTML, like Gecko) Mobile Safari/537.36 (compatible; Bytespider; spider-feedback@bytedance.com)"
47.128.35.80 - - [16/Sep/2025:11:59:07 -0400] "GET /wp-content/uploads/2025/08/FB_IMG_1756146740794-300x225.jpg HTTP/1.1" 206 500 "https://sada-now.com/" "Mozilla/5.0 (Linux; Android 5.0) AppleWebKit/537.36 (KHTML, like Gecko) Mobile Safari/537.36 (compatible; Bytespider; spider-feedback@bytedance.com)"
47.128.35.80 - - [16/Sep/2025:11:59:07 -0400] "GET /wp-content/uploads/2025/07/FB_IMG_1753222923765-300x270.jpg HTTP/1.1" 206 500 "https://sada-now.com/" "Mozilla/5.0 (Linux; Android 5.0) AppleWebKit/537.36 (KHTML, like Gecko) Mobile Safari/537.36 (compatible; Bytespider; spider-feedback@bytedance.com)"
47.128.35.80 - - [16/Sep/2025:11:59:07 -0400] "GET /wp-content/uploads/2025/08/FB_IMG_1756052735952-300x200.jpg HTTP/1.1" 206 500 "https://sada-now.com/" "Mozilla/5.0 (Linux; Android 5.0) AppleWebKit/537.36 (KHTML, like Gecko) Mobile Safari/537.36 (compatible; Bytespider; spider-feedback@bytedance.com)"
47.128.35.80 - - [16/Sep/2025:11:59:07 -0400] "GET /wp-content/uploads/2025/09/%D8%B4%D8%B3%D9%8A%D8%B4%D8%B3%D8%B7%D8%B0%D8%B8%D9%803-1751887238-300x200.webp HTTP/1.1" 206 500 "https://sada-now.com/" "Mozilla/5.0 (Linux; Android 5.0) AppleWebKit/537.36 (KHTML, like Gecko) Mobile Safari/537.36 (compatible; Bytespider; spider-feedback@bytedance.com)"
85.208.96.195 - - [16/Sep/2025:11:59:08 -0400] "GET /?p=3641 HTTP/1.1" 200 18343 "-" "Mozilla/5.0 (compatible; SemrushBot/7~bl; +http://www.semrush.com/bot.html)"
114.119.140.137 - - [16/Sep/2025:11:59:12 -0400] "GET /?p=1614 HTTP/1.1" 200 16126 "https://sada-now.com/?cat=10&paged=41" "Mozilla/5.0 (Linux; Android 7.0;) AppleWebKit/537.36 (KHTML, like Gecko) Mobile Safari/537.36 (compatible; PetalBot;+https://webmaster.petalsearch.com/site/petalbot)"
176.116.0.159 - - [16/Sep/2025:11:59:14 -0400] "GET /.env HTTP/1.1" 404 1251 "-" "Mozilla/5.0 (Linux; U; Android 4.4.2; en-US; HM NOTE 1W Build/KOT49H) AppleWebKit/534.30 (KHTML, like Gecko) Version/4.0 UCBrowser/11.0.5.850 U3/0.8.0 Mobile Safari/534.30"
176.116.0.159 - - [16/Sep/2025:11:59:15 -0400] "POST / HTTP/1.1" 200 18233 "-" "Mozilla/5.0 (Linux; U; Android 4.4.2; en-US; HM NOTE 1W Build/KOT49H) AppleWebKit/534.30 (KHTML, like Gecko) Version/4.0 UCBrowser/11.0.5.850 U3/0.8.0 Mobile Safari/534.30"
66.220.149.11 - - [16/Sep/2025:12:00:16 -0400] "GET /?p=6658 HTTP/1.1" 200 35500 "-" "facebookexternalhit/1.1 (+http://www.facebook.com/externalhit_uatext.php)"
66.220.149.60 - - [16/Sep/2025:12:00:17 -0400] "GET /?p=6658 HTTP/1.1" 200 35500 "-" "facebookexternalhit/1.1 (+http://www.facebook.com/externalhit_uatext.php)"
114.119.155.96 - - [16/Sep/2025:12:00:22 -0400] "GET /?m=2021&paged=66 HTTP/1.1" 200 19016 "https://sada-now.com/?m=2021&paged=67" "Mozilla/5.0 (Linux; Android 7.0;) AppleWebKit/537.36 (KHTML, like Gecko) Mobile Safari/537.36 (compatible; PetalBot;+https://webmaster.petalsearch.com/site/petalbot)"
31.13.127.5 - - [16/Sep/2025:12:00:26 -0400] "GET /wp-content/uploads/2025/07/FB_IMG_1752171982638-1.jpg HTTP/1.1" 200 338853 "-" "facebookexternalhit/1.1 (+http://www.facebook.com/externalhit_uatext.php)"
51.255.78.220 - - [16/Sep/2025:12:00:28 -0400] "GET / HTTP/1.1" 200 94721 "-" "Mozilla/5.0 (Windows; U; Windows NT 5.2; en-US; rv:1.8.1.7) Gecko/20070914 Firefox/2.0.0.7"
51.255.78.220 - - [16/Sep/2025:12:00:30 -0400] "GET // HTTP/1.1" 301 0 "-" "Mozilla/5.0 (Windows; U; Windows NT 5.2; en-US; rv:1.8.1.7) Gecko/20070914 Firefox/2.0.0.7"
51.255.78.220 - - [16/Sep/2025:12:00:30 -0400] "GET / HTTP/1.1" 200 94721 "https://sada-now.com//" "Mozilla/5.0 (Windows; U; Windows NT 5.2; en-US; rv:1.8.1.7) Gecko/20070914 Firefox/2.0.0.7"
114.119.143.207 - - [16/Sep/2025:12:01:07 -0400] "GET /?p=405 HTTP/1.1" 200 15839 "https://sada-now.com?paged=60&author=1" "Mozilla/5.0 (Linux; Android 7.0;) AppleWebKit/537.36 (KHTML, like Gecko) Mobile Safari/537.36 (compatible; PetalBot;+https://webmaster.petalsearch.com/site/petalbot)"
66.249.65.100 - - [16/Sep/2025:12:01:15 -0400] "GET /?p=5844 HTTP/1.1" 200 13808 "-" "Mozilla/5.0 (Linux; Android 6.0.1; Nexus 5X Build/MMB29P) AppleWebKit/537.36 (KHTML, like Gecko) Chrome/140.0.7339.127 Mobile Safari/537.36 (compatible; GoogleOther)"
66.249.65.100 - - [16/Sep/2025:12:01:17 -0400] "GET /wp-admin/admin-ajax.php?postviews_id=5844&action=postviews&_=1757376000000 HTTP/1.1" 200 6 "https://sada-now.com/?p=5844" "Mozilla/5.0 (Linux; Android 6.0.1; Nexus 5X Build/MMB29P) AppleWebKit/537.36 (KHTML, like Gecko) Chrome/139.0.7258.127 Mobile Safari/537.36 (compatible; Googlebot/2.1; +http://www.google.com/bot.html)"
51.255.78.220 - - [16/Sep/2025:12:01:34 -0400] "GET / HTTP/1.1" 200 94721 "-" "Mozilla/5.0 (Windows; U; Windows NT 5.2; en-US; rv:1.8.1.7) Gecko/20070914 Firefox/2.0.0.7"
51.255.78.220 - - [16/Sep/2025:12:01:35 -0400] "GET // HTTP/1.1" 301 0 "-" "Mozilla/5.0 (Windows; U; Windows NT 5.2; en-US; rv:1.8.1.7) Gecko/20070914 Firefox/2.0.0.7"
51.255.78.220 - - [16/Sep/2025:12:01:36 -0400] "GET / HTTP/1.1" 200 94721 "https://sada-now.com//" "Mozilla/5.0 (Windows; U; Windows NT 5.2; en-US; rv:1.8.1.7) Gecko/20070914 Firefox/2.0.0.7"
114.119.140.137 - - [16/Sep/2025:12:01:43 -0400] "GET /?m=2020&paged=38 HTTP/1.1" 200 18140 "https://sada-now.com/?m=2020&paged=38" "Mozilla/5.0 (Linux; Android 7.0;) AppleWebKit/537.36 (KHTML, like Gecko) Mobile Safari/537.36 (compatible; PetalBot;+https://webmaster.petalsearch.com/site/petalbot)"
209.85.238.35 - - [16/Sep/2025:12:02:25 -0400] "GET /?page_id=3 HTTP/1.1" 200 11047 "-" "Mozilla/5.0 (Macintosh; Intel Mac OS X 10_7_3) AppleWebKit/537.36 (KHTML, like Gecko, Mediapartners-Google) Chrome/139.0.7258.127 Safari/537.36"
51.255.78.220 - - [16/Sep/2025:12:02:29 -0400] "GET / HTTP/1.1" 200 94721 "-" "Mozilla/5.0 (Windows; U; Windows NT 5.2; en-US; rv:1.8.1.7) Gecko/20070914 Firefox/2.0.0.7"
51.255.78.220 - - [16/Sep/2025:12:02:30 -0400] "GET // HTTP/1.1" 301 0 "-" "Mozilla/5.0 (Windows; U; Windows NT 5.2; en-US; rv:1.8.1.7) Gecko/20070914 Firefox/2.0.0.7"
51.255.78.220 - - [16/Sep/2025:12:02:30 -0400] "GET / HTTP/1.1" 200 94721 "https://sada-now.com//" "Mozilla/5.0 (Windows; U; Windows NT 5.2; en-US; rv:1.8.1.7) Gecko/20070914 Firefox/2.0.0.7"
52.225.75.218 - - [16/Sep/2025:12:03:00 -0400] "GET /?p=5370 HTTP/1.1" 200 29423 "-" "Mozilla/5.0 AppleWebKit/537.36 (KHTML, like Gecko); compatible; ChatGPT-User/1.0; +https://openai.com/bot"
52.225.75.218 - - [16/Sep/2025:12:03:00 -0400] "GET / HTTP/1.1" 200 15236 "-" "Mozilla/5.0 AppleWebKit/537.36 (KHTML, like Gecko); compatible; ChatGPT-User/1.0; +https://openai.com/bot"
51.255.78.220 - - [16/Sep/2025:12:04:20 -0400] "GET / HTTP/1.1" 200 94721 "-" "Mozilla/5.0 (Windows; U; Windows NT 5.2; en-US; rv:1.8.1.7) Gecko/20070914 Firefox/2.0.0.7"
51.255.78.220 - - [16/Sep/2025:12:04:21 -0400] "GET // HTTP/1.1" 301 0 "-" "Mozilla/5.0 (Windows; U; Windows NT 5.2; en-US; rv:1.8.1.7) Gecko/20070914 Firefox/2.0.0.7"
51.255.78.220 - - [16/Sep/2025:12:04:22 -0400] "GET / HTTP/1.1" 200 94721 "https://sada-now.com//" "Mozilla/5.0 (Windows; U; Windows NT 5.2; en-US; rv:1.8.1.7) Gecko/20070914 Firefox/2.0.0.7"
66.249.65.101 - - [16/Sep/2025:12:04:22 -0400] "GET /28647265073 HTTP/1.1" 404 1251 "-" "Mozilla/5.0 (Linux; Android 6.0.1; Nexus 5X Build/MMB29P) AppleWebKit/537.36 (KHTML, like Gecko) Chrome/140.0.7339.127 Mobile Safari/537.36 (compatible; GoogleOther)"
2.90.144.191 - - [16/Sep/2025:12:04:36 -0400] "GET /wp-content/uploads/2022/05/FB_IMG_1652217956863.jpg HTTP/1.1" 200 90121 "https://www.bing.com/" "Mozilla/5.0 (iPhone; CPU iPhone OS 18_3_2 like Mac OS X) AppleWebKit/605.1.15 (KHTML, like Gecko) Version/18.3.1 Mobile/15E148 Safari/604.1"
216.73.216.118 - - [16/Sep/2025:12:05:05 -0400] "GET /robots.txt HTTP/1.1" 200 92 "-" "Mozilla/5.0 AppleWebKit/537.36 (KHTML, like Gecko; compatible; ClaudeBot/1.0; +claudebot@anthropic.com)"
162.0.235.180 - - [16/Sep/2025:12:05:06 -0400] "POST /wp-cron.php?doing_wp_cron=1758038706.0066189765930175781250 HTTP/1.1" 200 0 "-" "WordPress/6.8.2; https://sada-now.com"
216.73.216.118 - - [16/Sep/2025:12:05:05 -0400] "GET /?p=414 HTTP/1.1" 200 14608 "-" "Mozilla/5.0 AppleWebKit/537.36 (KHTML, like Gecko; compatible; ClaudeBot/1.0; +claudebot@anthropic.com)"
51.255.78.220 - - [16/Sep/2025:12:05:30 -0400] "GET / HTTP/1.1" 200 94721 "-" "Mozilla/5.0 (Windows; U; Windows NT 5.2; en-US; rv:1.8.1.7) Gecko/20070914 Firefox/2.0.0.7"
51.255.78.220 - - [16/Sep/2025:12:05:31 -0400] "GET // HTTP/1.1" 301 0 "-" "Mozilla/5.0 (Windows; U; Windows NT 5.2; en-US; rv:1.8.1.7) Gecko/20070914 Firefox/2.0.0.7"
51.255.78.220 - - [16/Sep/2025:12:05:32 -0400] "GET / HTTP/1.1" 200 94721 "https://sada-now.com//" "Mozilla/5.0 (Windows; U; Windows NT 5.2; en-US; rv:1.8.1.7) Gecko/20070914 Firefox/2.0.0.7"
162.0.235.180 - - [16/Sep/2025:12:07:38 -0400] "POST /wp-cron.php?doing_wp_cron=1758038858.9764690399169921875000 HTTP/1.1" 200 0 "-" "WordPress/6.8.2; https://sada-now.com"
51.255.78.220 - - [16/Sep/2025:12:07:37 -0400] "GET / HTTP/1.1" 200 94721 "-" "Mozilla/5.0 (Windows; U; Windows NT 5.2; en-US; rv:1.8.1.7) Gecko/20070914 Firefox/2.0.0.7"
51.255.78.220 - - [16/Sep/2025:12:07:40 -0400] "GET // HTTP/1.1" 301 0 "-" "Mozilla/5.0 (Windows; U; Windows NT 5.2; en-US; rv:1.8.1.7) Gecko/20070914 Firefox/2.0.0.7"
51.255.78.220 - - [16/Sep/2025:12:07:40 -0400] "GET / HTTP/1.1" 200 94721 "https://sada-now.com//" "Mozilla/5.0 (Windows; U; Windows NT 5.2; en-US; rv:1.8.1.7) Gecko/20070914 Firefox/2.0.0.7"
51.255.78.220 - - [16/Sep/2025:12:08:34 -0400] "GET / HTTP/1.1" 200 94721 "-" "Mozilla/5.0 (Windows; U; Windows NT 5.2; en-US; rv:1.8.1.7) Gecko/20070914 Firefox/2.0.0.7"
51.255.78.220 - - [16/Sep/2025:12:08:35 -0400] "GET // HTTP/1.1" 301 0 "-" "Mozilla/5.0 (Windows; U; Windows NT 5.2; en-US; rv:1.8.1.7) Gecko/20070914 Firefox/2.0.0.7"
51.255.78.220 - - [16/Sep/2025:12:08:35 -0400] "GET / HTTP/1.1" 200 94721 "https://sada-now.com//" "Mozilla/5.0 (Windows; U; Windows NT 5.2; en-US; rv:1.8.1.7) Gecko/20070914 Firefox/2.0.0.7"
51.255.78.220 - - [16/Sep/2025:12:09:30 -0400] "GET / HTTP/1.1" 200 94721 "-" "Mozilla/5.0 (Windows; U; Windows NT 5.2; en-US; rv:1.8.1.7) Gecko/20070914 Firefox/2.0.0.7"
51.255.78.220 - - [16/Sep/2025:12:09:32 -0400] "GET // HTTP/1.1" 301 0 "-" "Mozilla/5.0 (Windows; U; Windows NT 5.2; en-US; rv:1.8.1.7) Gecko/20070914 Firefox/2.0.0.7"
51.255.78.220 - - [16/Sep/2025:12:09:32 -0400] "GET / HTTP/1.1" 200 94721 "https://sada-now.com//" "Mozilla/5.0 (Windows; U; Windows NT 5.2; en-US; rv:1.8.1.7) Gecko/20070914 Firefox/2.0.0.7"
47.128.16.239 - - [16/Sep/2025:12:09:46 -0400] "GET / HTTP/1.1" 200 15485 "-" "Mozilla/5.0 (Linux; Android 5.0) AppleWebKit/537.36 (KHTML, like Gecko) Mobile Safari/537.36 (compatible; Bytespider; spider-feedback@bytedance.com)"
47.128.16.239 - - [16/Sep/2025:12:09:49 -0400] "GET /wp-content/themes/sahifa/style.css HTTP/1.1" 200 34984 "https://sada-now.com/" "Mozilla/5.0 (Linux; Android 5.0) AppleWebKit/537.36 (KHTML, like Gecko) Mobile Safari/537.36 (compatible; Bytespider; spider-feedback@bytedance.com)"
47.128.16.239 - - [16/Sep/2025:12:09:49 -0400] "GET /wp-content/themes/sahifa/css/ilightbox/dark-skin/skin.css HTTP/1.1" 200 1196 "https://sada-now.com/" "Mozilla/5.0 (Linux; Android 5.0) AppleWebKit/537.36 (KHTML, like Gecko) Mobile Safari/537.36 (compatible; Bytespider; spider-feedback@bytedance.com)"
47.128.16.239 - - [16/Sep/2025:12:09:49 -0400] "GET /wp-includes/css/dist/block-library/style-rtl.min.css HTTP/1.1" 200 14312 "https://sada-now.com/" "Mozilla/5.0 (Linux; Android 5.0) AppleWebKit/537.36 (KHTML, like Gecko) Mobile Safari/537.36 (compatible; Bytespider; spider-feedback@bytedance.com)"
47.128.16.239 - - [16/Sep/2025:12:09:49 -0400] "GET /wp-content/themes/sahifa/rtl.css HTTP/1.1" 200 3537 "https://sada-now.com/" "Mozilla/5.0 (Linux; Android 5.0) AppleWebKit/537.36 (KHTML, like Gecko) Mobile Safari/537.36 (compatible; Bytespider; spider-feedback@bytedance.com)"
47.128.16.239 - - [16/Sep/2025:12:09:50 -0400] "GET /wp-content/uploads/2025/09/doc-73kt2pj-1757166322-300x200.webp HTTP/1.1" 206 500 "https://sada-now.com/" "Mozilla/5.0 (Linux; Android 5.0) AppleWebKit/537.36 (KHTML, like Gecko) Mobile Safari/537.36 (compatible; Bytespider; spider-feedback@bytedance.com)"
47.128.16.239 - - [16/Sep/2025:12:09:50 -0400] "GET /wp-content/uploads/2025/09/284281-300x196.jpg HTTP/1.1" 206 500 "https://sada-now.com/" "Mozilla/5.0 (Linux; Android 5.0) AppleWebKit/537.36 (KHTML, like Gecko) Mobile Safari/537.36 (compatible; Bytespider; spider-feedback@bytedance.com)"
47.128.16.239 - - [16/Sep/2025:12:09:50 -0400] "GET /wp-content/themes/sahifa/images/stripe.png HTTP/1.1" 206 93 "https://sada-now.com/wp-content/themes/sahifa/style.css" "Mozilla/5.0 (Linux; Android 5.0) AppleWebKit/537.36 (KHTML, like Gecko) Mobile Safari/537.36 (compatible; Bytespider; spider-feedback@bytedance.com)"
47.128.16.239 - - [16/Sep/2025:12:09:50 -0400] "GET /wp-content/uploads/2025/09/7461e2cf-7845-4b8b-92fc-889577cd80c0-300x200.jpeg HTTP/1.1" 206 500 "https://sada-now.com/" "Mozilla/5.0 (Linux; Android 5.0) AppleWebKit/537.36 (KHTML, like Gecko) Mobile Safari/537.36 (compatible; Bytespider; spider-feedback@bytedance.com)"
47.128.16.239 - - [16/Sep/2025:12:09:50 -0400] "GET /wp-content/themes/sahifa/images/patterns/body-bg7.png HTTP/1.1" 206 500 "https://sada-now.com/wp-content/themes/sahifa/style.css" "Mozilla/5.0 (Linux; Android 5.0) AppleWebKit/537.36 (KHTML, like Gecko) Mobile Safari/537.36 (compatible; Bytespider; spider-feedback@bytedance.com)"
47.128.16.239 - - [16/Sep/2025:12:09:50 -0400] "GET /wp-content/uploads/2025/08/FB_IMG_1756146740794-300x225.jpg HTTP/1.1" 206 500 "https://sada-now.com/" "Mozilla/5.0 (Linux; Android 5.0) AppleWebKit/537.36 (KHTML, like Gecko) Mobile Safari/537.36 (compatible; Bytespider; spider-feedback@bytedance.com)"
47.128.16.239 - - [16/Sep/2025:12:09:50 -0400] "GET /wp-content/uploads/2025/09/%D8%B4%D8%B3%D9%8A%D8%B4%D8%B3%D8%B7%D8%B0%D8%B8%D9%803-1751887238-300x200.webp HTTP/1.1" 206 500 "https://sada-now.com/" "Mozilla/5.0 (Linux; Android 5.0) AppleWebKit/537.36 (KHTML, like Gecko) Mobile Safari/537.36 (compatible; Bytespider; spider-feedback@bytedance.com)"
47.128.16.239 - - [16/Sep/2025:12:09:50 -0400] "GET /wp-content/uploads/2025/07/FB_IMG_1753222923765-300x270.jpg HTTP/1.1" 206 500 "https://sada-now.com/" "Mozilla/5.0 (Linux; Android 5.0) AppleWebKit/537.36 (KHTML, like Gecko) Mobile Safari/537.36 (compatible; Bytespider; spider-feedback@bytedance.com)"
47.128.16.239 - - [16/Sep/2025:12:09:50 -0400] "GET /wp-content/uploads/2025/08/FB_IMG_1756052735952-300x200.jpg HTTP/1.1" 206 500 "https://sada-now.com/" "Mozilla/5.0 (Linux; Android 5.0) AppleWebKit/537.36 (KHTML, like Gecko) Mobile Safari/537.36 (compatible; Bytespider; spider-feedback@bytedance.com)"
216.73.216.118 - - [16/Sep/2025:12:09:58 -0400] "GET /?p=6355 HTTP/1.1" 200 17241 "-" "Mozilla/5.0 AppleWebKit/537.36 (KHTML, like Gecko; compatible; ClaudeBot/1.0; +claudebot@anthropic.com)"
51.255.78.220 - - [16/Sep/2025:12:10:23 -0400] "GET / HTTP/1.1" 200 94721 "-" "Mozilla/5.0 (Windows; U; Windows NT 5.2; en-US; rv:1.8.1.7) Gecko/20070914 Firefox/2.0.0.7"
51.255.78.220 - - [16/Sep/2025:12:10:25 -0400] "GET // HTTP/1.1" 301 0 "-" "Mozilla/5.0 (Windows; U; Windows NT 5.2; en-US; rv:1.8.1.7) Gecko/20070914 Firefox/2.0.0.7"
51.255.78.220 - - [16/Sep/2025:12:10:25 -0400] "GET / HTTP/1.1" 200 94721 "https://sada-now.com//" "Mozilla/5.0 (Windows; U; Windows NT 5.2; en-US; rv:1.8.1.7) Gecko/20070914 Firefox/2.0.0.7"
52.167.144.142 - - [16/Sep/2025:12:10:55 -0400] "GET /?s=2025 HTTP/1.1" 200 13606 "-" "Mozilla/5.0 AppleWebKit/537.36 (KHTML, like Gecko; compatible; bingbot/2.0; +http://www.bing.com/bingbot.htm) Chrome/116.0.1938.76 Safari/537.36"
51.255.78.220 - - [16/Sep/2025:12:11:33 -0400] "GET / HTTP/1.1" 200 94721 "-" "Mozilla/5.0 (Windows; U; Windows NT 5.2; en-US; rv:1.8.1.7) Gecko/20070914 Firefox/2.0.0.7"
51.255.78.220 - - [16/Sep/2025:12:11:34 -0400] "GET // HTTP/1.1" 301 0 "-" "Mozilla/5.0 (Windows; U; Windows NT 5.2; en-US; rv:1.8.1.7) Gecko/20070914 Firefox/2.0.0.7"
51.255.78.220 - - [16/Sep/2025:12:11:34 -0400] "GET / HTTP/1.1" 200 94721 "https://sada-now.com//" "Mozilla/5.0 (Windows; U; Windows NT 5.2; en-US; rv:1.8.1.7) Gecko/20070914 Firefox/2.0.0.7"
66.249.65.102 - - [16/Sep/2025:12:12:52 -0400] "GET /3869686437 HTTP/1.1" 404 1251 "-" "Mozilla/5.0 (Linux; Android 6.0.1; Nexus 5X Build/MMB29P) AppleWebKit/537.36 (KHTML, like Gecko) Chrome/140.0.7339.127 Mobile Safari/537.36 (compatible; GoogleOther)"
66.249.65.100 - - [16/Sep/2025:12:12:54 -0400] "GET /28647150434 HTTP/1.1" 404 1251 "-" "Mozilla/5.0 (Linux; Android 6.0.1; Nexus 5X Build/MMB29P) AppleWebKit/537.36 (KHTML, like Gecko) Chrome/140.0.7339.127 Mobile Safari/537.36 (compatible; GoogleOther)"
66.249.65.100 - - [16/Sep/2025:12:12:56 -0400] "GET /38969186792 HTTP/1.1" 404 1251 "-" "Mozilla/5.0 (Linux; Android 6.0.1; Nexus 5X Build/MMB29P) AppleWebKit/537.36 (KHTML, like Gecko) Chrome/140.0.7339.127 Mobile Safari/537.36 (compatible; GoogleOther)"
85.208.96.204 - - [16/Sep/2025:12:12:58 -0400] "GET /?p=939 HTTP/1.1" 200 17136 "-" "Mozilla/5.0 (compatible; SemrushBot/7~bl; +http://www.semrush.com/bot.html)"
51.255.78.220 - - [16/Sep/2025:12:13:25 -0400] "GET / HTTP/1.1" 200 94721 "-" "Mozilla/5.0 (Windows; U; Windows NT 5.2; en-US; rv:1.8.1.7) Gecko/20070914 Firefox/2.0.0.7"
51.255.78.220 - - [16/Sep/2025:12:13:26 -0400] "GET // HTTP/1.1" 301 0 "-" "Mozilla/5.0 (Windows; U; Windows NT 5.2; en-US; rv:1.8.1.7) Gecko/20070914 Firefox/2.0.0.7"
51.255.78.220 - - [16/Sep/2025:12:13:27 -0400] "GET / HTTP/1.1" 200 94721 "https://sada-now.com//" "Mozilla/5.0 (Windows; U; Windows NT 5.2; en-US; rv:1.8.1.7) Gecko/20070914 Firefox/2.0.0.7"
103.69.128.192 - - [16/Sep/2025:12:14:26 -0400] "GET /wp-login.php HTTP/1.1" 200 3189 "-" "GRequests/0.10"
103.69.128.192 - - [16/Sep/2025:12:14:27 -0400] "POST /wp-login.php HTTP/1.1" 200 3374 "-" "GRequests/0.10"
51.255.78.220 - - [16/Sep/2025:12:14:28 -0400] "GET / HTTP/1.1" 200 94721 "-" "Mozilla/5.0 (Windows; U; Windows NT 5.2; en-US; rv:1.8.1.7) Gecko/20070914 Firefox/2.0.0.7"
51.255.78.220 - - [16/Sep/2025:12:14:29 -0400] "GET // HTTP/1.1" 301 0 "-" "Mozilla/5.0 (Windows; U; Windows NT 5.2; en-US; rv:1.8.1.7) Gecko/20070914 Firefox/2.0.0.7"
51.255.78.220 - - [16/Sep/2025:12:14:29 -0400] "GET / HTTP/1.1" 200 94721 "https://sada-now.com//" "Mozilla/5.0 (Windows; U; Windows NT 5.2; en-US; rv:1.8.1.7) Gecko/20070914 Firefox/2.0.0.7"
51.255.78.220 - - [16/Sep/2025:12:15:45 -0400] "GET / HTTP/1.1" 200 94721 "-" "Mozilla/5.0 (Windows; U; Windows NT 5.2; en-US; rv:1.8.1.7) Gecko/20070914 Firefox/2.0.0.7"
51.255.78.220 - - [16/Sep/2025:12:15:47 -0400] "GET // HTTP/1.1" 301 0 "-" "Mozilla/5.0 (Windows; U; Windows NT 5.2; en-US; rv:1.8.1.7) Gecko/20070914 Firefox/2.0.0.7"
51.255.78.220 - - [16/Sep/2025:12:15:47 -0400] "GET / HTTP/1.1" 200 94721 "https://sada-now.com//" "Mozilla/5.0 (Windows; U; Windows NT 5.2; en-US; rv:1.8.1.7) Gecko/20070914 Firefox/2.0.0.7"
216.73.216.118 - - [16/Sep/2025:12:16:09 -0400] "GET /?p=853 HTTP/1.1" 200 13795 "-" "Mozilla/5.0 AppleWebKit/537.36 (KHTML, like Gecko; compatible; ClaudeBot/1.0; +claudebot@anthropic.com)"
51.255.78.220 - - [16/Sep/2025:12:16:50 -0400] "GET / HTTP/1.1" 200 94721 "-" "Mozilla/5.0 (Windows; U; Windows NT 5.2; en-US; rv:1.8.1.7) Gecko/20070914 Firefox/2.0.0.7"
51.255.78.220 - - [16/Sep/2025:12:16:51 -0400] "GET // HTTP/1.1" 301 0 "-" "Mozilla/5.0 (Windows; U; Windows NT 5.2; en-US; rv:1.8.1.7) Gecko/20070914 Firefox/2.0.0.7"
51.255.78.220 - - [16/Sep/2025:12:16:51 -0400] "GET / HTTP/1.1" 200 94721 "https://sada-now.com//" "Mozilla/5.0 (Windows; U; Windows NT 5.2; en-US; rv:1.8.1.7) Gecko/20070914 Firefox/2.0.0.7"
51.255.78.220 - - [16/Sep/2025:12:18:11 -0400] "GET / HTTP/1.1" 200 94721 "-" "Mozilla/5.0 (Windows; U; Windows NT 5.2; en-US; rv:1.8.1.7) Gecko/20070914 Firefox/2.0.0.7"
216.73.216.118 - - [16/Sep/2025:12:18:11 -0400] "GET /?page=142&paged=105 HTTP/1.1" 200 15529 "-" "Mozilla/5.0 AppleWebKit/537.36 (KHTML, like Gecko; compatible; ClaudeBot/1.0; +claudebot@anthropic.com)"
216.73.216.118 - - [16/Sep/2025:12:18:12 -0400] "GET /?p=1312 HTTP/1.1" 200 14178 "-" "Mozilla/5.0 AppleWebKit/537.36 (KHTML, like Gecko; compatible; ClaudeBot/1.0; +claudebot@anthropic.com)"
51.255.78.220 - - [16/Sep/2025:12:18:13 -0400] "GET // HTTP/1.1" 301 0 "-" "Mozilla/5.0 (Windows; U; Windows NT 5.2; en-US; rv:1.8.1.7) Gecko/20070914 Firefox/2.0.0.7"
