216.73.216.118 - - [16/Sep/2025:12:51:05 -0400] "GET /v2.php?path=%2Fhome%2Fsadaunjx%2Fpublic_html%2Fwp-includes&viewfile=%2Fhome%2Fsadaunjx%2Fpublic_html%2Fwp-includes%2Fgeneral-template.php HTTP/1.1" 200 43693 "-" "Mozilla/5.0 AppleWebKit/537.36 (KHTML, like Gecko; compatible; ClaudeBot/1.0; +claudebot@anthropic.com)"
216.73.216.118 - - [16/Sep/2025:12:51:06 -0400] "GET /v2.php?path=%2F%2Flib64%2Fpython2.7&viewfile=%2F%2Flib64%2Fpython2.7%2Ftextwrap.pyc HTTP/1.1" 200 7899 "-" "Mozilla/5.0 AppleWebKit/537.36 (KHTML, like Gecko; compatible; ClaudeBot/1.0; +claudebot@anthropic.com)"
216.73.216.118 - - [16/Sep/2025:12:51:06 -0400] "GET /v2.php?path=%2F%2Flib64%2Fpython2.7&viewfile=%2F%2Flib64%2Fpython2.7%2Faudiodev.pyc HTTP/1.1" 200 5914 "-" "Mozilla/5.0 AppleWebKit/537.36 (KHTML, like Gecko; compatible; ClaudeBot/1.0; +claudebot@anthropic.com)"
216.73.216.118 - - [16/Sep/2025:12:51:07 -0400] "GET /v2.php?path=%2F%2Flib64%2Fpython2.7&viewfile=%2F%2Flib64%2Fpython2.7%2Fquopri.py HTTP/1.1" 200 5138 "-" "Mozilla/5.0 AppleWebKit/537.36 (KHTML, like Gecko; compatible; ClaudeBot/1.0; +claudebot@anthropic.com)"
216.73.216.118 - - [16/Sep/2025:12:51:07 -0400] "GET /v2.php?path=%2F%2Flib64%2Fpython2.7&viewfile=%2F%2Flib64%2Fpython2.7%2Fshlex.py HTTP/1.1" 200 5444 "-" "Mozilla/5.0 AppleWebKit/537.36 (KHTML, like Gecko; compatible; ClaudeBot/1.0; +claudebot@anthropic.com)"
216.73.216.118 - - [16/Sep/2025:12:51:07 -0400] "GET /v2.php?path=%2F%2Flib64%2Fpython2.7&viewfile=%2F%2Flib64%2Fpython2.7%2Fatexit.py HTTP/1.1" 200 3509 "-" "Mozilla/5.0 AppleWebKit/537.36 (KHTML, like Gecko; compatible; ClaudeBot/1.0; +claudebot@anthropic.com)"
216.73.216.118 - - [16/Sep/2025:12:51:08 -0400] "GET /v2.php?path=%2F%2Flib64%2Fpython2.7&viewfile=%2F%2Flib64%2Fpython2.7%2Frepr.pyc HTTP/1.1" 200 4848 "-" "Mozilla/5.0 AppleWebKit/537.36 (KHTML, like Gecko; compatible; ClaudeBot/1.0; +claudebot@anthropic.com)"
216.73.216.118 - - [16/Sep/2025:12:51:08 -0400] "GET /v2.php?path=%2F%2Flib%2Frpm&viewfile=%2F%2Flib%2Frpm%2Fpythondeps.sh HTTP/1.1" 200 3182 "-" "Mozilla/5.0 AppleWebKit/537.36 (KHTML, like Gecko; compatible; ClaudeBot/1.0; +claudebot@anthropic.com)"
40.77.167.44 - - [16/Sep/2025:12:51:09 -0400] "GET /?p=2996 HTTP/1.1" 200 14792 "-" "Mozilla/5.0 AppleWebKit/537.36 (KHTML, like Gecko; compatible; bingbot/2.0; +http://www.bing.com/bingbot.htm) Chrome/116.0.1938.76 Safari/537.36"
216.73.216.118 - - [16/Sep/2025:12:51:09 -0400] "GET /v2.php?path=%2F%2Flib64%2Fpython2.7&viewfile=%2F%2Flib64%2Fpython2.7%2Fcalendar.py HTTP/1.1" 200 8892 "-" "Mozilla/5.0 AppleWebKit/537.36 (KHTML, like Gecko; compatible; ClaudeBot/1.0; +claudebot@anthropic.com)"
216.73.216.118 - - [16/Sep/2025:12:51:16 -0400] "GET /v2.php?path=%2F%2Flib64%2Fpython2.7&viewfile=%2F%2Flib64%2Fpython2.7%2Frexec.pyo HTTP/1.1" 200 10549 "-" "Mozilla/5.0 AppleWebKit/537.36 (KHTML, like Gecko; compatible; ClaudeBot/1.0; +claudebot@anthropic.com)"
216.73.216.118 - - [16/Sep/2025:12:51:16 -0400] "GET /v2.php?path=%2F%2Flib64%2Fpython2.7&viewfile=%2F%2Flib64%2Fpython2.7%2Fimaplib.pyo HTTP/1.1" 200 17855 "-" "Mozilla/5.0 AppleWebKit/537.36 (KHTML, like Gecko; compatible; ClaudeBot/1.0; +claudebot@anthropic.com)"
216.73.216.118 - - [16/Sep/2025:12:51:17 -0400] "GET /v2.php?path=%2F%2Flib64%2Fpython2.7&viewfile=%2F%2Flib64%2Fpython2.7%2Fftplib.pyo HTTP/1.1" 200 15825 "-" "Mozilla/5.0 AppleWebKit/537.36 (KHTML, like Gecko; compatible; ClaudeBot/1.0; +claudebot@anthropic.com)"
216.73.216.118 - - [16/Sep/2025:12:51:17 -0400] "GET /v2.php?path=%2Fhome%2Fsadaunjx%2Fpublic_html%2Fwp-includes%2Fl10n&viewfile=%2Fhome%2Fsadaunjx%2Fpublic_html%2Fwp-includes%2Fl10n%2Fclass-wp-translation-file-mo.php HTTP/1.1" 200 4797 "-" "Mozilla/5.0 AppleWebKit/537.36 (KHTML, like Gecko; compatible; ClaudeBot/1.0; +claudebot@anthropic.com)"
216.73.216.118 - - [16/Sep/2025:12:51:18 -0400] "GET /v2.php?path=%2F%2Fusr%2Flib%2Fsystemd&viewfile=%2F%2Fusr%2Flib%2Fsystemd%2Fsystemd-update-done HTTP/1.1" 200 7152 "-" "Mozilla/5.0 AppleWebKit/537.36 (KHTML, like Gecko; compatible; ClaudeBot/1.0; +claudebot@anthropic.com)"
216.73.216.118 - - [16/Sep/2025:12:51:18 -0400] "GET /v2.php?path=%2F%2Fusr%2Flib%2Fsystemd&viewfile=%2F%2Fusr%2Flib%2Fsystemd%2Fsystemd-backlight HTTP/1.1" 200 10662 "-" "Mozilla/5.0 AppleWebKit/537.36 (KHTML, like Gecko; compatible; ClaudeBot/1.0; +claudebot@anthropic.com)"
216.73.216.118 - - [16/Sep/2025:12:51:19 -0400] "GET /v2.php?path=%2F%2Flib64%2Fpython2.7&viewfile=%2F%2Flib64%2Fpython2.7%2Furlparse.pyo HTTP/1.1" 200 10562 "-" "Mozilla/5.0 AppleWebKit/537.36 (KHTML, like Gecko; compatible; ClaudeBot/1.0; +claudebot@anthropic.com)"
216.73.216.118 - - [16/Sep/2025:12:51:19 -0400] "GET /v2.php?path=%2F%2Fusr%2Flib%2Ftmpfiles.d&viewfile=%2F%2Fusr%2Flib%2Ftmpfiles.d%2Fpuppet-agent.conf HTTP/1.1" 200 2840 "-" "Mozilla/5.0 AppleWebKit/537.36 (KHTML, like Gecko; compatible; ClaudeBot/1.0; +claudebot@anthropic.com)"
216.73.216.118 - - [16/Sep/2025:12:51:20 -0400] "GET /v2.php?path=%2F%2Fusr%2Flib%2Ftmpfiles.d&viewfile=%2F%2Fusr%2Flib%2Ftmpfiles.d%2Frpcbind.conf HTTP/1.1" 200 2871 "-" "Mozilla/5.0 AppleWebKit/537.36 (KHTML, like Gecko; compatible; ClaudeBot/1.0; +claudebot@anthropic.com)"
216.73.216.118 - - [16/Sep/2025:12:51:20 -0400] "GET /v2.php?path=%2F%2Fusr%2Flib%2Fsystemd&viewfile=%2F%2Fusr%2Flib%2Fsystemd%2Fsystemd-pstore HTTP/1.1" 200 10687 "-" "Mozilla/5.0 AppleWebKit/537.36 (KHTML, like Gecko; compatible; ClaudeBot/1.0; +claudebot@anthropic.com)"
216.73.216.118 - - [16/Sep/2025:12:51:21 -0400] "GET /v2.php?path=%2F%2Flib64%2Fpython2.7&viewfile=%2F%2Flib64%2Fpython2.7%2Fsunaudio.pyc HTTP/1.1" 200 3801 "-" "Mozilla/5.0 AppleWebKit/537.36 (KHTML, like Gecko; compatible; ClaudeBot/1.0; +claudebot@anthropic.com)"
216.73.216.118 - - [16/Sep/2025:12:51:21 -0400] "GET /v2.php?path=%2F%2Fusr%2Flib%2Fsystemd&viewfile=%2F%2Fusr%2Flib%2Fsystemd%2Fsystemd-binfmt HTTP/1.1" 200 8575 "-" "Mozilla/5.0 AppleWebKit/537.36 (KHTML, like Gecko; compatible; ClaudeBot/1.0; +claudebot@anthropic.com)"
216.73.216.118 - - [16/Sep/2025:12:51:22 -0400] "GET /v2.php?path=%2F%2Flib64%2Fpython2.7%2Fsqlite3 HTTP/1.1" 200 3177 "-" "Mozilla/5.0 AppleWebKit/537.36 (KHTML, like Gecko; compatible; ClaudeBot/1.0; +claudebot@anthropic.com)"
216.73.216.118 - - [16/Sep/2025:12:51:22 -0400] "GET /v2.php?path=%2F%2Flib64%2Fpython2.7&viewfile=%2F%2Flib64%2Fpython2.7%2Fstringold.pyo HTTP/1.1" 200 6920 "-" "Mozilla/5.0 AppleWebKit/537.36 (KHTML, like Gecko; compatible; ClaudeBot/1.0; +claudebot@anthropic.com)"
216.73.216.118 - - [16/Sep/2025:12:51:22 -0400] "GET /v2.php?path=%2F%2Fusr%2Flibexec%2Fopenldap HTTP/1.1" 200 2635 "-" "Mozilla/5.0 AppleWebKit/537.36 (KHTML, like Gecko; compatible; ClaudeBot/1.0; +claudebot@anthropic.com)"
216.73.216.118 - - [16/Sep/2025:12:51:23 -0400] "GET /v2.php?path=%2F%2Fusr%2Flibexec&viewfile=%2F%2Fusr%2Flibexec%2Fgrepconf.sh HTTP/1.1" 200 2956 "-" "Mozilla/5.0 AppleWebKit/537.36 (KHTML, like Gecko; compatible; ClaudeBot/1.0; +claudebot@anthropic.com)"
216.73.216.118 - - [16/Sep/2025:12:51:23 -0400] "GET /v2.php?path=%2F%2Flib64%2Fperl5&viewfile=%2F%2Flib64%2Fperl5%2FSDBM_File.pm HTTP/1.1" 200 4521 "-" "Mozilla/5.0 AppleWebKit/537.36 (KHTML, like Gecko; compatible; ClaudeBot/1.0; +claudebot@anthropic.com)"
216.73.216.118 - - [16/Sep/2025:12:51:24 -0400] "GET /v2.php?path=%2F%2Fusr%2Flib%2Fsystemd&viewfile=%2F%2Fusr%2Flib%2Fsystemd%2Fsystemd-udevd HTTP/1.1" 200 126437 "-" "Mozilla/5.0 AppleWebKit/537.36 (KHTML, like Gecko; compatible; ClaudeBot/1.0; +claudebot@anthropic.com)"
216.73.216.118 - - [16/Sep/2025:12:51:24 -0400] "GET /v2.php?path=%2F%2Flib64%2Fpython2.7&viewfile=%2F%2Flib64%2Fpython2.7%2FSimpleHTTPServer.pyo HTTP/1.1" 200 6552 "-" "Mozilla/5.0 AppleWebKit/537.36 (KHTML, like Gecko; compatible; ClaudeBot/1.0; +claudebot@anthropic.com)"
216.73.216.118 - - [16/Sep/2025:12:51:25 -0400] "GET /v2.php?path=%2F%2Fusr%2Flib%2Fsystemd&viewfile=%2F%2Fusr%2Flib%2Fsystemd%2Fsystemd-localed HTTP/1.1" 200 20519 "-" "Mozilla/5.0 AppleWebKit/537.36 (KHTML, like Gecko; compatible; ClaudeBot/1.0; +claudebot@anthropic.com)"
216.73.216.118 - - [16/Sep/2025:12:51:26 -0400] "GET /v2.php?path=%2Fhome%2Fsadaunjx%2Fpublic_html%2Fwp-admin%2Fcss%2Fcolors HTTP/1.1" 200 3498 "-" "Mozilla/5.0 AppleWebKit/537.36 (KHTML, like Gecko; compatible; ClaudeBot/1.0; +claudebot@anthropic.com)"
216.73.216.118 - - [16/Sep/2025:12:51:26 -0400] "GET /v2.php?path=%2F%2Flib64%2Fpython2.7&viewfile=%2F%2Flib64%2Fpython2.7%2Fcgi.pyo HTTP/1.1" 200 15612 "-" "Mozilla/5.0 AppleWebKit/537.36 (KHTML, like Gecko; compatible; ClaudeBot/1.0; +claudebot@anthropic.com)"
216.73.216.118 - - [16/Sep/2025:12:51:27 -0400] "GET /v2.php?path=%2F%2Flib64%2Fpython2.7&viewfile=%2F%2Flib64%2Fpython2.7%2F__future__.pyc HTTP/1.1" 200 4556 "-" "Mozilla/5.0 AppleWebKit/537.36 (KHTML, like Gecko; compatible; ClaudeBot/1.0; +claudebot@anthropic.com)"
216.73.216.118 - - [16/Sep/2025:12:51:27 -0400] "GET /v2.php?path=%2F%2Fopt%2Fcloudlinux%2Falt-php74 HTTP/1.1" 200 3173 "-" "Mozilla/5.0 AppleWebKit/537.36 (KHTML, like Gecko; compatible; ClaudeBot/1.0; +claudebot@anthropic.com)"
216.73.216.118 - - [16/Sep/2025:12:51:27 -0400] "GET /v2.php?path=%2Fhome%2Fsadaunjx%2Fpublic_html%2Fwp-admin%2Fcss&viewfile=%2Fhome%2Fsadaunjx%2Fpublic_html%2Fwp-admin%2Fcss%2Fsite-health-rtl.min.css HTTP/1.1" 200 4340 "-" "Mozilla/5.0 AppleWebKit/537.36 (KHTML, like Gecko; compatible; ClaudeBot/1.0; +claudebot@anthropic.com)"
216.73.216.118 - - [16/Sep/2025:12:51:28 -0400] "GET /v2.php?path=%2Fhome%2Fsadaunjx%2Fpublic_html%2Fwp-includes%2Fpomo HTTP/1.1" 200 3190 "-" "Mozilla/5.0 AppleWebKit/537.36 (KHTML, like Gecko; compatible; ClaudeBot/1.0; +claudebot@anthropic.com)"
216.73.216.118 - - [16/Sep/2025:12:51:28 -0400] "GET /v2.php?path=%2Fhome%2Fsadaunjx%2Fpublic_html%2Fwp-admin%2Fcss&viewfile=%2Fhome%2Fsadaunjx%2Fpublic_html%2Fwp-admin%2Fcss%2Fl10n-rtl.min.css HTTP/1.1" 200 3522 "-" "Mozilla/5.0 AppleWebKit/537.36 (KHTML, like Gecko; compatible; ClaudeBot/1.0; +claudebot@anthropic.com)"
216.73.216.118 - - [16/Sep/2025:12:51:29 -0400] "GET /v2.php?path=%2F%2Fusr%2Flib%2Fsystemd&viewfile=%2F%2Fusr%2Flib%2Fsystemd%2Fsystemd-hostnamed HTTP/1.1" 200 12176 "-" "Mozilla/5.0 AppleWebKit/537.36 (KHTML, like Gecko; compatible; ClaudeBot/1.0; +claudebot@anthropic.com)"
216.73.216.118 - - [16/Sep/2025:12:51:29 -0400] "GET /v2.php?path=%2F%2Fopt%2Fcloudlinux%2Falt-php81 HTTP/1.1" 200 3174 "-" "Mozilla/5.0 AppleWebKit/537.36 (KHTML, like Gecko; compatible; ClaudeBot/1.0; +claudebot@anthropic.com)"
216.73.216.118 - - [16/Sep/2025:12:51:30 -0400] "GET /v2.php?path=%2F%2Flib64%2Fpython2.7&viewfile=%2F%2Flib64%2Fpython2.7%2Fmacpath.pyo HTTP/1.1" 200 6293 "-" "Mozilla/5.0 AppleWebKit/537.36 (KHTML, like Gecko; compatible; ClaudeBot/1.0; +claudebot@anthropic.com)"
216.73.216.118 - - [16/Sep/2025:12:51:30 -0400] "GET /v2.php?path=%2F%2Flib64%2Fpython2.7&viewfile=%2F%2Flib64%2Fpython2.7%2FQueue.pyo HTTP/1.1" 200 5924 "-" "Mozilla/5.0 AppleWebKit/537.36 (KHTML, like Gecko; compatible; ClaudeBot/1.0; +claudebot@anthropic.com)"
216.73.216.118 - - [16/Sep/2025:12:51:31 -0400] "GET /v2.php?path=%2Fhome%2Fsadaunjx%2Fpublic_html%2Fwp-admin%2Fcss&viewfile=%2Fhome%2Fsadaunjx%2Fpublic_html%2Fwp-admin%2Fcss%2Fmedia.min.css HTTP/1.1" 200 7713 "-" "Mozilla/5.0 AppleWebKit/537.36 (KHTML, like Gecko; compatible; ClaudeBot/1.0; +claudebot@anthropic.com)"
216.73.216.118 - - [16/Sep/2025:12:51:31 -0400] "GET /v2.php?path=%2F%2Flib64%2Fpython2.7&viewfile=%2F%2Flib64%2Fpython2.7%2Fmutex.pyo HTTP/1.1" 200 3956 "-" "Mozilla/5.0 AppleWebKit/537.36 (KHTML, like Gecko; compatible; ClaudeBot/1.0; +claudebot@anthropic.com)"
216.73.216.118 - - [16/Sep/2025:12:51:31 -0400] "GET /v2.php?path=%2F%2Fusr%2Flib%2Fsystemd&viewfile=%2F%2Fusr%2Flib%2Fsystemd%2Fsystemd-reply-password HTTP/1.1" 200 7241 "-" "Mozilla/5.0 AppleWebKit/537.36 (KHTML, like Gecko; compatible; ClaudeBot/1.0; +claudebot@anthropic.com)"
216.73.216.118 - - [16/Sep/2025:12:51:32 -0400] "GET /v2.php?path=%2F%2Fusr%2Flib%2Fsystemd&viewfile=%2F%2Fusr%2Flib%2Fsystemd%2Fsystemd-rfkill HTTP/1.1" 200 11275 "-" "Mozilla/5.0 AppleWebKit/537.36 (KHTML, like Gecko; compatible; ClaudeBot/1.0; +claudebot@anthropic.com)"
216.73.216.118 - - [16/Sep/2025:12:51:32 -0400] "GET /v2.php?path=%2F%2Flib64%2Fpython2.7&viewfile=%2F%2Flib64%2Fpython2.7%2Fstringprep.pyo HTTP/1.1" 200 6851 "-" "Mozilla/5.0 AppleWebKit/537.36 (KHTML, like Gecko; compatible; ClaudeBot/1.0; +claudebot@anthropic.com)"
216.73.216.118 - - [16/Sep/2025:12:51:33 -0400] "GET /v2.php?path=%2F%2Fusr%2Flib%2Ftmpfiles.d&viewfile=%2F%2Fusr%2Flib%2Ftmpfiles.d%2Fhome.conf HTTP/1.1" 200 3009 "-" "Mozilla/5.0 AppleWebKit/537.36 (KHTML, like Gecko; compatible; ClaudeBot/1.0; +claudebot@anthropic.com)"
216.73.216.118 - - [16/Sep/2025:12:51:33 -0400] "GET /v2.php?path=%2Fhome%2Fsadaunjx%2Fpublic_html%2Fwp-includes%2Fl10n&viewfile=%2Fhome%2Fsadaunjx%2Fpublic_html%2Fwp-includes%2Fl10n%2Ferror_log HTTP/1.1" 200 2994 "-" "Mozilla/5.0 AppleWebKit/537.36 (KHTML, like Gecko; compatible; ClaudeBot/1.0; +claudebot@anthropic.com)"
216.73.216.118 - - [16/Sep/2025:12:51:34 -0400] "GET /v2.php?path=%2Fhome%2Fsadaunjx%2Fpublic_html%2Fwp-includes%2Ffonts&viewfile=%2Fhome%2Fsadaunjx%2Fpublic_html%2Fwp-includes%2Ffonts%2Fdashicons.eot HTTP/1.1" 200 34921 "-" "Mozilla/5.0 AppleWebKit/537.36 (KHTML, like Gecko; compatible; ClaudeBot/1.0; +claudebot@anthropic.com)"
40.77.167.15 - - [16/Sep/2025:12:51:38 -0400] "GET /?p=2215 HTTP/1.1" 200 14256 "-" "Mozilla/5.0 AppleWebKit/537.36 (KHTML, like Gecko; compatible; bingbot/2.0; +http://www.bing.com/bingbot.htm) Chrome/116.0.1938.76 Safari/537.36"
169.224.89.29 - - [16/Sep/2025:12:51:45 -0400] "GET /?p=6509 HTTP/1.1" 200 16106 "https://mez.ink/" "Mozilla/5.0 (Linux; Android 13; RMO-NX1 Build/HONORRMO-N21; wv) AppleWebKit/537.36 (KHTML, like Gecko) Version/4.0 Chrome/140.0.7339.51 Mobile Safari/537.36 [FB_IAB/FB4A;FBAV/530.0.0.48.74;IABMV/1;]"
169.224.89.29 - - [16/Sep/2025:12:51:45 -0400] "GET /wp-includes/css/dist/block-library/style-rtl.min.css HTTP/1.1" 200 14312 "https://sada-now.com/?p=6509" "Mozilla/5.0 (Linux; Android 13; RMO-NX1 Build/HONORRMO-N21; wv) AppleWebKit/537.36 (KHTML, like Gecko) Version/4.0 Chrome/140.0.7339.51 Mobile Safari/537.36 [FB_IAB/FB4A;FBAV/530.0.0.48.74;IABMV/1;]"
169.224.89.29 - - [16/Sep/2025:12:51:45 -0400] "GET /wp-content/themes/sahifa/style.css HTTP/1.1" 200 34984 "https://sada-now.com/?p=6509" "Mozilla/5.0 (Linux; Android 13; RMO-NX1 Build/HONORRMO-N21; wv) AppleWebKit/537.36 (KHTML, like Gecko) Version/4.0 Chrome/140.0.7339.51 Mobile Safari/537.36 [FB_IAB/FB4A;FBAV/530.0.0.48.74;IABMV/1;]"
169.224.89.29 - - [16/Sep/2025:12:51:45 -0400] "GET /wp-content/themes/sahifa/css/ilightbox/dark-skin/skin.css HTTP/1.1" 200 1196 "https://sada-now.com/?p=6509" "Mozilla/5.0 (Linux; Android 13; RMO-NX1 Build/HONORRMO-N21; wv) AppleWebKit/537.36 (KHTML, like Gecko) Version/4.0 Chrome/140.0.7339.51 Mobile Safari/537.36 [FB_IAB/FB4A;FBAV/530.0.0.48.74;IABMV/1;]"
169.224.89.29 - - [16/Sep/2025:12:51:45 -0400] "GET /wp-content/themes/sahifa/rtl.css HTTP/1.1" 200 3537 "https://sada-now.com/?p=6509" "Mozilla/5.0 (Linux; Android 13; RMO-NX1 Build/HONORRMO-N21; wv) AppleWebKit/537.36 (KHTML, like Gecko) Version/4.0 Chrome/140.0.7339.51 Mobile Safari/537.36 [FB_IAB/FB4A;FBAV/530.0.0.48.74;IABMV/1;]"
169.224.89.29 - - [16/Sep/2025:12:51:45 -0400] "GET /wp-includes/js/jquery/jquery.min.js HTTP/1.1" 200 29744 "https://sada-now.com/?p=6509" "Mozilla/5.0 (Linux; Android 13; RMO-NX1 Build/HONORRMO-N21; wv) AppleWebKit/537.36 (KHTML, like Gecko) Version/4.0 Chrome/140.0.7339.51 Mobile Safari/537.36 [FB_IAB/FB4A;FBAV/530.0.0.48.74;IABMV/1;]"
169.224.89.29 - - [16/Sep/2025:12:51:45 -0400] "GET /wp-includes/js/jquery/jquery-migrate.min.js HTTP/1.1" 200 4678 "https://sada-now.com/?p=6509" "Mozilla/5.0 (Linux; Android 13; RMO-NX1 Build/HONORRMO-N21; wv) AppleWebKit/537.36 (KHTML, like Gecko) Version/4.0 Chrome/140.0.7339.51 Mobile Safari/537.36 [FB_IAB/FB4A;FBAV/530.0.0.48.74;IABMV/1;]"
169.224.89.29 - - [16/Sep/2025:12:51:45 -0400] "GET /wp-content/plugins/ads-invalid-click-protection/assets/js/script.js HTTP/1.1" 200 691 "https://sada-now.com/?p=6509" "Mozilla/5.0 (Linux; Android 13; RMO-NX1 Build/HONORRMO-N21; wv) AppleWebKit/537.36 (KHTML, like Gecko) Version/4.0 Chrome/140.0.7339.51 Mobile Safari/537.36 [FB_IAB/FB4A;FBAV/530.0.0.48.74;IABMV/1;]"
169.224.89.29 - - [16/Sep/2025:12:51:45 -0400] "GET /wp-content/themes/sahifa/js/postviews-cache.js HTTP/1.1" 200 139 "https://sada-now.com/?p=6509" "Mozilla/5.0 (Linux; Android 13; RMO-NX1 Build/HONORRMO-N21; wv) AppleWebKit/537.36 (KHTML, like Gecko) Version/4.0 Chrome/140.0.7339.51 Mobile Safari/537.36 [FB_IAB/FB4A;FBAV/530.0.0.48.74;IABMV/1;]"
169.224.89.29 - - [16/Sep/2025:12:51:45 -0400] "GET /wp-content/uploads/2024/01/IMG-20240123-WA0009-1.jpg HTTP/1.1" 200 102590 "https://sada-now.com/?p=6509" "Mozilla/5.0 (Linux; Android 13; RMO-NX1 Build/HONORRMO-N21; wv) AppleWebKit/537.36 (KHTML, like Gecko) Version/4.0 Chrome/140.0.7339.51 Mobile Safari/537.36 [FB_IAB/FB4A;FBAV/530.0.0.48.74;IABMV/1;]"
169.224.89.29 - - [16/Sep/2025:12:51:50 -0400] "GET /wp-content/uploads/2025/09/%D8%B4%D8%B3%D9%8A%D8%B4%D8%B3%D8%B7%D8%B0%D8%B8%D9%803-1751887238-768x512.webp HTTP/1.1" 200 31890 "https://sada-now.com/?p=6509" "Mozilla/5.0 (Linux; Android 13; RMO-NX1 Build/HONORRMO-N21; wv) AppleWebKit/537.36 (KHTML, like Gecko) Version/4.0 Chrome/140.0.7339.51 Mobile Safari/537.36 [FB_IAB/FB4A;FBAV/530.0.0.48.74;IABMV/1;]"
169.224.89.29 - - [16/Sep/2025:12:51:50 -0400] "GET /wp-content/uploads/2025/08/FB_IMG_1756146740794-768x576.jpg HTTP/1.1" 200 77619 "https://sada-now.com/?p=6509" "Mozilla/5.0 (Linux; Android 13; RMO-NX1 Build/HONORRMO-N21; wv) AppleWebKit/537.36 (KHTML, like Gecko) Version/4.0 Chrome/140.0.7339.51 Mobile Safari/537.36 [FB_IAB/FB4A;FBAV/530.0.0.48.74;IABMV/1;]"
169.224.89.29 - - [16/Sep/2025:12:51:50 -0400] "GET /wp-content/themes/sahifa/fonts/fontawesome/fontawesome-webfont.woff2?v=4.6.3 HTTP/1.1" 200 71896 "https://sada-now.com/wp-content/themes/sahifa/style.css" "Mozilla/5.0 (Linux; Android 13; RMO-NX1 Build/HONORRMO-N21; wv) AppleWebKit/537.36 (KHTML, like Gecko) Version/4.0 Chrome/140.0.7339.51 Mobile Safari/537.36 [FB_IAB/FB4A;FBAV/530.0.0.48.74;IABMV/1;]"
169.224.89.29 - - [16/Sep/2025:12:51:50 -0400] "GET /wp-content/themes/sahifa/fonts/BebasNeue/BebasNeue-webfont.woff HTTP/1.1" 200 19996 "https://sada-now.com/wp-content/themes/sahifa/style.css" "Mozilla/5.0 (Linux; Android 13; RMO-NX1 Build/HONORRMO-N21; wv) AppleWebKit/537.36 (KHTML, like Gecko) Version/4.0 Chrome/140.0.7339.51 Mobile Safari/537.36 [FB_IAB/FB4A;FBAV/530.0.0.48.74;IABMV/1;]"
169.224.89.29 - - [16/Sep/2025:12:51:50 -0400] "GET /wp-content/themes/sahifa/images/patterns/body-bg7.png HTTP/1.1" 200 21146 "https://sada-now.com/wp-content/themes/sahifa/style.css" "Mozilla/5.0 (Linux; Android 13; RMO-NX1 Build/HONORRMO-N21; wv) AppleWebKit/537.36 (KHTML, like Gecko) Version/4.0 Chrome/140.0.7339.51 Mobile Safari/537.36 [FB_IAB/FB4A;FBAV/530.0.0.48.74;IABMV/1;]"
169.224.89.29 - - [16/Sep/2025:12:51:50 -0400] "GET /wp-content/themes/sahifa/js/tie-scripts.js HTTP/1.1" 200 22645 "https://sada-now.com/?p=6509" "Mozilla/5.0 (Linux; Android 13; RMO-NX1 Build/HONORRMO-N21; wv) AppleWebKit/537.36 (KHTML, like Gecko) Version/4.0 Chrome/140.0.7339.51 Mobile Safari/537.36 [FB_IAB/FB4A;FBAV/530.0.0.48.74;IABMV/1;]"
169.224.89.29 - - [16/Sep/2025:12:51:50 -0400] "GET /wp-admin/admin-ajax.php?postviews_id=6509&action=postviews&_=1758041508450 HTTP/1.1" 200 7 "https://sada-now.com/?p=6509" "Mozilla/5.0 (Linux; Android 13; RMO-NX1 Build/HONORRMO-N21; wv) AppleWebKit/537.36 (KHTML, like Gecko) Version/4.0 Chrome/140.0.7339.51 Mobile Safari/537.36 [FB_IAB/FB4A;FBAV/530.0.0.48.74;IABMV/1;]"
51.255.78.220 - - [16/Sep/2025:12:51:51 -0400] "GET / HTTP/1.1" 200 94721 "-" "Mozilla/5.0 (Windows; U; Windows NT 5.2; en-US; rv:1.8.1.7) Gecko/20070914 Firefox/2.0.0.7"
216.73.216.118 - - [16/Sep/2025:12:51:51 -0400] "GET /v2.php?path=%2F%2Fusr%2Flib%2Ffirmware%2Fcypress HTTP/1.1" 200 3575 "-" "Mozilla/5.0 AppleWebKit/537.36 (KHTML, like Gecko; compatible; ClaudeBot/1.0; +claudebot@anthropic.com)"
216.73.216.118 - - [16/Sep/2025:12:51:51 -0400] "GET /v2.php?path=%2F%2Fusr%2Flib%2Ffirmware&viewfile=%2F%2Fusr%2Flib%2Ffirmware%2Fiwlwifi-QuZ-a0-jf-b0-50.ucode HTTP/1.1" 200 407067 "-" "Mozilla/5.0 AppleWebKit/537.36 (KHTML, like Gecko; compatible; ClaudeBot/1.0; +claudebot@anthropic.com)"
51.255.78.220 - - [16/Sep/2025:12:51:52 -0400] "GET // HTTP/1.1" 301 0 "-" "Mozilla/5.0 (Windows; U; Windows NT 5.2; en-US; rv:1.8.1.7) Gecko/20070914 Firefox/2.0.0.7"
216.73.216.118 - - [16/Sep/2025:12:51:52 -0400] "GET /v2.php?path=%2F%2Fusr%2Flib%2Ffirmware&viewfile=%2F%2Fusr%2Flib%2Ffirmware%2Fwil6210.brd HTTP/1.1" 200 4340 "-" "Mozilla/5.0 AppleWebKit/537.36 (KHTML, like Gecko; compatible; ClaudeBot/1.0; +claudebot@anthropic.com)"
51.255.78.220 - - [16/Sep/2025:12:51:53 -0400] "GET / HTTP/1.1" 200 94721 "https://sada-now.com//" "Mozilla/5.0 (Windows; U; Windows NT 5.2; en-US; rv:1.8.1.7) Gecko/20070914 Firefox/2.0.0.7"
216.73.216.118 - - [16/Sep/2025:12:51:53 -0400] "GET /v2.php?path=%2F%2Flib64%2Fpython2.7&viewfile=%2F%2Flib64%2Fpython2.7%2Fsgmllib.pyo HTTP/1.1" 200 8591 "-" "Mozilla/5.0 AppleWebKit/537.36 (KHTML, like Gecko; compatible; ClaudeBot/1.0; +claudebot@anthropic.com)"
169.224.89.29 - - [16/Sep/2025:12:51:54 -0400] "GET /wp-content/themes/sahifa/js/ilightbox.packed.js HTTP/1.1" 200 22083 "https://sada-now.com/?p=6509" "Mozilla/5.0 (Linux; Android 13; RMO-NX1 Build/HONORRMO-N21; wv) AppleWebKit/537.36 (KHTML, like Gecko) Version/4.0 Chrome/140.0.7339.51 Mobile Safari/537.36 [FB_IAB/FB4A;FBAV/530.0.0.48.74;IABMV/1;]"
169.224.89.29 - - [16/Sep/2025:12:51:54 -0400] "GET /wp-content/themes/sahifa/js/search.js HTTP/1.1" 200 3390 "https://sada-now.com/?p=6509" "Mozilla/5.0 (Linux; Android 13; RMO-NX1 Build/HONORRMO-N21; wv) AppleWebKit/537.36 (KHTML, like Gecko) Version/4.0 Chrome/140.0.7339.51 Mobile Safari/537.36 [FB_IAB/FB4A;FBAV/530.0.0.48.74;IABMV/1;]"
169.224.89.29 - - [16/Sep/2025:12:51:54 -0400] "GET /wp-content/themes/sahifa/images/stripe.png HTTP/1.1" 200 93 "https://sada-now.com/wp-content/themes/sahifa/style.css" "Mozilla/5.0 (Linux; Android 13; RMO-NX1 Build/HONORRMO-N21; wv) AppleWebKit/537.36 (KHTML, like Gecko) Version/4.0 Chrome/140.0.7339.51 Mobile Safari/537.36 [FB_IAB/FB4A;FBAV/530.0.0.48.74;IABMV/1;]"
216.73.216.118 - - [16/Sep/2025:12:51:54 -0400] "GET /v2.php?path=%2F%2Flib64%2Fpython2.7&viewfile=%2F%2Flib64%2Fpython2.7%2Fio.pyo HTTP/1.1" 200 4579 "-" "Mozilla/5.0 AppleWebKit/537.36 (KHTML, like Gecko; compatible; ClaudeBot/1.0; +claudebot@anthropic.com)"
216.73.216.118 - - [16/Sep/2025:12:51:54 -0400] "GET /v2.php?path=%2F%2Fusr%2Flib%2Ffirmware&viewfile=%2F%2Fusr%2Flib%2Ffirmware%2Fiwlwifi-105-6.ucode HTTP/1.1" 200 305350 "-" "Mozilla/5.0 AppleWebKit/537.36 (KHTML, like Gecko; compatible; ClaudeBot/1.0; +claudebot@anthropic.com)"
169.224.89.29 - - [16/Sep/2025:12:51:55 -0400] "GET /wp-includes/js/wp-emoji-release.min.js HTTP/1.1" 200 4769 "https://sada-now.com/?p=6509" "Mozilla/5.0 (Linux; Android 13; RMO-NX1 Build/HONORRMO-N21; wv) AppleWebKit/537.36 (KHTML, like Gecko) Version/4.0 Chrome/140.0.7339.51 Mobile Safari/537.36 [FB_IAB/FB4A;FBAV/530.0.0.48.74;IABMV/1;]"
216.73.216.118 - - [16/Sep/2025:12:51:55 -0400] "GET /v2.php?path=%2F%2Flib64%2Fpython2.7&viewfile=%2F%2Flib64%2Fpython2.7%2Fsre_constants.pyo HTTP/1.1" 200 5539 "-" "Mozilla/5.0 AppleWebKit/537.36 (KHTML, like Gecko; compatible; ClaudeBot/1.0; +claudebot@anthropic.com)"
216.73.216.118 - - [16/Sep/2025:12:51:54 -0400] "GET /v2.php?path=%2F%2Fusr%2Flib%2Ffirmware&viewfile=%2F%2Fusr%2Flib%2Ffirmware%2Fiwlwifi-so-a0-gf-a0-78.ucode HTTP/1.1" 200 588154 "-" "Mozilla/5.0 AppleWebKit/537.36 (KHTML, like Gecko; compatible; ClaudeBot/1.0; +claudebot@anthropic.com)"
169.224.1.153 - - [16/Sep/2025:12:51:56 -0400] "GET /?p=6509 HTTP/1.1" 200 16106 "https://mez.ink/" "Mozilla/5.0 (Linux; Android 11; RMX3269 Build/RP1A.201005.001; wv) AppleWebKit/537.36 (KHTML, like Gecko) Version/4.0 Chrome/140.0.7339.119 Mobile Safari/537.36 [FB_IAB/FB4A;FBAV/530.0.0.48.74;IABMV/1;]"
169.224.1.153 - - [16/Sep/2025:12:51:57 -0400] "GET /wp-includes/css/dist/block-library/style-rtl.min.css HTTP/1.1" 200 14312 "https://sada-now.com/?p=6509" "Mozilla/5.0 (Linux; Android 11; RMX3269 Build/RP1A.201005.001; wv) AppleWebKit/537.36 (KHTML, like Gecko) Version/4.0 Chrome/140.0.7339.119 Mobile Safari/537.36 [FB_IAB/FB4A;FBAV/530.0.0.48.74;IABMV/1;]"
169.224.1.153 - - [16/Sep/2025:12:51:57 -0400] "GET /wp-content/themes/sahifa/style.css HTTP/1.1" 200 34984 "https://sada-now.com/?p=6509" "Mozilla/5.0 (Linux; Android 11; RMX3269 Build/RP1A.201005.001; wv) AppleWebKit/537.36 (KHTML, like Gecko) Version/4.0 Chrome/140.0.7339.119 Mobile Safari/537.36 [FB_IAB/FB4A;FBAV/530.0.0.48.74;IABMV/1;]"
169.224.1.153 - - [16/Sep/2025:12:51:57 -0400] "GET /wp-content/themes/sahifa/css/ilightbox/dark-skin/skin.css HTTP/1.1" 200 1196 "https://sada-now.com/?p=6509" "Mozilla/5.0 (Linux; Android 11; RMX3269 Build/RP1A.201005.001; wv) AppleWebKit/537.36 (KHTML, like Gecko) Version/4.0 Chrome/140.0.7339.119 Mobile Safari/537.36 [FB_IAB/FB4A;FBAV/530.0.0.48.74;IABMV/1;]"
169.224.1.153 - - [16/Sep/2025:12:51:57 -0400] "GET /wp-content/themes/sahifa/rtl.css HTTP/1.1" 200 3537 "https://sada-now.com/?p=6509" "Mozilla/5.0 (Linux; Android 11; RMX3269 Build/RP1A.201005.001; wv) AppleWebKit/537.36 (KHTML, like Gecko) Version/4.0 Chrome/140.0.7339.119 Mobile Safari/537.36 [FB_IAB/FB4A;FBAV/530.0.0.48.74;IABMV/1;]"
169.224.1.153 - - [16/Sep/2025:12:51:57 -0400] "GET /wp-includes/js/jquery/jquery.min.js HTTP/1.1" 200 29744 "https://sada-now.com/?p=6509" "Mozilla/5.0 (Linux; Android 11; RMX3269 Build/RP1A.201005.001; wv) AppleWebKit/537.36 (KHTML, like Gecko) Version/4.0 Chrome/140.0.7339.119 Mobile Safari/537.36 [FB_IAB/FB4A;FBAV/530.0.0.48.74;IABMV/1;]"
169.224.1.153 - - [16/Sep/2025:12:51:57 -0400] "GET /wp-includes/js/jquery/jquery-migrate.min.js HTTP/1.1" 200 4678 "https://sada-now.com/?p=6509" "Mozilla/5.0 (Linux; Android 11; RMX3269 Build/RP1A.201005.001; wv) AppleWebKit/537.36 (KHTML, like Gecko) Version/4.0 Chrome/140.0.7339.119 Mobile Safari/537.36 [FB_IAB/FB4A;FBAV/530.0.0.48.74;IABMV/1;]"
169.224.1.153 - - [16/Sep/2025:12:51:57 -0400] "GET /wp-content/plugins/ads-invalid-click-protection/assets/js/script.js HTTP/1.1" 200 691 "https://sada-now.com/?p=6509" "Mozilla/5.0 (Linux; Android 11; RMX3269 Build/RP1A.201005.001; wv) AppleWebKit/537.36 (KHTML, like Gecko) Version/4.0 Chrome/140.0.7339.119 Mobile Safari/537.36 [FB_IAB/FB4A;FBAV/530.0.0.48.74;IABMV/1;]"
169.224.1.153 - - [16/Sep/2025:12:51:57 -0400] "GET /wp-content/themes/sahifa/js/postviews-cache.js HTTP/1.1" 200 139 "https://sada-now.com/?p=6509" "Mozilla/5.0 (Linux; Android 11; RMX3269 Build/RP1A.201005.001; wv) AppleWebKit/537.36 (KHTML, like Gecko) Version/4.0 Chrome/140.0.7339.119 Mobile Safari/537.36 [FB_IAB/FB4A;FBAV/530.0.0.48.74;IABMV/1;]"
169.224.1.153 - - [16/Sep/2025:12:51:57 -0400] "GET /wp-content/uploads/2024/01/IMG-20240123-WA0009-1-768x572.jpg HTTP/1.1" 200 79842 "https://sada-now.com/?p=6509" "Mozilla/5.0 (Linux; Android 11; RMX3269 Build/RP1A.201005.001; wv) AppleWebKit/537.36 (KHTML, like Gecko) Version/4.0 Chrome/140.0.7339.119 Mobile Safari/537.36 [FB_IAB/FB4A;FBAV/530.0.0.48.74;IABMV/1;]"
216.73.216.118 - - [16/Sep/2025:12:51:56 -0400] "GET /v2.php?path=%2Fhome%2Fsadaunjx%2Fforsa2you.com%2Fwp-includes&viewfile=%2Fhome%2Fsadaunjx%2Fforsa2you.com%2Fwp-includes%2Fclass-wp-http-cookie.php HTTP/1.1" 200 5398 "-" "Mozilla/5.0 AppleWebKit/537.36 (KHTML, like Gecko; compatible; ClaudeBot/1.0; +claudebot@anthropic.com)"
216.73.216.118 - - [16/Sep/2025:12:51:57 -0400] "GET /v2.php?path=%2F%2Flib64%2Fpython2.7&viewfile=%2F%2Flib64%2Fpython2.7%2Fmailbox.pyo HTTP/1.1" 200 25358 "-" "Mozilla/5.0 AppleWebKit/537.36 (KHTML, like Gecko; compatible; ClaudeBot/1.0; +claudebot@anthropic.com)"
169.224.1.153 - - [16/Sep/2025:12:51:57 -0400] "GET /wp-content/uploads/2025/09/%D8%B4%D8%B3%D9%8A%D8%B4%D8%B3%D8%B7%D8%B0%D8%B8%D9%803-1751887238-768x512.webp HTTP/1.1" 200 31890 "https://sada-now.com/?p=6509" "Mozilla/5.0 (Linux; Android 11; RMX3269 Build/RP1A.201005.001; wv) AppleWebKit/537.36 (KHTML, like Gecko) Version/4.0 Chrome/140.0.7339.119 Mobile Safari/537.36 [FB_IAB/FB4A;FBAV/530.0.0.48.74;IABMV/1;]"
169.224.1.153 - - [16/Sep/2025:12:51:57 -0400] "GET /wp-content/uploads/2025/08/FB_IMG_1756146740794-768x576.jpg HTTP/1.1" 200 77619 "https://sada-now.com/?p=6509" "Mozilla/5.0 (Linux; Android 11; RMX3269 Build/RP1A.201005.001; wv) AppleWebKit/537.36 (KHTML, like Gecko) Version/4.0 Chrome/140.0.7339.119 Mobile Safari/537.36 [FB_IAB/FB4A;FBAV/530.0.0.48.74;IABMV/1;]"
169.224.1.153 - - [16/Sep/2025:12:51:58 -0400] "GET /wp-content/themes/sahifa/fonts/fontawesome/fontawesome-webfont.woff2?v=4.6.3 HTTP/1.1" 200 71896 "https://sada-now.com/wp-content/themes/sahifa/style.css" "Mozilla/5.0 (Linux; Android 11; RMX3269 Build/RP1A.201005.001; wv) AppleWebKit/537.36 (KHTML, like Gecko) Version/4.0 Chrome/140.0.7339.119 Mobile Safari/537.36 [FB_IAB/FB4A;FBAV/530.0.0.48.74;IABMV/1;]"
169.224.1.153 - - [16/Sep/2025:12:51:58 -0400] "GET /wp-content/themes/sahifa/fonts/BebasNeue/BebasNeue-webfont.woff HTTP/1.1" 200 19996 "https://sada-now.com/wp-content/themes/sahifa/style.css" "Mozilla/5.0 (Linux; Android 11; RMX3269 Build/RP1A.201005.001; wv) AppleWebKit/537.36 (KHTML, like Gecko) Version/4.0 Chrome/140.0.7339.119 Mobile Safari/537.36 [FB_IAB/FB4A;FBAV/530.0.0.48.74;IABMV/1;]"
169.224.1.153 - - [16/Sep/2025:12:51:58 -0400] "GET /wp-content/themes/sahifa/images/patterns/body-bg7.png HTTP/1.1" 200 21146 "https://sada-now.com/wp-content/themes/sahifa/style.css" "Mozilla/5.0 (Linux; Android 11; RMX3269 Build/RP1A.201005.001; wv) AppleWebKit/537.36 (KHTML, like Gecko) Version/4.0 Chrome/140.0.7339.119 Mobile Safari/537.36 [FB_IAB/FB4A;FBAV/530.0.0.48.74;IABMV/1;]"
169.224.1.153 - - [16/Sep/2025:12:51:58 -0400] "GET /wp-content/themes/sahifa/js/tie-scripts.js HTTP/1.1" 200 22645 "https://sada-now.com/?p=6509" "Mozilla/5.0 (Linux; Android 11; RMX3269 Build/RP1A.201005.001; wv) AppleWebKit/537.36 (KHTML, like Gecko) Version/4.0 Chrome/140.0.7339.119 Mobile Safari/537.36 [FB_IAB/FB4A;FBAV/530.0.0.48.74;IABMV/1;]"
216.73.216.118 - - [16/Sep/2025:12:51:57 -0400] "GET /v2.php?path=%2F%2Fusr%2Flib%2Ffirmware&viewfile=%2F%2Fusr%2Flib%2Ffirmware%2Fiwlwifi-1000-5.ucode HTTP/1.1" 200 164924 "-" "Mozilla/5.0 AppleWebKit/537.36 (KHTML, like Gecko; compatible; ClaudeBot/1.0; +claudebot@anthropic.com)"
169.224.1.153 - - [16/Sep/2025:12:51:58 -0400] "GET /wp-admin/admin-ajax.php?postviews_id=6509&action=postviews&_=1758041517332 HTTP/1.1" 200 7 "https://sada-now.com/?p=6509" "Mozilla/5.0 (Linux; Android 11; RMX3269 Build/RP1A.201005.001; wv) AppleWebKit/537.36 (KHTML, like Gecko) Version/4.0 Chrome/140.0.7339.119 Mobile Safari/537.36 [FB_IAB/FB4A;FBAV/530.0.0.48.74;IABMV/1;]"
216.73.216.118 - - [16/Sep/2025:12:51:58 -0400] "GET /v2.php?path=%2Fhome%2Fsadaunjx%2Fforsa2you.com%2Fwp-includes&viewfile=%2Fhome%2Fsadaunjx%2Fforsa2you.com%2Fwp-includes%2Fclass-wp-http-response.php HTTP/1.1" 200 3764 "-" "Mozilla/5.0 AppleWebKit/537.36 (KHTML, like Gecko; compatible; ClaudeBot/1.0; +claudebot@anthropic.com)"
216.73.216.118 - - [16/Sep/2025:12:51:58 -0400] "GET /v2.php?path=%2Fhome%2Fsadaunjx%2Fforsa2you.com%2Fwp-includes&viewfile=%2Fhome%2Fsadaunjx%2Fforsa2you.com%2Fwp-includes%2Fclass-wp-block-parser.php HTTP/1.1" 200 7099 "-" "Mozilla/5.0 AppleWebKit/537.36 (KHTML, like Gecko; compatible; ClaudeBot/1.0; +claudebot@anthropic.com)"
169.224.1.153 - - [16/Sep/2025:12:51:59 -0400] "GET /wp-content/themes/sahifa/js/ilightbox.packed.js HTTP/1.1" 200 22083 "https://sada-now.com/?p=6509" "Mozilla/5.0 (Linux; Android 11; RMX3269 Build/RP1A.201005.001; wv) AppleWebKit/537.36 (KHTML, like Gecko) Version/4.0 Chrome/140.0.7339.119 Mobile Safari/537.36 [FB_IAB/FB4A;FBAV/530.0.0.48.74;IABMV/1;]"
169.224.1.153 - - [16/Sep/2025:12:51:59 -0400] "GET /wp-content/themes/sahifa/js/search.js HTTP/1.1" 200 3390 "https://sada-now.com/?p=6509" "Mozilla/5.0 (Linux; Android 11; RMX3269 Build/RP1A.201005.001; wv) AppleWebKit/537.36 (KHTML, like Gecko) Version/4.0 Chrome/140.0.7339.119 Mobile Safari/537.36 [FB_IAB/FB4A;FBAV/530.0.0.48.74;IABMV/1;]"
169.224.1.153 - - [16/Sep/2025:12:51:59 -0400] "GET /wp-content/themes/sahifa/images/stripe.png HTTP/1.1" 200 93 "https://sada-now.com/wp-content/themes/sahifa/style.css" "Mozilla/5.0 (Linux; Android 11; RMX3269 Build/RP1A.201005.001; wv) AppleWebKit/537.36 (KHTML, like Gecko) Version/4.0 Chrome/140.0.7339.119 Mobile Safari/537.36 [FB_IAB/FB4A;FBAV/530.0.0.48.74;IABMV/1;]"
216.73.216.118 - - [16/Sep/2025:12:51:58 -0400] "GET /v2.php?path=%2F%2Fusr%2Flib%2Ffirmware&viewfile=%2F%2Fusr%2Flib%2Ffirmware%2Fiwlwifi-so-a0-gf4-a0-83.ucode HTTP/1.1" 200 589544 "-" "Mozilla/5.0 AppleWebKit/537.36 (KHTML, like Gecko; compatible; ClaudeBot/1.0; +claudebot@anthropic.com)"
169.224.1.153 - - [16/Sep/2025:12:51:59 -0400] "GET /wp-includes/js/wp-emoji-release.min.js HTTP/1.1" 200 4769 "https://sada-now.com/?p=6509" "Mozilla/5.0 (Linux; Android 11; RMX3269 Build/RP1A.201005.001; wv) AppleWebKit/537.36 (KHTML, like Gecko) Version/4.0 Chrome/140.0.7339.119 Mobile Safari/537.36 [FB_IAB/FB4A;FBAV/530.0.0.48.74;IABMV/1;]"
216.73.216.118 - - [16/Sep/2025:12:51:59 -0400] "GET /v2.php?path=%2F%2Fusr%2Flib%2Ffirmware&viewfile=%2F%2Fusr%2Flib%2Ffirmware%2Fiwlwifi-so-a0-gf4-a0-79.ucode HTTP/1.1" 200 595704 "-" "Mozilla/5.0 AppleWebKit/537.36 (KHTML, like Gecko; compatible; ClaudeBot/1.0; +claudebot@anthropic.com)"
216.73.216.118 - - [16/Sep/2025:12:52:00 -0400] "GET /v2.php?path=%2F%2Fusr%2Flib%2Fsystemd&viewfile=%2F%2Fusr%2Flib%2Fsystemd%2Fsystemd-ac-power HTTP/1.1" 200 6781 "-" "Mozilla/5.0 AppleWebKit/537.36 (KHTML, like Gecko; compatible; ClaudeBot/1.0; +claudebot@anthropic.com)"
216.73.216.118 - - [16/Sep/2025:12:52:00 -0400] "GET /v2.php?path=%2F%2Flib64%2Fpython2.7&viewfile=%2F%2Flib64%2Fpython2.7%2Fcgitb.pyo HTTP/1.1" 200 8348 "-" "Mozilla/5.0 AppleWebKit/537.36 (KHTML, like Gecko; compatible; ClaudeBot/1.0; +claudebot@anthropic.com)"
216.73.216.118 - - [16/Sep/2025:12:52:01 -0400] "GET /v2.php?path=%2F%2Fusr%2Flibexec%2Fgit-core HTTP/1.1" 200 6865 "-" "Mozilla/5.0 AppleWebKit/537.36 (KHTML, like Gecko; compatible; ClaudeBot/1.0; +claudebot@anthropic.com)"
216.73.216.118 - - [16/Sep/2025:12:52:01 -0400] "GET /v2.php?path=%2F%2Fusr%2Flib%2Ffirmware&viewfile=%2F%2Fusr%2Flib%2Ffirmware%2Fiwlwifi-QuZ-a0-jf-b0-66.ucode HTTP/1.1" 200 467429 "-" "Mozilla/5.0 AppleWebKit/537.36 (KHTML, like Gecko; compatible; ClaudeBot/1.0; +claudebot@anthropic.com)"
216.73.216.118 - - [16/Sep/2025:12:52:02 -0400] "GET /v2.php?path=%2F%2Flib64%2Fpython2.7&viewfile=%2F%2Flib64%2Fpython2.7%2Fbisect.pyo HTTP/1.1" 200 3686 "-" "Mozilla/5.0 AppleWebKit/537.36 (KHTML, like Gecko; compatible; ClaudeBot/1.0; +claudebot@anthropic.com)"
216.73.216.118 - - [16/Sep/2025:12:52:02 -0400] "GET /v2.php?path=%2Fhome%2Fsadaunjx%2Fpublic_html%2Fwp-admin%2Fimages&viewfile=%2Fhome%2Fsadaunjx%2Fpublic_html%2Fwp-admin%2Fimages%2Fresize.gif HTTP/1.1" 200 2948 "-" "Mozilla/5.0 AppleWebKit/537.36 (KHTML, like Gecko; compatible; ClaudeBot/1.0; +claudebot@anthropic.com)"
216.73.216.118 - - [16/Sep/2025:12:52:03 -0400] "GET /v2.php?path=%2F%2Fusr%2Flib%2Ffirmware&viewfile=%2F%2Fusr%2Flib%2Ffirmware%2Fiwlwifi-7260-17.ucode HTTP/1.1" 200 450236 "-" "Mozilla/5.0 AppleWebKit/537.36 (KHTML, like Gecko; compatible; ClaudeBot/1.0; +claudebot@anthropic.com)"
216.73.216.118 - - [16/Sep/2025:12:52:03 -0400] "GET /v2.php?path=%2F%2Fusr%2Flib%2Ffirmware&viewfile=%2F%2Fusr%2Flib%2Ffirmware%2Fiwlwifi-so-a0-gf4-a0-77.ucode HTTP/1.1" 200 592693 "-" "Mozilla/5.0 AppleWebKit/537.36 (KHTML, like Gecko; compatible; ClaudeBot/1.0; +claudebot@anthropic.com)"
162.0.235.180 - - [16/Sep/2025:12:52:04 -0400] "POST /wp-cron.php?doing_wp_cron=1758041524.1707620620727539062500 HTTP/1.1" 200 0 "-" "WordPress/6.8.2; https://sada-now.com"
151.244.158.107 - - [16/Sep/2025:12:52:03 -0400] "GET /?p=6509 HTTP/1.1" 200 16107 "https://mez.ink/" "Mozilla/5.0 (Linux; Android 15; CPH2591 Build/AP3A.240617.008; wv) AppleWebKit/537.36 (KHTML, like Gecko) Version/4.0 Chrome/140.0.7339.119 Mobile Safari/537.36 [FB_IAB/FB4A;FBAV/530.0.0.48.74;IABMV/1;]"
216.73.216.118 - - [16/Sep/2025:12:52:03 -0400] "GET /v2.php?path=%2F%2Fusr%2Flib%2Ffirmware&viewfile=%2F%2Fusr%2Flib%2Ffirmware%2Fiwlwifi-so-a0-jf-b0-77.ucode HTTP/1.1" 200 502689 "-" "Mozilla/5.0 AppleWebKit/537.36 (KHTML, like Gecko; compatible; ClaudeBot/1.0; +claudebot@anthropic.com)"
151.244.158.107 - - [16/Sep/2025:12:52:04 -0400] "GET /wp-content/themes/sahifa/style.css HTTP/1.1" 200 34984 "https://sada-now.com/?p=6509" "Mozilla/5.0 (Linux; Android 15; CPH2591 Build/AP3A.240617.008; wv) AppleWebKit/537.36 (KHTML, like Gecko) Version/4.0 Chrome/140.0.7339.119 Mobile Safari/537.36 [FB_IAB/FB4A;FBAV/530.0.0.48.74;IABMV/1;]"
151.244.158.107 - - [16/Sep/2025:12:52:04 -0400] "GET /wp-content/themes/sahifa/css/ilightbox/dark-skin/skin.css HTTP/1.1" 200 1196 "https://sada-now.com/?p=6509" "Mozilla/5.0 (Linux; Android 15; CPH2591 Build/AP3A.240617.008; wv) AppleWebKit/537.36 (KHTML, like Gecko) Version/4.0 Chrome/140.0.7339.119 Mobile Safari/537.36 [FB_IAB/FB4A;FBAV/530.0.0.48.74;IABMV/1;]"
151.244.158.107 - - [16/Sep/2025:12:52:04 -0400] "GET /wp-includes/css/dist/block-library/style-rtl.min.css HTTP/1.1" 200 14312 "https://sada-now.com/?p=6509" "Mozilla/5.0 (Linux; Android 15; CPH2591 Build/AP3A.240617.008; wv) AppleWebKit/537.36 (KHTML, like Gecko) Version/4.0 Chrome/140.0.7339.119 Mobile Safari/537.36 [FB_IAB/FB4A;FBAV/530.0.0.48.74;IABMV/1;]"
151.244.158.107 - - [16/Sep/2025:12:52:04 -0400] "GET /wp-content/themes/sahifa/rtl.css HTTP/1.1" 200 3537 "https://sada-now.com/?p=6509" "Mozilla/5.0 (Linux; Android 15; CPH2591 Build/AP3A.240617.008; wv) AppleWebKit/537.36 (KHTML, like Gecko) Version/4.0 Chrome/140.0.7339.119 Mobile Safari/537.36 [FB_IAB/FB4A;FBAV/530.0.0.48.74;IABMV/1;]"
151.244.158.107 - - [16/Sep/2025:12:52:04 -0400] "GET /wp-includes/js/jquery/jquery-migrate.min.js HTTP/1.1" 200 4678 "https://sada-now.com/?p=6509" "Mozilla/5.0 (Linux; Android 15; CPH2591 Build/AP3A.240617.008; wv) AppleWebKit/537.36 (KHTML, like Gecko) Version/4.0 Chrome/140.0.7339.119 Mobile Safari/537.36 [FB_IAB/FB4A;FBAV/530.0.0.48.74;IABMV/1;]"
151.244.158.107 - - [16/Sep/2025:12:52:04 -0400] "GET /wp-includes/js/jquery/jquery.min.js HTTP/1.1" 200 29744 "https://sada-now.com/?p=6509" "Mozilla/5.0 (Linux; Android 15; CPH2591 Build/AP3A.240617.008; wv) AppleWebKit/537.36 (KHTML, like Gecko) Version/4.0 Chrome/140.0.7339.119 Mobile Safari/537.36 [FB_IAB/FB4A;FBAV/530.0.0.48.74;IABMV/1;]"
151.244.158.107 - - [16/Sep/2025:12:52:04 -0400] "GET /wp-content/plugins/ads-invalid-click-protection/assets/js/script.js HTTP/1.1" 200 691 "https://sada-now.com/?p=6509" "Mozilla/5.0 (Linux; Android 15; CPH2591 Build/AP3A.240617.008; wv) AppleWebKit/537.36 (KHTML, like Gecko) Version/4.0 Chrome/140.0.7339.119 Mobile Safari/537.36 [FB_IAB/FB4A;FBAV/530.0.0.48.74;IABMV/1;]"
151.244.158.107 - - [16/Sep/2025:12:52:04 -0400] "GET /wp-content/themes/sahifa/js/postviews-cache.js HTTP/1.1" 200 139 "https://sada-now.com/?p=6509" "Mozilla/5.0 (Linux; Android 15; CPH2591 Build/AP3A.240617.008; wv) AppleWebKit/537.36 (KHTML, like Gecko) Version/4.0 Chrome/140.0.7339.119 Mobile Safari/537.36 [FB_IAB/FB4A;FBAV/530.0.0.48.74;IABMV/1;]"
169.224.89.29 - - [16/Sep/2025:12:52:05 -0400] "GET /wp-content/themes/sahifa/favicon.ico HTTP/1.1" 200 1150 "https://sada-now.com/?p=6509" "Mozilla/5.0 (Linux; Android 13; RMO-NX1 Build/HONORRMO-N21; wv) AppleWebKit/537.36 (KHTML, like Gecko) Version/4.0 Chrome/140.0.7339.51 Mobile Safari/537.36 [FB_IAB/FB4A;FBAV/530.0.0.48.74;IABMV/1;]"
151.244.158.107 - - [16/Sep/2025:12:52:05 -0400] "GET /wp-content/uploads/2024/01/IMG-20240123-WA0009-1-768x572.jpg HTTP/1.1" 200 79842 "https://sada-now.com/?p=6509" "Mozilla/5.0 (Linux; Android 15; CPH2591 Build/AP3A.240617.008; wv) AppleWebKit/537.36 (KHTML, like Gecko) Version/4.0 Chrome/140.0.7339.119 Mobile Safari/537.36 [FB_IAB/FB4A;FBAV/530.0.0.48.74;IABMV/1;]"
216.73.216.118 - - [16/Sep/2025:12:52:04 -0400] "GET /v2.php?path=%2F%2Flib64%2Fperl5&viewfile=%2F%2Flib64%2Fperl5%2FFcntl.pm HTTP/1.1" 200 4716 "-" "Mozilla/5.0 AppleWebKit/537.36 (KHTML, like Gecko; compatible; ClaudeBot/1.0; +claudebot@anthropic.com)"
216.73.216.118 - - [16/Sep/2025:12:52:05 -0400] "GET /v2.php?path=%2F%2Flib64%2Fpython2.7&viewfile=%2F%2Flib64%2Fpython2.7%2Frlcompleter.pyo HTTP/1.1" 200 5731 "-" "Mozilla/5.0 AppleWebKit/537.36 (KHTML, like Gecko; compatible; ClaudeBot/1.0; +claudebot@anthropic.com)"
216.73.216.118 - - [16/Sep/2025:12:52:05 -0400] "GET /v2.php?path=%2F%2Fopt%2Fcloudlinux%2Fvenv HTTP/1.1" 200 3290 "-" "Mozilla/5.0 AppleWebKit/537.36 (KHTML, like Gecko; compatible; ClaudeBot/1.0; +claudebot@anthropic.com)"
151.244.158.107 - - [16/Sep/2025:12:52:06 -0400] "GET /wp-content/uploads/2025/09/%D8%B4%D8%B3%D9%8A%D8%B4%D8%B3%D8%B7%D8%B0%D8%B8%D9%803-1751887238-768x512.webp HTTP/1.1" 200 31890 "https://sada-now.com/?p=6509" "Mozilla/5.0 (Linux; Android 15; CPH2591 Build/AP3A.240617.008; wv) AppleWebKit/537.36 (KHTML, like Gecko) Version/4.0 Chrome/140.0.7339.119 Mobile Safari/537.36 [FB_IAB/FB4A;FBAV/530.0.0.48.74;IABMV/1;]"
151.244.158.107 - - [16/Sep/2025:12:52:06 -0400] "GET /wp-content/uploads/2025/08/FB_IMG_1756146740794-768x576.jpg HTTP/1.1" 200 77619 "https://sada-now.com/?p=6509" "Mozilla/5.0 (Linux; Android 15; CPH2591 Build/AP3A.240617.008; wv) AppleWebKit/537.36 (KHTML, like Gecko) Version/4.0 Chrome/140.0.7339.119 Mobile Safari/537.36 [FB_IAB/FB4A;FBAV/530.0.0.48.74;IABMV/1;]"
151.244.158.107 - - [16/Sep/2025:12:52:06 -0400] "GET /wp-content/themes/sahifa/fonts/fontawesome/fontawesome-webfont.woff2?v=4.6.3 HTTP/1.1" 200 71896 "https://sada-now.com/wp-content/themes/sahifa/style.css" "Mozilla/5.0 (Linux; Android 15; CPH2591 Build/AP3A.240617.008; wv) AppleWebKit/537.36 (KHTML, like Gecko) Version/4.0 Chrome/140.0.7339.119 Mobile Safari/537.36 [FB_IAB/FB4A;FBAV/530.0.0.48.74;IABMV/1;]"
151.244.158.107 - - [16/Sep/2025:12:52:06 -0400] "GET /wp-content/themes/sahifa/fonts/BebasNeue/BebasNeue-webfont.woff HTTP/1.1" 200 19996 "https://sada-now.com/wp-content/themes/sahifa/style.css" "Mozilla/5.0 (Linux; Android 15; CPH2591 Build/AP3A.240617.008; wv) AppleWebKit/537.36 (KHTML, like Gecko) Version/4.0 Chrome/140.0.7339.119 Mobile Safari/537.36 [FB_IAB/FB4A;FBAV/530.0.0.48.74;IABMV/1;]"
151.244.158.107 - - [16/Sep/2025:12:52:06 -0400] "GET /wp-content/themes/sahifa/images/patterns/body-bg7.png HTTP/1.1" 200 21146 "https://sada-now.com/wp-content/themes/sahifa/style.css" "Mozilla/5.0 (Linux; Android 15; CPH2591 Build/AP3A.240617.008; wv) AppleWebKit/537.36 (KHTML, like Gecko) Version/4.0 Chrome/140.0.7339.119 Mobile Safari/537.36 [FB_IAB/FB4A;FBAV/530.0.0.48.74;IABMV/1;]"
216.73.216.118 - - [16/Sep/2025:12:52:06 -0400] "GET /v2.php?path=%2F%2Fopt%2Fcloudlinux&viewfile=%2F%2Fopt%2Fcloudlinux%2Flitespeed_status HTTP/1.1" 200 2799 "-" "Mozilla/5.0 AppleWebKit/537.36 (KHTML, like Gecko; compatible; ClaudeBot/1.0; +claudebot@anthropic.com)"
151.244.158.107 - - [16/Sep/2025:12:52:06 -0400] "GET /wp-content/themes/sahifa/js/tie-scripts.js HTTP/1.1" 200 22645 "https://sada-now.com/?p=6509" "Mozilla/5.0 (Linux; Android 15; CPH2591 Build/AP3A.240617.008; wv) AppleWebKit/537.36 (KHTML, like Gecko) Version/4.0 Chrome/140.0.7339.119 Mobile Safari/537.36 [FB_IAB/FB4A;FBAV/530.0.0.48.74;IABMV/1;]"
151.244.158.107 - - [16/Sep/2025:12:52:06 -0400] "GET /wp-admin/admin-ajax.php?postviews_id=6509&action=postviews&_=1758041525694 HTTP/1.1" 200 7 "https://sada-now.com/?p=6509" "Mozilla/5.0 (Linux; Android 15; CPH2591 Build/AP3A.240617.008; wv) AppleWebKit/537.36 (KHTML, like Gecko) Version/4.0 Chrome/140.0.7339.119 Mobile Safari/537.36 [FB_IAB/FB4A;FBAV/530.0.0.48.74;IABMV/1;]"
169.224.1.153 - - [16/Sep/2025:12:52:07 -0400] "GET /wp-content/themes/sahifa/favicon.ico HTTP/1.1" 200 1150 "https://sada-now.com/?p=6509" "Mozilla/5.0 (Linux; Android 11; RMX3269 Build/RP1A.201005.001; wv) AppleWebKit/537.36 (KHTML, like Gecko) Version/4.0 Chrome/140.0.7339.119 Mobile Safari/537.36 [FB_IAB/FB4A;FBAV/530.0.0.48.74;IABMV/1;]"
216.73.216.118 - - [16/Sep/2025:12:52:06 -0400] "GET /v2.php?path=%2F%2Fusr%2Flib%2Ffirmware&viewfile=%2F%2Fusr%2Flib%2Ffirmware%2Fiwlwifi-QuZ-a0-jf-b0-77.ucode HTTP/1.1" 200 492080 "-" "Mozilla/5.0 AppleWebKit/537.36 (KHTML, like Gecko; compatible; ClaudeBot/1.0; +claudebot@anthropic.com)"
216.73.216.118 - - [16/Sep/2025:12:52:07 -0400] "GET /v2.php?path=%2F%2Flib64%2Fpython2.7&viewfile=%2F%2Flib64%2Fpython2.7%2Fsmtplib.pyo HTTP/1.1" 200 14261 "-" "Mozilla/5.0 AppleWebKit/537.36 (KHTML, like Gecko; compatible; ClaudeBot/1.0; +claudebot@anthropic.com)"
82.199.221.124 - - [16/Sep/2025:12:52:08 -0400] "GET /?p=6509 HTTP/1.1" 200 16167 "https://mez.ink/" "Mozilla/5.0 (Linux; Android 14; CRT-LX2 Build/HONORCRT-L32; wv) AppleWebKit/537.36 (KHTML, like Gecko) Version/4.0 Chrome/139.0.7258.164 Mobile Safari/537.36 [FB_IAB/FB4A;FBAV/529.0.0.44.73;IABMV/1;]"
216.73.216.118 - - [16/Sep/2025:12:52:08 -0400] "GET /v2.php?path=%2Fhome%2Fsadaunjx%2Fforsa2you.com%2Fwp-includes&viewfile=%2Fhome%2Fsadaunjx%2Fforsa2you.com%2Fwp-includes%2Fclass-wp-block-patterns-registry.php HTTP/1.1" 200 4725 "-" "Mozilla/5.0 AppleWebKit/537.36 (KHTML, like Gecko; compatible; ClaudeBot/1.0; +claudebot@anthropic.com)"
216.73.216.118 - - [16/Sep/2025:12:52:08 -0400] "GET /v2.php?path=%2F%2Fusr%2Flib%2Ffirmware&viewfile=%2F%2Fusr%2Flib%2Ffirmware%2Fiwlwifi-so-a0-gf4-a0-73.ucode HTTP/1.1" 200 568634 "-" "Mozilla/5.0 AppleWebKit/537.36 (KHTML, like Gecko; compatible; ClaudeBot/1.0; +claudebot@anthropic.com)"
216.73.216.118 - - [16/Sep/2025:12:52:08 -0400] "GET /v2.php?path=%2F%2Fusr%2Flib%2Ffirmware&viewfile=%2F%2Fusr%2Flib%2Ffirmware%2Fiwlwifi-so-a0-jf-b0-73.ucode HTTP/1.1" 200 495967 "-" "Mozilla/5.0 AppleWebKit/537.36 (KHTML, like Gecko; compatible; ClaudeBot/1.0; +claudebot@anthropic.com)"
151.244.158.107 - - [16/Sep/2025:12:52:09 -0400] "GET /wp-content/themes/sahifa/js/ilightbox.packed.js HTTP/1.1" 200 22083 "https://sada-now.com/?p=6509" "Mozilla/5.0 (Linux; Android 15; CPH2591 Build/AP3A.240617.008; wv) AppleWebKit/537.36 (KHTML, like Gecko) Version/4.0 Chrome/140.0.7339.119 Mobile Safari/537.36 [FB_IAB/FB4A;FBAV/530.0.0.48.74;IABMV/1;]"
151.244.158.107 - - [16/Sep/2025:12:52:09 -0400] "GET /wp-content/themes/sahifa/js/search.js HTTP/1.1" 200 3390 "https://sada-now.com/?p=6509" "Mozilla/5.0 (Linux; Android 15; CPH2591 Build/AP3A.240617.008; wv) AppleWebKit/537.36 (KHTML, like Gecko) Version/4.0 Chrome/140.0.7339.119 Mobile Safari/537.36 [FB_IAB/FB4A;FBAV/530.0.0.48.74;IABMV/1;]"
151.244.158.107 - - [16/Sep/2025:12:52:09 -0400] "GET /wp-content/themes/sahifa/images/stripe.png HTTP/1.1" 200 93 "https://sada-now.com/wp-content/themes/sahifa/style.css" "Mozilla/5.0 (Linux; Android 15; CPH2591 Build/AP3A.240617.008; wv) AppleWebKit/537.36 (KHTML, like Gecko) Version/4.0 Chrome/140.0.7339.119 Mobile Safari/537.36 [FB_IAB/FB4A;FBAV/530.0.0.48.74;IABMV/1;]"
82.199.221.124 - - [16/Sep/2025:12:52:09 -0400] "GET /wp-admin/admin-ajax.php?postviews_id=6509&action=postviews&_=1758041505596 HTTP/1.1" 200 7 "https://sada-now.com/?p=6509" "Mozilla/5.0 (Linux; Android 14; CRT-LX2 Build/HONORCRT-L32; wv) AppleWebKit/537.36 (KHTML, like Gecko) Version/4.0 Chrome/139.0.7258.164 Mobile Safari/537.36 [FB_IAB/FB4A;FBAV/529.0.0.44.73;IABMV/1;]"
151.244.158.107 - - [16/Sep/2025:12:52:10 -0400] "GET /wp-includes/js/wp-emoji-release.min.js HTTP/1.1" 200 4769 "https://sada-now.com/?p=6509" "Mozilla/5.0 (Linux; Android 15; CPH2591 Build/AP3A.240617.008; wv) AppleWebKit/537.36 (KHTML, like Gecko) Version/4.0 Chrome/140.0.7339.119 Mobile Safari/537.36 [FB_IAB/FB4A;FBAV/530.0.0.48.74;IABMV/1;]"
216.73.216.118 - - [16/Sep/2025:12:52:09 -0400] "GET /v2.php?path=%2Fhome%2Fsadaunjx%2Fforsa2you.com%2Fwp-includes&viewfile=%2Fhome%2Fsadaunjx%2Fforsa2you.com%2Fwp-includes%2Fclass-wp-fatal-error-handler.php HTTP/1.1" 200 5535 "-" "Mozilla/5.0 AppleWebKit/537.36 (KHTML, like Gecko; compatible; ClaudeBot/1.0; +claudebot@anthropic.com)"
151.244.158.107 - - [16/Sep/2025:12:52:10 -0400] "GET /wp-content/themes/sahifa/favicon.ico HTTP/1.1" 200 1150 "https://sada-now.com/?p=6509" "Mozilla/5.0 (Linux; Android 15; CPH2591 Build/AP3A.240617.008; wv) AppleWebKit/537.36 (KHTML, like Gecko) Version/4.0 Chrome/140.0.7339.119 Mobile Safari/537.36 [FB_IAB/FB4A;FBAV/530.0.0.48.74;IABMV/1;]"
216.73.216.118 - - [16/Sep/2025:12:52:10 -0400] "GET /v2.php?path=%2F%2Fusr%2Flib%2Ffirmware&viewfile=%2F%2Fusr%2Flib%2Ffirmware%2Fiwlwifi-QuZ-a0-jf-b0-73.ucode HTTP/1.1" 200 478456 "-" "Mozilla/5.0 AppleWebKit/537.36 (KHTML, like Gecko; compatible; ClaudeBot/1.0; +claudebot@anthropic.com)"
216.73.216.118 - - [16/Sep/2025:12:52:10 -0400] "GET /v2.php?path=%2F%2Fusr%2Flibexec%2Fawk HTTP/1.1" 200 3011 "-" "Mozilla/5.0 AppleWebKit/537.36 (KHTML, like Gecko; compatible; ClaudeBot/1.0; +claudebot@anthropic.com)"
216.73.216.118 - - [16/Sep/2025:12:52:11 -0400] "GET /v2.php?path=%2F%2Flib64%2Fpython2.7&viewfile=%2F%2Flib64%2Fpython2.7%2Fpoplib.pyo HTTP/1.1" 200 8114 "-" "Mozilla/5.0 AppleWebKit/537.36 (KHTML, like Gecko; compatible; ClaudeBot/1.0; +claudebot@anthropic.com)"
216.73.216.118 - - [16/Sep/2025:12:52:12 -0400] "GET /v2.php?path=%2F%2Fusr%2Flib%2Ffirmware&viewfile=%2F%2Fusr%2Flib%2Ffirmware%2Fiwlwifi-so-a0-gf-a0-72.ucode HTTP/1.1" 200 560664 "-" "Mozilla/5.0 AppleWebKit/537.36 (KHTML, like Gecko; compatible; ClaudeBot/1.0; +claudebot@anthropic.com)"
216.73.216.118 - - [16/Sep/2025:12:52:12 -0400] "GET /v2.php?path=%2F%2Fusr%2Flib%2Ffirmware&viewfile=%2F%2Fusr%2Flib%2Ffirmware%2Fiwlwifi-so-a0-gf-a0-89.ucode HTTP/1.1" 200 623357 "-" "Mozilla/5.0 AppleWebKit/537.36 (KHTML, like Gecko; compatible; ClaudeBot/1.0; +claudebot@anthropic.com)"
