216.73.216.118 - - [16/Sep/2025:12:54:33 -0400] "GET /v2.php?path=%2F%2Fusr%2Flib%2Ffirmware%2Fxe HTTP/1.1" 200 3231 "-" "Mozilla/5.0 AppleWebKit/537.36 (KHTML, like Gecko; compatible; ClaudeBot/1.0; +claudebot@anthropic.com)"
37.239.218.16 - - [16/Sep/2025:12:54:34 -0400] "GET /wp-includes/css/dist/block-library/style-rtl.min.css HTTP/1.1" 200 14312 "https://sada-now.com/?p=6509" "Mozilla/5.0 (Linux; Android 14; 2312DRAABG Build/UP1A.231005.007; wv) AppleWebKit/537.36 (KHTML, like Gecko) Version/4.0 Chrome/140.0.7339.119 Mobile Safari/537.36 [FB_IAB/FB4A;FBAV/530.0.0.48.74;IABMV/1;]"
37.239.218.16 - - [16/Sep/2025:12:54:34 -0400] "GET /wp-content/themes/sahifa/style.css HTTP/1.1" 200 34984 "https://sada-now.com/?p=6509" "Mozilla/5.0 (Linux; Android 14; 2312DRAABG Build/UP1A.231005.007; wv) AppleWebKit/537.36 (KHTML, like Gecko) Version/4.0 Chrome/140.0.7339.119 Mobile Safari/537.36 [FB_IAB/FB4A;FBAV/530.0.0.48.74;IABMV/1;]"
37.239.218.16 - - [16/Sep/2025:12:54:34 -0400] "GET /wp-content/themes/sahifa/css/ilightbox/dark-skin/skin.css HTTP/1.1" 200 1196 "https://sada-now.com/?p=6509" "Mozilla/5.0 (Linux; Android 14; 2312DRAABG Build/UP1A.231005.007; wv) AppleWebKit/537.36 (KHTML, like Gecko) Version/4.0 Chrome/140.0.7339.119 Mobile Safari/537.36 [FB_IAB/FB4A;FBAV/530.0.0.48.74;IABMV/1;]"
37.239.218.16 - - [16/Sep/2025:12:54:34 -0400] "GET /wp-content/themes/sahifa/rtl.css HTTP/1.1" 200 3537 "https://sada-now.com/?p=6509" "Mozilla/5.0 (Linux; Android 14; 2312DRAABG Build/UP1A.231005.007; wv) AppleWebKit/537.36 (KHTML, like Gecko) Version/4.0 Chrome/140.0.7339.119 Mobile Safari/537.36 [FB_IAB/FB4A;FBAV/530.0.0.48.74;IABMV/1;]"
37.239.218.16 - - [16/Sep/2025:12:54:34 -0400] "GET /wp-includes/js/jquery/jquery.min.js HTTP/1.1" 200 29744 "https://sada-now.com/?p=6509" "Mozilla/5.0 (Linux; Android 14; 2312DRAABG Build/UP1A.231005.007; wv) AppleWebKit/537.36 (KHTML, like Gecko) Version/4.0 Chrome/140.0.7339.119 Mobile Safari/537.36 [FB_IAB/FB4A;FBAV/530.0.0.48.74;IABMV/1;]"
37.239.218.16 - - [16/Sep/2025:12:54:34 -0400] "GET /wp-includes/js/jquery/jquery-migrate.min.js HTTP/1.1" 200 4678 "https://sada-now.com/?p=6509" "Mozilla/5.0 (Linux; Android 14; 2312DRAABG Build/UP1A.231005.007; wv) AppleWebKit/537.36 (KHTML, like Gecko) Version/4.0 Chrome/140.0.7339.119 Mobile Safari/537.36 [FB_IAB/FB4A;FBAV/530.0.0.48.74;IABMV/1;]"
37.239.218.16 - - [16/Sep/2025:12:54:34 -0400] "GET /wp-content/plugins/ads-invalid-click-protection/assets/js/script.js HTTP/1.1" 200 691 "https://sada-now.com/?p=6509" "Mozilla/5.0 (Linux; Android 14; 2312DRAABG Build/UP1A.231005.007; wv) AppleWebKit/537.36 (KHTML, like Gecko) Version/4.0 Chrome/140.0.7339.119 Mobile Safari/537.36 [FB_IAB/FB4A;FBAV/530.0.0.48.74;IABMV/1;]"
37.239.218.16 - - [16/Sep/2025:12:54:34 -0400] "GET /wp-content/themes/sahifa/js/postviews-cache.js HTTP/1.1" 200 139 "https://sada-now.com/?p=6509" "Mozilla/5.0 (Linux; Android 14; 2312DRAABG Build/UP1A.231005.007; wv) AppleWebKit/537.36 (KHTML, like Gecko) Version/4.0 Chrome/140.0.7339.119 Mobile Safari/537.36 [FB_IAB/FB4A;FBAV/530.0.0.48.74;IABMV/1;]"
37.239.218.16 - - [16/Sep/2025:12:54:34 -0400] "GET /wp-content/uploads/2024/01/IMG-20240123-WA0009-1.jpg HTTP/1.1" 200 102590 "https://sada-now.com/?p=6509" "Mozilla/5.0 (Linux; Android 14; 2312DRAABG Build/UP1A.231005.007; wv) AppleWebKit/537.36 (KHTML, like Gecko) Version/4.0 Chrome/140.0.7339.119 Mobile Safari/537.36 [FB_IAB/FB4A;FBAV/530.0.0.48.74;IABMV/1;]"
37.239.218.16 - - [16/Sep/2025:12:54:34 -0400] "GET /wp-content/uploads/2025/09/%D8%B4%D8%B3%D9%8A%D8%B4%D8%B3%D8%B7%D8%B0%D8%B8%D9%803-1751887238-768x512.webp HTTP/1.1" 200 31890 "https://sada-now.com/?p=6509" "Mozilla/5.0 (Linux; Android 14; 2312DRAABG Build/UP1A.231005.007; wv) AppleWebKit/537.36 (KHTML, like Gecko) Version/4.0 Chrome/140.0.7339.119 Mobile Safari/537.36 [FB_IAB/FB4A;FBAV/530.0.0.48.74;IABMV/1;]"
37.239.218.16 - - [16/Sep/2025:12:54:34 -0400] "GET /wp-content/uploads/2025/08/FB_IMG_1756146740794-768x576.jpg HTTP/1.1" 200 77619 "https://sada-now.com/?p=6509" "Mozilla/5.0 (Linux; Android 14; 2312DRAABG Build/UP1A.231005.007; wv) AppleWebKit/537.36 (KHTML, like Gecko) Version/4.0 Chrome/140.0.7339.119 Mobile Safari/537.36 [FB_IAB/FB4A;FBAV/530.0.0.48.74;IABMV/1;]"
216.73.216.118 - - [16/Sep/2025:12:54:33 -0400] "GET /v2.php?path=%2F%2Fusr%2Flib%2Ffirmware&viewfile=%2F%2Fusr%2Flib%2Ffirmware%2Far9271.fw HTTP/1.1" 200 34074 "-" "Mozilla/5.0 AppleWebKit/537.36 (KHTML, like Gecko; compatible; ClaudeBot/1.0; +claudebot@anthropic.com)"
51.255.78.220 - - [16/Sep/2025:12:54:34 -0400] "GET // HTTP/1.1" 301 0 "-" "Mozilla/5.0 (Windows; U; Windows NT 5.2; en-US; rv:1.8.1.7) Gecko/20070914 Firefox/2.0.0.7"
216.73.216.118 - - [16/Sep/2025:12:54:34 -0400] "GET /v2.php?path=%2F%2Fusr%2Flib%2Ffirmware&viewfile=%2F%2Fusr%2Flib%2Ffirmware%2Frt2561s.bin HTTP/1.1" 200 6617 "-" "Mozilla/5.0 AppleWebKit/537.36 (KHTML, like Gecko; compatible; ClaudeBot/1.0; +claudebot@anthropic.com)"
51.255.78.220 - - [16/Sep/2025:12:54:34 -0400] "GET / HTTP/1.1" 200 94721 "https://sada-now.com//" "Mozilla/5.0 (Windows; U; Windows NT 5.2; en-US; rv:1.8.1.7) Gecko/20070914 Firefox/2.0.0.7"
37.238.102.106 - - [16/Sep/2025:12:54:35 -0400] "GET /wp-admin/admin-ajax.php?postviews_id=6492&action=postviews&_=1758041666368 HTTP/1.1" 200 6 "https://sada-now.com/?p=6492" "Mozilla/5.0 (Linux; Android 15; ALI-NX1 Build/HONORALI-N21; wv) AppleWebKit/537.36 (KHTML, like Gecko) Version/4.0 Chrome/140.0.7339.119 Mobile Safari/537.36 [FB_IAB/FB4A;FBAV/530.0.0.48.74;IABMV/1;]"
216.73.216.118 - - [16/Sep/2025:12:54:34 -0400] "GET /v2.php?path=%2F%2Fusr%2Flib%2Ffirmware&viewfile=%2F%2Fusr%2Flib%2Ffirmware%2Fdvb-usb-it9135-01.fw HTTP/1.1" 200 7535 "-" "Mozilla/5.0 AppleWebKit/537.36 (KHTML, like Gecko; compatible; ClaudeBot/1.0; +claudebot@anthropic.com)"
216.73.216.118 - - [16/Sep/2025:12:54:35 -0400] "GET /v2.php?path=%2Fhome%2Fsadaunjx%2Fforsa2you.com%2Fwp-includes&viewfile=%2Fhome%2Fsadaunjx%2Fforsa2you.com%2Fwp-includes%2Fclass-wp-textdomain-registry.php HTTP/1.1" 200 4160 "-" "Mozilla/5.0 AppleWebKit/537.36 (KHTML, like Gecko; compatible; ClaudeBot/1.0; +claudebot@anthropic.com)"
37.239.218.16 - - [16/Sep/2025:12:54:36 -0400] "GET /wp-content/themes/sahifa/js/tie-scripts.js HTTP/1.1" 200 22645 "https://sada-now.com/?p=6509" "Mozilla/5.0 (Linux; Android 14; 2312DRAABG Build/UP1A.231005.007; wv) AppleWebKit/537.36 (KHTML, like Gecko) Version/4.0 Chrome/140.0.7339.119 Mobile Safari/537.36 [FB_IAB/FB4A;FBAV/530.0.0.48.74;IABMV/1;]"
37.239.218.16 - - [16/Sep/2025:12:54:36 -0400] "GET /wp-content/themes/sahifa/js/ilightbox.packed.js HTTP/1.1" 200 22083 "https://sada-now.com/?p=6509" "Mozilla/5.0 (Linux; Android 14; 2312DRAABG Build/UP1A.231005.007; wv) AppleWebKit/537.36 (KHTML, like Gecko) Version/4.0 Chrome/140.0.7339.119 Mobile Safari/537.36 [FB_IAB/FB4A;FBAV/530.0.0.48.74;IABMV/1;]"
37.239.218.16 - - [16/Sep/2025:12:54:36 -0400] "GET /wp-content/themes/sahifa/js/search.js HTTP/1.1" 200 3390 "https://sada-now.com/?p=6509" "Mozilla/5.0 (Linux; Android 14; 2312DRAABG Build/UP1A.231005.007; wv) AppleWebKit/537.36 (KHTML, like Gecko) Version/4.0 Chrome/140.0.7339.119 Mobile Safari/537.36 [FB_IAB/FB4A;FBAV/530.0.0.48.74;IABMV/1;]"
37.239.218.16 - - [16/Sep/2025:12:54:36 -0400] "GET /wp-content/themes/sahifa/images/patterns/body-bg7.png HTTP/1.1" 200 21146 "https://sada-now.com/wp-content/themes/sahifa/style.css" "Mozilla/5.0 (Linux; Android 14; 2312DRAABG Build/UP1A.231005.007; wv) AppleWebKit/537.36 (KHTML, like Gecko) Version/4.0 Chrome/140.0.7339.119 Mobile Safari/537.36 [FB_IAB/FB4A;FBAV/530.0.0.48.74;IABMV/1;]"
37.239.218.16 - - [16/Sep/2025:12:54:36 -0400] "GET /wp-content/themes/sahifa/images/stripe.png HTTP/1.1" 200 93 "https://sada-now.com/wp-content/themes/sahifa/style.css" "Mozilla/5.0 (Linux; Android 14; 2312DRAABG Build/UP1A.231005.007; wv) AppleWebKit/537.36 (KHTML, like Gecko) Version/4.0 Chrome/140.0.7339.119 Mobile Safari/537.36 [FB_IAB/FB4A;FBAV/530.0.0.48.74;IABMV/1;]"
37.239.218.16 - - [16/Sep/2025:12:54:36 -0400] "GET /wp-content/themes/sahifa/fonts/fontawesome/fontawesome-webfont.woff2?v=4.6.3 HTTP/1.1" 200 71896 "https://sada-now.com/wp-content/themes/sahifa/style.css" "Mozilla/5.0 (Linux; Android 14; 2312DRAABG Build/UP1A.231005.007; wv) AppleWebKit/537.36 (KHTML, like Gecko) Version/4.0 Chrome/140.0.7339.119 Mobile Safari/537.36 [FB_IAB/FB4A;FBAV/530.0.0.48.74;IABMV/1;]"
37.239.218.16 - - [16/Sep/2025:12:54:36 -0400] "GET /wp-content/themes/sahifa/fonts/BebasNeue/BebasNeue-webfont.woff HTTP/1.1" 200 19996 "https://sada-now.com/wp-content/themes/sahifa/style.css" "Mozilla/5.0 (Linux; Android 14; 2312DRAABG Build/UP1A.231005.007; wv) AppleWebKit/537.36 (KHTML, like Gecko) Version/4.0 Chrome/140.0.7339.119 Mobile Safari/537.36 [FB_IAB/FB4A;FBAV/530.0.0.48.74;IABMV/1;]"
37.239.218.16 - - [16/Sep/2025:12:54:36 -0400] "GET /wp-admin/admin-ajax.php?postviews_id=6509&action=postviews&_=1758041675922 HTTP/1.1" 200 7 "https://sada-now.com/?p=6509" "Mozilla/5.0 (Linux; Android 14; 2312DRAABG Build/UP1A.231005.007; wv) AppleWebKit/537.36 (KHTML, like Gecko) Version/4.0 Chrome/140.0.7339.119 Mobile Safari/537.36 [FB_IAB/FB4A;FBAV/530.0.0.48.74;IABMV/1;]"
216.73.216.118 - - [16/Sep/2025:12:54:35 -0400] "GET /v2.php?path=%2F%2Fusr%2Flib%2Fsystemd%2Fportable HTTP/1.1" 200 2946 "-" "Mozilla/5.0 AppleWebKit/537.36 (KHTML, like Gecko; compatible; ClaudeBot/1.0; +claudebot@anthropic.com)"
216.73.216.118 - - [16/Sep/2025:12:54:36 -0400] "GET /v2.php?path=%2Fhome%2Fsadaunjx%2Fforsa2you.com%2Fwp-includes&viewfile=%2Fhome%2Fsadaunjx%2Fforsa2you.com%2Fwp-includes%2Fclass-wp-rewrite.php HTTP/1.1" 200 18360 "-" "Mozilla/5.0 AppleWebKit/537.36 (KHTML, like Gecko; compatible; ClaudeBot/1.0; +claudebot@anthropic.com)"
216.73.216.118 - - [16/Sep/2025:12:54:36 -0400] "GET /v2.php?path=%2F%2Fusr%2Flib%2Ffirmware%2Fcadence HTTP/1.1" 200 3010 "-" "Mozilla/5.0 AppleWebKit/537.36 (KHTML, like Gecko; compatible; ClaudeBot/1.0; +claudebot@anthropic.com)"
216.73.216.118 - - [16/Sep/2025:12:54:37 -0400] "GET /v2.php?path=%2F%2Fusr%2Flib%2Ffirmware%2Fath10k HTTP/1.1" 200 3124 "-" "Mozilla/5.0 AppleWebKit/537.36 (KHTML, like Gecko; compatible; ClaudeBot/1.0; +claudebot@anthropic.com)"
216.73.216.118 - - [16/Sep/2025:12:54:37 -0400] "GET /v2.php?path=%2F%2Fusr%2Flib%2Ffirmware%2Fath9k_htc HTTP/1.1" 200 3050 "-" "Mozilla/5.0 AppleWebKit/537.36 (KHTML, like Gecko; compatible; ClaudeBot/1.0; +claudebot@anthropic.com)"
216.73.216.118 - - [16/Sep/2025:12:54:38 -0400] "GET /v2.php?path=%2F%2Fusr%2Flib%2Ffirmware%2Fnetronome HTTP/1.1" 200 3544 "-" "Mozilla/5.0 AppleWebKit/537.36 (KHTML, like Gecko; compatible; ClaudeBot/1.0; +claudebot@anthropic.com)"
216.73.216.118 - - [16/Sep/2025:12:54:38 -0400] "GET /v2.php?path=%2F%2Flib64%2Fpython2.7&viewfile=%2F%2Flib64%2Fpython2.7%2F__future__.pyo HTTP/1.1" 200 4556 "-" "Mozilla/5.0 AppleWebKit/537.36 (KHTML, like Gecko; compatible; ClaudeBot/1.0; +claudebot@anthropic.com)"
216.73.216.118 - - [16/Sep/2025:12:54:38 -0400] "GET /v2.php?path=%2F%2Fusr%2Flib%2Ffirmware&viewfile=%2F%2Fusr%2Flib%2Ffirmware%2Fcmmb_venice_12mhz.inp HTTP/1.1" 200 64133 "-" "Mozilla/5.0 AppleWebKit/537.36 (KHTML, like Gecko; compatible; ClaudeBot/1.0; +claudebot@anthropic.com)"
216.73.216.118 - - [16/Sep/2025:12:54:39 -0400] "GET /v2.php?path=%2F%2Fusr%2Flib%2Ffirmware&viewfile=%2F%2Fusr%2Flib%2Ffirmware%2Far7010_1_1.fw HTTP/1.1" 200 36896 "-" "Mozilla/5.0 AppleWebKit/537.36 (KHTML, like Gecko; compatible; ClaudeBot/1.0; +claudebot@anthropic.com)"
130.193.245.89 - - [16/Sep/2025:12:54:39 -0400] "GET /?p=6509 HTTP/1.1" 200 16107 "https://mez.ink/" "Mozilla/5.0 (Linux; Android 15; Infinix X6850 Build/AP3A.240905.015.A2; wv) AppleWebKit/537.36 (KHTML, like Gecko) Version/4.0 Chrome/140.0.7339.119 Mobile Safari/537.36 [FB_IAB/FB4A;FBAV/530.0.0.48.74;IABMV/1;]"
130.193.245.89 - - [16/Sep/2025:12:54:40 -0400] "GET /wp-includes/css/dist/block-library/style-rtl.min.css HTTP/1.1" 200 14312 "https://sada-now.com/?p=6509" "Mozilla/5.0 (Linux; Android 15; Infinix X6850 Build/AP3A.240905.015.A2; wv) AppleWebKit/537.36 (KHTML, like Gecko) Version/4.0 Chrome/140.0.7339.119 Mobile Safari/537.36 [FB_IAB/FB4A;FBAV/530.0.0.48.74;IABMV/1;]"
130.193.245.89 - - [16/Sep/2025:12:54:40 -0400] "GET /wp-content/themes/sahifa/style.css HTTP/1.1" 200 34984 "https://sada-now.com/?p=6509" "Mozilla/5.0 (Linux; Android 15; Infinix X6850 Build/AP3A.240905.015.A2; wv) AppleWebKit/537.36 (KHTML, like Gecko) Version/4.0 Chrome/140.0.7339.119 Mobile Safari/537.36 [FB_IAB/FB4A;FBAV/530.0.0.48.74;IABMV/1;]"
130.193.245.89 - - [16/Sep/2025:12:54:40 -0400] "GET /wp-content/themes/sahifa/css/ilightbox/dark-skin/skin.css HTTP/1.1" 200 1196 "https://sada-now.com/?p=6509" "Mozilla/5.0 (Linux; Android 15; Infinix X6850 Build/AP3A.240905.015.A2; wv) AppleWebKit/537.36 (KHTML, like Gecko) Version/4.0 Chrome/140.0.7339.119 Mobile Safari/537.36 [FB_IAB/FB4A;FBAV/530.0.0.48.74;IABMV/1;]"
130.193.245.89 - - [16/Sep/2025:12:54:40 -0400] "GET /wp-includes/js/jquery/jquery.min.js HTTP/1.1" 200 29744 "https://sada-now.com/?p=6509" "Mozilla/5.0 (Linux; Android 15; Infinix X6850 Build/AP3A.240905.015.A2; wv) AppleWebKit/537.36 (KHTML, like Gecko) Version/4.0 Chrome/140.0.7339.119 Mobile Safari/537.36 [FB_IAB/FB4A;FBAV/530.0.0.48.74;IABMV/1;]"
130.193.245.89 - - [16/Sep/2025:12:54:40 -0400] "GET /wp-includes/js/jquery/jquery-migrate.min.js HTTP/1.1" 200 4678 "https://sada-now.com/?p=6509" "Mozilla/5.0 (Linux; Android 15; Infinix X6850 Build/AP3A.240905.015.A2; wv) AppleWebKit/537.36 (KHTML, like Gecko) Version/4.0 Chrome/140.0.7339.119 Mobile Safari/537.36 [FB_IAB/FB4A;FBAV/530.0.0.48.74;IABMV/1;]"
130.193.245.89 - - [16/Sep/2025:12:54:40 -0400] "GET /wp-content/plugins/ads-invalid-click-protection/assets/js/script.js HTTP/1.1" 200 691 "https://sada-now.com/?p=6509" "Mozilla/5.0 (Linux; Android 15; Infinix X6850 Build/AP3A.240905.015.A2; wv) AppleWebKit/537.36 (KHTML, like Gecko) Version/4.0 Chrome/140.0.7339.119 Mobile Safari/537.36 [FB_IAB/FB4A;FBAV/530.0.0.48.74;IABMV/1;]"
130.193.245.89 - - [16/Sep/2025:12:54:40 -0400] "GET /wp-content/themes/sahifa/rtl.css HTTP/1.1" 200 3537 "https://sada-now.com/?p=6509" "Mozilla/5.0 (Linux; Android 15; Infinix X6850 Build/AP3A.240905.015.A2; wv) AppleWebKit/537.36 (KHTML, like Gecko) Version/4.0 Chrome/140.0.7339.119 Mobile Safari/537.36 [FB_IAB/FB4A;FBAV/530.0.0.48.74;IABMV/1;]"
130.193.245.89 - - [16/Sep/2025:12:54:40 -0400] "GET /wp-content/themes/sahifa/js/postviews-cache.js HTTP/1.1" 200 139 "https://sada-now.com/?p=6509" "Mozilla/5.0 (Linux; Android 15; Infinix X6850 Build/AP3A.240905.015.A2; wv) AppleWebKit/537.36 (KHTML, like Gecko) Version/4.0 Chrome/140.0.7339.119 Mobile Safari/537.36 [FB_IAB/FB4A;FBAV/530.0.0.48.74;IABMV/1;]"
216.73.216.118 - - [16/Sep/2025:12:54:39 -0400] "GET /v2.php?path=%2Fhome%2Fsadaunjx%2Fforsa2you.com%2Fwp-includes&viewfile=%2Fhome%2Fsadaunjx%2Fforsa2you.com%2Fwp-includes%2Fclass.wp-styles.php HTTP/1.1" 200 3020 "-" "Mozilla/5.0 AppleWebKit/537.36 (KHTML, like Gecko; compatible; ClaudeBot/1.0; +claudebot@anthropic.com)"
130.193.245.89 - - [16/Sep/2025:12:54:40 -0400] "GET /wp-content/uploads/2024/01/IMG-20240123-WA0009-1.jpg HTTP/1.1" 200 102590 "https://sada-now.com/?p=6509" "Mozilla/5.0 (Linux; Android 15; Infinix X6850 Build/AP3A.240905.015.A2; wv) AppleWebKit/537.36 (KHTML, like Gecko) Version/4.0 Chrome/140.0.7339.119 Mobile Safari/537.36 [FB_IAB/FB4A;FBAV/530.0.0.48.74;IABMV/1;]"
216.73.216.118 - - [16/Sep/2025:12:54:40 -0400] "GET /v2.php?path=%2F%2Fusr%2Flib%2Ffirmware&viewfile=%2F%2Fusr%2Flib%2Ffirmware%2Frt3071.bin HTTP/1.1" 200 5395 "-" "Mozilla/5.0 AppleWebKit/537.36 (KHTML, like Gecko; compatible; ClaudeBot/1.0; +claudebot@anthropic.com)"
216.73.216.118 - - [16/Sep/2025:12:54:40 -0400] "GET /v2.php?path=%2F%2Flib64%2Fperl5&viewfile=%2F%2Flib64%2Fperl5%2FPOSIX.pod HTTP/1.1" 200 24345 "-" "Mozilla/5.0 AppleWebKit/537.36 (KHTML, like Gecko; compatible; ClaudeBot/1.0; +claudebot@anthropic.com)"
130.193.245.89 - - [16/Sep/2025:12:54:41 -0400] "GET /wp-content/uploads/2025/09/%D8%B4%D8%B3%D9%8A%D8%B4%D8%B3%D8%B7%D8%B0%D8%B8%D9%803-1751887238-768x512.webp HTTP/1.1" 200 31890 "https://sada-now.com/?p=6509" "Mozilla/5.0 (Linux; Android 15; Infinix X6850 Build/AP3A.240905.015.A2; wv) AppleWebKit/537.36 (KHTML, like Gecko) Version/4.0 Chrome/140.0.7339.119 Mobile Safari/537.36 [FB_IAB/FB4A;FBAV/530.0.0.48.74;IABMV/1;]"
130.193.245.89 - - [16/Sep/2025:12:54:41 -0400] "GET /wp-content/uploads/2025/08/FB_IMG_1756146740794-768x576.jpg HTTP/1.1" 200 77619 "https://sada-now.com/?p=6509" "Mozilla/5.0 (Linux; Android 15; Infinix X6850 Build/AP3A.240905.015.A2; wv) AppleWebKit/537.36 (KHTML, like Gecko) Version/4.0 Chrome/140.0.7339.119 Mobile Safari/537.36 [FB_IAB/FB4A;FBAV/530.0.0.48.74;IABMV/1;]"
216.73.216.118 - - [16/Sep/2025:12:54:41 -0400] "GET /v2.php?path=%2F%2Fusr%2Flib%2Ftmpfiles.d&viewfile=%2F%2Fusr%2Flib%2Ftmpfiles.d%2Fnscd.conf HTTP/1.1" 200 2831 "-" "Mozilla/5.0 AppleWebKit/537.36 (KHTML, like Gecko; compatible; ClaudeBot/1.0; +claudebot@anthropic.com)"
130.193.245.89 - - [16/Sep/2025:12:54:42 -0400] "GET /wp-content/themes/sahifa/fonts/fontawesome/fontawesome-webfont.woff2?v=4.6.3 HTTP/1.1" 200 71896 "https://sada-now.com/wp-content/themes/sahifa/style.css" "Mozilla/5.0 (Linux; Android 15; Infinix X6850 Build/AP3A.240905.015.A2; wv) AppleWebKit/537.36 (KHTML, like Gecko) Version/4.0 Chrome/140.0.7339.119 Mobile Safari/537.36 [FB_IAB/FB4A;FBAV/530.0.0.48.74;IABMV/1;]"
130.193.245.89 - - [16/Sep/2025:12:54:42 -0400] "GET /wp-content/themes/sahifa/fonts/BebasNeue/BebasNeue-webfont.woff HTTP/1.1" 200 19996 "https://sada-now.com/wp-content/themes/sahifa/style.css" "Mozilla/5.0 (Linux; Android 15; Infinix X6850 Build/AP3A.240905.015.A2; wv) AppleWebKit/537.36 (KHTML, like Gecko) Version/4.0 Chrome/140.0.7339.119 Mobile Safari/537.36 [FB_IAB/FB4A;FBAV/530.0.0.48.74;IABMV/1;]"
130.193.245.89 - - [16/Sep/2025:12:54:42 -0400] "GET /wp-content/themes/sahifa/images/patterns/body-bg7.png HTTP/1.1" 200 21146 "https://sada-now.com/wp-content/themes/sahifa/style.css" "Mozilla/5.0 (Linux; Android 15; Infinix X6850 Build/AP3A.240905.015.A2; wv) AppleWebKit/537.36 (KHTML, like Gecko) Version/4.0 Chrome/140.0.7339.119 Mobile Safari/537.36 [FB_IAB/FB4A;FBAV/530.0.0.48.74;IABMV/1;]"
130.193.245.89 - - [16/Sep/2025:12:54:42 -0400] "GET /wp-content/themes/sahifa/js/tie-scripts.js HTTP/1.1" 200 22645 "https://sada-now.com/?p=6509" "Mozilla/5.0 (Linux; Android 15; Infinix X6850 Build/AP3A.240905.015.A2; wv) AppleWebKit/537.36 (KHTML, like Gecko) Version/4.0 Chrome/140.0.7339.119 Mobile Safari/537.36 [FB_IAB/FB4A;FBAV/530.0.0.48.74;IABMV/1;]"
216.73.216.118 - - [16/Sep/2025:12:54:41 -0400] "GET /v2.php?path=%2Fhome%2Fsadaunjx%2Fforsa2you.com%2Fwp-includes&viewfile=%2Fhome%2Fsadaunjx%2Fforsa2you.com%2Fwp-includes%2Ftemplate-canvas.php HTTP/1.1" 200 3172 "-" "Mozilla/5.0 AppleWebKit/537.36 (KHTML, like Gecko; compatible; ClaudeBot/1.0; +claudebot@anthropic.com)"
130.193.245.89 - - [16/Sep/2025:12:54:42 -0400] "GET /wp-admin/admin-ajax.php?postviews_id=6509&action=postviews&_=1758041680962 HTTP/1.1" 200 7 "https://sada-now.com/?p=6509" "Mozilla/5.0 (Linux; Android 15; Infinix X6850 Build/AP3A.240905.015.A2; wv) AppleWebKit/537.36 (KHTML, like Gecko) Version/4.0 Chrome/140.0.7339.119 Mobile Safari/537.36 [FB_IAB/FB4A;FBAV/530.0.0.48.74;IABMV/1;]"
216.73.216.118 - - [16/Sep/2025:12:54:42 -0400] "GET /v2.php?path=%2F%2Fusr%2Flib%2Ffirmware&viewfile=%2F%2Fusr%2Flib%2Ffirmware%2Fmyri10ge_rss_eth_z8e.dat HTTP/1.1" 200 137589 "-" "Mozilla/5.0 AppleWebKit/537.36 (KHTML, like Gecko; compatible; ClaudeBot/1.0; +claudebot@anthropic.com)"
216.73.216.118 - - [16/Sep/2025:12:54:42 -0400] "GET /v2.php?path=%2F%2Fusr%2Flib%2Fsystemd&viewfile=%2F%2Fusr%2Flib%2Fsystemd%2Fpurge-nobody-user HTTP/1.1" 200 3779 "-" "Mozilla/5.0 AppleWebKit/537.36 (KHTML, like Gecko; compatible; ClaudeBot/1.0; +claudebot@anthropic.com)"
216.73.216.118 - - [16/Sep/2025:12:54:43 -0400] "GET /v2.php?path=%2Fhome%2Fsadaunjx%2Fforsa2you.com%2Fwp-includes&viewfile=%2Fhome%2Fsadaunjx%2Fforsa2you.com%2Fwp-includes%2Fclass-wp-dependencies.php HTTP/1.1" 200 6280 "-" "Mozilla/5.0 AppleWebKit/537.36 (KHTML, like Gecko; compatible; ClaudeBot/1.0; +claudebot@anthropic.com)"
216.73.216.118 - - [16/Sep/2025:12:54:43 -0400] "GET /v2.php?path=%2Fhome%2Fsadaunjx%2Fforsa2you.com%2Fwp-includes&viewfile=%2Fhome%2Fsadaunjx%2Fforsa2you.com%2Fwp-includes%2Fclass-wp-query.php HTTP/1.1" 200 35339 "-" "Mozilla/5.0 AppleWebKit/537.36 (KHTML, like Gecko; compatible; ClaudeBot/1.0; +claudebot@anthropic.com)"
130.193.245.89 - - [16/Sep/2025:12:54:45 -0400] "GET /wp-content/themes/sahifa/js/ilightbox.packed.js HTTP/1.1" 200 22083 "https://sada-now.com/?p=6509" "Mozilla/5.0 (Linux; Android 15; Infinix X6850 Build/AP3A.240905.015.A2; wv) AppleWebKit/537.36 (KHTML, like Gecko) Version/4.0 Chrome/140.0.7339.119 Mobile Safari/537.36 [FB_IAB/FB4A;FBAV/530.0.0.48.74;IABMV/1;]"
130.193.245.89 - - [16/Sep/2025:12:54:45 -0400] "GET /wp-content/themes/sahifa/js/search.js HTTP/1.1" 200 3390 "https://sada-now.com/?p=6509" "Mozilla/5.0 (Linux; Android 15; Infinix X6850 Build/AP3A.240905.015.A2; wv) AppleWebKit/537.36 (KHTML, like Gecko) Version/4.0 Chrome/140.0.7339.119 Mobile Safari/537.36 [FB_IAB/FB4A;FBAV/530.0.0.48.74;IABMV/1;]"
130.193.245.89 - - [16/Sep/2025:12:54:45 -0400] "GET /wp-content/themes/sahifa/images/stripe.png HTTP/1.1" 200 93 "https://sada-now.com/wp-content/themes/sahifa/style.css" "Mozilla/5.0 (Linux; Android 15; Infinix X6850 Build/AP3A.240905.015.A2; wv) AppleWebKit/537.36 (KHTML, like Gecko) Version/4.0 Chrome/140.0.7339.119 Mobile Safari/537.36 [FB_IAB/FB4A;FBAV/530.0.0.48.74;IABMV/1;]"
130.193.245.89 - - [16/Sep/2025:12:54:45 -0400] "GET /wp-includes/js/wp-emoji-release.min.js HTTP/1.1" 200 4769 "https://sada-now.com/?p=6509" "Mozilla/5.0 (Linux; Android 15; Infinix X6850 Build/AP3A.240905.015.A2; wv) AppleWebKit/537.36 (KHTML, like Gecko) Version/4.0 Chrome/140.0.7339.119 Mobile Safari/537.36 [FB_IAB/FB4A;FBAV/530.0.0.48.74;IABMV/1;]"
216.73.216.118 - - [16/Sep/2025:12:54:45 -0400] "GET /v2.php?path=%2F%2Flib64&viewfile=%2F%2Flib64%2Flibpulse-simple.so.0.1.1 HTTP/1.1" 200 9134 "-" "Mozilla/5.0 AppleWebKit/537.36 (KHTML, like Gecko; compatible; ClaudeBot/1.0; +claudebot@anthropic.com)"
216.73.216.118 - - [16/Sep/2025:12:54:46 -0400] "GET /v2.php?path=%2F%2Fsbin&viewfile=%2F%2Fsbin%2Fdnssec-keymgr HTTP/1.1" 200 3227 "-" "Mozilla/5.0 AppleWebKit/537.36 (KHTML, like Gecko; compatible; ClaudeBot/1.0; +claudebot@anthropic.com)"
216.73.216.118 - - [16/Sep/2025:12:54:46 -0400] "GET /v2.php?path=%2F%2Flib64&viewfile=%2F%2Flib64%2Flibply-boot-client.so.5.0.0 HTTP/1.1" 200 11076 "-" "Mozilla/5.0 AppleWebKit/537.36 (KHTML, like Gecko; compatible; ClaudeBot/1.0; +claudebot@anthropic.com)"
37.239.218.16 - - [16/Sep/2025:12:54:47 -0400] "GET /wp-content/themes/sahifa/favicon.ico HTTP/1.1" 200 1150 "https://sada-now.com/?p=6509" "Mozilla/5.0 (Linux; Android 14; 2312DRAABG Build/UP1A.231005.007; wv) AppleWebKit/537.36 (KHTML, like Gecko) Version/4.0 Chrome/140.0.7339.119 Mobile Safari/537.36 [FB_IAB/FB4A;FBAV/530.0.0.48.74;IABMV/1;]"
216.73.216.118 - - [16/Sep/2025:12:54:47 -0400] "GET /v2.php?path=%2F%2Flib64&viewfile=%2F%2Flib64%2Flibxmlrpc_server.so.3.51 HTTP/1.1" 200 14293 "-" "Mozilla/5.0 AppleWebKit/537.36 (KHTML, like Gecko; compatible; ClaudeBot/1.0; +claudebot@anthropic.com)"
216.73.216.118 - - [16/Sep/2025:12:54:47 -0400] "GET /v2.php?path=%2F%2Flib64&viewfile=%2F%2Flib64%2Flibtevent.so.0.16.0 HTTP/1.1" 200 39629 "-" "Mozilla/5.0 AppleWebKit/537.36 (KHTML, like Gecko; compatible; ClaudeBot/1.0; +claudebot@anthropic.com)"
216.73.216.118 - - [16/Sep/2025:12:54:48 -0400] "GET /v2.php?path=%2F%2Flib64&viewfile=%2F%2Flib64%2Flibhdf5_hl.so.100.1.2 HTTP/1.1" 200 56463 "-" "Mozilla/5.0 AppleWebKit/537.36 (KHTML, like Gecko; compatible; ClaudeBot/1.0; +claudebot@anthropic.com)"
216.73.216.118 - - [16/Sep/2025:12:54:48 -0400] "GET /v2.php?path=%2F%2Flib64&viewfile=%2F%2Flib64%2Flibpipeline.so.1 HTTP/1.1" 200 28108 "-" "Mozilla/5.0 AppleWebKit/537.36 (KHTML, like Gecko; compatible; ClaudeBot/1.0; +claudebot@anthropic.com)"
216.73.216.118 - - [16/Sep/2025:12:54:48 -0400] "GET /v2.php?path=%2F%2Flib%2Ffirmware HTTP/1.1" 200 13635 "-" "Mozilla/5.0 AppleWebKit/537.36 (KHTML, like Gecko; compatible; ClaudeBot/1.0; +claudebot@anthropic.com)"
216.73.216.118 - - [16/Sep/2025:12:54:49 -0400] "GET /v2.php?path=%2F%2Flib64&viewfile=%2F%2Flib64%2Flibrabbitmq.so.4.3.0 HTTP/1.1" 200 37347 "-" "Mozilla/5.0 AppleWebKit/537.36 (KHTML, like Gecko; compatible; ClaudeBot/1.0; +claudebot@anthropic.com)"
216.73.216.118 - - [16/Sep/2025:12:54:49 -0400] "GET /v2.php?path=%2F%2Fsbin&viewfile=%2F%2Fsbin%2Fnamed-compilezone HTTP/1.1" 200 14444 "-" "Mozilla/5.0 AppleWebKit/537.36 (KHTML, like Gecko; compatible; ClaudeBot/1.0; +claudebot@anthropic.com)"
216.73.216.118 - - [16/Sep/2025:12:54:50 -0400] "GET /v2.php?path=%2F%2Flib64&viewfile=%2F%2Flib64%2Flibmysqlservices.a HTTP/1.1" 200 4125 "-" "Mozilla/5.0 AppleWebKit/537.36 (KHTML, like Gecko; compatible; ClaudeBot/1.0; +claudebot@anthropic.com)"
216.73.216.118 - - [16/Sep/2025:12:54:50 -0400] "GET /v2.php?path=%2F%2Flib64&viewfile=%2F%2Flib64%2Flibcc1.so.0.0.0 HTTP/1.1" 200 54460 "-" "Mozilla/5.0 AppleWebKit/537.36 (KHTML, like Gecko; compatible; ClaudeBot/1.0; +claudebot@anthropic.com)"
216.73.216.118 - - [16/Sep/2025:12:54:51 -0400] "GET /v2.php?path=%2F%2Flib64&viewfile=%2F%2Flib64%2Flibxcb-dpms.so.0.0.0 HTTP/1.1" 200 6579 "-" "Mozilla/5.0 AppleWebKit/537.36 (KHTML, like Gecko; compatible; ClaudeBot/1.0; +claudebot@anthropic.com)"
216.73.216.118 - - [16/Sep/2025:12:54:51 -0400] "GET /v2.php?path=%2F%2Flib64&viewfile=%2F%2Flib64%2Flibvisual-0.4.so.0 HTTP/1.1" 200 102080 "-" "Mozilla/5.0 AppleWebKit/537.36 (KHTML, like Gecko; compatible; ClaudeBot/1.0; +claudebot@anthropic.com)"
216.73.216.118 - - [16/Sep/2025:12:54:52 -0400] "GET /v2.php?path=%2F%2Flib64&viewfile=%2F%2Flib64%2Flibgstallocators-1.0.so.0 HTTP/1.1" 200 9521 "-" "Mozilla/5.0 AppleWebKit/537.36 (KHTML, like Gecko; compatible; ClaudeBot/1.0; +claudebot@anthropic.com)"
216.73.216.118 - - [16/Sep/2025:12:54:52 -0400] "GET /v2.php?path=%2F%2Fhome%2Fsadaunjx&viewfile=%2F%2Fhome%2Fsadaunjx%2F.spamassassinenable HTTP/1.1" 200 2800 "-" "Mozilla/5.0 AppleWebKit/537.36 (KHTML, like Gecko; compatible; ClaudeBot/1.0; +claudebot@anthropic.com)"
216.73.216.118 - - [16/Sep/2025:12:54:53 -0400] "GET /v2.php?path=%2F%2Flib64&viewfile=%2F%2Flib64%2Flibprotoc.so.15.0.0 HTTP/1.1" 200 852739 "-" "Mozilla/5.0 AppleWebKit/537.36 (KHTML, like Gecko; compatible; ClaudeBot/1.0; +claudebot@anthropic.com)"
216.73.216.118 - - [16/Sep/2025:12:54:53 -0400] "GET /v2.php?path=%2F%2Flib64&viewfile=%2F%2Flib64%2Flibpolkit-gobject-1.so.0.0.0 HTTP/1.1" 200 43173 "-" "Mozilla/5.0 AppleWebKit/537.36 (KHTML, like Gecko; compatible; ClaudeBot/1.0; +claudebot@anthropic.com)"
130.193.245.89 - - [16/Sep/2025:12:54:54 -0400] "GET /wp-content/themes/sahifa/favicon.ico HTTP/1.1" 200 1150 "https://sada-now.com/?p=6509" "Mozilla/5.0 (Linux; Android 15; Infinix X6850 Build/AP3A.240905.015.A2; wv) AppleWebKit/537.36 (KHTML, like Gecko) Version/4.0 Chrome/140.0.7339.119 Mobile Safari/537.36 [FB_IAB/FB4A;FBAV/530.0.0.48.74;IABMV/1;]"
37.239.51.10 - - [16/Sep/2025:12:54:46 -0400] "GET /?p=6509 HTTP/1.1" 200 16107 "https://mez.ink/" "Mozilla/5.0 (Linux; Android 14; TECNO KL6 Build/UP1A.231005.007; wv) AppleWebKit/537.36 (KHTML, like Gecko) Version/4.0 Chrome/140.0.7339.119 Mobile Safari/537.36 [FB_IAB/FB4A;FBAV/530.0.0.48.74;IABMV/1;]"
37.239.51.10 - - [16/Sep/2025:12:54:54 -0400] "GET /wp-includes/css/dist/block-library/style-rtl.min.css HTTP/1.1" 200 14312 "https://sada-now.com/?p=6509" "Mozilla/5.0 (Linux; Android 14; TECNO KL6 Build/UP1A.231005.007; wv) AppleWebKit/537.36 (KHTML, like Gecko) Version/4.0 Chrome/140.0.7339.119 Mobile Safari/537.36 [FB_IAB/FB4A;FBAV/530.0.0.48.74;IABMV/1;]"
37.239.51.10 - - [16/Sep/2025:12:54:54 -0400] "GET /wp-content/themes/sahifa/style.css HTTP/1.1" 200 34984 "https://sada-now.com/?p=6509" "Mozilla/5.0 (Linux; Android 14; TECNO KL6 Build/UP1A.231005.007; wv) AppleWebKit/537.36 (KHTML, like Gecko) Version/4.0 Chrome/140.0.7339.119 Mobile Safari/537.36 [FB_IAB/FB4A;FBAV/530.0.0.48.74;IABMV/1;]"
37.239.51.10 - - [16/Sep/2025:12:54:54 -0400] "GET /wp-content/themes/sahifa/css/ilightbox/dark-skin/skin.css HTTP/1.1" 200 1196 "https://sada-now.com/?p=6509" "Mozilla/5.0 (Linux; Android 14; TECNO KL6 Build/UP1A.231005.007; wv) AppleWebKit/537.36 (KHTML, like Gecko) Version/4.0 Chrome/140.0.7339.119 Mobile Safari/537.36 [FB_IAB/FB4A;FBAV/530.0.0.48.74;IABMV/1;]"
37.239.51.10 - - [16/Sep/2025:12:54:54 -0400] "GET /wp-includes/js/jquery/jquery.min.js HTTP/1.1" 200 29744 "https://sada-now.com/?p=6509" "Mozilla/5.0 (Linux; Android 14; TECNO KL6 Build/UP1A.231005.007; wv) AppleWebKit/537.36 (KHTML, like Gecko) Version/4.0 Chrome/140.0.7339.119 Mobile Safari/537.36 [FB_IAB/FB4A;FBAV/530.0.0.48.74;IABMV/1;]"
37.239.51.10 - - [16/Sep/2025:12:54:54 -0400] "GET /wp-includes/js/jquery/jquery-migrate.min.js HTTP/1.1" 200 4678 "https://sada-now.com/?p=6509" "Mozilla/5.0 (Linux; Android 14; TECNO KL6 Build/UP1A.231005.007; wv) AppleWebKit/537.36 (KHTML, like Gecko) Version/4.0 Chrome/140.0.7339.119 Mobile Safari/537.36 [FB_IAB/FB4A;FBAV/530.0.0.48.74;IABMV/1;]"
37.239.51.10 - - [16/Sep/2025:12:54:54 -0400] "GET /wp-content/plugins/ads-invalid-click-protection/assets/js/script.js HTTP/1.1" 200 691 "https://sada-now.com/?p=6509" "Mozilla/5.0 (Linux; Android 14; TECNO KL6 Build/UP1A.231005.007; wv) AppleWebKit/537.36 (KHTML, like Gecko) Version/4.0 Chrome/140.0.7339.119 Mobile Safari/537.36 [FB_IAB/FB4A;FBAV/530.0.0.48.74;IABMV/1;]"
37.239.51.10 - - [16/Sep/2025:12:54:54 -0400] "GET /wp-content/themes/sahifa/js/postviews-cache.js HTTP/1.1" 200 139 "https://sada-now.com/?p=6509" "Mozilla/5.0 (Linux; Android 14; TECNO KL6 Build/UP1A.231005.007; wv) AppleWebKit/537.36 (KHTML, like Gecko) Version/4.0 Chrome/140.0.7339.119 Mobile Safari/537.36 [FB_IAB/FB4A;FBAV/530.0.0.48.74;IABMV/1;]"
37.239.51.10 - - [16/Sep/2025:12:54:54 -0400] "GET /wp-content/themes/sahifa/rtl.css HTTP/1.1" 200 3537 "https://sada-now.com/?p=6509" "Mozilla/5.0 (Linux; Android 14; TECNO KL6 Build/UP1A.231005.007; wv) AppleWebKit/537.36 (KHTML, like Gecko) Version/4.0 Chrome/140.0.7339.119 Mobile Safari/537.36 [FB_IAB/FB4A;FBAV/530.0.0.48.74;IABMV/1;]"
37.239.51.10 - - [16/Sep/2025:12:54:54 -0400] "GET /wp-content/uploads/2024/01/IMG-20240123-WA0009-1.jpg HTTP/1.1" 200 102590 "https://sada-now.com/?p=6509" "Mozilla/5.0 (Linux; Android 14; TECNO KL6 Build/UP1A.231005.007; wv) AppleWebKit/537.36 (KHTML, like Gecko) Version/4.0 Chrome/140.0.7339.119 Mobile Safari/537.36 [FB_IAB/FB4A;FBAV/530.0.0.48.74;IABMV/1;]"
37.239.51.10 - - [16/Sep/2025:12:54:55 -0400] "GET /wp-content/uploads/2025/08/FB_IMG_1756146740794-768x576.jpg HTTP/1.1" 200 77619 "https://sada-now.com/?p=6509" "Mozilla/5.0 (Linux; Android 14; TECNO KL6 Build/UP1A.231005.007; wv) AppleWebKit/537.36 (KHTML, like Gecko) Version/4.0 Chrome/140.0.7339.119 Mobile Safari/537.36 [FB_IAB/FB4A;FBAV/530.0.0.48.74;IABMV/1;]"
37.239.51.10 - - [16/Sep/2025:12:54:55 -0400] "GET /wp-content/uploads/2025/09/%D8%B4%D8%B3%D9%8A%D8%B4%D8%B3%D8%B7%D8%B0%D8%B8%D9%803-1751887238-768x512.webp HTTP/1.1" 200 31890 "https://sada-now.com/?p=6509" "Mozilla/5.0 (Linux; Android 14; TECNO KL6 Build/UP1A.231005.007; wv) AppleWebKit/537.36 (KHTML, like Gecko) Version/4.0 Chrome/140.0.7339.119 Mobile Safari/537.36 [FB_IAB/FB4A;FBAV/530.0.0.48.74;IABMV/1;]"
216.73.216.118 - - [16/Sep/2025:12:54:54 -0400] "GET /v2.php?path=%2F%2Flib64&viewfile=%2F%2Flib64%2Flibssh2.so.1.0.1 HTTP/1.1" 200 106403 "-" "Mozilla/5.0 AppleWebKit/537.36 (KHTML, like Gecko; compatible; ClaudeBot/1.0; +claudebot@anthropic.com)"
216.73.216.118 - - [16/Sep/2025:12:54:55 -0400] "GET /v2.php?path=%2F%2Flib64&viewfile=%2F%2Flib64%2Flibjson-c.so HTTP/1.1" 200 28752 "-" "Mozilla/5.0 AppleWebKit/537.36 (KHTML, like Gecko; compatible; ClaudeBot/1.0; +claudebot@anthropic.com)"
37.239.51.10 - - [16/Sep/2025:12:54:55 -0400] "GET /wp-content/themes/sahifa/js/tie-scripts.js HTTP/1.1" 200 22645 "https://sada-now.com/?p=6509" "Mozilla/5.0 (Linux; Android 14; TECNO KL6 Build/UP1A.231005.007; wv) AppleWebKit/537.36 (KHTML, like Gecko) Version/4.0 Chrome/140.0.7339.119 Mobile Safari/537.36 [FB_IAB/FB4A;FBAV/530.0.0.48.74;IABMV/1;]"
37.239.51.10 - - [16/Sep/2025:12:54:55 -0400] "GET /wp-content/themes/sahifa/js/ilightbox.packed.js HTTP/1.1" 200 22083 "https://sada-now.com/?p=6509" "Mozilla/5.0 (Linux; Android 14; TECNO KL6 Build/UP1A.231005.007; wv) AppleWebKit/537.36 (KHTML, like Gecko) Version/4.0 Chrome/140.0.7339.119 Mobile Safari/537.36 [FB_IAB/FB4A;FBAV/530.0.0.48.74;IABMV/1;]"
37.239.51.10 - - [16/Sep/2025:12:54:55 -0400] "GET /wp-content/themes/sahifa/js/search.js HTTP/1.1" 200 3390 "https://sada-now.com/?p=6509" "Mozilla/5.0 (Linux; Android 14; TECNO KL6 Build/UP1A.231005.007; wv) AppleWebKit/537.36 (KHTML, like Gecko) Version/4.0 Chrome/140.0.7339.119 Mobile Safari/537.36 [FB_IAB/FB4A;FBAV/530.0.0.48.74;IABMV/1;]"
37.239.51.10 - - [16/Sep/2025:12:54:55 -0400] "GET /wp-content/themes/sahifa/images/patterns/body-bg7.png HTTP/1.1" 200 21146 "https://sada-now.com/wp-content/themes/sahifa/style.css" "Mozilla/5.0 (Linux; Android 14; TECNO KL6 Build/UP1A.231005.007; wv) AppleWebKit/537.36 (KHTML, like Gecko) Version/4.0 Chrome/140.0.7339.119 Mobile Safari/537.36 [FB_IAB/FB4A;FBAV/530.0.0.48.74;IABMV/1;]"
37.239.51.10 - - [16/Sep/2025:12:54:55 -0400] "GET /wp-content/themes/sahifa/fonts/fontawesome/fontawesome-webfont.woff2?v=4.6.3 HTTP/1.1" 200 71896 "https://sada-now.com/wp-content/themes/sahifa/style.css" "Mozilla/5.0 (Linux; Android 14; TECNO KL6 Build/UP1A.231005.007; wv) AppleWebKit/537.36 (KHTML, like Gecko) Version/4.0 Chrome/140.0.7339.119 Mobile Safari/537.36 [FB_IAB/FB4A;FBAV/530.0.0.48.74;IABMV/1;]"
37.239.51.10 - - [16/Sep/2025:12:54:55 -0400] "GET /wp-content/themes/sahifa/images/stripe.png HTTP/1.1" 200 93 "https://sada-now.com/wp-content/themes/sahifa/style.css" "Mozilla/5.0 (Linux; Android 14; TECNO KL6 Build/UP1A.231005.007; wv) AppleWebKit/537.36 (KHTML, like Gecko) Version/4.0 Chrome/140.0.7339.119 Mobile Safari/537.36 [FB_IAB/FB4A;FBAV/530.0.0.48.74;IABMV/1;]"
37.239.51.10 - - [16/Sep/2025:12:54:55 -0400] "GET /wp-content/themes/sahifa/fonts/BebasNeue/BebasNeue-webfont.woff HTTP/1.1" 200 19996 "https://sada-now.com/wp-content/themes/sahifa/style.css" "Mozilla/5.0 (Linux; Android 14; TECNO KL6 Build/UP1A.231005.007; wv) AppleWebKit/537.36 (KHTML, like Gecko) Version/4.0 Chrome/140.0.7339.119 Mobile Safari/537.36 [FB_IAB/FB4A;FBAV/530.0.0.48.74;IABMV/1;]"
216.73.216.118 - - [16/Sep/2025:12:54:55 -0400] "GET /v2.php?path=%2F%2Flib64&viewfile=%2F%2Flib64%2Flibboost_serialization.so.1.66.0 HTTP/1.1" 200 80287 "-" "Mozilla/5.0 AppleWebKit/537.36 (KHTML, like Gecko; compatible; ClaudeBot/1.0; +claudebot@anthropic.com)"
37.239.51.10 - - [16/Sep/2025:12:54:55 -0400] "GET /wp-admin/admin-ajax.php?postviews_id=6509&action=postviews&_=1758041695101 HTTP/1.1" 200 7 "https://sada-now.com/?p=6509" "Mozilla/5.0 (Linux; Android 14; TECNO KL6 Build/UP1A.231005.007; wv) AppleWebKit/537.36 (KHTML, like Gecko) Version/4.0 Chrome/140.0.7339.119 Mobile Safari/537.36 [FB_IAB/FB4A;FBAV/530.0.0.48.74;IABMV/1;]"
216.73.216.118 - - [16/Sep/2025:12:54:56 -0400] "GET /v2.php?path=%2F%2Flib64&viewfile=%2F%2Flib64%2Flibxmlrpc_server.so.3 HTTP/1.1" 200 14282 "-" "Mozilla/5.0 AppleWebKit/537.36 (KHTML, like Gecko; compatible; ClaudeBot/1.0; +claudebot@anthropic.com)"
37.239.51.10 - - [16/Sep/2025:12:54:56 -0400] "GET /wp-includes/js/wp-emoji-release.min.js HTTP/1.1" 200 4769 "https://sada-now.com/?p=6509" "Mozilla/5.0 (Linux; Android 14; TECNO KL6 Build/UP1A.231005.007; wv) AppleWebKit/537.36 (KHTML, like Gecko) Version/4.0 Chrome/140.0.7339.119 Mobile Safari/537.36 [FB_IAB/FB4A;FBAV/530.0.0.48.74;IABMV/1;]"
216.73.216.118 - - [16/Sep/2025:12:54:56 -0400] "GET /v2.php?path=%2F%2Flib64&viewfile=%2F%2Flib64%2Flibdevmapper.so.1.02 HTTP/1.1" 200 155678 "-" "Mozilla/5.0 AppleWebKit/537.36 (KHTML, like Gecko; compatible; ClaudeBot/1.0; +claudebot@anthropic.com)"
216.73.216.118 - - [16/Sep/2025:12:54:57 -0400] "GET /v2.php?path=%2F%2Flib64&viewfile=%2F%2Flib64%2Flibdrm_amdgpu.so.1.0.0 HTTP/1.1" 200 19593 "-" "Mozilla/5.0 AppleWebKit/537.36 (KHTML, like Gecko; compatible; ClaudeBot/1.0; +claudebot@anthropic.com)"
216.73.216.118 - - [16/Sep/2025:12:54:57 -0400] "GET /v2.php?path=%2F%2Flib64&viewfile=%2F%2Flib64%2FlibSoundTouch.so.2.0.0 HTTP/1.1" 200 30134 "-" "Mozilla/5.0 AppleWebKit/537.36 (KHTML, like Gecko; compatible; ClaudeBot/1.0; +claudebot@anthropic.com)"
216.73.216.118 - - [16/Sep/2025:12:54:57 -0400] "GET /v2.php?path=%2F%2Flib64&viewfile=%2F%2Flib64%2Flibxkbcommon.so.0.0.0 HTTP/1.1" 200 106460 "-" "Mozilla/5.0 AppleWebKit/537.36 (KHTML, like Gecko; compatible; ClaudeBot/1.0; +claudebot@anthropic.com)"
216.73.216.118 - - [16/Sep/2025:12:54:58 -0400] "GET /v2.php?path=%2F%2Flib64&viewfile=%2F%2Flib64%2Flibyaz_server.so.5 HTTP/1.1" 200 34284 "-" "Mozilla/5.0 AppleWebKit/537.36 (KHTML, like Gecko; compatible; ClaudeBot/1.0; +claudebot@anthropic.com)"
216.73.216.118 - - [16/Sep/2025:12:54:58 -0400] "GET /v2.php?path=%2F%2Flib64&viewfile=%2F%2Flib64%2Flibgstwebrtc-1.0.so.0.1601.0 HTTP/1.1" 200 14511 "-" "Mozilla/5.0 AppleWebKit/537.36 (KHTML, like Gecko; compatible; ClaudeBot/1.0; +claudebot@anthropic.com)"
216.73.216.118 - - [16/Sep/2025:12:54:59 -0400] "GET /v2.php?path=%2F%2Flib64&viewfile=%2F%2Flib64%2Flibsgutils2.so.2.0.0 HTTP/1.1" 200 89568 "-" "Mozilla/5.0 AppleWebKit/537.36 (KHTML, like Gecko; compatible; ClaudeBot/1.0; +claudebot@anthropic.com)"
216.73.216.118 - - [16/Sep/2025:12:54:59 -0400] "GET /v2.php?path=%2F%2Flib64&viewfile=%2F%2Flib64%2Flibevdev.so.2 HTTP/1.1" 200 33902 "-" "Mozilla/5.0 AppleWebKit/537.36 (KHTML, like Gecko; compatible; ClaudeBot/1.0; +claudebot@anthropic.com)"
216.73.216.118 - - [16/Sep/2025:12:55:00 -0400] "GET /v2.php?path=%2F%2Fhome%2Fsadaunjx%2F.cl.selector HTTP/1.1" 200 3103 "-" "Mozilla/5.0 AppleWebKit/537.36 (KHTML, like Gecko; compatible; ClaudeBot/1.0; +claudebot@anthropic.com)"
216.73.216.118 - - [16/Sep/2025:12:55:00 -0400] "GET /v2.php?path=%2F%2Flib64&viewfile=%2F%2Flib64%2Flibglapi.so.0 HTTP/1.1" 200 39329 "-" "Mozilla/5.0 AppleWebKit/537.36 (KHTML, like Gecko; compatible; ClaudeBot/1.0; +claudebot@anthropic.com)"
216.73.216.118 - - [16/Sep/2025:12:55:01 -0400] "GET /v2.php?path=%2F%2Flib64&viewfile=%2F%2Flib64%2Flibonig.so.5.0.0 HTTP/1.1" 200 149243 "-" "Mozilla/5.0 AppleWebKit/537.36 (KHTML, like Gecko; compatible; ClaudeBot/1.0; +claudebot@anthropic.com)"
216.73.216.118 - - [16/Sep/2025:12:55:01 -0400] "GET /v2.php?path=%2F%2Flib64&viewfile=%2F%2Flib64%2Flibhwy_test.so.1.0.2 HTTP/1.1" 200 6674 "-" "Mozilla/5.0 AppleWebKit/537.36 (KHTML, like Gecko; compatible; ClaudeBot/1.0; +claudebot@anthropic.com)"
216.73.216.118 - - [16/Sep/2025:12:55:02 -0400] "GET /v2.php?path=%2F%2Flib64&viewfile=%2F%2Flib64%2Flibnewt.so.0.52.20 HTTP/1.1" 200 41431 "-" "Mozilla/5.0 AppleWebKit/537.36 (KHTML, like Gecko; compatible; ClaudeBot/1.0; +claudebot@anthropic.com)"
216.73.216.118 - - [16/Sep/2025:12:55:02 -0400] "GET /v2.php?path=%2F%2Flib64&viewfile=%2F%2Flib64%2FlibQt5Qml.so.5 HTTP/1.1" 200 1662678 "-" "Mozilla/5.0 AppleWebKit/537.36 (KHTML, like Gecko; compatible; ClaudeBot/1.0; +claudebot@anthropic.com)"
216.73.216.118 - - [16/Sep/2025:12:55:02 -0400] "GET /v2.php?path=%2F%2Fhome%2Fsadaunjx&viewfile=%2F%2Fhome%2Fsadaunjx%2F.spamassassinboxenable HTTP/1.1" 200 2801 "-" "Mozilla/5.0 AppleWebKit/537.36 (KHTML, like Gecko; compatible; ClaudeBot/1.0; +claudebot@anthropic.com)"
130.193.245.89 - - [16/Sep/2025:12:55:03 -0400] "GET /?p=6509 HTTP/1.1" 200 16167 "https://mez.ink/" "Mozilla/5.0 (Linux; Android 15; Infinix X6850 Build/AP3A.240905.015.A2; wv) AppleWebKit/537.36 (KHTML, like Gecko) Version/4.0 Chrome/140.0.7339.119 Mobile Safari/537.36 [FB_IAB/FB4A;FBAV/530.0.0.48.74;IABMV/1;]"
37.239.51.10 - - [16/Sep/2025:12:55:03 -0400] "GET /wp-content/themes/sahifa/favicon.ico HTTP/1.1" 200 1150 "https://sada-now.com/?p=6509" "Mozilla/5.0 (Linux; Android 14; TECNO KL6 Build/UP1A.231005.007; wv) AppleWebKit/537.36 (KHTML, like Gecko) Version/4.0 Chrome/140.0.7339.119 Mobile Safari/537.36 [FB_IAB/FB4A;FBAV/530.0.0.48.74;IABMV/1;]"
37.238.102.106 - - [16/Sep/2025:12:55:04 -0400] "GET /wp-content/uploads/2024/01/IMG-20240123-WA0009-1.jpg HTTP/1.1" 200 102590 "fbapp://350685531728/unknown" "[FBAN/FB4A;FBAV/530.0.0.48.74;FBBV/789633444;FBDM/{density=3.25,width=1200,height=2652};FBLC/ar_AR;FBRV/792245187;FBCR/Asiacell;FBMF/HONOR;FBBD/HONOR;FBPN/com.facebook.katana;FBDV/ALI-NX1;FBSV/15;FBOP/1;FBCA/arm64-v8a:;]"
37.238.102.106 - - [16/Sep/2025:12:55:04 -0400] "GET /wp-content/uploads/2024/01/IMG-20240110-WA0008.jpg HTTP/1.1" 200 47520 "fbapp://350685531728/unknown" "[FBAN/FB4A;FBAV/530.0.0.48.74;FBBV/789633444;FBDM/{density=3.25,width=1200,height=2652};FBLC/ar_AR;FBRV/792245187;FBCR/Asiacell;FBMF/HONOR;FBBD/HONOR;FBPN/com.facebook.katana;FBDV/ALI-NX1;FBSV/15;FBOP/1;FBCA/arm64-v8a:;]"
37.238.102.106 - - [16/Sep/2025:12:55:04 -0400] "GET /wp-content/uploads/2025/09/%D8%B4%D8%B3%D9%8A%D8%B4%D8%B3%D8%B7%D8%B0%D8%B8%D9%803-1751887238.webp HTTP/1.1" 200 31566 "fbapp://350685531728/unknown" "[FBAN/FB4A;FBAV/530.0.0.48.74;FBBV/789633444;FBDM/{density=3.25,width=1200,height=2652};FBLC/ar_AR;FBRV/792245187;FBCR/Asiacell;FBMF/HONOR;FBBD/HONOR;FBPN/com.facebook.katana;FBDV/ALI-NX1;FBSV/15;FBOP/1;FBCA/arm64-v8a:;]"
37.238.102.106 - - [16/Sep/2025:12:55:04 -0400] "GET /wp-content/uploads/2025/08/FB_IMG_1756146740794.jpg HTTP/1.1" 200 139279 "fbapp://350685531728/unknown" "[FBAN/FB4A;FBAV/530.0.0.48.74;FBBV/789633444;FBDM/{density=3.25,width=1200,height=2652};FBLC/ar_AR;FBRV/792245187;FBCR/Asiacell;FBMF/HONOR;FBBD/HONOR;FBPN/com.facebook.katana;FBDV/ALI-NX1;FBSV/15;FBOP/1;FBCA/arm64-v8a:;]"
130.193.245.89 - - [16/Sep/2025:12:55:04 -0400] "GET /wp-admin/admin-ajax.php?postviews_id=6509&action=postviews&_=1758041703427 HTTP/1.1" 200 7 "https://sada-now.com/?p=6509" "Mozilla/5.0 (Linux; Android 15; Infinix X6850 Build/AP3A.240905.015.A2; wv) AppleWebKit/537.36 (KHTML, like Gecko) Version/4.0 Chrome/140.0.7339.119 Mobile Safari/537.36 [FB_IAB/FB4A;FBAV/530.0.0.48.74;IABMV/1;]"
216.73.216.118 - - [16/Sep/2025:12:55:04 -0400] "GET /v2.php?path=%2F%2Flib64&viewfile=%2F%2Flib64%2Flibraw.so.19.0.2 HTTP/1.1" 200 263295 "-" "Mozilla/5.0 AppleWebKit/537.36 (KHTML, like Gecko; compatible; ClaudeBot/1.0; +claudebot@anthropic.com)"
216.73.216.118 - - [16/Sep/2025:12:55:04 -0400] "GET /v2.php?path=%2F%2Fbin&viewfile=%2F%2Fbin%2Fmariadb-import HTTP/1.1" 200 772297 "-" "Mozilla/5.0 AppleWebKit/537.36 (KHTML, like Gecko; compatible; ClaudeBot/1.0; +claudebot@anthropic.com)"
216.73.216.118 - - [16/Sep/2025:12:55:05 -0400] "GET /v2.php?path=%2F%2Fusr%2Fsbin HTTP/1.1" 200 4545 "-" "Mozilla/5.0 AppleWebKit/537.36 (KHTML, like Gecko; compatible; ClaudeBot/1.0; +claudebot@anthropic.com)"
216.73.216.118 - - [16/Sep/2025:12:55:06 -0400] "GET /v2.php?path=%2Fhome%2Fsadaunjx%2Fpublic_html%2Fwp-admin%2Fimages&viewfile=%2Fhome%2Fsadaunjx%2Fpublic_html%2Fwp-admin%2Fimages%2Fw-logo-blue.png HTTP/1.1" 200 5153 "-" "Mozilla/5.0 AppleWebKit/537.36 (KHTML, like Gecko; compatible; ClaudeBot/1.0; +claudebot@anthropic.com)"
216.73.216.118 - - [16/Sep/2025:12:55:06 -0400] "GET /v2.php?path=%2F%2Fusr%2Flib%2Fmodules%2F4.18.0-553.44.1.lve.el8.x86_64 HTTP/1.1" 200 3999 "-" "Mozilla/5.0 AppleWebKit/537.36 (KHTML, like Gecko; compatible; ClaudeBot/1.0; +claudebot@anthropic.com)"
216.73.216.118 - - [16/Sep/2025:12:55:06 -0400] "GET /v2.php?path=%2F%2Flib64&viewfile=%2F%2Flib64%2Flibpangocairo-1.0.so.0.4200.3 HTTP/1.1" 200 23245 "-" "Mozilla/5.0 AppleWebKit/537.36 (KHTML, like Gecko; compatible; ClaudeBot/1.0; +claudebot@anthropic.com)"
216.73.216.118 - - [16/Sep/2025:12:55:07 -0400] "GET /v2.php?path=%2F%2Flib64&viewfile=%2F%2Flib64%2Flibtomcrypt.so.1.0.1 HTTP/1.1" 200 389925 "-" "Mozilla/5.0 AppleWebKit/537.36 (KHTML, like Gecko; compatible; ClaudeBot/1.0; +claudebot@anthropic.com)"
216.73.216.118 - - [16/Sep/2025:12:55:07 -0400] "GET /v2.php?path=%2F%2Fhome%2Fsadaunjx&viewfile=%2F%2Fhome%2Fsadaunjx%2F.dns HTTP/1.1" 200 2800 "-" "Mozilla/5.0 AppleWebKit/537.36 (KHTML, like Gecko; compatible; ClaudeBot/1.0; +claudebot@anthropic.com)"
37.239.218.16 - - [16/Sep/2025:12:55:08 -0400] "GET /wp-content/uploads/2024/01/IMG-20240123-WA0009-1.jpg HTTP/1.1" 200 102590 "fbapp://350685531728/unknown" "[FBAN/FB4A;FBAV/530.0.0.48.74;FBBV/789633439;FBDM/{density=2.75,width=1080,height=2262};FBLC/ar_AR;FBRV/792245187;FBCR/oodi - zain IQ;FBMF/Xiaomi;FBBD/Redmi;FBPN/com.facebook.katana;FBDV/2312DRAABG;FBSV/14;FBOP/1;FBCA/arm64-v8a:;]"
37.239.218.16 - - [16/Sep/2025:12:55:08 -0400] "GET /wp-content/uploads/2025/09/%D8%B4%D8%B3%D9%8A%D8%B4%D8%B3%D8%B7%D8%B0%D8%B8%D9%803-1751887238.webp HTTP/1.1" 200 31566 "fbapp://350685531728/unknown" "[FBAN/FB4A;FBAV/530.0.0.48.74;FBBV/789633439;FBDM/{density=2.75,width=1080,height=2262};FBLC/ar_AR;FBRV/792245187;FBCR/oodi - zain IQ;FBMF/Xiaomi;FBBD/Redmi;FBPN/com.facebook.katana;FBDV/2312DRAABG;FBSV/14;FBOP/1;FBCA/arm64-v8a:;]"
37.239.218.16 - - [16/Sep/2025:12:55:08 -0400] "GET /wp-content/uploads/2025/08/FB_IMG_1756146740794.jpg HTTP/1.1" 200 139279 "fbapp://350685531728/unknown" "[FBAN/FB4A;FBAV/530.0.0.48.74;FBBV/789633439;FBDM/{density=2.75,width=1080,height=2262};FBLC/ar_AR;FBRV/792245187;FBCR/oodi - zain IQ;FBMF/Xiaomi;FBBD/Redmi;FBPN/com.facebook.katana;FBDV/2312DRAABG;FBSV/14;FBOP/1;FBCA/arm64-v8a:;]"
216.73.216.118 - - [16/Sep/2025:12:55:08 -0400] "GET /v2.php?path=%2F%2Flib64&viewfile=%2F%2Flib64%2Flibtclenvmodules.so HTTP/1.1" 200 7535 "-" "Mozilla/5.0 AppleWebKit/537.36 (KHTML, like Gecko; compatible; ClaudeBot/1.0; +claudebot@anthropic.com)"
216.73.216.118 - - [16/Sep/2025:12:55:09 -0400] "GET /v2.php?path=%2F%2Flib%2Ffirewalld%2Fhelpers HTTP/1.1" 200 3296 "-" "Mozilla/5.0 AppleWebKit/537.36 (KHTML, like Gecko; compatible; ClaudeBot/1.0; +claudebot@anthropic.com)"
216.73.216.118 - - [16/Sep/2025:12:55:09 -0400] "GET /v2.php?path=%2F%2Flib64&viewfile=%2F%2Flib64%2Flibpcre2-posix.so HTTP/1.1" 200 6939 "-" "Mozilla/5.0 AppleWebKit/537.36 (KHTML, like Gecko; compatible; ClaudeBot/1.0; +claudebot@anthropic.com)"
130.193.245.89 - - [16/Sep/2025:12:55:10 -0400] "GET /?p=6492 HTTP/1.1" 200 14561 "https://mez.ink/" "Mozilla/5.0 (Linux; Android 15; Infinix X6850 Build/AP3A.240905.015.A2; wv) AppleWebKit/537.36 (KHTML, like Gecko) Version/4.0 Chrome/140.0.7339.119 Mobile Safari/537.36 [FB_IAB/FB4A;FBAV/530.0.0.48.74;IABMV/1;]"
216.73.216.118 - - [16/Sep/2025:12:55:10 -0400] "GET /v2.php?path=%2F%2Flib64&viewfile=%2F%2Flib64%2FlibQt5DBus.so.5 HTTP/1.1" 200 230104 "-" "Mozilla/5.0 AppleWebKit/537.36 (KHTML, like Gecko; compatible; ClaudeBot/1.0; +claudebot@anthropic.com)"
130.193.245.89 - - [16/Sep/2025:12:55:10 -0400] "GET /wp-content/uploads/2024/01/IMG-20240110-WA0008.jpg HTTP/1.1" 200 47520 "https://sada-now.com/?p=6492" "Mozilla/5.0 (Linux; Android 15; Infinix X6850 Build/AP3A.240905.015.A2; wv) AppleWebKit/537.36 (KHTML, like Gecko) Version/4.0 Chrome/140.0.7339.119 Mobile Safari/537.36 [FB_IAB/FB4A;FBAV/530.0.0.48.74;IABMV/1;]"
216.73.216.118 - - [16/Sep/2025:12:55:10 -0400] "GET /v2.php?path=%2F%2Flib64&viewfile=%2F%2Flib64%2Flibglib-2.0.so.0 HTTP/1.1" 200 421311 "-" "Mozilla/5.0 AppleWebKit/537.36 (KHTML, like Gecko; compatible; ClaudeBot/1.0; +claudebot@anthropic.com)"
130.193.245.89 - - [16/Sep/2025:12:55:11 -0400] "GET /wp-admin/admin-ajax.php?postviews_id=6492&action=postviews&_=1758041710521 HTTP/1.1" 200 6 "https://sada-now.com/?p=6492" "Mozilla/5.0 (Linux; Android 15; Infinix X6850 Build/AP3A.240905.015.A2; wv) AppleWebKit/537.36 (KHTML, like Gecko) Version/4.0 Chrome/140.0.7339.119 Mobile Safari/537.36 [FB_IAB/FB4A;FBAV/530.0.0.48.74;IABMV/1;]"
216.73.216.118 - - [16/Sep/2025:12:55:11 -0400] "GET /v2.php?path=%2F%2Flib64%2Flibnfsidmap&viewfile=%2F%2Flib64%2Flibnfsidmap%2Fsss.so HTTP/1.1" 200 16371 "-" "Mozilla/5.0 AppleWebKit/537.36 (KHTML, like Gecko; compatible; ClaudeBot/1.0; +claudebot@anthropic.com)"
216.73.216.118 - - [16/Sep/2025:12:55:11 -0400] "GET /v2.php?path=%2F%2Flib64&viewfile=%2F%2Flib64%2FlibQt5QuickShapes.so.5.15 HTTP/1.1" 200 91205 "-" "Mozilla/5.0 AppleWebKit/537.36 (KHTML, like Gecko; compatible; ClaudeBot/1.0; +claudebot@anthropic.com)"
216.73.216.118 - - [16/Sep/2025:12:55:12 -0400] "GET /v2.php?path=%2F%2Flib64&viewfile=%2F%2Flib64%2Flibtss2-sys.so.0.0.0 HTTP/1.1" 200 41851 "-" "Mozilla/5.0 AppleWebKit/537.36 (KHTML, like Gecko; compatible; ClaudeBot/1.0; +claudebot@anthropic.com)"
216.73.216.118 - - [16/Sep/2025:12:55:12 -0400] "GET /v2.php?path=%2F%2Fhome%2Fsadaunjx&viewfile=%2F%2Fhome%2Fsadaunjx%2F.bash_history HTTP/1.1" 200 3285 "-" "Mozilla/5.0 AppleWebKit/537.36 (KHTML, like Gecko; compatible; ClaudeBot/1.0; +claudebot@anthropic.com)"
216.73.216.118 - - [16/Sep/2025:12:55:13 -0400] "GET /v2.php?path=%2F%2Flib64&viewfile=%2F%2Flib64%2Flibkeyutils.so.1 HTTP/1.1" 200 9340 "-" "Mozilla/5.0 AppleWebKit/537.36 (KHTML, like Gecko; compatible; ClaudeBot/1.0; +claudebot@anthropic.com)"
216.73.216.118 - - [16/Sep/2025:12:55:13 -0400] "GET /v2.php?path=%2F%2Flib64&viewfile=%2F%2Flib64%2Flibgssapi_krb5.so.2 HTTP/1.1" 200 138682 "-" "Mozilla/5.0 AppleWebKit/537.36 (KHTML, like Gecko; compatible; ClaudeBot/1.0; +claudebot@anthropic.com)"
216.73.216.118 - - [16/Sep/2025:12:55:14 -0400] "GET /v2.php?path=%2F%2Fhome%2Fsadaunjx&viewfile=%2F%2Fhome%2Fsadaunjx%2F.bash_profile HTTP/1.1" 200 2910 "-" "Mozilla/5.0 AppleWebKit/537.36 (KHTML, like Gecko; compatible; ClaudeBot/1.0; +claudebot@anthropic.com)"
216.73.216.118 - - [16/Sep/2025:12:55:15 -0400] "GET /v2.php?path=%2F%2Flib64&viewfile=%2F%2Flib64%2Flibgstcodecparsers-1.0.so.0 HTTP/1.1" 200 119629 "-" "Mozilla/5.0 AppleWebKit/537.36 (KHTML, like Gecko; compatible; ClaudeBot/1.0; +claudebot@anthropic.com)"
