61.238.27.209 - - [16/Sep/2025:08:26:26 -0400] "GET /?paged=56 HTTP/1.1" 200 15636 "-" "Mozilla/5.0 (compatible; MJ12bot/v1.4.8; http://mj12bot.com/)"
216.73.216.118 - - [16/Sep/2025:08:26:27 -0400] "GET /?page=20&paged=59 HTTP/1.1" 200 15939 "-" "Mozilla/5.0 AppleWebKit/537.36 (KHTML, like Gecko; compatible; ClaudeBot/1.0; +claudebot@anthropic.com)"
216.73.216.118 - - [16/Sep/2025:08:26:27 -0400] "GET /?page=34&paged=70 HTTP/1.1" 200 15570 "-" "Mozilla/5.0 AppleWebKit/537.36 (KHTML, like Gecko; compatible; ClaudeBot/1.0; +claudebot@anthropic.com)"
34.235.210.229 - - [16/Sep/2025:08:26:27 -0400] "GET / HTTP/1.1" 200 18438 "-" "Mozilla/5.0 (compatible; AmazonAdBot/1.0; +https://adbot.amazon.com)"
216.73.216.118 - - [16/Sep/2025:08:26:28 -0400] "GET /?page=139&paged=48 HTTP/1.1" 200 16118 "-" "Mozilla/5.0 AppleWebKit/537.36 (KHTML, like Gecko; compatible; ClaudeBot/1.0; +claudebot@anthropic.com)"
114.119.143.207 - - [16/Sep/2025:08:26:28 -0400] "GET /?p=6006 HTTP/1.1" 200 19367 "https://sada-now.com/?paged=15&author=1" "Mozilla/5.0 (Linux; Android 7.0;) AppleWebKit/537.36 (KHTML, like Gecko) Mobile Safari/537.36 (compatible; PetalBot;+https://webmaster.petalsearch.com/site/petalbot)"
216.73.216.118 - - [16/Sep/2025:08:26:28 -0400] "GET /?page=49&paged=53 HTTP/1.1" 200 15959 "-" "Mozilla/5.0 AppleWebKit/537.36 (KHTML, like Gecko; compatible; ClaudeBot/1.0; +claudebot@anthropic.com)"
61.238.27.209 - - [16/Sep/2025:08:26:28 -0400] "GET /?paged=57 HTTP/1.1" 200 16243 "-" "Mozilla/5.0 (compatible; MJ12bot/v1.4.8; http://mj12bot.com/)"
216.73.216.118 - - [16/Sep/2025:08:26:28 -0400] "GET /?page=132&paged=20 HTTP/1.1" 200 15929 "-" "Mozilla/5.0 AppleWebKit/537.36 (KHTML, like Gecko; compatible; ClaudeBot/1.0; +claudebot@anthropic.com)"
216.73.216.118 - - [16/Sep/2025:08:26:29 -0400] "GET /?page=140&paged=134 HTTP/1.1" 200 15769 "-" "Mozilla/5.0 AppleWebKit/537.36 (KHTML, like Gecko; compatible; ClaudeBot/1.0; +claudebot@anthropic.com)"
216.73.216.118 - - [16/Sep/2025:08:26:29 -0400] "GET /?page=34&paged=59 HTTP/1.1" 200 15981 "-" "Mozilla/5.0 AppleWebKit/537.36 (KHTML, like Gecko; compatible; ClaudeBot/1.0; +claudebot@anthropic.com)"
216.73.216.118 - - [16/Sep/2025:08:26:30 -0400] "GET /?page=135&paged=120 HTTP/1.1" 200 15757 "-" "Mozilla/5.0 AppleWebKit/537.36 (KHTML, like Gecko; compatible; ClaudeBot/1.0; +claudebot@anthropic.com)"
216.73.216.118 - - [16/Sep/2025:08:26:30 -0400] "GET /?page=137&paged=132 HTTP/1.1" 200 15732 "-" "Mozilla/5.0 AppleWebKit/537.36 (KHTML, like Gecko; compatible; ClaudeBot/1.0; +claudebot@anthropic.com)"
216.73.216.118 - - [16/Sep/2025:08:26:31 -0400] "GET /?page=139&paged=83 HTTP/1.1" 200 15645 "-" "Mozilla/5.0 AppleWebKit/537.36 (KHTML, like Gecko; compatible; ClaudeBot/1.0; +claudebot@anthropic.com)"
61.238.27.209 - - [16/Sep/2025:08:26:30 -0400] "GET /?paged=63 HTTP/1.1" 200 15486 "-" "Mozilla/5.0 (compatible; MJ12bot/v1.4.8; http://mj12bot.com/)"
216.73.216.118 - - [16/Sep/2025:08:26:31 -0400] "GET /?page=20&paged=61 HTTP/1.1" 200 15626 "-" "Mozilla/5.0 AppleWebKit/537.36 (KHTML, like Gecko; compatible; ClaudeBot/1.0; +claudebot@anthropic.com)"
216.73.216.118 - - [16/Sep/2025:08:26:32 -0400] "GET /?page=49&paged=128 HTTP/1.1" 200 16080 "-" "Mozilla/5.0 AppleWebKit/537.36 (KHTML, like Gecko; compatible; ClaudeBot/1.0; +claudebot@anthropic.com)"
216.73.216.118 - - [16/Sep/2025:08:26:32 -0400] "GET /?page=36&paged=79 HTTP/1.1" 200 15479 "-" "Mozilla/5.0 AppleWebKit/537.36 (KHTML, like Gecko; compatible; ClaudeBot/1.0; +claudebot@anthropic.com)"
216.73.216.118 - - [16/Sep/2025:08:26:33 -0400] "GET /?page=129&paged=156 HTTP/1.1" 200 14407 "-" "Mozilla/5.0 AppleWebKit/537.36 (KHTML, like Gecko; compatible; ClaudeBot/1.0; +claudebot@anthropic.com)"
61.238.27.209 - - [16/Sep/2025:08:26:33 -0400] "GET /?paged=64 HTTP/1.1" 200 15643 "-" "Mozilla/5.0 (compatible; MJ12bot/v1.4.8; http://mj12bot.com/)"
216.73.216.118 - - [16/Sep/2025:08:26:34 -0400] "GET /?page=36&paged=82 HTTP/1.1" 200 15203 "-" "Mozilla/5.0 AppleWebKit/537.36 (KHTML, like Gecko; compatible; ClaudeBot/1.0; +claudebot@anthropic.com)"
216.73.216.118 - - [16/Sep/2025:08:26:34 -0400] "GET /?page=127&paged=148 HTTP/1.1" 200 14627 "-" "Mozilla/5.0 AppleWebKit/537.36 (KHTML, like Gecko; compatible; ClaudeBot/1.0; +claudebot@anthropic.com)"
61.238.27.209 - - [16/Sep/2025:08:26:35 -0400] "GET /?paged=68 HTTP/1.1" 200 15783 "-" "Mozilla/5.0 (compatible; MJ12bot/v1.4.8; http://mj12bot.com/)"
216.73.216.118 - - [16/Sep/2025:08:26:35 -0400] "GET /?page=137&paged=149 HTTP/1.1" 200 14933 "-" "Mozilla/5.0 AppleWebKit/537.36 (KHTML, like Gecko; compatible; ClaudeBot/1.0; +claudebot@anthropic.com)"
216.73.216.118 - - [16/Sep/2025:08:26:36 -0400] "GET /?page=133&paged=139 HTTP/1.1" 200 15476 "-" "Mozilla/5.0 AppleWebKit/537.36 (KHTML, like Gecko; compatible; ClaudeBot/1.0; +claudebot@anthropic.com)"
216.73.216.118 - - [16/Sep/2025:08:26:36 -0400] "GET /?page=157&paged=134 HTTP/1.1" 200 15500 "-" "Mozilla/5.0 AppleWebKit/537.36 (KHTML, like Gecko; compatible; ClaudeBot/1.0; +claudebot@anthropic.com)"
216.73.216.118 - - [16/Sep/2025:08:26:36 -0400] "GET /?page=80&paged=38 HTTP/1.1" 200 16378 "-" "Mozilla/5.0 AppleWebKit/537.36 (KHTML, like Gecko; compatible; ClaudeBot/1.0; +claudebot@anthropic.com)"
216.73.216.118 - - [16/Sep/2025:08:26:37 -0400] "GET /?page=109&paged=97 HTTP/1.1" 200 15688 "-" "Mozilla/5.0 AppleWebKit/537.36 (KHTML, like Gecko; compatible; ClaudeBot/1.0; +claudebot@anthropic.com)"
61.238.27.209 - - [16/Sep/2025:08:26:37 -0400] "GET /?paged=69 HTTP/1.1" 200 15175 "-" "Mozilla/5.0 (compatible; MJ12bot/v1.4.8; http://mj12bot.com/)"
216.73.216.118 - - [16/Sep/2025:08:26:37 -0400] "GET /?page=135&paged=133 HTTP/1.1" 200 15846 "-" "Mozilla/5.0 AppleWebKit/537.36 (KHTML, like Gecko; compatible; ClaudeBot/1.0; +claudebot@anthropic.com)"
216.73.216.118 - - [16/Sep/2025:08:26:38 -0400] "GET /?page=132&paged=129 HTTP/1.1" 200 15215 "-" "Mozilla/5.0 AppleWebKit/537.36 (KHTML, like Gecko; compatible; ClaudeBot/1.0; +claudebot@anthropic.com)"
216.73.216.118 - - [16/Sep/2025:08:26:38 -0400] "GET /?page=132&paged=122 HTTP/1.1" 200 15167 "-" "Mozilla/5.0 AppleWebKit/537.36 (KHTML, like Gecko; compatible; ClaudeBot/1.0; +claudebot@anthropic.com)"
216.73.216.118 - - [16/Sep/2025:08:26:39 -0400] "GET /?page=149&paged=97 HTTP/1.1" 200 15635 "-" "Mozilla/5.0 AppleWebKit/537.36 (KHTML, like Gecko; compatible; ClaudeBot/1.0; +claudebot@anthropic.com)"
216.73.216.118 - - [16/Sep/2025:08:26:39 -0400] "GET /?page=80&paged=72 HTTP/1.1" 200 15550 "-" "Mozilla/5.0 AppleWebKit/537.36 (KHTML, like Gecko; compatible; ClaudeBot/1.0; +claudebot@anthropic.com)"
61.238.27.209 - - [16/Sep/2025:08:26:39 -0400] "GET /?paged=71 HTTP/1.1" 200 15460 "-" "Mozilla/5.0 (compatible; MJ12bot/v1.4.8; http://mj12bot.com/)"
216.73.216.118 - - [16/Sep/2025:08:26:40 -0400] "GET /?page=133&paged=141 HTTP/1.1" 200 15332 "-" "Mozilla/5.0 AppleWebKit/537.36 (KHTML, like Gecko; compatible; ClaudeBot/1.0; +claudebot@anthropic.com)"
216.73.216.118 - - [16/Sep/2025:08:26:40 -0400] "GET /?page=80&paged=28 HTTP/1.1" 200 16058 "-" "Mozilla/5.0 AppleWebKit/537.36 (KHTML, like Gecko; compatible; ClaudeBot/1.0; +claudebot@anthropic.com)"
216.73.216.118 - - [16/Sep/2025:08:26:41 -0400] "GET /?page=129&paged=102 HTTP/1.1" 200 15726 "-" "Mozilla/5.0 AppleWebKit/537.36 (KHTML, like Gecko; compatible; ClaudeBot/1.0; +claudebot@anthropic.com)"
216.73.216.118 - - [16/Sep/2025:08:26:41 -0400] "GET /?page=135&paged=140 HTTP/1.1" 200 15190 "-" "Mozilla/5.0 AppleWebKit/537.36 (KHTML, like Gecko; compatible; ClaudeBot/1.0; +claudebot@anthropic.com)"
216.73.216.118 - - [16/Sep/2025:08:26:41 -0400] "GET /?page=127&paged=108 HTTP/1.1" 200 16071 "-" "Mozilla/5.0 AppleWebKit/537.36 (KHTML, like Gecko; compatible; ClaudeBot/1.0; +claudebot@anthropic.com)"
61.238.27.209 - - [16/Sep/2025:08:26:42 -0400] "GET /?paged=72 HTTP/1.1" 200 15630 "-" "Mozilla/5.0 (compatible; MJ12bot/v1.4.8; http://mj12bot.com/)"
216.73.216.118 - - [16/Sep/2025:08:26:42 -0400] "GET /?page=36&paged=46 HTTP/1.1" 200 16024 "-" "Mozilla/5.0 AppleWebKit/537.36 (KHTML, like Gecko; compatible; ClaudeBot/1.0; +claudebot@anthropic.com)"
216.73.216.118 - - [16/Sep/2025:08:26:42 -0400] "GET /?page=126&paged=124 HTTP/1.1" 200 15546 "-" "Mozilla/5.0 AppleWebKit/537.36 (KHTML, like Gecko; compatible; ClaudeBot/1.0; +claudebot@anthropic.com)"
216.73.216.118 - - [16/Sep/2025:08:26:43 -0400] "GET /?page=129&paged=155 HTTP/1.1" 200 14382 "-" "Mozilla/5.0 AppleWebKit/537.36 (KHTML, like Gecko; compatible; ClaudeBot/1.0; +claudebot@anthropic.com)"
216.73.216.118 - - [16/Sep/2025:08:26:43 -0400] "GET /?page=133&paged=88 HTTP/1.1" 200 15757 "-" "Mozilla/5.0 AppleWebKit/537.36 (KHTML, like Gecko; compatible; ClaudeBot/1.0; +claudebot@anthropic.com)"
61.238.27.209 - - [16/Sep/2025:08:26:43 -0400] "GET /?paged=78 HTTP/1.1" 200 15209 "-" "Mozilla/5.0 (compatible; MJ12bot/v1.4.8; http://mj12bot.com/)"
216.73.216.118 - - [16/Sep/2025:08:26:44 -0400] "GET /?page=156&paged=108 HTTP/1.1" 200 16118 "-" "Mozilla/5.0 AppleWebKit/537.36 (KHTML, like Gecko; compatible; ClaudeBot/1.0; +claudebot@anthropic.com)"
216.73.216.118 - - [16/Sep/2025:08:26:44 -0400] "GET /?page=132&paged=139 HTTP/1.1" 200 15703 "-" "Mozilla/5.0 AppleWebKit/537.36 (KHTML, like Gecko; compatible; ClaudeBot/1.0; +claudebot@anthropic.com)"
216.73.216.118 - - [16/Sep/2025:08:26:45 -0400] "GET /?page=148&paged=141 HTTP/1.1" 200 15631 "-" "Mozilla/5.0 AppleWebKit/537.36 (KHTML, like Gecko; compatible; ClaudeBot/1.0; +claudebot@anthropic.com)"
216.73.216.118 - - [16/Sep/2025:08:26:45 -0400] "GET /?page=129&paged=61 HTTP/1.1" 200 15780 "-" "Mozilla/5.0 AppleWebKit/537.36 (KHTML, like Gecko; compatible; ClaudeBot/1.0; +claudebot@anthropic.com)"
216.73.216.118 - - [16/Sep/2025:08:26:45 -0400] "GET /?page=139&paged=59 HTTP/1.1" 200 15980 "-" "Mozilla/5.0 AppleWebKit/537.36 (KHTML, like Gecko; compatible; ClaudeBot/1.0; +claudebot@anthropic.com)"
61.238.27.209 - - [16/Sep/2025:08:26:46 -0400] "GET /?paged=79 HTTP/1.1" 200 15498 "-" "Mozilla/5.0 (compatible; MJ12bot/v1.4.8; http://mj12bot.com/)"
216.73.216.118 - - [16/Sep/2025:08:26:46 -0400] "GET /?page=132&paged=158 HTTP/1.1" 200 14825 "-" "Mozilla/5.0 AppleWebKit/537.36 (KHTML, like Gecko; compatible; ClaudeBot/1.0; +claudebot@anthropic.com)"
216.73.216.118 - - [16/Sep/2025:08:26:46 -0400] "GET /?page=99&paged=149 HTTP/1.1" 200 15059 "-" "Mozilla/5.0 AppleWebKit/537.36 (KHTML, like Gecko; compatible; ClaudeBot/1.0; +claudebot@anthropic.com)"
216.73.216.118 - - [16/Sep/2025:08:26:47 -0400] "GET /?page=133&paged=123 HTTP/1.1" 200 15961 "-" "Mozilla/5.0 AppleWebKit/537.36 (KHTML, like Gecko; compatible; ClaudeBot/1.0; +claudebot@anthropic.com)"
216.73.216.118 - - [16/Sep/2025:08:26:47 -0400] "GET /?page=134&paged=110 HTTP/1.1" 200 15552 "-" "Mozilla/5.0 AppleWebKit/537.36 (KHTML, like Gecko; compatible; ClaudeBot/1.0; +claudebot@anthropic.com)"
216.73.216.118 - - [16/Sep/2025:08:26:48 -0400] "GET /?page=127&paged=122 HTTP/1.1" 200 15017 "-" "Mozilla/5.0 AppleWebKit/537.36 (KHTML, like Gecko; compatible; ClaudeBot/1.0; +claudebot@anthropic.com)"
61.238.27.209 - - [16/Sep/2025:08:26:48 -0400] "GET /?paged=81 HTTP/1.1" 200 15208 "-" "Mozilla/5.0 (compatible; MJ12bot/v1.4.8; http://mj12bot.com/)"
216.73.216.118 - - [16/Sep/2025:08:26:48 -0400] "GET /?page=80&paged=88 HTTP/1.1" 200 15799 "-" "Mozilla/5.0 AppleWebKit/537.36 (KHTML, like Gecko; compatible; ClaudeBot/1.0; +claudebot@anthropic.com)"
216.73.216.118 - - [16/Sep/2025:08:26:49 -0400] "GET /?page=32&paged=157 HTTP/1.1" 200 14523 "-" "Mozilla/5.0 AppleWebKit/537.36 (KHTML, like Gecko; compatible; ClaudeBot/1.0; +claudebot@anthropic.com)"
216.73.216.118 - - [16/Sep/2025:08:26:49 -0400] "GET /?page=127&paged=123 HTTP/1.1" 200 15960 "-" "Mozilla/5.0 AppleWebKit/537.36 (KHTML, like Gecko; compatible; ClaudeBot/1.0; +claudebot@anthropic.com)"
216.73.216.118 - - [16/Sep/2025:08:26:50 -0400] "GET /?page=129&paged=58 HTTP/1.1" 200 15894 "-" "Mozilla/5.0 AppleWebKit/537.36 (KHTML, like Gecko; compatible; ClaudeBot/1.0; +claudebot@anthropic.com)"
61.238.27.209 - - [16/Sep/2025:08:26:50 -0400] "GET /?paged=82 HTTP/1.1" 200 15496 "-" "Mozilla/5.0 (compatible; MJ12bot/v1.4.8; http://mj12bot.com/)"
216.73.216.118 - - [16/Sep/2025:08:26:50 -0400] "GET /?page=137&paged=131 HTTP/1.1" 200 16274 "-" "Mozilla/5.0 AppleWebKit/537.36 (KHTML, like Gecko; compatible; ClaudeBot/1.0; +claudebot@anthropic.com)"
61.238.27.209 - - [16/Sep/2025:08:26:52 -0400] "GET /?paged=88 HTTP/1.1" 200 15630 "-" "Mozilla/5.0 (compatible; MJ12bot/v1.4.8; http://mj12bot.com/)"
61.238.27.209 - - [16/Sep/2025:08:26:54 -0400] "GET /?paged=89 HTTP/1.1" 200 15495 "-" "Mozilla/5.0 (compatible; MJ12bot/v1.4.8; http://mj12bot.com/)"
61.238.27.209 - - [16/Sep/2025:08:26:56 -0400] "GET /?paged=91 HTTP/1.1" 200 15159 "-" "Mozilla/5.0 (compatible; MJ12bot/v1.4.8; http://mj12bot.com/)"
216.73.216.118 - - [16/Sep/2025:08:26:57 -0400] "GET /?page=80&paged=69 HTTP/1.1" 200 15228 "-" "Mozilla/5.0 AppleWebKit/537.36 (KHTML, like Gecko; compatible; ClaudeBot/1.0; +claudebot@anthropic.com)"
216.73.216.118 - - [16/Sep/2025:08:26:57 -0400] "GET /?page=132&paged=135 HTTP/1.1" 200 15822 "-" "Mozilla/5.0 AppleWebKit/537.36 (KHTML, like Gecko; compatible; ClaudeBot/1.0; +claudebot@anthropic.com)"
216.73.216.118 - - [16/Sep/2025:08:26:57 -0400] "GET /?page=80&paged=64 HTTP/1.1" 200 15718 "-" "Mozilla/5.0 AppleWebKit/537.36 (KHTML, like Gecko; compatible; ClaudeBot/1.0; +claudebot@anthropic.com)"
216.73.216.118 - - [16/Sep/2025:08:26:58 -0400] "GET /?page=157&paged=147 HTTP/1.1" 200 14431 "-" "Mozilla/5.0 AppleWebKit/537.36 (KHTML, like Gecko; compatible; ClaudeBot/1.0; +claudebot@anthropic.com)"
61.238.27.209 - - [16/Sep/2025:08:26:58 -0400] "GET /?paged=92 HTTP/1.1" 200 15990 "-" "Mozilla/5.0 (compatible; MJ12bot/v1.4.8; http://mj12bot.com/)"
216.73.216.118 - - [16/Sep/2025:08:26:58 -0400] "GET /?page=133&paged=80 HTTP/1.1" 200 15640 "-" "Mozilla/5.0 AppleWebKit/537.36 (KHTML, like Gecko; compatible; ClaudeBot/1.0; +claudebot@anthropic.com)"
216.73.216.118 - - [16/Sep/2025:08:26:59 -0400] "GET /?page=148&paged=142 HTTP/1.1" 200 15490 "-" "Mozilla/5.0 AppleWebKit/537.36 (KHTML, like Gecko; compatible; ClaudeBot/1.0; +claudebot@anthropic.com)"
216.73.216.118 - - [16/Sep/2025:08:26:59 -0400] "GET /?page=126&paged=110 HTTP/1.1" 200 15268 "-" "Mozilla/5.0 AppleWebKit/537.36 (KHTML, like Gecko; compatible; ClaudeBot/1.0; +claudebot@anthropic.com)"
216.73.216.118 - - [16/Sep/2025:08:27:00 -0400] "GET /?page=80&paged=56 HTTP/1.1" 200 15620 "-" "Mozilla/5.0 AppleWebKit/537.36 (KHTML, like Gecko; compatible; ClaudeBot/1.0; +claudebot@anthropic.com)"
216.73.216.118 - - [16/Sep/2025:08:27:00 -0400] "GET /?page=80&paged=42 HTTP/1.1" 200 15857 "-" "Mozilla/5.0 AppleWebKit/537.36 (KHTML, like Gecko; compatible; ClaudeBot/1.0; +claudebot@anthropic.com)"
61.238.27.209 - - [16/Sep/2025:08:27:00 -0400] "GET /?paged=98 HTTP/1.1" 200 15359 "-" "Mozilla/5.0 (compatible; MJ12bot/v1.4.8; http://mj12bot.com/)"
216.73.216.118 - - [16/Sep/2025:08:27:01 -0400] "GET /?page=127&paged=127 HTTP/1.1" 200 15815 "-" "Mozilla/5.0 AppleWebKit/537.36 (KHTML, like Gecko; compatible; ClaudeBot/1.0; +claudebot@anthropic.com)"
216.73.216.118 - - [16/Sep/2025:08:27:01 -0400] "GET /?page=127&paged=132 HTTP/1.1" 200 16042 "-" "Mozilla/5.0 AppleWebKit/537.36 (KHTML, like Gecko; compatible; ClaudeBot/1.0; +claudebot@anthropic.com)"
216.73.216.118 - - [16/Sep/2025:08:27:01 -0400] "GET /?page=133&paged=129 HTTP/1.1" 200 15288 "-" "Mozilla/5.0 AppleWebKit/537.36 (KHTML, like Gecko; compatible; ClaudeBot/1.0; +claudebot@anthropic.com)"
216.73.216.118 - - [16/Sep/2025:08:27:02 -0400] "GET /?page=157&paged=133 HTTP/1.1" 200 15848 "-" "Mozilla/5.0 AppleWebKit/537.36 (KHTML, like Gecko; compatible; ClaudeBot/1.0; +claudebot@anthropic.com)"
61.238.27.209 - - [16/Sep/2025:08:27:02 -0400] "GET /?paged=99 HTTP/1.1" 200 15427 "-" "Mozilla/5.0 (compatible; MJ12bot/v1.4.8; http://mj12bot.com/)"
216.73.216.118 - - [16/Sep/2025:08:27:02 -0400] "GET /?page=36&paged=81 HTTP/1.1" 200 15441 "-" "Mozilla/5.0 AppleWebKit/537.36 (KHTML, like Gecko; compatible; ClaudeBot/1.0; +claudebot@anthropic.com)"
216.73.216.118 - - [16/Sep/2025:08:27:03 -0400] "GET /?page=127&paged=121 HTTP/1.1" 200 15524 "-" "Mozilla/5.0 AppleWebKit/537.36 (KHTML, like Gecko; compatible; ClaudeBot/1.0; +claudebot@anthropic.com)"
216.73.216.118 - - [16/Sep/2025:08:27:03 -0400] "GET /?page=140&paged=82 HTTP/1.1" 200 15492 "-" "Mozilla/5.0 AppleWebKit/537.36 (KHTML, like Gecko; compatible; ClaudeBot/1.0; +claudebot@anthropic.com)"
216.73.216.118 - - [16/Sep/2025:08:27:04 -0400] "GET /?page=133&paged=92 HTTP/1.1" 200 15966 "-" "Mozilla/5.0 AppleWebKit/537.36 (KHTML, like Gecko; compatible; ClaudeBot/1.0; +claudebot@anthropic.com)"
216.73.216.118 - - [16/Sep/2025:08:27:04 -0400] "GET /?page=60&paged=137 HTTP/1.1" 200 15685 "-" "Mozilla/5.0 AppleWebKit/537.36 (KHTML, like Gecko; compatible; ClaudeBot/1.0; +claudebot@anthropic.com)"
216.73.216.118 - - [16/Sep/2025:08:27:05 -0400] "GET /?page=127&paged=80 HTTP/1.1" 200 15467 "-" "Mozilla/5.0 AppleWebKit/537.36 (KHTML, like Gecko; compatible; ClaudeBot/1.0; +claudebot@anthropic.com)"
216.73.216.118 - - [16/Sep/2025:08:27:05 -0400] "GET /?page=132&paged=121 HTTP/1.1" 200 15662 "-" "Mozilla/5.0 AppleWebKit/537.36 (KHTML, like Gecko; compatible; ClaudeBot/1.0; +claudebot@anthropic.com)"
216.73.216.118 - - [16/Sep/2025:08:27:05 -0400] "GET /?page=133&paged=117 HTTP/1.1" 200 15530 "-" "Mozilla/5.0 AppleWebKit/537.36 (KHTML, like Gecko; compatible; ClaudeBot/1.0; +claudebot@anthropic.com)"
216.73.216.118 - - [16/Sep/2025:08:27:06 -0400] "GET /?page=156&paged=102 HTTP/1.1" 200 15724 "-" "Mozilla/5.0 AppleWebKit/537.36 (KHTML, like Gecko; compatible; ClaudeBot/1.0; +claudebot@anthropic.com)"
216.73.216.118 - - [16/Sep/2025:08:27:06 -0400] "GET /?page=133&paged=108 HTTP/1.1" 200 16055 "-" "Mozilla/5.0 AppleWebKit/537.36 (KHTML, like Gecko; compatible; ClaudeBot/1.0; +claudebot@anthropic.com)"
216.73.216.118 - - [16/Sep/2025:08:27:07 -0400] "GET /?page=133&paged=60 HTTP/1.1" 200 15633 "-" "Mozilla/5.0 AppleWebKit/537.36 (KHTML, like Gecko; compatible; ClaudeBot/1.0; +claudebot@anthropic.com)"
216.73.216.118 - - [16/Sep/2025:08:27:07 -0400] "GET /?page=127&paged=102 HTTP/1.1" 200 15459 "-" "Mozilla/5.0 AppleWebKit/537.36 (KHTML, like Gecko; compatible; ClaudeBot/1.0; +claudebot@anthropic.com)"
216.73.216.118 - - [16/Sep/2025:08:27:08 -0400] "GET /?page=60&paged=111 HTTP/1.1" 200 15092 "-" "Mozilla/5.0 AppleWebKit/537.36 (KHTML, like Gecko; compatible; ClaudeBot/1.0; +claudebot@anthropic.com)"
216.73.216.118 - - [16/Sep/2025:08:27:08 -0400] "GET /?page=60&paged=84 HTTP/1.1" 200 15987 "-" "Mozilla/5.0 AppleWebKit/537.36 (KHTML, like Gecko; compatible; ClaudeBot/1.0; +claudebot@anthropic.com)"
216.73.216.118 - - [16/Sep/2025:08:27:09 -0400] "GET /?page=132&paged=142 HTTP/1.1" 200 15835 "-" "Mozilla/5.0 AppleWebKit/537.36 (KHTML, like Gecko; compatible; ClaudeBot/1.0; +claudebot@anthropic.com)"
216.73.216.118 - - [16/Sep/2025:08:27:09 -0400] "GET /?page=131&paged=95 HTTP/1.1" 200 15914 "-" "Mozilla/5.0 AppleWebKit/537.36 (KHTML, like Gecko; compatible; ClaudeBot/1.0; +claudebot@anthropic.com)"
216.73.216.118 - - [16/Sep/2025:08:27:10 -0400] "GET /?page=148&paged=128 HTTP/1.1" 200 16047 "-" "Mozilla/5.0 AppleWebKit/537.36 (KHTML, like Gecko; compatible; ClaudeBot/1.0; +claudebot@anthropic.com)"
216.73.216.118 - - [16/Sep/2025:08:27:10 -0400] "GET /?page=80&paged=92 HTTP/1.1" 200 15996 "-" "Mozilla/5.0 AppleWebKit/537.36 (KHTML, like Gecko; compatible; ClaudeBot/1.0; +claudebot@anthropic.com)"
216.73.216.118 - - [16/Sep/2025:08:27:10 -0400] "GET /?page=140&paged=132 HTTP/1.1" 200 16042 "-" "Mozilla/5.0 AppleWebKit/537.36 (KHTML, like Gecko; compatible; ClaudeBot/1.0; +claudebot@anthropic.com)"
216.73.216.118 - - [16/Sep/2025:08:27:11 -0400] "GET /?page=156&paged=112 HTTP/1.1" 200 15860 "-" "Mozilla/5.0 AppleWebKit/537.36 (KHTML, like Gecko; compatible; ClaudeBot/1.0; +claudebot@anthropic.com)"
216.73.216.118 - - [16/Sep/2025:08:27:11 -0400] "GET /?page=127&paged=112 HTTP/1.1" 200 15862 "-" "Mozilla/5.0 AppleWebKit/537.36 (KHTML, like Gecko; compatible; ClaudeBot/1.0; +claudebot@anthropic.com)"
216.73.216.118 - - [16/Sep/2025:08:27:12 -0400] "GET /?page=127&paged=124 HTTP/1.1" 200 15492 "-" "Mozilla/5.0 AppleWebKit/537.36 (KHTML, like Gecko; compatible; ClaudeBot/1.0; +claudebot@anthropic.com)"
216.73.216.118 - - [16/Sep/2025:08:27:12 -0400] "GET /?page=132&paged=148 HTTP/1.1" 200 14860 "-" "Mozilla/5.0 AppleWebKit/537.36 (KHTML, like Gecko; compatible; ClaudeBot/1.0; +claudebot@anthropic.com)"
216.73.216.118 - - [16/Sep/2025:08:27:13 -0400] "GET /?page=129&paged=59 HTTP/1.1" 200 15630 "-" "Mozilla/5.0 AppleWebKit/537.36 (KHTML, like Gecko; compatible; ClaudeBot/1.0; +claudebot@anthropic.com)"
216.73.216.118 - - [16/Sep/2025:08:27:13 -0400] "GET /?page=80&paged=108 HTTP/1.1" 200 16129 "-" "Mozilla/5.0 AppleWebKit/537.36 (KHTML, like Gecko; compatible; ClaudeBot/1.0; +claudebot@anthropic.com)"
216.73.216.118 - - [16/Sep/2025:08:27:14 -0400] "GET /?page=133&paged=116 HTTP/1.1" 200 15713 "-" "Mozilla/5.0 AppleWebKit/537.36 (KHTML, like Gecko; compatible; ClaudeBot/1.0; +claudebot@anthropic.com)"
216.73.216.118 - - [16/Sep/2025:08:27:14 -0400] "GET /?page=127&paged=142 HTTP/1.1" 200 15837 "-" "Mozilla/5.0 AppleWebKit/537.36 (KHTML, like Gecko; compatible; ClaudeBot/1.0; +claudebot@anthropic.com)"
216.73.216.118 - - [16/Sep/2025:08:27:15 -0400] "GET /?page=129&paged=101 HTTP/1.1" 200 15840 "-" "Mozilla/5.0 AppleWebKit/537.36 (KHTML, like Gecko; compatible; ClaudeBot/1.0; +claudebot@anthropic.com)"
216.73.216.118 - - [16/Sep/2025:08:27:15 -0400] "GET /?page=135&paged=137 HTTP/1.1" 200 15688 "-" "Mozilla/5.0 AppleWebKit/537.36 (KHTML, like Gecko; compatible; ClaudeBot/1.0; +claudebot@anthropic.com)"
216.73.216.118 - - [16/Sep/2025:08:27:15 -0400] "GET /?page=156&paged=80 HTTP/1.1" 200 15368 "-" "Mozilla/5.0 AppleWebKit/537.36 (KHTML, like Gecko; compatible; ClaudeBot/1.0; +claudebot@anthropic.com)"
216.73.216.118 - - [16/Sep/2025:08:27:16 -0400] "GET /?page=77&paged=161 HTTP/1.1" 200 13937 "-" "Mozilla/5.0 AppleWebKit/537.36 (KHTML, like Gecko; compatible; ClaudeBot/1.0; +claudebot@anthropic.com)"
216.73.216.118 - - [16/Sep/2025:08:27:16 -0400] "GET /?page=156&paged=135 HTTP/1.1" 200 15819 "-" "Mozilla/5.0 AppleWebKit/537.36 (KHTML, like Gecko; compatible; ClaudeBot/1.0; +claudebot@anthropic.com)"
216.73.216.118 - - [16/Sep/2025:08:27:17 -0400] "GET /?page=132&paged=108 HTTP/1.1" 200 16119 "-" "Mozilla/5.0 AppleWebKit/537.36 (KHTML, like Gecko; compatible; ClaudeBot/1.0; +claudebot@anthropic.com)"
216.73.216.118 - - [16/Sep/2025:08:27:17 -0400] "GET /?page=80&paged=29 HTTP/1.1" 200 16184 "-" "Mozilla/5.0 AppleWebKit/537.36 (KHTML, like Gecko; compatible; ClaudeBot/1.0; +claudebot@anthropic.com)"
216.73.216.118 - - [16/Sep/2025:08:27:18 -0400] "GET /?page=148&paged=129 HTTP/1.1" 200 15338 "-" "Mozilla/5.0 AppleWebKit/537.36 (KHTML, like Gecko; compatible; ClaudeBot/1.0; +claudebot@anthropic.com)"
216.73.216.118 - - [16/Sep/2025:08:27:18 -0400] "GET /?page=60&paged=112 HTTP/1.1" 200 15853 "-" "Mozilla/5.0 AppleWebKit/537.36 (KHTML, like Gecko; compatible; ClaudeBot/1.0; +claudebot@anthropic.com)"
216.73.216.118 - - [16/Sep/2025:08:27:19 -0400] "GET /?page=141&paged=87 HTTP/1.1" 200 15757 "-" "Mozilla/5.0 AppleWebKit/537.36 (KHTML, like Gecko; compatible; ClaudeBot/1.0; +claudebot@anthropic.com)"
216.73.216.118 - - [16/Sep/2025:08:27:19 -0400] "GET /?page=133&paged=142 HTTP/1.1" 200 15837 "-" "Mozilla/5.0 AppleWebKit/537.36 (KHTML, like Gecko; compatible; ClaudeBot/1.0; +claudebot@anthropic.com)"
216.73.216.118 - - [16/Sep/2025:08:27:19 -0400] "GET /?page=80&paged=120 HTTP/1.1" 200 15730 "-" "Mozilla/5.0 AppleWebKit/537.36 (KHTML, like Gecko; compatible; ClaudeBot/1.0; +claudebot@anthropic.com)"
216.73.216.118 - - [16/Sep/2025:08:27:20 -0400] "GET /?page=126&paged=127 HTTP/1.1" 200 15814 "-" "Mozilla/5.0 AppleWebKit/537.36 (KHTML, like Gecko; compatible; ClaudeBot/1.0; +claudebot@anthropic.com)"
216.73.216.118 - - [16/Sep/2025:08:27:20 -0400] "GET /?page=132&paged=128 HTTP/1.1" 200 16003 "-" "Mozilla/5.0 AppleWebKit/537.36 (KHTML, like Gecko; compatible; ClaudeBot/1.0; +claudebot@anthropic.com)"
216.73.216.118 - - [16/Sep/2025:08:27:21 -0400] "GET /?page=80&paged=32 HTTP/1.1" 200 15858 "-" "Mozilla/5.0 AppleWebKit/537.36 (KHTML, like Gecko; compatible; ClaudeBot/1.0; +claudebot@anthropic.com)"
216.73.216.118 - - [16/Sep/2025:08:27:21 -0400] "GET /?page=148&paged=139 HTTP/1.1" 200 15703 "-" "Mozilla/5.0 AppleWebKit/537.36 (KHTML, like Gecko; compatible; ClaudeBot/1.0; +claudebot@anthropic.com)"
51.255.78.220 - - [16/Sep/2025:08:27:25 -0400] "GET / HTTP/1.1" 200 94721 "-" "Mozilla/5.0 (Windows; U; Windows NT 5.2; en-US; rv:1.8.1.7) Gecko/20070914 Firefox/2.0.0.7"
51.255.78.220 - - [16/Sep/2025:08:27:27 -0400] "GET // HTTP/1.1" 301 0 "-" "Mozilla/5.0 (Windows; U; Windows NT 5.2; en-US; rv:1.8.1.7) Gecko/20070914 Firefox/2.0.0.7"
51.255.78.220 - - [16/Sep/2025:08:27:27 -0400] "GET / HTTP/1.1" 200 94721 "https://sada-now.com//" "Mozilla/5.0 (Windows; U; Windows NT 5.2; en-US; rv:1.8.1.7) Gecko/20070914 Firefox/2.0.0.7"
14.228.14.86 - - [16/Sep/2025:08:27:30 -0400] "GET /wp-config-sample.php HTTP/1.1" 500 905 "-" "Mozilla/5.0 (Linux; Android 6.0; Nexus 5 Build/MRA58N) AppleWebKit/537.36 (KHTML, like Gecko) Chrome/53.0.1360.1298 Mobile Safari/537.36"
114.119.143.207 - - [16/Sep/2025:08:27:48 -0400] "GET /?p=3671 HTTP/1.1" 200 15802 "https://sada-now.com/?paged=76&author=1" "Mozilla/5.0 (Linux; Android 7.0;) AppleWebKit/537.36 (KHTML, like Gecko) Mobile Safari/537.36 (compatible; PetalBot;+https://webmaster.petalsearch.com/site/petalbot)"
66.249.65.101 - - [16/Sep/2025:08:28:04 -0400] "GET /wp-content/uploads/2021/07/Screenshot_%D9%A2%D9%A0%D9%A1%D9%A7%D9%A0%D9%A8%D9%A2%D9%A8-%D9%A0%D9%A6%D9%A3%D9%A0%D9%A3%D9%A8-1.png HTTP/1.1" 200 904315 "-" "Googlebot-Image/1.0"
51.255.78.220 - - [16/Sep/2025:08:28:39 -0400] "GET / HTTP/1.1" 200 94721 "-" "Mozilla/5.0 (Windows; U; Windows NT 5.2; en-US; rv:1.8.1.7) Gecko/20070914 Firefox/2.0.0.7"
51.255.78.220 - - [16/Sep/2025:08:28:40 -0400] "GET // HTTP/1.1" 301 0 "-" "Mozilla/5.0 (Windows; U; Windows NT 5.2; en-US; rv:1.8.1.7) Gecko/20070914 Firefox/2.0.0.7"
51.255.78.220 - - [16/Sep/2025:08:28:40 -0400] "GET / HTTP/1.1" 200 94721 "https://sada-now.com//" "Mozilla/5.0 (Windows; U; Windows NT 5.2; en-US; rv:1.8.1.7) Gecko/20070914 Firefox/2.0.0.7"
216.73.216.118 - - [16/Sep/2025:08:28:49 -0400] "GET /wp-content/uploads/2023/04/IMG-20201006-WA0140-660x330.jpg HTTP/1.1" 200 30574 "-" "Mozilla/5.0 AppleWebKit/537.36 (KHTML, like Gecko; compatible; ClaudeBot/1.0; +claudebot@anthropic.com)"
216.73.216.118 - - [16/Sep/2025:08:28:49 -0400] "GET /?page=132&paged=161 HTTP/1.1" 200 13990 "-" "Mozilla/5.0 AppleWebKit/537.36 (KHTML, like Gecko; compatible; ClaudeBot/1.0; +claudebot@anthropic.com)"
216.73.216.118 - - [16/Sep/2025:08:28:50 -0400] "GET /?page=127&paged=161 HTTP/1.1" 200 13990 "-" "Mozilla/5.0 AppleWebKit/537.36 (KHTML, like Gecko; compatible; ClaudeBot/1.0; +claudebot@anthropic.com)"
216.73.216.118 - - [16/Sep/2025:08:28:50 -0400] "GET /?page=70&paged=65 HTTP/1.1" 200 15886 "-" "Mozilla/5.0 AppleWebKit/537.36 (KHTML, like Gecko; compatible; ClaudeBot/1.0; +claudebot@anthropic.com)"
216.73.216.118 - - [16/Sep/2025:08:28:51 -0400] "GET /?page=132&paged=149 HTTP/1.1" 200 15043 "-" "Mozilla/5.0 AppleWebKit/537.36 (KHTML, like Gecko; compatible; ClaudeBot/1.0; +claudebot@anthropic.com)"
216.73.216.118 - - [16/Sep/2025:08:28:51 -0400] "GET /?page=148&paged=138 HTTP/1.1" 200 15514 "-" "Mozilla/5.0 AppleWebKit/537.36 (KHTML, like Gecko; compatible; ClaudeBot/1.0; +claudebot@anthropic.com)"
216.73.216.118 - - [16/Sep/2025:08:28:52 -0400] "GET /?page=133&paged=109 HTTP/1.1" 200 16243 "-" "Mozilla/5.0 AppleWebKit/537.36 (KHTML, like Gecko; compatible; ClaudeBot/1.0; +claudebot@anthropic.com)"
216.73.216.118 - - [16/Sep/2025:08:28:52 -0400] "GET /?page=127&paged=138 HTTP/1.1" 200 15568 "-" "Mozilla/5.0 AppleWebKit/537.36 (KHTML, like Gecko; compatible; ClaudeBot/1.0; +claudebot@anthropic.com)"
216.73.216.118 - - [16/Sep/2025:08:28:53 -0400] "GET /?page=80&paged=109 HTTP/1.1" 200 16232 "-" "Mozilla/5.0 AppleWebKit/537.36 (KHTML, like Gecko; compatible; ClaudeBot/1.0; +claudebot@anthropic.com)"
216.73.216.118 - - [16/Sep/2025:08:28:53 -0400] "GET /?page=132&paged=138 HTTP/1.1" 200 15566 "-" "Mozilla/5.0 AppleWebKit/537.36 (KHTML, like Gecko; compatible; ClaudeBot/1.0; +claudebot@anthropic.com)"
216.73.216.118 - - [16/Sep/2025:08:28:53 -0400] "GET /?page=148&paged=131 HTTP/1.1" 200 16182 "-" "Mozilla/5.0 AppleWebKit/537.36 (KHTML, like Gecko; compatible; ClaudeBot/1.0; +claudebot@anthropic.com)"
216.73.216.118 - - [16/Sep/2025:08:28:54 -0400] "GET /?page=127&paged=149 HTTP/1.1" 200 15088 "-" "Mozilla/5.0 AppleWebKit/537.36 (KHTML, like Gecko; compatible; ClaudeBot/1.0; +claudebot@anthropic.com)"
216.73.216.118 - - [16/Sep/2025:08:28:54 -0400] "GET /?page=157&paged=127 HTTP/1.1" 200 15815 "-" "Mozilla/5.0 AppleWebKit/537.36 (KHTML, like Gecko; compatible; ClaudeBot/1.0; +claudebot@anthropic.com)"
216.73.216.118 - - [16/Sep/2025:08:28:55 -0400] "GET /?page=157&paged=70 HTTP/1.1" 200 15615 "-" "Mozilla/5.0 AppleWebKit/537.36 (KHTML, like Gecko; compatible; ClaudeBot/1.0; +claudebot@anthropic.com)"
216.73.216.118 - - [16/Sep/2025:08:28:55 -0400] "GET /?page=133&paged=137 HTTP/1.1" 200 15555 "-" "Mozilla/5.0 AppleWebKit/537.36 (KHTML, like Gecko; compatible; ClaudeBot/1.0; +claudebot@anthropic.com)"
216.73.216.118 - - [16/Sep/2025:08:28:56 -0400] "GET /?page=132&paged=109 HTTP/1.1" 200 16242 "-" "Mozilla/5.0 AppleWebKit/537.36 (KHTML, like Gecko; compatible; ClaudeBot/1.0; +claudebot@anthropic.com)"
216.73.216.118 - - [16/Sep/2025:08:28:56 -0400] "GET /?page=133&paged=70 HTTP/1.1" 200 15557 "-" "Mozilla/5.0 AppleWebKit/537.36 (KHTML, like Gecko; compatible; ClaudeBot/1.0; +claudebot@anthropic.com)"
216.73.216.118 - - [16/Sep/2025:08:28:57 -0400] "GET /?page=157&paged=101 HTTP/1.1" 200 15838 "-" "Mozilla/5.0 AppleWebKit/537.36 (KHTML, like Gecko; compatible; ClaudeBot/1.0; +claudebot@anthropic.com)"
216.73.216.118 - - [16/Sep/2025:08:28:57 -0400] "GET /?page=140&paged=113 HTTP/1.1" 200 15504 "-" "Mozilla/5.0 AppleWebKit/537.36 (KHTML, like Gecko; compatible; ClaudeBot/1.0; +claudebot@anthropic.com)"
216.73.216.118 - - [16/Sep/2025:08:28:58 -0400] "GET /?page=127&paged=131 HTTP/1.1" 200 16226 "-" "Mozilla/5.0 AppleWebKit/537.36 (KHTML, like Gecko; compatible; ClaudeBot/1.0; +claudebot@anthropic.com)"
216.73.216.118 - - [16/Sep/2025:08:28:58 -0400] "GET /?page=157&paged=102 HTTP/1.1" 200 15727 "-" "Mozilla/5.0 AppleWebKit/537.36 (KHTML, like Gecko; compatible; ClaudeBot/1.0; +claudebot@anthropic.com)"
216.73.216.118 - - [16/Sep/2025:08:28:58 -0400] "GET /?page=133&paged=101 HTTP/1.1" 200 15839 "-" "Mozilla/5.0 AppleWebKit/537.36 (KHTML, like Gecko; compatible; ClaudeBot/1.0; +claudebot@anthropic.com)"
216.73.216.118 - - [16/Sep/2025:08:28:59 -0400] "GET /?page=133&paged=138 HTTP/1.1" 200 15569 "-" "Mozilla/5.0 AppleWebKit/537.36 (KHTML, like Gecko; compatible; ClaudeBot/1.0; +claudebot@anthropic.com)"
216.73.216.118 - - [16/Sep/2025:08:28:59 -0400] "GET /?page=157&paged=126 HTTP/1.1" 200 15339 "-" "Mozilla/5.0 AppleWebKit/537.36 (KHTML, like Gecko; compatible; ClaudeBot/1.0; +claudebot@anthropic.com)"
216.73.216.118 - - [16/Sep/2025:08:29:00 -0400] "GET /?page=133&paged=102 HTTP/1.1" 200 15727 "-" "Mozilla/5.0 AppleWebKit/537.36 (KHTML, like Gecko; compatible; ClaudeBot/1.0; +claudebot@anthropic.com)"
216.73.216.118 - - [16/Sep/2025:08:29:00 -0400] "GET /?page=80&paged=84 HTTP/1.1" 200 15897 "-" "Mozilla/5.0 AppleWebKit/537.36 (KHTML, like Gecko; compatible; ClaudeBot/1.0; +claudebot@anthropic.com)"
216.73.216.118 - - [16/Sep/2025:08:29:01 -0400] "GET /?page=132&paged=70 HTTP/1.1" 200 15518 "-" "Mozilla/5.0 AppleWebKit/537.36 (KHTML, like Gecko; compatible; ClaudeBot/1.0; +claudebot@anthropic.com)"
216.73.216.118 - - [16/Sep/2025:08:29:01 -0400] "GET /?page=132&paged=101 HTTP/1.1" 200 15838 "-" "Mozilla/5.0 AppleWebKit/537.36 (KHTML, like Gecko; compatible; ClaudeBot/1.0; +claudebot@anthropic.com)"
216.73.216.118 - - [16/Sep/2025:08:29:02 -0400] "GET /?page=140&paged=131 HTTP/1.1" 200 16273 "-" "Mozilla/5.0 AppleWebKit/537.36 (KHTML, like Gecko; compatible; ClaudeBot/1.0; +claudebot@anthropic.com)"
216.73.216.118 - - [16/Sep/2025:08:29:02 -0400] "GET /?page=132&paged=111 HTTP/1.1" 200 15086 "-" "Mozilla/5.0 AppleWebKit/537.36 (KHTML, like Gecko; compatible; ClaudeBot/1.0; +claudebot@anthropic.com)"
216.73.216.118 - - [16/Sep/2025:08:29:03 -0400] "GET /?page=80&paged=101 HTTP/1.1" 200 15735 "-" "Mozilla/5.0 AppleWebKit/537.36 (KHTML, like Gecko; compatible; ClaudeBot/1.0; +claudebot@anthropic.com)"
216.73.216.118 - - [16/Sep/2025:08:29:03 -0400] "GET /?page=130&paged=157 HTTP/1.1" 200 14530 "-" "Mozilla/5.0 AppleWebKit/537.36 (KHTML, like Gecko; compatible; ClaudeBot/1.0; +claudebot@anthropic.com)"
216.73.216.118 - - [16/Sep/2025:08:29:03 -0400] "GET /?page=156&paged=109 HTTP/1.1" 200 16031 "-" "Mozilla/5.0 AppleWebKit/537.36 (KHTML, like Gecko; compatible; ClaudeBot/1.0; +claudebot@anthropic.com)"
216.73.216.118 - - [16/Sep/2025:08:29:04 -0400] "GET /?page=133&paged=111 HTTP/1.1" 200 15025 "-" "Mozilla/5.0 AppleWebKit/537.36 (KHTML, like Gecko; compatible; ClaudeBot/1.0; +claudebot@anthropic.com)"
216.73.216.118 - - [16/Sep/2025:08:29:04 -0400] "GET /?page=80&paged=102 HTTP/1.1" 200 15685 "-" "Mozilla/5.0 AppleWebKit/537.36 (KHTML, like Gecko; compatible; ClaudeBot/1.0; +claudebot@anthropic.com)"
216.73.216.118 - - [16/Sep/2025:08:29:05 -0400] "GET /?page=133&paged=112 HTTP/1.1" 200 15850 "-" "Mozilla/5.0 AppleWebKit/537.36 (KHTML, like Gecko; compatible; ClaudeBot/1.0; +claudebot@anthropic.com)"
216.73.216.118 - - [16/Sep/2025:08:29:05 -0400] "GET /?page=148&paged=132 HTTP/1.1" 200 16043 "-" "Mozilla/5.0 AppleWebKit/537.36 (KHTML, like Gecko; compatible; ClaudeBot/1.0; +claudebot@anthropic.com)"
216.73.216.118 - - [16/Sep/2025:08:29:06 -0400] "GET /?page=133&paged=124 HTTP/1.1" 200 15577 "-" "Mozilla/5.0 AppleWebKit/537.36 (KHTML, like Gecko; compatible; ClaudeBot/1.0; +claudebot@anthropic.com)"
114.119.159.233 - - [16/Sep/2025:08:29:06 -0400] "GET /?p=2745 HTTP/1.1" 200 19601 "https://sada-now.com/?paged=28&cat=10" "Mozilla/5.0 (Linux; Android 7.0;) AppleWebKit/537.36 (KHTML, like Gecko) Mobile Safari/537.36 (compatible; PetalBot;+https://webmaster.petalsearch.com/site/petalbot)"
216.73.216.118 - - [16/Sep/2025:08:29:06 -0400] "GET /?page=140&paged=81 HTTP/1.1" 200 15276 "-" "Mozilla/5.0 AppleWebKit/537.36 (KHTML, like Gecko; compatible; ClaudeBot/1.0; +claudebot@anthropic.com)"
216.73.216.118 - - [16/Sep/2025:08:29:07 -0400] "GET /?page=137&paged=161 HTTP/1.1" 200 13990 "-" "Mozilla/5.0 AppleWebKit/537.36 (KHTML, like Gecko; compatible; ClaudeBot/1.0; +claudebot@anthropic.com)"
216.73.216.118 - - [16/Sep/2025:08:29:07 -0400] "GET /?page=127&paged=109 HTTP/1.1" 200 16244 "-" "Mozilla/5.0 AppleWebKit/537.36 (KHTML, like Gecko; compatible; ClaudeBot/1.0; +claudebot@anthropic.com)"
216.73.216.118 - - [16/Sep/2025:08:29:07 -0400] "GET /?page=127&paged=111 HTTP/1.1" 200 14801 "-" "Mozilla/5.0 AppleWebKit/537.36 (KHTML, like Gecko; compatible; ClaudeBot/1.0; +claudebot@anthropic.com)"
216.73.216.118 - - [16/Sep/2025:08:29:08 -0400] "GET /?page=60&paged=109 HTTP/1.1" 200 16022 "-" "Mozilla/5.0 AppleWebKit/537.36 (KHTML, like Gecko; compatible; ClaudeBot/1.0; +claudebot@anthropic.com)"
216.73.216.118 - - [16/Sep/2025:08:29:08 -0400] "GET /?page=135&paged=110 HTTP/1.1" 200 15461 "-" "Mozilla/5.0 AppleWebKit/537.36 (KHTML, like Gecko; compatible; ClaudeBot/1.0; +claudebot@anthropic.com)"
216.73.216.118 - - [16/Sep/2025:08:29:09 -0400] "GET /?page=127&paged=101 HTTP/1.1" 200 15797 "-" "Mozilla/5.0 AppleWebKit/537.36 (KHTML, like Gecko; compatible; ClaudeBot/1.0; +claudebot@anthropic.com)"
216.73.216.118 - - [16/Sep/2025:08:29:09 -0400] "GET /?page=80&paged=112 HTTP/1.1" 200 15850 "-" "Mozilla/5.0 AppleWebKit/537.36 (KHTML, like Gecko; compatible; ClaudeBot/1.0; +claudebot@anthropic.com)"
216.73.216.118 - - [16/Sep/2025:08:29:10 -0400] "GET /?page=80&paged=111 HTTP/1.1" 200 15073 "-" "Mozilla/5.0 AppleWebKit/537.36 (KHTML, like Gecko; compatible; ClaudeBot/1.0; +claudebot@anthropic.com)"
216.73.216.118 - - [16/Sep/2025:08:29:10 -0400] "GET /?page=127&paged=70 HTTP/1.1" 200 15618 "-" "Mozilla/5.0 AppleWebKit/537.36 (KHTML, like Gecko; compatible; ClaudeBot/1.0; +claudebot@anthropic.com)"
216.73.216.118 - - [16/Sep/2025:08:29:11 -0400] "GET /?page=132&paged=102 HTTP/1.1" 200 15727 "-" "Mozilla/5.0 AppleWebKit/537.36 (KHTML, like Gecko; compatible; ClaudeBot/1.0; +claudebot@anthropic.com)"
216.73.216.118 - - [16/Sep/2025:08:29:11 -0400] "GET /?page=132&paged=132 HTTP/1.1" 200 16041 "-" "Mozilla/5.0 AppleWebKit/537.36 (KHTML, like Gecko; compatible; ClaudeBot/1.0; +claudebot@anthropic.com)"
216.73.216.118 - - [16/Sep/2025:08:29:12 -0400] "GET /?page=156&paged=70 HTTP/1.1" 200 15614 "-" "Mozilla/5.0 AppleWebKit/537.36 (KHTML, like Gecko; compatible; ClaudeBot/1.0; +claudebot@anthropic.com)"
216.73.216.118 - - [16/Sep/2025:08:29:12 -0400] "GET /?page=156&paged=101 HTTP/1.1" 200 15838 "-" "Mozilla/5.0 AppleWebKit/537.36 (KHTML, like Gecko; compatible; ClaudeBot/1.0; +claudebot@anthropic.com)"
216.73.216.118 - - [16/Sep/2025:08:29:12 -0400] "GET /?page=133&paged=128 HTTP/1.1" 200 16048 "-" "Mozilla/5.0 AppleWebKit/537.36 (KHTML, like Gecko; compatible; ClaudeBot/1.0; +claudebot@anthropic.com)"
216.73.216.118 - - [16/Sep/2025:08:29:13 -0400] "GET /?page=132&paged=112 HTTP/1.1" 200 15861 "-" "Mozilla/5.0 AppleWebKit/537.36 (KHTML, like Gecko; compatible; ClaudeBot/1.0; +claudebot@anthropic.com)"
216.73.216.118 - - [16/Sep/2025:08:29:13 -0400] "GET /?page=156&paged=111 HTTP/1.1" 200 15086 "-" "Mozilla/5.0 AppleWebKit/537.36 (KHTML, like Gecko; compatible; ClaudeBot/1.0; +claudebot@anthropic.com)"
216.73.216.118 - - [16/Sep/2025:08:29:14 -0400] "GET /?page=132&paged=80 HTTP/1.1" 200 15600 "-" "Mozilla/5.0 AppleWebKit/537.36 (KHTML, like Gecko; compatible; ClaudeBot/1.0; +claudebot@anthropic.com)"
216.73.216.118 - - [16/Sep/2025:08:29:20 -0400] "GET /index.php?rest_route=%2Fwp%2Fv2%2Fposts%2F3572 HTTP/1.1" 200 26830 "-" "Mozilla/5.0 AppleWebKit/537.36 (KHTML, like Gecko; compatible; ClaudeBot/1.0; +claudebot@anthropic.com)"
216.73.216.118 - - [16/Sep/2025:08:29:20 -0400] "GET /?page=151&paged=12 HTTP/1.1" 200 14969 "-" "Mozilla/5.0 AppleWebKit/537.36 (KHTML, like Gecko; compatible; ClaudeBot/1.0; +claudebot@anthropic.com)"
216.73.216.118 - - [16/Sep/2025:08:29:21 -0400] "GET /?page=119&paged=3 HTTP/1.1" 200 16204 "-" "Mozilla/5.0 AppleWebKit/537.36 (KHTML, like Gecko; compatible; ClaudeBot/1.0; +claudebot@anthropic.com)"
216.73.216.118 - - [16/Sep/2025:08:29:21 -0400] "GET /?page=152&paged=7 HTTP/1.1" 200 15755 "-" "Mozilla/5.0 AppleWebKit/537.36 (KHTML, like Gecko; compatible; ClaudeBot/1.0; +claudebot@anthropic.com)"
216.73.216.118 - - [16/Sep/2025:08:29:22 -0400] "GET /?page=33&paged=139 HTTP/1.1" 200 15577 "-" "Mozilla/5.0 AppleWebKit/537.36 (KHTML, like Gecko; compatible; ClaudeBot/1.0; +claudebot@anthropic.com)"
216.73.216.118 - - [16/Sep/2025:08:29:22 -0400] "GET /?page=151&paged=11 HTTP/1.1" 200 15743 "-" "Mozilla/5.0 AppleWebKit/537.36 (KHTML, like Gecko; compatible; ClaudeBot/1.0; +claudebot@anthropic.com)"
216.73.216.118 - - [16/Sep/2025:08:29:23 -0400] "GET /?page=152&paged=6 HTTP/1.1" 200 15754 "-" "Mozilla/5.0 AppleWebKit/537.36 (KHTML, like Gecko; compatible; ClaudeBot/1.0; +claudebot@anthropic.com)"
216.73.216.118 - - [16/Sep/2025:08:29:23 -0400] "GET /?page=33&paged=128 HTTP/1.1" 200 16081 "-" "Mozilla/5.0 AppleWebKit/537.36 (KHTML, like Gecko; compatible; ClaudeBot/1.0; +claudebot@anthropic.com)"
216.73.216.118 - - [16/Sep/2025:08:29:24 -0400] "GET /?page=33&paged=156 HTTP/1.1" 200 14495 "-" "Mozilla/5.0 AppleWebKit/537.36 (KHTML, like Gecko; compatible; ClaudeBot/1.0; +claudebot@anthropic.com)"
216.73.216.118 - - [16/Sep/2025:08:29:24 -0400] "GET /?page=152&paged=8 HTTP/1.1" 200 15156 "-" "Mozilla/5.0 AppleWebKit/537.36 (KHTML, like Gecko; compatible; ClaudeBot/1.0; +claudebot@anthropic.com)"
216.73.216.118 - - [16/Sep/2025:08:29:25 -0400] "GET /?page=7&paged=146 HTTP/1.1" 200 15907 "-" "Mozilla/5.0 AppleWebKit/537.36 (KHTML, like Gecko; compatible; ClaudeBot/1.0; +claudebot@anthropic.com)"
216.73.216.118 - - [16/Sep/2025:08:29:25 -0400] "GET /?page=57&paged=2 HTTP/1.1" 200 16246 "-" "Mozilla/5.0 AppleWebKit/537.36 (KHTML, like Gecko; compatible; ClaudeBot/1.0; +claudebot@anthropic.com)"
216.73.216.118 - - [16/Sep/2025:08:29:25 -0400] "GET /?page=33&paged=129 HTTP/1.1" 200 15345 "-" "Mozilla/5.0 AppleWebKit/537.36 (KHTML, like Gecko; compatible; ClaudeBot/1.0; +claudebot@anthropic.com)"
216.73.216.118 - - [16/Sep/2025:08:29:26 -0400] "GET /wp-includes/css/dist/block-editor/style-rtl.min.css HTTP/1.1" 200 15374 "-" "Mozilla/5.0 AppleWebKit/537.36 (KHTML, like Gecko; compatible; ClaudeBot/1.0; +claudebot@anthropic.com)"
216.73.216.118 - - [16/Sep/2025:08:29:26 -0400] "GET /?page=33&paged=134 HTTP/1.1" 200 15738 "-" "Mozilla/5.0 AppleWebKit/537.36 (KHTML, like Gecko; compatible; ClaudeBot/1.0; +claudebot@anthropic.com)"
216.73.216.118 - - [16/Sep/2025:08:29:27 -0400] "GET /wp-includes/css/dist/edit-post/classic-rtl.css HTTP/1.1" 200 544 "-" "Mozilla/5.0 AppleWebKit/537.36 (KHTML, like Gecko; compatible; ClaudeBot/1.0; +claudebot@anthropic.com)"
216.73.216.118 - - [16/Sep/2025:08:29:27 -0400] "GET /?p=2023 HTTP/1.1" 200 13654 "-" "Mozilla/5.0 AppleWebKit/537.36 (KHTML, like Gecko; compatible; ClaudeBot/1.0; +claudebot@anthropic.com)"
216.73.216.118 - - [16/Sep/2025:08:29:28 -0400] "GET /wp-includes/sodium_compat/src/Core32/Ed25519.php HTTP/1.1" 500 0 "-" "Mozilla/5.0 AppleWebKit/537.36 (KHTML, like Gecko; compatible; ClaudeBot/1.0; +claudebot@anthropic.com)"
216.73.216.118 - - [16/Sep/2025:08:29:28 -0400] "GET /wp-includes/sodium_compat/src/Core32/X25519.php HTTP/1.1" 500 0 "-" "Mozilla/5.0 AppleWebKit/537.36 (KHTML, like Gecko; compatible; ClaudeBot/1.0; +claudebot@anthropic.com)"
216.73.216.118 - - [16/Sep/2025:08:29:29 -0400] "GET /wp-includes/css/dist/preferences/style-rtl.css HTTP/1.1" 200 521 "-" "Mozilla/5.0 AppleWebKit/537.36 (KHTML, like Gecko; compatible; ClaudeBot/1.0; +claudebot@anthropic.com)"
216.73.216.118 - - [16/Sep/2025:08:29:29 -0400] "GET /wp-includes/sodium_compat/src/Core32/Poly1305 HTTP/1.1" 301 795 "-" "Mozilla/5.0 AppleWebKit/537.36 (KHTML, like Gecko; compatible; ClaudeBot/1.0; +claudebot@anthropic.com)"
216.73.216.118 - - [16/Sep/2025:08:29:29 -0400] "GET /wp-includes/sodium_compat/src/Core32/Poly1305/ HTTP/1.1" 200 648 "https://sada-now.com/wp-includes/sodium_compat/src/Core32/Poly1305" "Mozilla/5.0 AppleWebKit/537.36 (KHTML, like Gecko; compatible; ClaudeBot/1.0; +claudebot@anthropic.com)"
216.73.216.118 - - [16/Sep/2025:08:29:29 -0400] "GET /wp-includes/sodium_compat/src/Core32/XSalsa20.php HTTP/1.1" 500 0 "-" "Mozilla/5.0 AppleWebKit/537.36 (KHTML, like Gecko; compatible; ClaudeBot/1.0; +claudebot@anthropic.com)"
216.73.216.118 - - [16/Sep/2025:08:29:30 -0400] "GET /wp-includes/sodium_compat/src/Core32/ChaCha20 HTTP/1.1" 301 795 "-" "Mozilla/5.0 AppleWebKit/537.36 (KHTML, like Gecko; compatible; ClaudeBot/1.0; +claudebot@anthropic.com)"
216.73.216.118 - - [16/Sep/2025:08:29:30 -0400] "GET /wp-includes/sodium_compat/src/Core32/ChaCha20/ HTTP/1.1" 200 673 "https://sada-now.com/wp-includes/sodium_compat/src/Core32/ChaCha20" "Mozilla/5.0 AppleWebKit/537.36 (KHTML, like Gecko; compatible; ClaudeBot/1.0; +claudebot@anthropic.com)"
216.73.216.118 - - [16/Sep/2025:08:29:30 -0400] "GET /wp-includes/sodium_compat/src/Core/Ristretto255.php HTTP/1.1" 500 0 "-" "Mozilla/5.0 AppleWebKit/537.36 (KHTML, like Gecko; compatible; ClaudeBot/1.0; +claudebot@anthropic.com)"
216.73.216.118 - - [16/Sep/2025:08:29:31 -0400] "GET /wp-includes/sodium_compat/src/Core32/Curve25519.php HTTP/1.1" 500 0 "-" "Mozilla/5.0 AppleWebKit/537.36 (KHTML, like Gecko; compatible; ClaudeBot/1.0; +claudebot@anthropic.com)"
216.73.216.118 - - [16/Sep/2025:08:29:31 -0400] "GET /wp-includes/css/dist/components/style.css HTTP/1.1" 200 12600 "-" "Mozilla/5.0 AppleWebKit/537.36 (KHTML, like Gecko; compatible; ClaudeBot/1.0; +claudebot@anthropic.com)"
216.73.216.118 - - [16/Sep/2025:08:29:32 -0400] "GET /wp-includes/sodium_compat/src/Core32/HSalsa20.php HTTP/1.1" 500 0 "-" "Mozilla/5.0 AppleWebKit/537.36 (KHTML, like Gecko; compatible; ClaudeBot/1.0; +claudebot@anthropic.com)"
216.73.216.118 - - [16/Sep/2025:08:29:32 -0400] "GET /wp-includes/sodium_compat/src/Core/AEGIS128L.php HTTP/1.1" 500 0 "-" "Mozilla/5.0 AppleWebKit/537.36 (KHTML, like Gecko; compatible; ClaudeBot/1.0; +claudebot@anthropic.com)"
216.73.216.118 - - [16/Sep/2025:08:29:33 -0400] "GET /wp-includes/sodium_compat/src/Core32/HChaCha20.php HTTP/1.1" 500 0 "-" "Mozilla/5.0 AppleWebKit/537.36 (KHTML, like Gecko; compatible; ClaudeBot/1.0; +claudebot@anthropic.com)"
216.73.216.118 - - [16/Sep/2025:08:29:33 -0400] "GET /wp-includes/sodium_compat/src/Core/Curve25519 HTTP/1.1" 301 795 "-" "Mozilla/5.0 AppleWebKit/537.36 (KHTML, like Gecko; compatible; ClaudeBot/1.0; +claudebot@anthropic.com)"
216.73.216.118 - - [16/Sep/2025:08:29:33 -0400] "GET /wp-includes/sodium_compat/src/Core/Curve25519/ HTTP/1.1" 200 718 "https://sada-now.com/wp-includes/sodium_compat/src/Core/Curve25519" "Mozilla/5.0 AppleWebKit/537.36 (KHTML, like Gecko; compatible; ClaudeBot/1.0; +claudebot@anthropic.com)"
216.73.216.118 - - [16/Sep/2025:08:29:34 -0400] "GET /wp-includes/sodium_compat/src/Core/AEGIS HTTP/1.1" 301 795 "-" "Mozilla/5.0 AppleWebKit/537.36 (KHTML, like Gecko; compatible; ClaudeBot/1.0; +claudebot@anthropic.com)"
216.73.216.118 - - [16/Sep/2025:08:29:34 -0400] "GET /wp-includes/sodium_compat/src/Core/AEGIS/ HTTP/1.1" 200 673 "https://sada-now.com/wp-includes/sodium_compat/src/Core/AEGIS" "Mozilla/5.0 AppleWebKit/537.36 (KHTML, like Gecko; compatible; ClaudeBot/1.0; +claudebot@anthropic.com)"
216.73.216.118 - - [16/Sep/2025:08:29:34 -0400] "GET /wp-includes/sodium_compat/src/Core32/XChaCha20.php HTTP/1.1" 500 0 "-" "Mozilla/5.0 AppleWebKit/537.36 (KHTML, like Gecko; compatible; ClaudeBot/1.0; +claudebot@anthropic.com)"
216.73.216.118 - - [16/Sep/2025:08:29:34 -0400] "GET /wp-includes/sodium_compat/src/Core/AEGIS256.php HTTP/1.1" 500 0 "-" "Mozilla/5.0 AppleWebKit/537.36 (KHTML, like Gecko; compatible; ClaudeBot/1.0; +claudebot@anthropic.com)"
216.73.216.118 - - [16/Sep/2025:08:29:35 -0400] "GET /wp-includes/sodium_compat/src/Core32/Salsa20.php HTTP/1.1" 500 0 "-" "Mozilla/5.0 AppleWebKit/537.36 (KHTML, like Gecko; compatible; ClaudeBot/1.0; +claudebot@anthropic.com)"
40.77.167.116 - - [16/Sep/2025:08:29:35 -0400] "GET /?p=2420 HTTP/1.1" 200 17885 "-" "Mozilla/5.0 AppleWebKit/537.36 (KHTML, like Gecko; compatible; bingbot/2.0; +http://www.bing.com/bingbot.htm) Chrome/116.0.1938.76 Safari/537.36"
216.73.216.118 - - [16/Sep/2025:08:29:35 -0400] "GET /wp-includes/sodium_compat/src/Core32/Poly1305.php HTTP/1.1" 500 0 "-" "Mozilla/5.0 AppleWebKit/537.36 (KHTML, like Gecko; compatible; ClaudeBot/1.0; +claudebot@anthropic.com)"
216.73.216.118 - - [16/Sep/2025:08:29:40 -0400] "GET /wp-includes/css/dist/edit-post/classic.css HTTP/1.1" 200 546 "-" "Mozilla/5.0 AppleWebKit/537.36 (KHTML, like Gecko; compatible; ClaudeBot/1.0; +claudebot@anthropic.com)"
216.73.216.118 - - [16/Sep/2025:08:29:45 -0400] "GET /wp-includes/sodium_compat/src/Core/AES HTTP/1.1" 301 795 "-" "Mozilla/5.0 AppleWebKit/537.36 (KHTML, like Gecko; compatible; ClaudeBot/1.0; +claudebot@anthropic.com)"
216.73.216.118 - - [16/Sep/2025:08:29:45 -0400] "GET /wp-includes/sodium_compat/src/Core/AES/ HTTP/1.1" 200 701 "https://sada-now.com/wp-includes/sodium_compat/src/Core/AES" "Mozilla/5.0 AppleWebKit/537.36 (KHTML, like Gecko; compatible; ClaudeBot/1.0; +claudebot@anthropic.com)"
216.73.216.118 - - [16/Sep/2025:08:29:50 -0400] "GET /wp-includes/sodium_compat/src/Core/Ed25519.php HTTP/1.1" 500 0 "-" "Mozilla/5.0 AppleWebKit/537.36 (KHTML, like Gecko; compatible; ClaudeBot/1.0; +claudebot@anthropic.com)"
216.73.216.118 - - [16/Sep/2025:08:29:55 -0400] "GET /wp-includes/css/dist/widgets/style-rtl.css HTTP/1.1" 200 1095 "-" "Mozilla/5.0 AppleWebKit/537.36 (KHTML, like Gecko; compatible; ClaudeBot/1.0; +claudebot@anthropic.com)"
216.73.216.118 - - [16/Sep/2025:08:30:00 -0400] "GET /wp-includes/sodium_compat/src/Core32/BLAKE2b.php HTTP/1.1" 500 0 "-" "Mozilla/5.0 AppleWebKit/537.36 (KHTML, like Gecko; compatible; ClaudeBot/1.0; +claudebot@anthropic.com)"
216.73.216.118 - - [16/Sep/2025:08:30:05 -0400] "GET /wp-includes/sodium_compat/src/Core/X25519.php HTTP/1.1" 500 0 "-" "Mozilla/5.0 AppleWebKit/537.36 (KHTML, like Gecko; compatible; ClaudeBot/1.0; +claudebot@anthropic.com)"
51.255.78.220 - - [16/Sep/2025:08:30:07 -0400] "GET / HTTP/1.1" 200 94721 "-" "Mozilla/5.0 (Windows; U; Windows NT 5.2; en-US; rv:1.8.1.7) Gecko/20070914 Firefox/2.0.0.7"
51.255.78.220 - - [16/Sep/2025:08:30:09 -0400] "GET // HTTP/1.1" 301 0 "-" "Mozilla/5.0 (Windows; U; Windows NT 5.2; en-US; rv:1.8.1.7) Gecko/20070914 Firefox/2.0.0.7"
51.255.78.220 - - [16/Sep/2025:08:30:09 -0400] "GET / HTTP/1.1" 200 94721 "https://sada-now.com//" "Mozilla/5.0 (Windows; U; Windows NT 5.2; en-US; rv:1.8.1.7) Gecko/20070914 Firefox/2.0.0.7"
170.106.180.153 - - [16/Sep/2025:08:30:11 -0400] "GET /wp-content/uploads/2025/07/774967.jpeg-768x463.webp HTTP/1.1" 200 88618 "-" "Mozilla/5.0 (iPhone; CPU iPhone OS 13_2_3 like Mac OS X) AppleWebKit/605.1.15 (KHTML, like Gecko) Version/13.0.3 Mobile/15E148 Safari/604.1"
216.73.216.118 - - [16/Sep/2025:08:30:11 -0400] "GET /?page=107&paged=2 HTTP/1.1" 200 15897 "-" "Mozilla/5.0 AppleWebKit/537.36 (KHTML, like Gecko; compatible; ClaudeBot/1.0; +claudebot@anthropic.com)"
