D7net
Home
Console
Upload
information
Create File
Create Folder
About
Tools
:
/
home
/
sadaunjx
/
access-logs
/
Filename :
sada-now.com
back
Copy
216.244.66.228 - - [16/Sep/2025:08:15:59 -0400] "GET /?cat=3&page=10 HTTP/1.1" 200 99092 "-" "Mozilla/5.0 (compatible; DotBot/1.2; +https://opensiteexplorer.org/dotbot; help@moz.com)"
216.244.66.228 - - [16/Sep/2025:08:22:41 -0400] "GET /?m=2020&paged=4 HTTP/1.1" 200 103661 "-" "Mozilla/5.0 (compatible; DotBot/1.2; +https://opensiteexplorer.org/dotbot; help@moz.com)"
49.51.195.195 - - [16/Sep/2025:08:34:08 -0400] "GET / HTTP/1.1" 200 18132 "-" "Mozilla/5.0 (iPhone; CPU iPhone OS 13_2_3 like Mac OS X) AppleWebKit/605.1.15 (KHTML, like Gecko) Version/13.0.3 Mobile/15E148 Safari/604.1"
216.244.66.228 - - [16/Sep/2025:08:34:11 -0400] "GET /robots.txt HTTP/1.1" 200 303 "-" "Mozilla/5.0 (compatible; DotBot/1.2; +https://opensiteexplorer.org/dotbot; help@moz.com)"
216.244.66.228 - - [16/Sep/2025:08:40:41 -0400] "GET /?feed=rss2&p=4102 HTTP/1.1" 301 0 "-" "Mozilla/5.0 (compatible; DotBot/1.2; +https://opensiteexplorer.org/dotbot; help@moz.com)"
216.244.66.228 - - [16/Sep/2025:08:40:45 -0400] "GET /?feed=rss2&p=4272 HTTP/1.1" 301 0 "-" "Mozilla/5.0 (compatible; DotBot/1.2; +https://opensiteexplorer.org/dotbot; help@moz.com)"
216.244.66.228 - - [16/Sep/2025:08:40:50 -0400] "GET /?feed=rss2&p=5182 HTTP/1.1" 301 0 "-" "Mozilla/5.0 (compatible; DotBot/1.2; +https://opensiteexplorer.org/dotbot; help@moz.com)"
216.244.66.228 - - [16/Sep/2025:08:40:53 -0400] "GET /?feed=rss2&p=5679 HTTP/1.1" 301 0 "-" "Mozilla/5.0 (compatible; DotBot/1.2; +https://opensiteexplorer.org/dotbot; help@moz.com)"
216.244.66.228 - - [16/Sep/2025:08:40:56 -0400] "GET /?feed=rss2&p=5888 HTTP/1.1" 301 0 "-" "Mozilla/5.0 (compatible; DotBot/1.2; +https://opensiteexplorer.org/dotbot; help@moz.com)"
216.244.66.228 - - [16/Sep/2025:08:41:00 -0400] "GET /?feed=rss2&p=6254 HTTP/1.1" 301 0 "-" "Mozilla/5.0 (compatible; DotBot/1.2; +https://opensiteexplorer.org/dotbot; help@moz.com)"
216.244.66.228 - - [16/Sep/2025:08:41:02 -0400] "GET /?feed=rss2&p=6294 HTTP/1.1" 301 0 "-" "Mozilla/5.0 (compatible; DotBot/1.2; +https://opensiteexplorer.org/dotbot; help@moz.com)"
216.244.66.228 - - [16/Sep/2025:08:45:17 -0400] "GET /?paged=4&m=202006 HTTP/1.1" 200 99115 "-" "Mozilla/5.0 (compatible; DotBot/1.2; +https://opensiteexplorer.org/dotbot; help@moz.com)"
18.216.172.150 - - [16/Sep/2025:08:46:01 -0400] "GET /ads.txt HTTP/1.1" 404 1251 "-" "Mozilla/5.0 (compatible; Fiducia/1.0)"
216.244.66.228 - - [16/Sep/2025:08:46:54 -0400] "GET /?p=1325 HTTP/1.1" 200 68688 "-" "Mozilla/5.0 (compatible; DotBot/1.2; +https://opensiteexplorer.org/dotbot; help@moz.com)"
216.244.66.228 - - [16/Sep/2025:08:46:57 -0400] "GET /?p=1724 HTTP/1.1" 200 58366 "-" "Mozilla/5.0 (compatible; DotBot/1.2; +https://opensiteexplorer.org/dotbot; help@moz.com)"
216.244.66.228 - - [16/Sep/2025:08:47:00 -0400] "GET /?p=2252 HTTP/1.1" 200 66522 "-" "Mozilla/5.0 (compatible; DotBot/1.2; +https://opensiteexplorer.org/dotbot; help@moz.com)"
216.244.66.228 - - [16/Sep/2025:08:47:03 -0400] "GET /?p=3419 HTTP/1.1" 200 63322 "-" "Mozilla/5.0 (compatible; DotBot/1.2; +https://opensiteexplorer.org/dotbot; help@moz.com)"
216.244.66.228 - - [16/Sep/2025:08:47:05 -0400] "GET /?p=3428 HTTP/1.1" 200 69351 "-" "Mozilla/5.0 (compatible; DotBot/1.2; +https://opensiteexplorer.org/dotbot; help@moz.com)"
216.244.66.228 - - [16/Sep/2025:08:47:07 -0400] "GET /?p=3741 HTTP/1.1" 200 68069 "-" "Mozilla/5.0 (compatible; DotBot/1.2; +https://opensiteexplorer.org/dotbot; help@moz.com)"
216.244.66.228 - - [16/Sep/2025:08:47:09 -0400] "GET /?p=4523 HTTP/1.1" 200 69356 "-" "Mozilla/5.0 (compatible; DotBot/1.2; +https://opensiteexplorer.org/dotbot; help@moz.com)"
216.244.66.228 - - [16/Sep/2025:08:47:10 -0400] "GET /?p=4947 HTTP/1.1" 200 65921 "-" "Mozilla/5.0 (compatible; DotBot/1.2; +https://opensiteexplorer.org/dotbot; help@moz.com)"
216.244.66.228 - - [16/Sep/2025:08:47:11 -0400] "GET /?p=979 HTTP/1.1" 200 60849 "-" "Mozilla/5.0 (compatible; DotBot/1.2; +https://opensiteexplorer.org/dotbot; help@moz.com)"
66.249.65.101 - - [16/Sep/2025:08:51:27 -0400] "GET /robots.txt HTTP/1.1" 200 92 "-" "Mozilla/5.0 (compatible; Googlebot/2.1; +http://www.google.com/bot.html)"
66.249.65.100 - - [16/Sep/2025:08:51:27 -0400] "GET /ads.txt HTTP/1.1" 404 1251 "-" "Mozilla/5.0 (compatible; Googlebot/2.1; +http://www.google.com/bot.html)"
216.244.66.228 - - [16/Sep/2025:08:58:20 -0400] "GET /?p=3506 HTTP/1.1" 200 60762 "-" "Mozilla/5.0 (compatible; DotBot/1.2; +https://opensiteexplorer.org/dotbot; help@moz.com)"
216.244.66.228 - - [16/Sep/2025:08:58:21 -0400] "GET /?p=3509 HTTP/1.1" 200 72051 "-" "Mozilla/5.0 (compatible; DotBot/1.2; +https://opensiteexplorer.org/dotbot; help@moz.com)"
216.244.66.228 - - [16/Sep/2025:08:59:53 -0400] "GET /?paged=3&m=202102 HTTP/1.1" 200 71661 "-" "Mozilla/5.0 (compatible; DotBot/1.2; +https://opensiteexplorer.org/dotbot; help@moz.com)"
35.211.166.124 - - [16/Sep/2025:09:08:19 -0400] "GET /ads.txt HTTP/1.1" 404 1251 "-" "bidswitchbot/1.0"
216.244.66.228 - - [16/Sep/2025:09:19:19 -0400] "GET /robots.txt HTTP/1.1" 200 303 "-" "Mozilla/5.0 (compatible; DotBot/1.2; +https://opensiteexplorer.org/dotbot; help@moz.com)"
216.244.66.228 - - [16/Sep/2025:09:25:43 -0400] "GET /?feed=rss2&p=3376 HTTP/1.1" 301 0 "-" "Mozilla/5.0 (compatible; DotBot/1.2; +https://opensiteexplorer.org/dotbot; help@moz.com)"
216.244.66.228 - - [16/Sep/2025:09:25:48 -0400] "GET /?feed=rss2&p=4180 HTTP/1.1" 301 0 "-" "Mozilla/5.0 (compatible; DotBot/1.2; +https://opensiteexplorer.org/dotbot; help@moz.com)"
216.244.66.228 - - [16/Sep/2025:09:25:52 -0400] "GET /?feed=rss2&p=5748 HTTP/1.1" 301 0 "-" "Mozilla/5.0 (compatible; DotBot/1.2; +https://opensiteexplorer.org/dotbot; help@moz.com)"
216.244.66.228 - - [16/Sep/2025:09:25:55 -0400] "GET /?feed=rss2&p=6352 HTTP/1.1" 301 0 "-" "Mozilla/5.0 (compatible; DotBot/1.2; +https://opensiteexplorer.org/dotbot; help@moz.com)"
216.244.66.228 - - [16/Sep/2025:09:25:58 -0400] "GET /?feed=rss2&p=6506 HTTP/1.1" 301 0 "-" "Mozilla/5.0 (compatible; DotBot/1.2; +https://opensiteexplorer.org/dotbot; help@moz.com)"
216.244.66.228 - - [16/Sep/2025:09:26:02 -0400] "GET /?feed=rss2&p=6635 HTTP/1.1" 301 0 "-" "Mozilla/5.0 (compatible; DotBot/1.2; +https://opensiteexplorer.org/dotbot; help@moz.com)"
114.119.155.96 - - [16/Sep/2025:09:29:57 -0400] "GET /?p=1243 HTTP/1.1" 200 14420 "https://sada-now.com?paged=42&author=1" "Mozilla/5.0 (Linux; Android 7.0;) AppleWebKit/537.36 (KHTML, like Gecko) Mobile Safari/537.36 (compatible; PetalBot;+https://webmaster.petalsearch.com/site/petalbot)"
35.233.68.216 - - [16/Sep/2025:09:40:30 -0400] "GET / HTTP/1.1" 301 0 "-" "python-requests/2.32.4"
199.244.88.224 - - [16/Sep/2025:09:41:06 -0400] "GET / HTTP/1.1" 200 18482 "-" "Mozilla/5.0 (X11; Linux x86_64) AppleWebKit/537.36 (KHTML, like Gecko) Chrome/105.0.0.0 Safari/537.36"
216.244.66.228 - - [16/Sep/2025:09:50:31 -0400] "GET /?m=2019&paged=2 HTTP/1.1" 200 94856 "-" "Mozilla/5.0 (compatible; DotBot/1.2; +https://opensiteexplorer.org/dotbot; help@moz.com)"
66.249.65.104 - - [16/Sep/2025:10:19:07 -0400] "GET /robots.txt HTTP/1.1" 200 92 "-" "Mozilla/5.0 (compatible; Googlebot/2.1; +http://www.google.com/bot.html)"
66.249.65.105 - - [16/Sep/2025:10:19:07 -0400] "GET /wp-content/uploads/2019/07/medium_2018-01-06-40a51cfff0.jpg HTTP/1.1" 200 38938 "-" "Googlebot-Image/1.0"
66.249.65.105 - - [16/Sep/2025:10:38:04 -0400] "GET /wp-content/uploads/2019/07/5b67fadf9f04d.jpg HTTP/1.1" 200 85312 "-" "Googlebot-Image/1.0"
114.119.136.64 - - [16/Sep/2025:10:42:08 -0400] "GET /?paged=13&cat=10 HTTP/1.1" 200 19341 "https://sada-now.com?paged=14&cat=10" "Mozilla/5.0 (Linux; Android 7.0;) AppleWebKit/537.36 (KHTML, like Gecko) Mobile Safari/537.36 (compatible; PetalBot;+https://webmaster.petalsearch.com/site/petalbot)"
216.244.66.228 - - [16/Sep/2025:10:49:23 -0400] "GET /robots.txt HTTP/1.1" 200 303 "-" "Mozilla/5.0 (compatible; DotBot/1.2; +https://opensiteexplorer.org/dotbot; help@moz.com)"
66.249.65.96 - - [16/Sep/2025:10:51:39 -0400] "GET /ads.txt HTTP/1.1" 404 1251 "-" "Google-adstxt"
124.226.222.66 - - [16/Sep/2025:10:54:06 -0400] "GET / HTTP/1.1" 301 0 "-" "Mozilla/5.0 (iPhone; CPU iPhone OS 13_2_3 like Mac OS X) AppleWebKit/605.1.15 (KHTML, like Gecko) Version/13.0.3 Mobile/15E148 Safari/604.1"
124.226.222.66 - - [16/Sep/2025:10:54:17 -0400] "GET / HTTP/1.1" 200 18452 "http://www.sada-now.com" "Mozilla/5.0 (iPhone; CPU iPhone OS 13_2_3 like Mac OS X) AppleWebKit/605.1.15 (KHTML, like Gecko) Version/13.0.3 Mobile/15E148 Safari/604.1"
66.249.65.104 - - [16/Sep/2025:10:54:51 -0400] "GET /wp-content/uploads/2019/09/dwqDGxf5WyPjlakKW1QuqGtMvQl87fonDl6nHWFq.jpg HTTP/1.1" 200 536910 "-" "Googlebot-Image/1.0"
35.211.166.124 - - [16/Sep/2025:10:55:17 -0400] "GET /ads.txt HTTP/1.1" 404 1251 "-" "bidswitchbot/1.0"
216.244.66.228 - - [16/Sep/2025:10:55:55 -0400] "GET /?feed=rss2&p=3434 HTTP/1.1" 301 0 "-" "Mozilla/5.0 (compatible; DotBot/1.2; +https://opensiteexplorer.org/dotbot; help@moz.com)"
216.244.66.228 - - [16/Sep/2025:10:56:00 -0400] "GET /?feed=rss2&p=4135 HTTP/1.1" 301 0 "-" "Mozilla/5.0 (compatible; DotBot/1.2; +https://opensiteexplorer.org/dotbot; help@moz.com)"
216.244.66.228 - - [16/Sep/2025:10:56:04 -0400] "GET /?feed=rss2&p=5762 HTTP/1.1" 301 0 "-" "Mozilla/5.0 (compatible; DotBot/1.2; +https://opensiteexplorer.org/dotbot; help@moz.com)"
216.244.66.228 - - [16/Sep/2025:10:56:07 -0400] "GET /?feed=rss2&p=5934 HTTP/1.1" 301 0 "-" "Mozilla/5.0 (compatible; DotBot/1.2; +https://opensiteexplorer.org/dotbot; help@moz.com)"
216.244.66.228 - - [16/Sep/2025:10:56:10 -0400] "GET /?feed=rss2&p=6472 HTTP/1.1" 301 0 "-" "Mozilla/5.0 (compatible; DotBot/1.2; +https://opensiteexplorer.org/dotbot; help@moz.com)"
216.244.66.228 - - [16/Sep/2025:10:56:14 -0400] "GET /?feed=rss2&p=6522 HTTP/1.1" 301 0 "-" "Mozilla/5.0 (compatible; DotBot/1.2; +https://opensiteexplorer.org/dotbot; help@moz.com)"
66.249.65.96 - - [16/Sep/2025:11:01:24 -0400] "GET /wp-content/uploads/2019/09/656fdc20-245b-477c-878b-00be2bfb227f.jpg HTTP/1.1" 200 28571 "-" "Googlebot-Image/1.0"
216.244.66.228 - - [16/Sep/2025:11:03:00 -0400] "GET /?p=5044 HTTP/1.1" 200 67218 "-" "Mozilla/5.0 (compatible; DotBot/1.2; +https://opensiteexplorer.org/dotbot; help@moz.com)"
66.249.65.105 - - [16/Sep/2025:11:04:35 -0400] "GET /wp-content/uploads/2019/08/1450730479_1450731476627366200.jpg HTTP/1.1" 200 24550 "-" "Googlebot-Image/1.0"
34.230.128.91 - - [16/Sep/2025:11:08:40 -0400] "GET /ads.txt HTTP/1.1" 404 1251 "-" "Trade Desk ads.txt & sellers.json crawler"
34.230.128.91 - - [16/Sep/2025:11:08:52 -0400] "GET /ads.txt HTTP/1.1" 404 1251 "-" "Trade Desk ads.txt & sellers.json crawler"
34.230.128.91 - - [16/Sep/2025:11:09:03 -0400] "GET /ads.txt HTTP/1.1" 404 1251 "-" "Trade Desk ads.txt & sellers.json crawler"
34.230.128.91 - - [16/Sep/2025:11:09:13 -0400] "GET /ads.txt HTTP/1.1" 404 1251 "-" "Trade Desk ads.txt & sellers.json crawler"
34.230.128.91 - - [16/Sep/2025:11:09:24 -0400] "GET /ads.txt HTTP/1.1" 404 1251 "-" "Trade Desk ads.txt & sellers.json crawler"
216.244.66.228 - - [16/Sep/2025:11:34:09 -0400] "GET /robots.txt HTTP/1.1" 200 303 "-" "Mozilla/5.0 (compatible; DotBot/1.2; +https://opensiteexplorer.org/dotbot; help@moz.com)"
216.244.66.228 - - [16/Sep/2025:11:41:57 -0400] "GET /?feed=rss2&p=3373 HTTP/1.1" 301 0 "-" "Mozilla/5.0 (compatible; DotBot/1.2; +https://opensiteexplorer.org/dotbot; help@moz.com)"
216.244.66.228 - - [16/Sep/2025:11:42:01 -0400] "GET /?feed=rss2&p=3997 HTTP/1.1" 301 0 "-" "Mozilla/5.0 (compatible; DotBot/1.2; +https://opensiteexplorer.org/dotbot; help@moz.com)"
216.244.66.228 - - [16/Sep/2025:11:42:05 -0400] "GET /?feed=rss2&p=4032 HTTP/1.1" 301 0 "-" "Mozilla/5.0 (compatible; DotBot/1.2; +https://opensiteexplorer.org/dotbot; help@moz.com)"
216.244.66.228 - - [16/Sep/2025:11:42:10 -0400] "GET /?feed=rss2&p=5022 HTTP/1.1" 301 0 "-" "Mozilla/5.0 (compatible; DotBot/1.2; +https://opensiteexplorer.org/dotbot; help@moz.com)"
216.244.66.228 - - [16/Sep/2025:11:42:12 -0400] "GET /?feed=rss2&p=5333 HTTP/1.1" 301 0 "-" "Mozilla/5.0 (compatible; DotBot/1.2; +https://opensiteexplorer.org/dotbot; help@moz.com)"
216.244.66.228 - - [16/Sep/2025:11:42:15 -0400] "GET /?feed=rss2&p=6123 HTTP/1.1" 301 0 "-" "Mozilla/5.0 (compatible; DotBot/1.2; +https://opensiteexplorer.org/dotbot; help@moz.com)"
216.244.66.228 - - [16/Sep/2025:11:42:59 -0400] "GET /?p=6375 HTTP/1.1" 200 66343 "-" "Mozilla/5.0 (compatible; DotBot/1.2; +https://opensiteexplorer.org/dotbot; help@moz.com)"
3.141.21.164 - - [16/Sep/2025:11:45:23 -0400] "GET /sellers.json HTTP/1.1" 404 1251 "-" "-"
3.141.21.164 - - [16/Sep/2025:11:45:24 -0400] "GET /sellers.json HTTP/1.1" 404 1251 "-" "-"
216.244.66.228 - - [16/Sep/2025:11:50:16 -0400] "GET /?p=5637 HTTP/1.1" 200 70818 "-" "Mozilla/5.0 (compatible; DotBot/1.2; +https://opensiteexplorer.org/dotbot; help@moz.com)"
195.26.254.255 - - [16/Sep/2025:11:55:42 -0400] "GET /style.php HTTP/1.1" 404 1251 "-" "Go-http-client/1.1"
195.26.254.255 - - [16/Sep/2025:11:55:42 -0400] "GET /wp-content/style.php HTTP/1.1" 404 1251 "-" "Go-http-client/1.1"
195.26.254.255 - - [16/Sep/2025:11:55:42 -0400] "GET /wp-content/themes/style.php HTTP/1.1" 404 1251 "-" "Go-http-client/1.1"
195.26.254.255 - - [16/Sep/2025:11:55:42 -0400] "GET /wp-admin/style.php HTTP/1.1" 404 1251 "-" "Go-http-client/1.1"
195.26.254.255 - - [16/Sep/2025:11:55:42 -0400] "GET /wp-includes/style.php HTTP/1.1" 404 1251 "-" "Go-http-client/1.1"
195.26.254.255 - - [16/Sep/2025:11:55:42 -0400] "GET /chosen.php?p= HTTP/1.1" 404 1251 "-" "Go-http-client/1.1"
195.26.254.255 - - [16/Sep/2025:11:55:43 -0400] "GET /file.php HTTP/1.1" 404 1251 "-" "Go-http-client/1.1"
195.26.254.255 - - [16/Sep/2025:11:55:43 -0400] "GET /wp-editor.php HTTP/1.1" 404 1251 "-" "Go-http-client/1.1"
195.26.254.255 - - [16/Sep/2025:11:55:43 -0400] "GET /flower.php HTTP/1.1" 404 1251 "-" "Go-http-client/1.1"
195.26.254.255 - - [16/Sep/2025:11:55:43 -0400] "GET /gifclass.php HTTP/1.1" 404 1251 "-" "Go-http-client/1.1"
195.26.254.255 - - [16/Sep/2025:11:55:43 -0400] "GET /clas.php HTTP/1.1" 404 1251 "-" "Go-http-client/1.1"
195.26.254.255 - - [16/Sep/2025:11:55:43 -0400] "GET /akcc.php HTTP/1.1" 404 1251 "-" "Go-http-client/1.1"
195.26.254.255 - - [16/Sep/2025:11:55:43 -0400] "GET /wp-admin/maint/akcc.php HTTP/1.1" 404 1251 "-" "Go-http-client/1.1"
195.26.254.255 - - [16/Sep/2025:11:55:43 -0400] "GET //wp-includes/js/tinymce/skins/lightgray/img/index.php?p= HTTP/1.1" 404 1251 "-" "Go-http-client/1.1"
66.249.65.105 - - [16/Sep/2025:11:59:09 -0400] "GET /wp-content/uploads/2019/08/3106019315_1e2bfafdfd_z.jpg HTTP/1.1" 200 79605 "-" "Googlebot-Image/1.0"
176.116.0.159 - - [16/Sep/2025:11:59:12 -0400] "GET / HTTP/1.1" 200 18475 "-" "Mozilla/5.0 (Linux; U; Android 4.4.2; en-US; HM NOTE 1W Build/KOT49H) AppleWebKit/534.30 (KHTML, like Gecko) Version/4.0 UCBrowser/11.0.5.850 U3/0.8.0 Mobile Safari/534.30"
176.116.0.159 - - [16/Sep/2025:11:59:13 -0400] "GET /.env HTTP/1.1" 404 1251 "-" "Mozilla/5.0 (Linux; U; Android 4.4.2; en-US; HM NOTE 1W Build/KOT49H) AppleWebKit/534.30 (KHTML, like Gecko) Version/4.0 UCBrowser/11.0.5.850 U3/0.8.0 Mobile Safari/534.30"
176.116.0.159 - - [16/Sep/2025:11:59:13 -0400] "POST / HTTP/1.1" 200 18127 "-" "Mozilla/5.0 (Linux; U; Android 4.4.2; en-US; HM NOTE 1W Build/KOT49H) AppleWebKit/534.30 (KHTML, like Gecko) Version/4.0 UCBrowser/11.0.5.850 U3/0.8.0 Mobile Safari/534.30"
216.244.66.228 - - [16/Sep/2025:11:59:30 -0400] "GET /?feed=rss2&p=197 HTTP/1.1" 301 0 "-" "Mozilla/5.0 (compatible; DotBot/1.2; +https://opensiteexplorer.org/dotbot; help@moz.com)"
195.234.109.6 - - [16/Sep/2025:12:04:58 -0400] "GET /wp-content/uploads/2022/04/FB_IMG_1650756045625.jpg HTTP/1.1" 200 130632 "-" "Photon/1.0"
216.244.66.228 - - [16/Sep/2025:12:27:05 -0400] "GET /robots.txt HTTP/1.1" 200 303 "-" "Mozilla/5.0 (compatible; DotBot/1.2; +https://opensiteexplorer.org/dotbot; help@moz.com)"
35.211.166.124 - - [16/Sep/2025:12:32:10 -0400] "GET /ads.txt HTTP/1.1" 404 1251 "-" "bidswitchbot/1.0"
162.0.235.180 - - [16/Sep/2025:12:35:12 -0400] "POST /wp-cron.php?doing_wp_cron=1758040512.0533740520477294921875 HTTP/1.1" 200 0 "-" "WordPress/6.8.2; https://sada-now.com"
216.244.66.228 - - [16/Sep/2025:12:35:11 -0400] "GET /?feed=rss2&p=3661 HTTP/1.1" 301 0 "-" "Mozilla/5.0 (compatible; DotBot/1.2; +https://opensiteexplorer.org/dotbot; help@moz.com)"
216.244.66.228 - - [16/Sep/2025:12:35:16 -0400] "GET /?feed=rss2&p=4873 HTTP/1.1" 301 0 "-" "Mozilla/5.0 (compatible; DotBot/1.2; +https://opensiteexplorer.org/dotbot; help@moz.com)"
216.244.66.228 - - [16/Sep/2025:12:35:20 -0400] "GET /?feed=rss2&p=5125 HTTP/1.1" 301 0 "-" "Mozilla/5.0 (compatible; DotBot/1.2; +https://opensiteexplorer.org/dotbot; help@moz.com)"
216.244.66.228 - - [16/Sep/2025:12:35:23 -0400] "GET /?feed=rss2&p=5242 HTTP/1.1" 301 0 "-" "Mozilla/5.0 (compatible; DotBot/1.2; +https://opensiteexplorer.org/dotbot; help@moz.com)"
216.244.66.228 - - [16/Sep/2025:12:35:26 -0400] "GET /?feed=rss2&p=5327 HTTP/1.1" 301 0 "-" "Mozilla/5.0 (compatible; DotBot/1.2; +https://opensiteexplorer.org/dotbot; help@moz.com)"
216.244.66.228 - - [16/Sep/2025:12:35:29 -0400] "GET /?feed=rss2&p=5714 HTTP/1.1" 301 0 "-" "Mozilla/5.0 (compatible; DotBot/1.2; +https://opensiteexplorer.org/dotbot; help@moz.com)"
216.244.66.228 - - [16/Sep/2025:12:35:31 -0400] "GET /?feed=rss2&p=5756 HTTP/1.1" 301 0 "-" "Mozilla/5.0 (compatible; DotBot/1.2; +https://opensiteexplorer.org/dotbot; help@moz.com)"
216.244.66.228 - - [16/Sep/2025:12:35:32 -0400] "GET /?feed=rss2&p=6297 HTTP/1.1" 301 0 "-" "Mozilla/5.0 (compatible; DotBot/1.2; +https://opensiteexplorer.org/dotbot; help@moz.com)"
216.244.66.228 - - [16/Sep/2025:12:39:57 -0400] "GET /?p=714 HTTP/1.1" 200 63043 "-" "Mozilla/5.0 (compatible; DotBot/1.2; +https://opensiteexplorer.org/dotbot; help@moz.com)"
38.45.125.234 - - [16/Sep/2025:12:40:34 -0400] "GET /mayicms HTTP/1.1" 404 1251 "-" "Mozilla/5.0 (Windows NT 10.0; Win64; x64) AppleWebKit/537.36 (KHTML, like Gecko) Chrome/120.0.0.0 Safari/537.36"
216.244.66.228 - - [16/Sep/2025:12:41:38 -0400] "GET /?p=5522 HTTP/1.1" 200 72735 "-" "Mozilla/5.0 (compatible; DotBot/1.2; +https://opensiteexplorer.org/dotbot; help@moz.com)"
93.158.90.32 - - [16/Sep/2025:12:45:34 -0400] "GET /robots.txt HTTP/1.1" 200 114 "-" "Mozilla/5.0 (X11; CrOS x86_64 14541.0.0) AppleWebKit/537.36 (KHTML, like Gecko) Chrome/121.0.0.0 Safari/537.3"
93.158.90.31 - - [16/Sep/2025:12:45:35 -0400] "GET / HTTP/1.1" 200 18462 "-" "Mozilla/5.0 (X11; CrOS x86_64 14541.0.0) AppleWebKit/537.36 (KHTML, like Gecko) Chrome/121.0.0.0 Safari/537.3"
20.41.82.213 - - [16/Sep/2025:12:57:30 -0400] "GET //wp-content/plugins/fix/up.php HTTP/1.1" 404 1251 "-" "Mozilla/5.0 (Windows NT 10.0; Win64; x64) AppleWebKit/537.36 (KHTML, like Gecko) Chrome/85.0.4183.102 Safari/537.36"
196.251.80.148 - - [16/Sep/2025:13:01:44 -0400] "GET / HTTP/1.1" 200 94669 "-" "-"
196.251.80.148 - - [16/Sep/2025:13:01:46 -0400] "GET /wp-admin/install.php HTTP/1.1" 200 1415 "-" "-"
196.251.80.148 - - [16/Sep/2025:13:01:47 -0400] "GET /wp-admin/setup-config.php HTTP/1.1" 409 2665 "-" "-"
216.244.66.228 - - [16/Sep/2025:13:17:34 -0400] "GET /robots.txt HTTP/1.1" 200 303 "-" "Mozilla/5.0 (compatible; DotBot/1.2; +https://opensiteexplorer.org/dotbot; help@moz.com)"
216.244.66.228 - - [16/Sep/2025:13:26:59 -0400] "GET /?feed=rss2&p=5318 HTTP/1.1" 301 0 "-" "Mozilla/5.0 (compatible; DotBot/1.2; +https://opensiteexplorer.org/dotbot; help@moz.com)"
216.244.66.228 - - [16/Sep/2025:13:27:06 -0400] "GET /?feed=rss2&p=6227 HTTP/1.1" 301 0 "-" "Mozilla/5.0 (compatible; DotBot/1.2; +https://opensiteexplorer.org/dotbot; help@moz.com)"
216.244.66.228 - - [16/Sep/2025:13:42:17 -0400] "GET /?p=2859 HTTP/1.1" 200 54666 "-" "Mozilla/5.0 (compatible; DotBot/1.2; +https://opensiteexplorer.org/dotbot; help@moz.com)"
216.244.66.228 - - [16/Sep/2025:13:50:03 -0400] "GET /?tag=%D8%A7%D9%84%D8%B1%D9%8A%D8%A7%D9%84-%D8%A7%D9%84%D9%8A%D9%85%D9%86%D9%8A HTTP/1.1" 200 34787 "-" "Mozilla/5.0 (compatible; DotBot/1.2; +https://opensiteexplorer.org/dotbot; help@moz.com)"
49.51.180.2 - - [16/Sep/2025:13:52:14 -0400] "GET / HTTP/1.1" 301 0 "-" "Mozilla/5.0 (iPhone; CPU iPhone OS 13_2_3 like Mac OS X) AppleWebKit/605.1.15 (KHTML, like Gecko) Version/13.0.3 Mobile/15E148 Safari/604.1"
49.51.180.2 - - [16/Sep/2025:13:52:16 -0400] "GET / HTTP/1.1" 200 10800 "http://www.sada-now.com" "Mozilla/5.0 (iPhone; CPU iPhone OS 13_2_3 like Mac OS X) AppleWebKit/605.1.15 (KHTML, like Gecko) Version/13.0.3 Mobile/15E148 Safari/604.1"
66.249.65.104 - - [16/Sep/2025:14:02:13 -0400] "GET /wp-content/uploads/2019/09/image1-4-1024x768.jpeg-1024x768.jpg HTTP/1.1" 200 118652 "-" "Googlebot-Image/1.0"
216.244.66.228 - - [16/Sep/2025:14:03:20 -0400] "GET /robots.txt HTTP/1.1" 200 303 "-" "Mozilla/5.0 (compatible; DotBot/1.2; +https://opensiteexplorer.org/dotbot; help@moz.com)"
216.244.66.228 - - [16/Sep/2025:14:08:27 -0400] "GET /?feed=rss2&p=3913 HTTP/1.1" 301 0 "-" "Mozilla/5.0 (compatible; DotBot/1.2; +https://opensiteexplorer.org/dotbot; help@moz.com)"
216.244.66.228 - - [16/Sep/2025:14:08:31 -0400] "GET /?feed=rss2&p=4386 HTTP/1.1" 301 0 "-" "Mozilla/5.0 (compatible; DotBot/1.2; +https://opensiteexplorer.org/dotbot; help@moz.com)"
216.244.66.228 - - [16/Sep/2025:14:08:36 -0400] "GET /?feed=rss2&p=4753 HTTP/1.1" 301 0 "-" "Mozilla/5.0 (compatible; DotBot/1.2; +https://opensiteexplorer.org/dotbot; help@moz.com)"
216.244.66.228 - - [16/Sep/2025:14:08:40 -0400] "GET /?feed=rss2&p=5146 HTTP/1.1" 301 0 "-" "Mozilla/5.0 (compatible; DotBot/1.2; +https://opensiteexplorer.org/dotbot; help@moz.com)"
216.244.66.228 - - [16/Sep/2025:14:08:44 -0400] "GET /?feed=rss2&p=5272 HTTP/1.1" 301 0 "-" "Mozilla/5.0 (compatible; DotBot/1.2; +https://opensiteexplorer.org/dotbot; help@moz.com)"
216.244.66.228 - - [16/Sep/2025:14:08:47 -0400] "GET /?feed=rss2&p=5306 HTTP/1.1" 301 0 "-" "Mozilla/5.0 (compatible; DotBot/1.2; +https://opensiteexplorer.org/dotbot; help@moz.com)"
216.244.66.228 - - [16/Sep/2025:14:08:49 -0400] "GET /?feed=rss2&p=5847 HTTP/1.1" 301 0 "-" "Mozilla/5.0 (compatible; DotBot/1.2; +https://opensiteexplorer.org/dotbot; help@moz.com)"
216.244.66.228 - - [16/Sep/2025:14:08:52 -0400] "GET /?feed=rss2&p=5853 HTTP/1.1" 301 0 "-" "Mozilla/5.0 (compatible; DotBot/1.2; +https://opensiteexplorer.org/dotbot; help@moz.com)"
170.106.187.106 - - [16/Sep/2025:14:15:53 -0400] "GET / HTTP/1.1" 200 10799 "-" "Mozilla/5.0 (iPhone; CPU iPhone OS 13_2_3 like Mac OS X) AppleWebKit/605.1.15 (KHTML, like Gecko) Version/13.0.3 Mobile/15E148 Safari/604.1"
34.91.215.10 - - [16/Sep/2025:14:20:24 -0400] "GET / HTTP/1.1" 200 9618 "-" "Mozilla/5.0 (Macintosh; Intel Mac OS X 10_15_7) AppleWebKit/605.1.15 (KHTML, like Gecko) Version/14.1.2 Safari/605.1.15"
103.77.107.216 - - [16/Sep/2025:14:28:17 -0400] "GET /sftp-config.json HTTP/1.1" 404 1251 "-" "Mozilla/5.0 (Macintosh; Intel Mac OS X 10.15; rv:77.0) Gecko/20100101 Firefox/77.0"
103.77.107.216 - - [16/Sep/2025:14:28:17 -0400] "GET /.vscode/sftp.json HTTP/1.1" 404 1251 "-" "Mozilla/5.0 (Macintosh; Intel Mac OS X 10.15; rv:77.0) Gecko/20100101 Firefox/77.0"
35.211.166.124 - - [16/Sep/2025:14:34:27 -0400] "GET /ads.txt HTTP/1.1" 404 1251 "-" "bidswitchbot/1.0"
66.249.65.96 - - [16/Sep/2025:14:39:05 -0400] "GET /wp-content/uploads/2019/09/dfbf93c2-b44c-4d21-b3ee-4f361106c529-1200x800-1024x683.jpg HTTP/1.1" 200 69932 "-" "Googlebot-Image/1.0"
216.244.66.228 - - [16/Sep/2025:14:48:47 -0400] "GET /robots.txt HTTP/1.1" 200 303 "-" "Mozilla/5.0 (compatible; DotBot/1.2; +https://opensiteexplorer.org/dotbot; help@moz.com)"
203.2.64.59 - - [16/Sep/2025:14:49:08 -0400] "GET / HTTP/1.1" 200 10799 "-" "Mozilla/5.0 (iPhone; CPU iPhone OS 13_2_3 like Mac OS X) AppleWebKit/605.1.15 (KHTML, like Gecko) Version/13.0.3 Mobile/15E148 Safari/604.1"
66.249.65.96 - - [16/Sep/2025:14:51:39 -0400] "GET /ads.txt HTTP/1.1" 404 1251 "-" "Google-adstxt"
216.244.66.228 - - [16/Sep/2025:14:53:54 -0400] "GET /?feed=rss2&p=5191 HTTP/1.1" 301 0 "-" "Mozilla/5.0 (compatible; DotBot/1.2; +https://opensiteexplorer.org/dotbot; help@moz.com)"
216.244.66.228 - - [16/Sep/2025:14:53:59 -0400] "GET /?feed=rss2&p=5466 HTTP/1.1" 301 0 "-" "Mozilla/5.0 (compatible; DotBot/1.2; +https://opensiteexplorer.org/dotbot; help@moz.com)"
216.244.66.228 - - [16/Sep/2025:14:54:24 -0400] "GET /?feed=rss2&p=6563 HTTP/1.1" 301 0 "-" "Mozilla/5.0 (compatible; DotBot/1.2; +https://opensiteexplorer.org/dotbot; help@moz.com)"
150.109.46.88 - - [16/Sep/2025:14:59:10 -0400] "GET / HTTP/1.1" 200 10799 "-" "Mozilla/5.0 (iPhone; CPU iPhone OS 13_2_3 like Mac OS X) AppleWebKit/605.1.15 (KHTML, like Gecko) Version/13.0.3 Mobile/15E148 Safari/604.1"
98.98.134.117 - - [16/Sep/2025:15:03:15 -0400] "GET /ads.txt HTTP/1.1" 404 1251 "-" "Centro Ads.txt Crawler/1.0"
114.119.159.233 - - [16/Sep/2025:15:31:34 -0400] "GET /?p=1534 HTTP/1.1" 200 12268 "https://sada-now.com?paged=5&m=202007" "Mozilla/5.0 (Linux; Android 7.0;) AppleWebKit/537.36 (KHTML, like Gecko) Mobile Safari/537.36 (compatible; PetalBot;+https://webmaster.petalsearch.com/site/petalbot)"
216.244.66.228 - - [16/Sep/2025:15:33:44 -0400] "GET /robots.txt HTTP/1.1" 200 303 "-" "Mozilla/5.0 (compatible; DotBot/1.2; +https://opensiteexplorer.org/dotbot; help@moz.com)"
193.36.225.138 - - [16/Sep/2025:15:34:20 -0400] "GET /wp-json/wp/v2/posts HTTP/1.1" 404 1251 "-" "Mozilla/5.0 (Windows NT 10.0; Win64; x64) AppleWebKit/537.36 (KHTML, like Gecko) Chrome/120.0.0.0 Safari/537.36"
216.244.66.228 - - [16/Sep/2025:15:38:51 -0400] "GET /?feed=rss2&p=3626 HTTP/1.1" 301 0 "-" "Mozilla/5.0 (compatible; DotBot/1.2; +https://opensiteexplorer.org/dotbot; help@moz.com)"
216.244.66.228 - - [16/Sep/2025:15:38:55 -0400] "GET /?feed=rss2&p=3648 HTTP/1.1" 301 0 "-" "Mozilla/5.0 (compatible; DotBot/1.2; +https://opensiteexplorer.org/dotbot; help@moz.com)"
216.244.66.228 - - [16/Sep/2025:15:39:00 -0400] "GET /?feed=rss2&p=3904 HTTP/1.1" 301 0 "-" "Mozilla/5.0 (compatible; DotBot/1.2; +https://opensiteexplorer.org/dotbot; help@moz.com)"
216.244.66.228 - - [16/Sep/2025:15:39:04 -0400] "GET /?feed=rss2&p=5236 HTTP/1.1" 301 0 "-" "Mozilla/5.0 (compatible; DotBot/1.2; +https://opensiteexplorer.org/dotbot; help@moz.com)"
216.244.66.228 - - [16/Sep/2025:15:39:07 -0400] "GET /?feed=rss2&p=6100 HTTP/1.1" 301 0 "-" "Mozilla/5.0 (compatible; DotBot/1.2; +https://opensiteexplorer.org/dotbot; help@moz.com)"
216.244.66.228 - - [16/Sep/2025:15:39:09 -0400] "GET /?feed=rss2&p=6148 HTTP/1.1" 301 0 "-" "Mozilla/5.0 (compatible; DotBot/1.2; +https://opensiteexplorer.org/dotbot; help@moz.com)"
114.119.143.207 - - [16/Sep/2025:15:55:29 -0400] "GET /?p=1823 HTTP/1.1" 200 13693 "http://sada-now.com?p=1823" "Mozilla/5.0 (Linux; Android 7.0;) AppleWebKit/537.36 (KHTML, like Gecko) Mobile Safari/537.36 (compatible; PetalBot;+https://webmaster.petalsearch.com/site/petalbot)"
3.226.51.67 - - [16/Sep/2025:15:57:09 -0400] "GET /robots.txt HTTP/1.1" 200 114 "-" "IAS Crawler (ias_crawler; http://integralads.com/site-indexing-policy/)"
66.249.65.104 - - [16/Sep/2025:15:58:15 -0400] "GET / HTTP/1.1" 200 9611 "-" "Mozilla/5.0 (Linux; Android 6.0.1; Nexus 5X Build/MMB29P) AppleWebKit/537.36 (KHTML, like Gecko) Chrome/140.0.7339.127 Mobile Safari/537.36 (compatible; Googlebot/2.1; +http://www.google.com/bot.html)"
66.249.65.104 - - [16/Sep/2025:15:58:17 -0400] "GET /wp-content/themes/newsplus1/assets/fonts/fonts.css?ver=37.00 HTTP/1.1" 200 335 "http://sada-now.com/" "Mozilla/5.0 (Linux; Android 6.0.1; Nexus 5X Build/MMB29P) AppleWebKit/537.36 (KHTML, like Gecko) Chrome/139.0.7258.127 Mobile Safari/537.36 (compatible; Googlebot/2.1; +http://www.google.com/bot.html)"
66.249.65.96 - - [16/Sep/2025:15:58:18 -0400] "GET /wp-content/themes/newsplus1/assets/css/bootstrap.min.css?ver=37.00 HTTP/1.1" 200 17696 "http://sada-now.com/" "Mozilla/5.0 (Linux; Android 6.0.1; Nexus 5X Build/MMB29P) AppleWebKit/537.36 (KHTML, like Gecko) Chrome/139.0.7258.127 Mobile Safari/537.36 (compatible; Googlebot/2.1; +http://www.google.com/bot.html)"
66.249.65.96 - - [16/Sep/2025:15:58:18 -0400] "GET /wp-content/themes/newsplus1/style.css?ver=37.00 HTTP/1.1" 200 7414 "http://sada-now.com/" "Mozilla/5.0 (Linux; Android 6.0.1; Nexus 5X Build/MMB29P) AppleWebKit/537.36 (KHTML, like Gecko) Chrome/139.0.7258.127 Mobile Safari/537.36 (compatible; Googlebot/2.1; +http://www.google.com/bot.html)"
66.249.65.104 - - [16/Sep/2025:15:58:18 -0400] "GET /wp-content/themes/newsplus1/assets/js/main.js?ver=37.00 HTTP/1.1" 200 1317 "http://sada-now.com/" "Mozilla/5.0 (Linux; Android 6.0.1; Nexus 5X Build/MMB29P) AppleWebKit/537.36 (KHTML, like Gecko) Chrome/139.0.7258.127 Mobile Safari/537.36 (compatible; Googlebot/2.1; +http://www.google.com/bot.html)"
66.249.65.104 - - [16/Sep/2025:15:58:19 -0400] "GET /wp-includes/js/jquery/jquery-migrate.min.js?ver=3.4.1 HTTP/1.1" 200 4678 "http://sada-now.com/" "Mozilla/5.0 (Linux; Android 6.0.1; Nexus 5X Build/MMB29P) AppleWebKit/537.36 (KHTML, like Gecko) Chrome/139.0.7258.127 Mobile Safari/537.36 (compatible; Googlebot/2.1; +http://www.google.com/bot.html)"
66.249.65.96 - - [16/Sep/2025:15:58:19 -0400] "GET /wp-includes/js/wp-emoji-release.min.js?ver=6.8.2 HTTP/1.1" 200 4769 "http://sada-now.com/" "Mozilla/5.0 (Linux; Android 6.0.1; Nexus 5X Build/MMB29P) AppleWebKit/537.36 (KHTML, like Gecko) Chrome/139.0.7258.127 Mobile Safari/537.36 (compatible; Googlebot/2.1; +http://www.google.com/bot.html)"
43.166.132.142 - - [16/Sep/2025:16:02:23 -0400] "GET / HTTP/1.1" 200 10799 "-" "Mozilla/5.0 (iPhone; CPU iPhone OS 13_2_3 like Mac OS X) AppleWebKit/605.1.15 (KHTML, like Gecko) Version/13.0.3 Mobile/15E148 Safari/604.1"
35.211.166.124 - - [16/Sep/2025:16:05:12 -0400] "GET /ads.txt HTTP/1.1" 404 1251 "-" "bidswitchbot/1.0"
51.161.65.249 - - [16/Sep/2025:16:11:34 -0400] "GET /robots.txt HTTP/1.1" 200 92 "-" "Mozilla/5.0 (compatible; AhrefsBot/7.0; +http://ahrefs.com/robot/)"
54.39.203.193 - - [16/Sep/2025:16:11:35 -0400] "GET / HTTP/1.1" 200 9618 "-" "Mozilla/5.0 (compatible; AhrefsBot/7.0; +http://ahrefs.com/robot/)"
54.226.9.92 - - [16/Sep/2025:16:13:43 -0400] "GET /ads.txt HTTP/1.1" 404 1251 "-" "Trade Desk ads.txt & sellers.json crawler"
54.226.9.92 - - [16/Sep/2025:16:13:54 -0400] "GET /ads.txt HTTP/1.1" 404 1251 "-" "Trade Desk ads.txt & sellers.json crawler"
54.226.9.92 - - [16/Sep/2025:16:14:04 -0400] "GET /ads.txt HTTP/1.1" 404 1251 "-" "Trade Desk ads.txt & sellers.json crawler"
54.226.9.92 - - [16/Sep/2025:16:14:14 -0400] "GET /ads.txt HTTP/1.1" 404 1251 "-" "Trade Desk ads.txt & sellers.json crawler"
54.226.9.92 - - [16/Sep/2025:16:14:25 -0400] "GET /ads.txt HTTP/1.1" 404 1251 "-" "Trade Desk ads.txt & sellers.json crawler"
216.244.66.228 - - [16/Sep/2025:16:18:42 -0400] "GET /robots.txt HTTP/1.1" 200 303 "-" "Mozilla/5.0 (compatible; DotBot/1.2; +https://opensiteexplorer.org/dotbot; help@moz.com)"
66.249.65.104 - - [16/Sep/2025:16:33:16 -0400] "GET /wp-content/uploads/2019/07/34431-1270790901-1024x682.jpg HTTP/1.1" 200 115428 "-" "Googlebot-Image/1.0"
49.47.217.23 - - [16/Sep/2025:16:33:52 -0400] "GET /wp-json/wp/v2/posts HTTP/1.1" 404 1251 "-" "Mozilla/5.0 (Windows NT 10.0; Win64; x64) AppleWebKit/537.36 (KHTML, like Gecko) Chrome/120.0.0.0 Safari/537.36"
216.244.66.228 - - [16/Sep/2025:16:37:46 -0400] "GET /?feed=rss2&tag=%D8%AA%D8%AD%D8%B0%D9%8A%D8%B1%D8%A7%D8%AA HTTP/1.1" 200 6035 "-" "Mozilla/5.0 (compatible; DotBot/1.2; +https://opensiteexplorer.org/dotbot; help@moz.com)"
109.172.93.98 - - [16/Sep/2025:16:38:48 -0400] "GET / HTTP/1.1" 200 46572 "-" "Mozilla/5.0 (X11; Linux x86_64) Chrome/19.0.1084.9 Safari/536.5"
31.12.95.126 - - [16/Sep/2025:16:43:52 -0400] "GET / HTTP/1.1" 200 9618 "-" "Mozilla/5.0 (Windows NT 10.0; Win64; x64) AppleWebKit/537.36 (KHTML, like Gecko) Chrome/114.0.0.0 Safari/537.36 OPR/89.0.4447.51"
31.12.95.126 - - [16/Sep/2025:16:43:55 -0400] "GET /wp-login.php?action=register HTTP/1.1" 302 0 "http://sada-now.com" "Mozilla/5.0 (Windows NT 6.3; Win64; x64) AppleWebKit/537.36 (KHTML, like Gecko) Chrome/103.0.0.0 Safari/537.36"
66.249.65.96 - - [16/Sep/2025:17:00:16 -0400] "GET /wp-content/uploads/2019/08/FB_IMG_15660688265210745.jpg HTTP/1.1" 200 163499 "-" "Googlebot-Image/1.0"
216.244.66.228 - - [16/Sep/2025:17:13:44 -0400] "GET /robots.txt HTTP/1.1" 200 303 "-" "Mozilla/5.0 (compatible; DotBot/1.2; +https://opensiteexplorer.org/dotbot; help@moz.com)"
216.244.66.228 - - [16/Sep/2025:17:18:43 -0400] "GET /?feed=rss2&p=3819 HTTP/1.1" 301 0 "-" "Mozilla/5.0 (compatible; DotBot/1.2; +https://opensiteexplorer.org/dotbot; help@moz.com)"
216.244.66.228 - - [16/Sep/2025:17:18:48 -0400] "GET /?feed=rss2&p=3910 HTTP/1.1" 301 0 "-" "Mozilla/5.0 (compatible; DotBot/1.2; +https://opensiteexplorer.org/dotbot; help@moz.com)"
216.244.66.228 - - [16/Sep/2025:17:18:52 -0400] "GET /?feed=rss2&p=3926 HTTP/1.1" 301 0 "-" "Mozilla/5.0 (compatible; DotBot/1.2; +https://opensiteexplorer.org/dotbot; help@moz.com)"
216.244.66.228 - - [16/Sep/2025:17:18:55 -0400] "GET /?feed=rss2&p=5733 HTTP/1.1" 301 0 "-" "Mozilla/5.0 (compatible; DotBot/1.2; +https://opensiteexplorer.org/dotbot; help@moz.com)"
216.244.66.228 - - [16/Sep/2025:17:18:58 -0400] "GET /?feed=rss2&p=5786 HTTP/1.1" 301 0 "-" "Mozilla/5.0 (compatible; DotBot/1.2; +https://opensiteexplorer.org/dotbot; help@moz.com)"
66.249.65.105 - - [16/Sep/2025:17:31:22 -0400] "GET /wp-content/uploads/2019/08/629.jpg HTTP/1.1" 200 82316 "-" "Googlebot-Image/1.0"
35.211.166.124 - - [16/Sep/2025:17:33:29 -0400] "GET /ads.txt HTTP/1.1" 404 1251 "-" "bidswitchbot/1.0"
98.98.134.117 - - [16/Sep/2025:17:48:20 -0400] "GET /ads.txt HTTP/1.1" 404 1251 "-" "Centro Ads.txt Crawler/1.0"
216.244.66.228 - - [16/Sep/2025:18:00:01 -0400] "GET /robots.txt HTTP/1.1" 200 303 "-" "Mozilla/5.0 (compatible; DotBot/1.2; +https://opensiteexplorer.org/dotbot; help@moz.com)"
216.244.66.228 - - [16/Sep/2025:18:05:06 -0400] "GET /?feed=rss2&p=5260 HTTP/1.1" 301 0 "-" "Mozilla/5.0 (compatible; DotBot/1.2; +https://opensiteexplorer.org/dotbot; help@moz.com)"
216.244.66.228 - - [16/Sep/2025:18:05:11 -0400] "GET /?feed=rss2&p=5759 HTTP/1.1" 301 0 "-" "Mozilla/5.0 (compatible; DotBot/1.2; +https://opensiteexplorer.org/dotbot; help@moz.com)"
216.244.66.228 - - [16/Sep/2025:18:05:15 -0400] "GET /?feed=rss2&p=6273 HTTP/1.1" 301 0 "-" "Mozilla/5.0 (compatible; DotBot/1.2; +https://opensiteexplorer.org/dotbot; help@moz.com)"
66.249.65.104 - - [16/Sep/2025:18:06:16 -0400] "GET /wp-content/uploads/2019/08/CA6DAFF8-5BCF-41BE-8265-42241951E7DA.jpeg-1024x768.jpg HTTP/1.1" 200 113289 "-" "Googlebot-Image/1.0"
66.249.65.96 - - [16/Sep/2025:18:08:05 -0400] "GET /?p=260 HTTP/1.1" 200 10645 "-" "Mozilla/5.0 (Linux; Android 6.0.1; Nexus 5X Build/MMB29P) AppleWebKit/537.36 (KHTML, like Gecko) Chrome/140.0.7339.127 Mobile Safari/537.36 (compatible; Googlebot/2.1; +http://www.google.com/bot.html)"
66.249.74.110 - - [16/Sep/2025:18:15:35 -0400] "GET /robots.txt HTTP/1.1" 200 92 "-" "Mozilla/5.0 (compatible; Googlebot/2.1; +http://www.google.com/bot.html)"
66.249.74.110 - - [16/Sep/2025:18:15:35 -0400] "GET / HTTP/1.1" 301 0 "-" "Mozilla/5.0 (compatible; Googlebot/2.1; +http://www.google.com/bot.html)"
66.249.74.110 - - [16/Sep/2025:18:15:35 -0400] "GET / HTTP/1.1" 301 0 "-" "Mozilla/5.0 (Linux; Android 6.0.1; Nexus 5X Build/MMB29P) AppleWebKit/537.36 (KHTML, like Gecko) Chrome/140.0.7339.127 Mobile Safari/537.36 (compatible; Googlebot/2.1; +http://www.google.com/bot.html)"
66.249.65.105 - - [16/Sep/2025:18:15:36 -0400] "GET / HTTP/1.1" 200 9618 "-" "Mozilla/5.0 (compatible; Googlebot/2.1; +http://www.google.com/bot.html)"
66.249.65.96 - - [16/Sep/2025:18:15:36 -0400] "GET / HTTP/1.1" 200 9611 "-" "Mozilla/5.0 (Linux; Android 6.0.1; Nexus 5X Build/MMB29P) AppleWebKit/537.36 (KHTML, like Gecko) Chrome/140.0.7339.127 Mobile Safari/537.36 (compatible; Googlebot/2.1; +http://www.google.com/bot.html)"
66.249.65.96 - - [16/Sep/2025:18:15:38 -0400] "GET /wp-content/themes/newsplus1/assets/css/bootstrap.min.css?ver=37.00 HTTP/1.1" 200 17696 "http://sada-now.com/" "Mozilla/5.0 AppleWebKit/537.36 (KHTML, like Gecko; compatible; Googlebot/2.1; +http://www.google.com/bot.html) Chrome/139.0.7258.127 Safari/537.36"
66.249.65.96 - - [16/Sep/2025:18:15:38 -0400] "GET /wp-content/themes/newsplus1/assets/fonts/fonts.css?ver=37.00 HTTP/1.1" 200 335 "http://sada-now.com/" "Mozilla/5.0 AppleWebKit/537.36 (KHTML, like Gecko; compatible; Googlebot/2.1; +http://www.google.com/bot.html) Chrome/139.0.7258.127 Safari/537.36"
66.249.65.104 - - [16/Sep/2025:18:15:38 -0400] "GET /wp-content/themes/newsplus1/style.css?ver=37.00 HTTP/1.1" 200 7414 "http://sada-now.com/" "Mozilla/5.0 AppleWebKit/537.36 (KHTML, like Gecko; compatible; Googlebot/2.1; +http://www.google.com/bot.html) Chrome/139.0.7258.127 Safari/537.36"
66.249.65.104 - - [16/Sep/2025:18:15:38 -0400] "GET /wp-content/themes/newsplus1/assets/js/main.js?ver=37.00 HTTP/1.1" 200 1317 "http://sada-now.com/" "Mozilla/5.0 AppleWebKit/537.36 (KHTML, like Gecko; compatible; Googlebot/2.1; +http://www.google.com/bot.html) Chrome/139.0.7258.127 Safari/537.36"
66.249.65.105 - - [16/Sep/2025:18:15:38 -0400] "GET /wp-includes/css/dist/block-library/style-rtl.min.css?ver=6.8.2 HTTP/1.1" 200 14312 "http://sada-now.com/" "Mozilla/5.0 AppleWebKit/537.36 (KHTML, like Gecko; compatible; Googlebot/2.1; +http://www.google.com/bot.html) Chrome/139.0.7258.127 Safari/537.36"
66.249.65.105 - - [16/Sep/2025:18:15:39 -0400] "GET /wp-content/themes/newsplus1/style.css?ver=37.00 HTTP/1.1" 200 7414 "http://sada-now.com/" "Mozilla/5.0 (Linux; Android 6.0.1; Nexus 5X Build/MMB29P) AppleWebKit/537.36 (KHTML, like Gecko) Chrome/139.0.7258.127 Mobile Safari/537.36 (compatible; Googlebot/2.1; +http://www.google.com/bot.html)"
66.249.65.104 - - [16/Sep/2025:18:15:39 -0400] "GET /wp-content/plugins/ads-invalid-click-protection/assets/js/script.js HTTP/1.1" 200 691 "http://sada-now.com/" "Mozilla/5.0 (Linux; Android 6.0.1; Nexus 5X Build/MMB29P) AppleWebKit/537.36 (KHTML, like Gecko) Chrome/139.0.7258.127 Mobile Safari/537.36 (compatible; Googlebot/2.1; +http://www.google.com/bot.html)"
66.249.65.96 - - [16/Sep/2025:18:15:39 -0400] "GET /wp-content/themes/newsplus1/assets/fonts/fonts.css?ver=37.00 HTTP/1.1" 200 335 "http://sada-now.com/" "Mozilla/5.0 (Linux; Android 6.0.1; Nexus 5X Build/MMB29P) AppleWebKit/537.36 (KHTML, like Gecko) Chrome/139.0.7258.127 Mobile Safari/537.36 (compatible; Googlebot/2.1; +http://www.google.com/bot.html)"
66.249.65.104 - - [16/Sep/2025:18:15:40 -0400] "GET /wp-content/themes/newsplus1/assets/js/main.js?ver=37.00 HTTP/1.1" 200 1317 "http://sada-now.com/" "Mozilla/5.0 (Linux; Android 6.0.1; Nexus 5X Build/MMB29P) AppleWebKit/537.36 (KHTML, like Gecko) Chrome/139.0.7258.127 Mobile Safari/537.36 (compatible; Googlebot/2.1; +http://www.google.com/bot.html)"
66.249.65.105 - - [16/Sep/2025:18:15:40 -0400] "GET /wp-content/themes/newsplus1/assets/css/bootstrap.min.css?ver=37.00 HTTP/1.1" 200 17696 "http://sada-now.com/" "Mozilla/5.0 (Linux; Android 6.0.1; Nexus 5X Build/MMB29P) AppleWebKit/537.36 (KHTML, like Gecko) Chrome/139.0.7258.127 Mobile Safari/537.36 (compatible; Googlebot/2.1; +http://www.google.com/bot.html)"
66.249.65.104 - - [16/Sep/2025:18:15:40 -0400] "GET /wp-includes/js/jquery/jquery-migrate.min.js?ver=3.4.1 HTTP/1.1" 200 4678 "http://sada-now.com/" "Mozilla/5.0 (Linux; Android 6.0.1; Nexus 5X Build/MMB29P) AppleWebKit/537.36 (KHTML, like Gecko) Chrome/139.0.7258.127 Mobile Safari/537.36 (compatible; Googlebot/2.1; +http://www.google.com/bot.html)"
66.249.65.105 - - [16/Sep/2025:18:15:40 -0400] "GET /wp-includes/js/wp-emoji-release.min.js?ver=6.8.2 HTTP/1.1" 200 4769 "http://sada-now.com/" "Mozilla/5.0 (Linux; Android 6.0.1; Nexus 5X Build/MMB29P) AppleWebKit/537.36 (KHTML, like Gecko) Chrome/139.0.7258.127 Mobile Safari/537.36 (compatible; Googlebot/2.1; +http://www.google.com/bot.html)"
66.249.74.110 - - [16/Sep/2025:18:23:07 -0400] "GET /ads.txt HTTP/1.1" 404 1251 "-" "Mozilla/5.0 (compatible; Googlebot/2.1; +http://www.google.com/bot.html)"
66.249.65.105 - - [16/Sep/2025:18:27:16 -0400] "GET /wp-content/uploads/2019/09/dollar-1024x576.jpg HTTP/1.1" 200 157325 "-" "Googlebot-Image/1.0"
182.42.111.213 - - [16/Sep/2025:18:28:54 -0400] "GET / HTTP/1.1" 301 0 "-" "Mozilla/5.0 (iPhone; CPU iPhone OS 13_2_3 like Mac OS X) AppleWebKit/605.1.15 (KHTML, like Gecko) Version/13.0.3 Mobile/15E148 Safari/604.1"
182.42.111.213 - - [16/Sep/2025:18:28:55 -0400] "GET / HTTP/1.1" 200 10799 "http://www.sada-now.com" "Mozilla/5.0 (iPhone; CPU iPhone OS 13_2_3 like Mac OS X) AppleWebKit/605.1.15 (KHTML, like Gecko) Version/13.0.3 Mobile/15E148 Safari/604.1"
66.249.65.96 - - [16/Sep/2025:18:51:39 -0400] "GET /ads.txt HTTP/1.1" 404 1251 "-" "Google-adstxt"
109.123.241.227 - - [16/Sep/2025:18:52:12 -0400] "GET /simple.php HTTP/1.1" 404 1251 "www.google.com" "Mozlila/5.0 (Linux; Android 7.0; SM-G892A Bulid/NRD90M; wv) AppleWebKit/537.36 (KHTML, like Gecko) Version/4.0 Chrome/60.0.3112.107 Moblie Safari/537.36"
109.123.241.227 - - [16/Sep/2025:18:52:14 -0400] "GET /simple.php HTTP/1.1" 404 1251 "www.google.com" "Mozlila/5.0 (Linux; Android 7.0; SM-G892A Bulid/NRD90M; wv) AppleWebKit/537.36 (KHTML, like Gecko) Version/4.0 Chrome/60.0.3112.107 Moblie Safari/537.36"
109.123.241.227 - - [16/Sep/2025:18:53:27 -0400] "GET /wp-content/plugins/wp-daft/t62.php HTTP/1.1" 404 1251 "www.google.com" "Mozlila/5.0 (Linux; Android 7.0; SM-G892A Bulid/NRD90M; wv) AppleWebKit/537.36 (KHTML, like Gecko) Version/4.0 Chrome/60.0.3112.107 Moblie Safari/537.36"
109.123.241.227 - - [16/Sep/2025:18:53:32 -0400] "GET /wp-content/plugins/wordpress-three/miin.php HTTP/1.1" 404 1251 "www.google.com" "Mozlila/5.0 (Linux; Android 7.0; SM-G892A Bulid/NRD90M; wv) AppleWebKit/537.36 (KHTML, like Gecko) Version/4.0 Chrome/60.0.3112.107 Moblie Safari/537.36"
109.123.241.227 - - [16/Sep/2025:18:53:33 -0400] "GET /repeater.php HTTP/1.1" 404 1251 "www.google.com" "Mozlila/5.0 (Linux; Android 7.0; SM-G892A Bulid/NRD90M; wv) AppleWebKit/537.36 (KHTML, like Gecko) Version/4.0 Chrome/60.0.3112.107 Moblie Safari/537.36"
109.123.241.227 - - [16/Sep/2025:18:54:38 -0400] "GET /admin.php?520 HTTP/1.1" 404 1251 "www.google.com" "Mozlila/5.0 (Linux; Android 7.0; SM-G892A Bulid/NRD90M; wv) AppleWebKit/537.36 (KHTML, like Gecko) Version/4.0 Chrome/60.0.3112.107 Moblie Safari/537.36"
196.251.115.37 - - [16/Sep/2025:19:02:24 -0400] "GET /.env HTTP/1.1" 404 1251 "-" "Mozilla/5.0 (X11; Linux x86_64) AppleWebKit/537.36 (KHTML, like Gecko) Chrome/81.0.4044.129 Safari/537.36"
196.251.115.37 - - [16/Sep/2025:19:02:24 -0400] "GET /.env HTTP/1.1" 404 1251 "-" "Mozilla/5.0 (X11; Linux x86_64) AppleWebKit/537.36 (KHTML, like Gecko) Chrome/81.0.4044.129 Safari/537.36"
196.251.115.37 - - [16/Sep/2025:19:02:24 -0400] "GET /.env HTTP/1.1" 404 1251 "-" "Mozilla/5.0 (X11; Linux x86_64) AppleWebKit/537.36 (KHTML, like Gecko) Chrome/81.0.4044.129 Safari/537.36"
196.251.115.37 - - [16/Sep/2025:19:02:24 -0400] "GET /.env HTTP/1.1" 404 1251 "-" "Mozilla/5.0 (X11; Linux x86_64) AppleWebKit/537.36 (KHTML, like Gecko) Chrome/81.0.4044.129 Safari/537.36"
196.251.115.37 - - [16/Sep/2025:19:02:24 -0400] "GET /.env HTTP/1.1" 404 1251 "-" "Mozilla/5.0 (X11; Linux x86_64) AppleWebKit/537.36 (KHTML, like Gecko) Chrome/81.0.4044.129 Safari/537.36"
196.251.115.37 - - [16/Sep/2025:19:02:24 -0400] "GET /.env HTTP/1.1" 404 1251 "-" "Mozilla/5.0 (X11; Linux x86_64) AppleWebKit/537.36 (KHTML, like Gecko) Chrome/81.0.4044.129 Safari/537.36"
196.251.115.37 - - [16/Sep/2025:19:02:24 -0400] "POST / HTTP/1.1" 200 10802 "-" "Mozilla/5.0 (X11; Linux x86_64) AppleWebKit/537.36 (KHTML, like Gecko) Chrome/81.0.4044.129 Safari/537.36"
196.251.115.37 - - [16/Sep/2025:19:02:25 -0400] "POST / HTTP/1.1" 200 10806 "-" "Mozilla/5.0 (X11; Linux x86_64) AppleWebKit/537.36 (KHTML, like Gecko) Chrome/81.0.4044.129 Safari/537.36"
196.251.115.37 - - [16/Sep/2025:19:02:24 -0400] "POST / HTTP/1.1" 200 10798 "-" "Mozilla/5.0 (X11; Linux x86_64) AppleWebKit/537.36 (KHTML, like Gecko) Chrome/81.0.4044.129 Safari/537.36"
196.251.115.37 - - [16/Sep/2025:19:02:25 -0400] "POST / HTTP/1.1" 200 10806 "-" "Mozilla/5.0 (X11; Linux x86_64) AppleWebKit/537.36 (KHTML, like Gecko) Chrome/81.0.4044.129 Safari/537.36"
196.251.115.37 - - [16/Sep/2025:19:02:25 -0400] "POST / HTTP/1.1" 200 10798 "-" "Mozilla/5.0 (X11; Linux x86_64) AppleWebKit/537.36 (KHTML, like Gecko) Chrome/81.0.4044.129 Safari/537.36"
196.251.115.37 - - [16/Sep/2025:19:02:25 -0400] "POST / HTTP/1.1" 200 10802 "-" "Mozilla/5.0 (X11; Linux x86_64) AppleWebKit/537.36 (KHTML, like Gecko) Chrome/81.0.4044.129 Safari/537.36"
173.252.95.115 - - [16/Sep/2025:19:06:17 -0400] "GET /robots.txt HTTP/1.1" 200 303 "-" "facebookexternalhit/1.1 (+http://www.facebook.com/externalhit_uatext.php)"
173.252.95.4 - - [16/Sep/2025:19:06:18 -0400] "GET /?p=6628 HTTP/1.1" 200 53015 "-" "facebookexternalhit/1.1 (+http://www.facebook.com/externalhit_uatext.php)"
173.252.83.116 - - [16/Sep/2025:19:06:18 -0400] "GET /?p=6628 HTTP/1.1" 200 53015 "-" "facebookexternalhit/1.1 (+http://www.facebook.com/externalhit_uatext.php)"
34.27.7.7 - - [16/Sep/2025:19:09:33 -0400] "HEAD /new HTTP/1.1" 404 0 "-" "Mozilla/5.0 (Windows NT 10.0; Win64; x64) AppleWebKit/537.36 (KHTML, like Gecko) Chrome/121.0.6167.140 Safari/537.36 Vivaldi/6.4.3160.47"
34.27.7.7 - - [16/Sep/2025:19:09:33 -0400] "HEAD /wp HTTP/1.1" 404 0 "-" "Mozilla/5.0 (Linux; Android 12; CPH2381) AppleWebKit/537.36 (KHTML, like Gecko) Chrome/119.0.6045.163 Mobile Safari/537.36 OPR/76.3.4027.73374"
34.27.7.7 - - [16/Sep/2025:19:09:33 -0400] "HEAD /wordpress HTTP/1.1" 404 0 "-" "Mozilla/5.0 (Windows NT 6.1; Win64; x64; rv:115.0) Gecko/20100101 Firefox/115.0"
34.27.7.7 - - [16/Sep/2025:19:09:33 -0400] "HEAD /backup HTTP/1.1" 404 0 "-" "Mozilla/5.0 (X11; Linux x86_64) AppleWebKit/537.36 (KHTML, like Gecko) Chrome/121.0.6167.85 Safari/537.36"
34.27.7.7 - - [16/Sep/2025:19:09:33 -0400] "HEAD / HTTP/1.1" 200 0 "-" "Mozilla/5.0 (X11; Linux x86_64) AppleWebKit/537.36 (KHTML, like Gecko) Chrome/121.0.6167.85 Safari/537.36"
34.27.7.7 - - [16/Sep/2025:19:09:34 -0400] "HEAD /bk HTTP/1.1" 404 0 "-" "Mozilla/5.0 (Windows NT 6.1; Win64; x64) AppleWebKit/537.36 (KHTML, like Gecko) Chrome/109.0.5414.120 Safari/537.36"
34.27.7.7 - - [16/Sep/2025:19:09:34 -0400] "HEAD /old HTTP/1.1" 404 0 "-" "Mozilla/5.0 (Windows NT 6.1; Win64; x64; rv:115.0) Gecko/20100101 Firefox/115.0"
34.27.7.7 - - [16/Sep/2025:19:09:34 -0400] "HEAD /main HTTP/1.1" 404 0 "-" "Mozilla/5.0 (Linux; Android 14; Pixel 8 Pro) AppleWebKit/537.36 (KHTML, like Gecko) Chrome/124.0.6367.56 Mobile Safari/537.36"
34.27.7.7 - - [16/Sep/2025:19:09:34 -0400] "HEAD /home HTTP/1.1" 404 0 "-" "Mozilla/5.0 (Windows NT 10.0; Win64; x64) AppleWebKit/537.36 (KHTML, like Gecko) Chrome/120.0.6099.200 YaBrowser/24.1.0.0 Safari/537.36"
34.27.7.7 - - [16/Sep/2025:19:09:34 -0400] "HEAD /bc HTTP/1.1" 404 0 "-" "Mozilla/5.0 (Linux; U; Android 11; en-US; V2027) AppleWebKit/537.36 (KHTML, like Gecko) Version/4.0 Chrome/89.0.4389.116 UCBrowser/13.4.0.1306 Mobile Safari/537.36"
35.211.166.124 - - [16/Sep/2025:19:11:25 -0400] "GET /ads.txt HTTP/1.1" 404 1251 "-" "bidswitchbot/1.0"
18.206.95.189 - - [16/Sep/2025:19:20:52 -0400] "GET / HTTP/1.1" 200 10798 "-" "Pixalate.com/1.0"
18.206.95.189 - - [16/Sep/2025:19:20:53 -0400] "GET / HTTP/1.1" 200 10798 "-" "Pixalate.com/1.0"
18.206.95.189 - - [16/Sep/2025:19:20:54 -0400] "GET / HTTP/1.1" 200 10798 "-" "Pixalate.com/1.0"
18.206.95.189 - - [16/Sep/2025:19:20:57 -0400] "GET / HTTP/1.1" 200 10798 "-" "Pixalate.com/1.0"
188.143.244.130 - - [16/Sep/2025:19:22:14 -0400] "GET /share/?link=https%3A%2F%2Fsada-now.com%2F%3Fp%3D5417 HTTP/1.1" 404 1251 "-" "Mozilla/5.0 X11; Ubuntu; Linux x86_64; rv:126.0 Gecko/20100101 Firefox/126.0"
188.143.244.130 - - [16/Sep/2025:19:22:15 -0400] "GET /?tag=%d9%85%d8%a7%d8%b1%d8%a8 HTTP/1.1" 200 9479 "-" "Mozilla/5.0 X11; Ubuntu; Linux x86_64; rv:126.0 Gecko/20100101 Firefox/126.0"
188.143.244.130 - - [16/Sep/2025:19:22:19 -0400] "GET /?tag=%d9%88%d8%b3%d8%a7%d8%b7%d8%a9 HTTP/1.1" 200 9499 "-" "Mozilla/5.0 X11; Ubuntu; Linux x86_64; rv:126.0 Gecko/20100101 Firefox/126.0"
188.143.244.130 - - [16/Sep/2025:19:22:23 -0400] "GET /?tag=%d8%a7%d8%b3%d8%b9%d8%a7%d8%b1-%d8%b1%d8%b3%d9%88%d9%85-%d8%a7%d9%84%d9%85%d8%b1%d8%a7%d9%81%d9%82%d9%8a%d9%86 HTTP/1.1" 200 10486 "-" "Mozilla/5.0 X11; Ubuntu; Linux x86_64; rv:126.0 Gecko/20100101 Firefox/126.0"
188.143.244.130 - - [16/Sep/2025:19:22:25 -0400] "GET /share/?link=https%3A%2F%2Fsada-now.com%2F%3Fp%3D5242 HTTP/1.1" 404 1251 "-" "Mozilla/5.0 X11; Ubuntu; Linux x86_64; rv:126.0 Gecko/20100101 Firefox/126.0"
188.143.244.130 - - [16/Sep/2025:19:22:27 -0400] "GET /?tag=%d8%b1%d8%b3%d9%88%d9%85-%d8%a7%d9%84%d9%85%d8%b1%d8%a7%d9%81%d9%82%d9%8a%d9%86-%d9%88%d8%a7%d9%84%d9%88%d8%a7%d9%81%d8%af%d9%8a%d9%86 HTTP/1.1" 200 10249 "-" "Mozilla/5.0 X11; Ubuntu; Linux x86_64; rv:126.0 Gecko/20100101 Firefox/126.0"
188.143.244.130 - - [16/Sep/2025:19:22:28 -0400] "GET /?tag=%d9%85%d9%81%d8%a7%d9%88%d8%b5%d8%a7%d8%aa HTTP/1.1" 200 9494 "-" "Mozilla/5.0 X11; Ubuntu; Linux x86_64; rv:126.0 Gecko/20100101 Firefox/126.0"
188.143.244.130 - - [16/Sep/2025:19:22:30 -0400] "GET /share/?link=https%3A%2F%2Fsada-now.com%2F%3Fp%3D224 HTTP/1.1" 404 1251 "-" "Mozilla/5.0 X11; Ubuntu; Linux x86_64; rv:126.0 Gecko/20100101 Firefox/126.0"
188.143.244.130 - - [16/Sep/2025:19:22:32 -0400] "GET /?tag=%d8%aa%d8%ac%d8%af%d9%8a%d8%af-%d8%b1%d8%b3%d9%88%d9%85-%d8%a7%d9%84%d9%85%d8%b1%d8%a7%d9%81%d9%82%d9%8a%d9%86 HTTP/1.1" 200 10549 "-" "Mozilla/5.0 X11; Ubuntu; Linux x86_64; rv:126.0 Gecko/20100101 Firefox/126.0"
188.143.244.130 - - [16/Sep/2025:19:22:34 -0400] "GET /?p=5050 HTTP/1.1" 200 12989 "-" "Mozilla/5.0 X11; Ubuntu; Linux x86_64; rv:126.0 Gecko/20100101 Firefox/126.0"
188.143.244.130 - - [16/Sep/2025:19:22:36 -0400] "GET /share/?link=https%3A%2F%2Fsada-now.com%2F%3Fp%3D945 HTTP/1.1" 404 1251 "-" "Mozilla/5.0 X11; Ubuntu; Linux x86_64; rv:126.0 Gecko/20100101 Firefox/126.0"
