197.252.1.75 - - [16/Sep/2025:08:50:06 -0400] "GET /wp-content/themes/newsplus/style.css?ver=37.00 HTTP/1.1" 200 7414 "https://day-new.com/?p=1076&fbclid=IwZXh0bgNhZW0CMTEAAR64wOVtL5e3i7ApW1TjTa1wMM1Au9v7DIKonkcj8tdmE16kjyufCyG8vVlVzA_aem_XAxeUoSP9e5nFJldpK5cLg" "Mozilla/5.0 (Linux; Android 8.0.0; LDN-L21) AppleWebKit/537.36 (KHTML, like Gecko) Chrome/70.0.3538.110 Mobile Safari/537.36"
197.252.1.75 - - [16/Sep/2025:08:50:06 -0400] "GET /wp-content/themes/newsplus/assets/img/logo.png HTTP/1.1" 200 43754 "https://day-new.com/?p=1076&fbclid=IwZXh0bgNhZW0CMTEAAR64wOVtL5e3i7ApW1TjTa1wMM1Au9v7DIKonkcj8tdmE16kjyufCyG8vVlVzA_aem_XAxeUoSP9e5nFJldpK5cLg" "Mozilla/5.0 (Linux; Android 8.0.0; LDN-L21) AppleWebKit/537.36 (KHTML, like Gecko) Chrome/70.0.3538.110 Mobile Safari/537.36"
197.252.1.75 - - [16/Sep/2025:08:50:06 -0400] "GET /wp-includes/js/jquery/jquery.min.js?ver=3.7.1 HTTP/1.1" 200 29744 "https://day-new.com/?p=1076&fbclid=IwZXh0bgNhZW0CMTEAAR64wOVtL5e3i7ApW1TjTa1wMM1Au9v7DIKonkcj8tdmE16kjyufCyG8vVlVzA_aem_XAxeUoSP9e5nFJldpK5cLg" "Mozilla/5.0 (Linux; Android 8.0.0; LDN-L21) AppleWebKit/537.36 (KHTML, like Gecko) Chrome/70.0.3538.110 Mobile Safari/537.36"
197.252.1.75 - - [16/Sep/2025:08:50:06 -0400] "GET /wp-includes/js/jquery/jquery-migrate.min.js?ver=3.4.1 HTTP/1.1" 200 4678 "https://day-new.com/?p=1076&fbclid=IwZXh0bgNhZW0CMTEAAR64wOVtL5e3i7ApW1TjTa1wMM1Au9v7DIKonkcj8tdmE16kjyufCyG8vVlVzA_aem_XAxeUoSP9e5nFJldpK5cLg" "Mozilla/5.0 (Linux; Android 8.0.0; LDN-L21) AppleWebKit/537.36 (KHTML, like Gecko) Chrome/70.0.3538.110 Mobile Safari/537.36"
197.252.1.75 - - [16/Sep/2025:08:50:07 -0400] "GET /wp-content/plugins/contact-form-7/includes/swv/js/index.js?ver=5.8 HTTP/1.1" 200 3061 "https://day-new.com/?p=1076&fbclid=IwZXh0bgNhZW0CMTEAAR64wOVtL5e3i7ApW1TjTa1wMM1Au9v7DIKonkcj8tdmE16kjyufCyG8vVlVzA_aem_XAxeUoSP9e5nFJldpK5cLg" "Mozilla/5.0 (Linux; Android 8.0.0; LDN-L21) AppleWebKit/537.36 (KHTML, like Gecko) Chrome/70.0.3538.110 Mobile Safari/537.36"
197.252.1.75 - - [16/Sep/2025:08:50:07 -0400] "GET /wp-content/plugins/contact-form-7/includes/js/index.js?ver=5.8 HTTP/1.1" 200 3918 "https://day-new.com/?p=1076&fbclid=IwZXh0bgNhZW0CMTEAAR64wOVtL5e3i7ApW1TjTa1wMM1Au9v7DIKonkcj8tdmE16kjyufCyG8vVlVzA_aem_XAxeUoSP9e5nFJldpK5cLg" "Mozilla/5.0 (Linux; Android 8.0.0; LDN-L21) AppleWebKit/537.36 (KHTML, like Gecko) Chrome/70.0.3538.110 Mobile Safari/537.36"
197.252.1.75 - - [16/Sep/2025:08:50:07 -0400] "GET /wp-content/themes/newsplus/assets/js/main.js?ver=37.00 HTTP/1.1" 200 1317 "https://day-new.com/?p=1076&fbclid=IwZXh0bgNhZW0CMTEAAR64wOVtL5e3i7ApW1TjTa1wMM1Au9v7DIKonkcj8tdmE16kjyufCyG8vVlVzA_aem_XAxeUoSP9e5nFJldpK5cLg" "Mozilla/5.0 (Linux; Android 8.0.0; LDN-L21) AppleWebKit/537.36 (KHTML, like Gecko) Chrome/70.0.3538.110 Mobile Safari/537.36"
197.252.1.75 - - [16/Sep/2025:08:50:08 -0400] "GET /wp-content/uploads/2023/09/8TYPHUBvPvnYqdPLGzkoERChUow.webp HTTP/1.1" 200 14162 "https://day-new.com/?p=1076&fbclid=IwZXh0bgNhZW0CMTEAAR64wOVtL5e3i7ApW1TjTa1wMM1Au9v7DIKonkcj8tdmE16kjyufCyG8vVlVzA_aem_XAxeUoSP9e5nFJldpK5cLg" "Mozilla/5.0 (Linux; Android 8.0.0; LDN-L21) AppleWebKit/537.36 (KHTML, like Gecko) Chrome/70.0.3538.110 Mobile Safari/537.36"
197.252.1.75 - - [16/Sep/2025:08:50:08 -0400] "GET /wp-includes/js/comment-reply.min.js?ver=6.8.2 HTTP/1.1" 200 1247 "https://day-new.com/?p=1076&fbclid=IwZXh0bgNhZW0CMTEAAR64wOVtL5e3i7ApW1TjTa1wMM1Au9v7DIKonkcj8tdmE16kjyufCyG8vVlVzA_aem_XAxeUoSP9e5nFJldpK5cLg" "Mozilla/5.0 (Linux; Android 8.0.0; LDN-L21) AppleWebKit/537.36 (KHTML, like Gecko) Chrome/70.0.3538.110 Mobile Safari/537.36"
197.252.1.75 - - [16/Sep/2025:08:50:08 -0400] "GET /wp-content/uploads/2023/08/maxresdefault-56-27-01-360x200.jpeg HTTP/1.1" 200 19685 "https://day-new.com/?p=1076&fbclid=IwZXh0bgNhZW0CMTEAAR64wOVtL5e3i7ApW1TjTa1wMM1Au9v7DIKonkcj8tdmE16kjyufCyG8vVlVzA_aem_XAxeUoSP9e5nFJldpK5cLg" "Mozilla/5.0 (Linux; Android 8.0.0; LDN-L21) AppleWebKit/537.36 (KHTML, like Gecko) Chrome/70.0.3538.110 Mobile Safari/537.36"
197.252.1.75 - - [16/Sep/2025:08:50:08 -0400] "GET /wp-content/uploads/2023/09/8TYPHUBvPvnYqdPLGzkoERChUow-360x200.webp HTTP/1.1" 200 7398 "https://day-new.com/?p=1076&fbclid=IwZXh0bgNhZW0CMTEAAR64wOVtL5e3i7ApW1TjTa1wMM1Au9v7DIKonkcj8tdmE16kjyufCyG8vVlVzA_aem_XAxeUoSP9e5nFJldpK5cLg" "Mozilla/5.0 (Linux; Android 8.0.0; LDN-L21) AppleWebKit/537.36 (KHTML, like Gecko) Chrome/70.0.3538.110 Mobile Safari/537.36"
197.252.1.75 - - [16/Sep/2025:08:50:08 -0400] "GET /wp-content/uploads/2023/10/FB_IMG_1697056870482-360x200.jpg HTTP/1.1" 200 11022 "https://day-new.com/?p=1076&fbclid=IwZXh0bgNhZW0CMTEAAR64wOVtL5e3i7ApW1TjTa1wMM1Au9v7DIKonkcj8tdmE16kjyufCyG8vVlVzA_aem_XAxeUoSP9e5nFJldpK5cLg" "Mozilla/5.0 (Linux; Android 8.0.0; LDN-L21) AppleWebKit/537.36 (KHTML, like Gecko) Chrome/70.0.3538.110 Mobile Safari/537.36"
197.252.1.75 - - [16/Sep/2025:08:50:08 -0400] "GET /wp-content/uploads/2023/11/FB_IMG_1741214396310-360x200.jpg HTTP/1.1" 200 19209 "https://day-new.com/?p=1076&fbclid=IwZXh0bgNhZW0CMTEAAR64wOVtL5e3i7ApW1TjTa1wMM1Au9v7DIKonkcj8tdmE16kjyufCyG8vVlVzA_aem_XAxeUoSP9e5nFJldpK5cLg" "Mozilla/5.0 (Linux; Android 8.0.0; LDN-L21) AppleWebKit/537.36 (KHTML, like Gecko) Chrome/70.0.3538.110 Mobile Safari/537.36"
197.252.1.75 - - [16/Sep/2025:08:50:08 -0400] "GET /wp-content/uploads/2024/07/%D9%A2%D9%A0%D9%A2%D9%A4%D9%A0%D9%A7%D9%A0%D9%A5_%D9%A2%D9%A1%D9%A1%D9%A2%D9%A4%D9%A7-360x200.jpg HTTP/1.1" 200 18487 "https://day-new.com/?p=1076&fbclid=IwZXh0bgNhZW0CMTEAAR64wOVtL5e3i7ApW1TjTa1wMM1Au9v7DIKonkcj8tdmE16kjyufCyG8vVlVzA_aem_XAxeUoSP9e5nFJldpK5cLg" "Mozilla/5.0 (Linux; Android 8.0.0; LDN-L21) AppleWebKit/537.36 (KHTML, like Gecko) Chrome/70.0.3538.110 Mobile Safari/537.36"
197.252.1.75 - - [16/Sep/2025:08:50:08 -0400] "GET /wp-content/uploads/2024/07/%D8%A7%D9%86%D8%AA%D8%AF%D8%A7%D8%A8-1-360x200.jpg HTTP/1.1" 200 5698 "https://day-new.com/?p=1076&fbclid=IwZXh0bgNhZW0CMTEAAR64wOVtL5e3i7ApW1TjTa1wMM1Au9v7DIKonkcj8tdmE16kjyufCyG8vVlVzA_aem_XAxeUoSP9e5nFJldpK5cLg" "Mozilla/5.0 (Linux; Android 8.0.0; LDN-L21) AppleWebKit/537.36 (KHTML, like Gecko) Chrome/70.0.3538.110 Mobile Safari/537.36"
197.252.1.75 - - [16/Sep/2025:08:50:08 -0400] "GET /wp-content/uploads/2023/01/IMG_4808535701-360x200.jpg HTTP/1.1" 200 19888 "https://day-new.com/?p=1076&fbclid=IwZXh0bgNhZW0CMTEAAR64wOVtL5e3i7ApW1TjTa1wMM1Au9v7DIKonkcj8tdmE16kjyufCyG8vVlVzA_aem_XAxeUoSP9e5nFJldpK5cLg" "Mozilla/5.0 (Linux; Android 8.0.0; LDN-L21) AppleWebKit/537.36 (KHTML, like Gecko) Chrome/70.0.3538.110 Mobile Safari/537.36"
197.252.1.75 - - [16/Sep/2025:08:50:08 -0400] "GET /wp-content/uploads/2023/04/Screenshot_%D9%A2%D9%A0%D9%A2%D9%A3%D9%A0%D9%A4%D9%A2%D9%A9-%D9%A0%D9%A3%D9%A1%D9%A0%D9%A2%D9%A0_Instagram-360x200.jpg HTTP/1.1" 200 10542 "https://day-new.com/?p=1076&fbclid=IwZXh0bgNhZW0CMTEAAR64wOVtL5e3i7ApW1TjTa1wMM1Au9v7DIKonkcj8tdmE16kjyufCyG8vVlVzA_aem_XAxeUoSP9e5nFJldpK5cLg" "Mozilla/5.0 (Linux; Android 8.0.0; LDN-L21) AppleWebKit/537.36 (KHTML, like Gecko) Chrome/70.0.3538.110 Mobile Safari/537.36"
197.252.1.75 - - [16/Sep/2025:08:50:08 -0400] "GET /wp-content/uploads/2023/06/59474_remastered-360x200.jpg HTTP/1.1" 200 14723 "https://day-new.com/?p=1076&fbclid=IwZXh0bgNhZW0CMTEAAR64wOVtL5e3i7ApW1TjTa1wMM1Au9v7DIKonkcj8tdmE16kjyufCyG8vVlVzA_aem_XAxeUoSP9e5nFJldpK5cLg" "Mozilla/5.0 (Linux; Android 8.0.0; LDN-L21) AppleWebKit/537.36 (KHTML, like Gecko) Chrome/70.0.3538.110 Mobile Safari/537.36"
197.252.1.75 - - [16/Sep/2025:08:50:08 -0400] "GET /wp-content/uploads/2023/08/Screenshot_%D9%A2%D9%A0%D9%A2%D9%A3%D9%A0%D9%A8%D9%A0%D9%A5-%D9%A1%D9%A4%D9%A4%D9%A4%D9%A3%D9%A5_Gallery-360x200.jpg HTTP/1.1" 200 14544 "https://day-new.com/?p=1076&fbclid=IwZXh0bgNhZW0CMTEAAR64wOVtL5e3i7ApW1TjTa1wMM1Au9v7DIKonkcj8tdmE16kjyufCyG8vVlVzA_aem_XAxeUoSP9e5nFJldpK5cLg" "Mozilla/5.0 (Linux; Android 8.0.0; LDN-L21) AppleWebKit/537.36 (KHTML, like Gecko) Chrome/70.0.3538.110 Mobile Safari/537.36"
197.252.1.75 - - [16/Sep/2025:08:50:08 -0400] "GET /wp-includes/js/wp-emoji-release.min.js?ver=6.8.2 HTTP/1.1" 200 4769 "https://day-new.com/?p=1076&fbclid=IwZXh0bgNhZW0CMTEAAR64wOVtL5e3i7ApW1TjTa1wMM1Au9v7DIKonkcj8tdmE16kjyufCyG8vVlVzA_aem_XAxeUoSP9e5nFJldpK5cLg" "Mozilla/5.0 (Linux; Android 8.0.0; LDN-L21) AppleWebKit/537.36 (KHTML, like Gecko) Chrome/70.0.3538.110 Mobile Safari/537.36"
197.252.1.75 - - [16/Sep/2025:08:50:12 -0400] "GET /favicon.ico HTTP/1.1" 404 1251 "https://day-new.com/?p=1076&fbclid=IwZXh0bgNhZW0CMTEAAR64wOVtL5e3i7ApW1TjTa1wMM1Au9v7DIKonkcj8tdmE16kjyufCyG8vVlVzA_aem_XAxeUoSP9e5nFJldpK5cLg" "Mozilla/5.0 (Linux; Android 8.0.0; LDN-L21) AppleWebKit/537.36 (KHTML, like Gecko) Chrome/70.0.3538.110 Mobile Safari/537.36"
114.119.151.50 - - [16/Sep/2025:08:50:13 -0400] "GET /?p=586 HTTP/1.1" 500 1307 "https://day-new.com/?paged=5&cat=10" "Mozilla/5.0 (Linux; Android 7.0;) AppleWebKit/537.36 (KHTML, like Gecko) Mobile Safari/537.36 (compatible; PetalBot;+https://webmaster.petalsearch.com/site/petalbot)"
197.252.1.75 - - [16/Sep/2025:08:50:18 -0400] "GET /?author=3 HTTP/1.1" 200 9628 "https://day-new.com/?p=1076&fbclid=IwZXh0bgNhZW0CMTEAAR64wOVtL5e3i7ApW1TjTa1wMM1Au9v7DIKonkcj8tdmE16kjyufCyG8vVlVzA_aem_XAxeUoSP9e5nFJldpK5cLg" "Mozilla/5.0 (Linux; Android 8.0.0; LDN-L21) AppleWebKit/537.36 (KHTML, like Gecko) Chrome/70.0.3538.110 Mobile Safari/537.36"
197.252.1.75 - - [16/Sep/2025:08:50:18 -0400] "GET /wp-content/uploads/2022/07/av2w4613_copy_0-1-360x200.jpg HTTP/1.1" 200 14996 "https://day-new.com/?author=3" "Mozilla/5.0 (Linux; Android 8.0.0; LDN-L21) AppleWebKit/537.36 (KHTML, like Gecko) Chrome/70.0.3538.110 Mobile Safari/537.36"
197.252.1.75 - - [16/Sep/2025:08:50:18 -0400] "GET /wp-content/uploads/2022/11/IMG-20221126-WA0000-360x200.jpg HTTP/1.1" 200 22189 "https://day-new.com/?author=3" "Mozilla/5.0 (Linux; Android 8.0.0; LDN-L21) AppleWebKit/537.36 (KHTML, like Gecko) Chrome/70.0.3538.110 Mobile Safari/537.36"
197.252.1.75 - - [16/Sep/2025:08:50:18 -0400] "GET /wp-content/uploads/2021/04/%D8%A7%D8%B3%D8%AA%D8%B9%D9%84%D8%A7%D9%85-%D8%B9%D9%86-%D8%B1%D8%B3%D9%88%D9%85-%D8%AA%D8%AC%D8%AF%D9%8A%D8%AF-%D8%A7%D9%84%D8%A5%D9%82%D8%A7%D9%85%D8%A9-%D8%A8%D8%B1%D9%82%D9%85-%D8%A7%D9%84%D8%A5%D9%82%D8%A7%D9%85%D8%A9-%D8%B9%D8%A8%D8%B1-%D9%85%D9%86%D8%B5%D8%A9-%D8%A3%D8%A8%D8%B4%D8%B1-780x470-1.jpg HTTP/1.1" 200 35523 "https://day-new.com/?author=3" "Mozilla/5.0 (Linux; Android 8.0.0; LDN-L21) AppleWebKit/537.36 (KHTML, like Gecko) Chrome/70.0.3538.110 Mobile Safari/537.36"
197.252.1.75 - - [16/Sep/2025:08:50:18 -0400] "GET /wp-content/uploads/2021/04/1-1431536.jpg HTTP/1.1" 200 26287 "https://day-new.com/?author=3" "Mozilla/5.0 (Linux; Android 8.0.0; LDN-L21) AppleWebKit/537.36 (KHTML, like Gecko) Chrome/70.0.3538.110 Mobile Safari/537.36"
197.252.1.75 - - [16/Sep/2025:08:50:18 -0400] "GET /wp-content/uploads/2022/05/Screenshot_%D9%A2%D9%A0%D9%A2%D9%A2%D9%A0%D9%A5%D9%A1%D9%A2-%D9%A2%D9%A3%D9%A5%D9%A2%D9%A2%D9%A7_Gallery-360x200.jpg HTTP/1.1" 200 18489 "https://day-new.com/?author=3" "Mozilla/5.0 (Linux; Android 8.0.0; LDN-L21) AppleWebKit/537.36 (KHTML, like Gecko) Chrome/70.0.3538.110 Mobile Safari/537.36"
197.252.1.75 - - [16/Sep/2025:08:50:18 -0400] "GET /wp-content/uploads/2021/04/frame-new-new-1-23-810x474-1.jpg HTTP/1.1" 200 50794 "https://day-new.com/?author=3" "Mozilla/5.0 (Linux; Android 8.0.0; LDN-L21) AppleWebKit/537.36 (KHTML, like Gecko) Chrome/70.0.3538.110 Mobile Safari/537.36"
197.252.1.75 - - [16/Sep/2025:08:50:18 -0400] "GET /wp-content/uploads/2021/04/1-1431398-810x425-1.jpg HTTP/1.1" 200 36234 "https://day-new.com/?author=3" "Mozilla/5.0 (Linux; Android 8.0.0; LDN-L21) AppleWebKit/537.36 (KHTML, like Gecko) Chrome/70.0.3538.110 Mobile Safari/537.36"
197.252.1.75 - - [16/Sep/2025:08:51:21 -0400] "GET /?author=3&paged=2 HTTP/1.1" 200 9683 "https://day-new.com/?author=3" "Mozilla/5.0 (Linux; Android 8.0.0; LDN-L21) AppleWebKit/537.36 (KHTML, like Gecko) Chrome/70.0.3538.110 Mobile Safari/537.36"
197.252.1.75 - - [16/Sep/2025:08:51:22 -0400] "GET /wp-content/uploads/2021/04/2maTZNVCLx0n.jpg HTTP/1.1" 200 109332 "https://day-new.com/?author=3" "Mozilla/5.0 (Linux; Android 8.0.0; LDN-L21) AppleWebKit/537.36 (KHTML, like Gecko) Chrome/70.0.3538.110 Mobile Safari/537.36"
197.252.1.75 - - [16/Sep/2025:08:51:22 -0400] "GET /wp-content/uploads/2021/04/EyJzueGWEAcl0MD-1.jpeg HTTP/1.1" 200 154758 "https://day-new.com/?author=3" "Mozilla/5.0 (Linux; Android 8.0.0; LDN-L21) AppleWebKit/537.36 (KHTML, like Gecko) Chrome/70.0.3538.110 Mobile Safari/537.36"
197.252.1.75 - - [16/Sep/2025:08:51:22 -0400] "GET /wp-content/uploads/2021/04/1769870_1618308063.jpg HTTP/1.1" 200 35202 "https://day-new.com/?author=3" "Mozilla/5.0 (Linux; Android 8.0.0; LDN-L21) AppleWebKit/537.36 (KHTML, like Gecko) Chrome/70.0.3538.110 Mobile Safari/537.36"
197.252.1.75 - - [16/Sep/2025:08:51:22 -0400] "GET /wp-content/uploads/2021/04/9969222_1615284232.jpg HTTP/1.1" 200 19768 "https://day-new.com/?author=3" "Mozilla/5.0 (Linux; Android 8.0.0; LDN-L21) AppleWebKit/537.36 (KHTML, like Gecko) Chrome/70.0.3538.110 Mobile Safari/537.36"
197.252.1.75 - - [16/Sep/2025:08:51:22 -0400] "GET /wp-content/uploads/2021/04/14-04-21-29671330.jpg HTTP/1.1" 200 101383 "https://day-new.com/?author=3" "Mozilla/5.0 (Linux; Android 8.0.0; LDN-L21) AppleWebKit/537.36 (KHTML, like Gecko) Chrome/70.0.3538.110 Mobile Safari/537.36"
197.252.1.75 - - [16/Sep/2025:08:51:22 -0400] "GET /wp-content/uploads/2021/04/8802405_1618518890.jpg HTTP/1.1" 200 31760 "https://day-new.com/?author=3" "Mozilla/5.0 (Linux; Android 8.0.0; LDN-L21) AppleWebKit/537.36 (KHTML, like Gecko) Chrome/70.0.3538.110 Mobile Safari/537.36"
197.252.1.75 - - [16/Sep/2025:08:51:22 -0400] "GET /wp-content/uploads/2021/04/15-04-21-948108344.jpg HTTP/1.1" 200 51933 "https://day-new.com/?author=3" "Mozilla/5.0 (Linux; Android 8.0.0; LDN-L21) AppleWebKit/537.36 (KHTML, like Gecko) Chrome/70.0.3538.110 Mobile Safari/537.36"
197.252.1.75 - - [16/Sep/2025:08:51:22 -0400] "GET /wp-content/uploads/2021/04/m-647-%D8%A7%D8%AE%D8%A8%D8%A7%D8%B1-%D9%82%D8%B7%D8%B1-%D9%82%D8%B7%D8%B1-%D8%B3%D8%AA%D8%B3%D9%85%D8%AD-%D9%84%D8%BA%D9%8A%D8%B1-%D8%A7%D9%84%D9%82%D8%B7%D8%B1%D9%8A%D9%8A%D9%86-%D8%A8%D8%AA%D9%85%D9%84%D9%83-100-%D9%85%D9%86-%D8%A7%D9%84%D8%B4%D8%B1%D9%83%D8%A7%D8%AA-%D8%A7%D9%84%D9%85%D8%AF%D8%B1%D8%AC%D8%A9-%D8%A8%D8%A7%D9%84%D8%A8%D9%88%D8%B1%D8%B5%D8%A9.jpeg HTTP/1.1" 200 15565 "https://day-new.com/?author=3" "Mozilla/5.0 (Linux; Android 8.0.0; LDN-L21) AppleWebKit/537.36 (KHTML, like Gecko) Chrome/70.0.3538.110 Mobile Safari/537.36"
197.252.1.75 - - [16/Sep/2025:08:51:22 -0400] "GET /wp-content/uploads/2021/04/%D8%B4%D8%B1%D8%B7%D8%A9-%D8%A7%D9%84%D9%83%D9%88%D9%8A%D8%AA-scaled-1.jpg HTTP/1.1" 200 97645 "https://day-new.com/?author=3" "Mozilla/5.0 (Linux; Android 8.0.0; LDN-L21) AppleWebKit/537.36 (KHTML, like Gecko) Chrome/70.0.3538.110 Mobile Safari/537.36"
197.252.1.75 - - [16/Sep/2025:08:51:22 -0400] "GET /wp-content/uploads/2021/04/auto-height-large_2021-04-16-529dab67d2.jpg HTTP/1.1" 200 59120 "https://day-new.com/?author=3" "Mozilla/5.0 (Linux; Android 8.0.0; LDN-L21) AppleWebKit/537.36 (KHTML, like Gecko) Chrome/70.0.3538.110 Mobile Safari/537.36"
197.252.1.75 - - [16/Sep/2025:08:51:22 -0400] "GET /wp-content/uploads/2021/04/KVKWIIY6.jpg HTTP/1.1" 200 12563 "https://day-new.com/?author=3" "Mozilla/5.0 (Linux; Android 8.0.0; LDN-L21) AppleWebKit/537.36 (KHTML, like Gecko) Chrome/70.0.3538.110 Mobile Safari/537.36"
197.252.1.75 - - [16/Sep/2025:08:51:22 -0400] "GET /wp-content/uploads/2021/04/%D9%A2%D9%A0%D9%A2%D9%A1%D9%A0%D9%A4%D9%A1%D9%A7_%D9%A2%D9%A3%D9%A1%D9%A3%D9%A4%D9%A1.jpg HTTP/1.1" 200 70588 "https://day-new.com/?author=3" "Mozilla/5.0 (Linux; Android 8.0.0; LDN-L21) AppleWebKit/537.36 (KHTML, like Gecko) Chrome/70.0.3538.110 Mobile Safari/537.36"
114.119.151.50 - - [16/Sep/2025:08:51:33 -0400] "GET /?cat=2 HTTP/1.1" 200 10407 "https://day-new.com/?p=386" "Mozilla/5.0 (Linux; Android 7.0;) AppleWebKit/537.36 (KHTML, like Gecko) Mobile Safari/537.36 (compatible; PetalBot;+https://webmaster.petalsearch.com/site/petalbot)"
197.252.1.75 - - [16/Sep/2025:08:52:35 -0400] "GET /?author=3&paged=2 HTTP/1.1" 304 0 "https://day-new.com/?author=3" "Mozilla/5.0 (Linux; Android 8.0.0; LDN-L21) AppleWebKit/537.36 (KHTML, like Gecko) Chrome/70.0.3538.110 Mobile Safari/537.36"
143.14.109.173 - - [16/Sep/2025:08:52:42 -0400] "GET /?page_id=21 HTTP/1.1" 200 8645 "-" "Mozilla/5.0 (Macintosh; Intel Mac OS X 12_5) AppleWebKit/537.36 (KHTML, like Gecko) Chrome/114.0.0.0 Safari/537.36 Vivaldi/5.3.2679.68"
110.249.202.186 - - [16/Sep/2025:08:52:45 -0400] "GET /robots.txt HTTP/1.1" 404 1251 "-" "Mozilla/5.0 (Linux; Android 5.0) AppleWebKit/537.36 (KHTML, like Gecko) Mobile Safari/537.36 (compatible; Bytespider; https://zhanzhang.toutiao.com/)"
143.14.109.173 - - [16/Sep/2025:08:52:50 -0400] "GET /?cat=1 HTTP/1.1" 200 9498 "https://day-new.com/?page_id=21" "Mozilla/5.0 (Macintosh; Intel Mac OS X 12_5) AppleWebKit/537.36 (KHTML, like Gecko) Chrome/114.0.0.0 Safari/537.36 Vivaldi/5.3.2679.68"
143.14.109.173 - - [16/Sep/2025:08:52:57 -0400] "GET /?feed=comments-rss2 HTTP/1.1" 200 396 "https://day-new.com/?page_id=21" "Mozilla/5.0 (Macintosh; Intel Mac OS X 12_5) AppleWebKit/537.36 (KHTML, like Gecko) Chrome/114.0.0.0 Safari/537.36 Vivaldi/5.3.2679.68"
143.14.109.173 - - [16/Sep/2025:08:53:05 -0400] "GET /?cat=2 HTTP/1.1" 200 9256 "https://day-new.com/?page_id=21" "Mozilla/5.0 (Macintosh; Intel Mac OS X 12_5) AppleWebKit/537.36 (KHTML, like Gecko) Chrome/114.0.0.0 Safari/537.36 Vivaldi/5.3.2679.68"
143.14.109.173 - - [16/Sep/2025:08:53:12 -0400] "GET /?feed=rss2 HTTP/1.1" 200 10647 "https://day-new.com/?page_id=21" "Mozilla/5.0 (Macintosh; Intel Mac OS X 12_5) AppleWebKit/537.36 (KHTML, like Gecko) Chrome/114.0.0.0 Safari/537.36 Vivaldi/5.3.2679.68"
143.14.109.173 - - [16/Sep/2025:08:53:18 -0400] "GET /?cat=3 HTTP/1.1" 200 9434 "https://day-new.com/?page_id=21" "Mozilla/5.0 (Macintosh; Intel Mac OS X 12_5) AppleWebKit/537.36 (KHTML, like Gecko) Chrome/114.0.0.0 Safari/537.36 Vivaldi/5.3.2679.68"
143.14.109.173 - - [16/Sep/2025:08:53:24 -0400] "GET /?p=21 HTTP/1.1" 500 1112 "https://day-new.com/?page_id=21" "Mozilla/5.0 (Macintosh; Intel Mac OS X 12_5) AppleWebKit/537.36 (KHTML, like Gecko) Chrome/114.0.0.0 Safari/537.36 Vivaldi/5.3.2679.68"
143.14.109.173 - - [16/Sep/2025:08:53:32 -0400] "GET /?cat=4 HTTP/1.1" 200 8480 "https://day-new.com/?page_id=21" "Mozilla/5.0 (Macintosh; Intel Mac OS X 12_5) AppleWebKit/537.36 (KHTML, like Gecko) Chrome/114.0.0.0 Safari/537.36 Vivaldi/5.3.2679.68"
143.14.109.173 - - [16/Sep/2025:08:53:39 -0400] "GET /?s= HTTP/1.1" 500 1112 "https://day-new.com/?page_id=21" "Mozilla/5.0 (Macintosh; Intel Mac OS X 12_5) AppleWebKit/537.36 (KHTML, like Gecko) Chrome/114.0.0.0 Safari/537.36 Vivaldi/5.3.2679.68"
143.14.109.173 - - [16/Sep/2025:08:53:46 -0400] "GET /?cat=5 HTTP/1.1" 200 8395 "https://day-new.com/?page_id=21" "Mozilla/5.0 (Macintosh; Intel Mac OS X 12_5) AppleWebKit/537.36 (KHTML, like Gecko) Chrome/114.0.0.0 Safari/537.36 Vivaldi/5.3.2679.68"
143.14.109.173 - - [16/Sep/2025:08:53:53 -0400] "GET /index.php?rest_route=%2Foembed%2F1.0%2Fembed& HTTP/1.1" 500 1112 "https://day-new.com/?page_id=21" "Mozilla/5.0 (Macintosh; Intel Mac OS X 12_5) AppleWebKit/537.36 (KHTML, like Gecko) Chrome/114.0.0.0 Safari/537.36 Vivaldi/5.3.2679.68"
143.14.109.173 - - [16/Sep/2025:08:54:00 -0400] "GET / HTTP/1.1" 200 11483 "https://day-new.com/?page_id=21" "Mozilla/5.0 (Macintosh; Intel Mac OS X 12_5) AppleWebKit/537.36 (KHTML, like Gecko) Chrome/114.0.0.0 Safari/537.36 Vivaldi/5.3.2679.68"
143.14.109.173 - - [16/Sep/2025:08:54:07 -0400] "GET /index.php?rest_route=/ HTTP/1.1" 200 361283 "https://day-new.com/?page_id=21" "Mozilla/5.0 (Macintosh; Intel Mac OS X 12_5) AppleWebKit/537.36 (KHTML, like Gecko) Chrome/114.0.0.0 Safari/537.36 Vivaldi/5.3.2679.68"
197.252.1.75 - - [16/Sep/2025:08:54:16 -0400] "GET /?cat=11 HTTP/1.1" 200 9222 "https://day-new.com/?p=1076&fbclid=IwZXh0bgNhZW0CMTEAAR64wOVtL5e3i7ApW1TjTa1wMM1Au9v7DIKonkcj8tdmE16kjyufCyG8vVlVzA_aem_XAxeUoSP9e5nFJldpK5cLg" "Mozilla/5.0 (Linux; Android 8.0.0; LDN-L21) AppleWebKit/537.36 (KHTML, like Gecko) Chrome/70.0.3538.110 Mobile Safari/537.36"
197.252.1.75 - - [16/Sep/2025:08:54:16 -0400] "GET /wp-content/uploads/2022/03/Screenshot_%D9%A2%D9%A0%D9%A2%D9%A2%D9%A0%D9%A3%D9%A0%D9%A8-%D9%A2%D9%A3%D9%A5%D9%A9%D9%A3%D9%A7_Facebook-360x200.jpg HTTP/1.1" 200 16648 "https://day-new.com/?cat=11" "Mozilla/5.0 (Linux; Android 8.0.0; LDN-L21) AppleWebKit/537.36 (KHTML, like Gecko) Chrome/70.0.3538.110 Mobile Safari/537.36"
197.252.1.75 - - [16/Sep/2025:08:54:16 -0400] "GET /wp-content/uploads/2022/03/DrfGMSZk_400x400-321x200.jpg HTTP/1.1" 200 14453 "https://day-new.com/?cat=11" "Mozilla/5.0 (Linux; Android 8.0.0; LDN-L21) AppleWebKit/537.36 (KHTML, like Gecko) Chrome/70.0.3538.110 Mobile Safari/537.36"
197.252.1.75 - - [16/Sep/2025:08:54:16 -0400] "GET /wp-content/uploads/2022/03/FB_IMG_1647115207559-360x200.jpg HTTP/1.1" 200 15680 "https://day-new.com/?cat=11" "Mozilla/5.0 (Linux; Android 8.0.0; LDN-L21) AppleWebKit/537.36 (KHTML, like Gecko) Chrome/70.0.3538.110 Mobile Safari/537.36"
197.252.1.75 - - [16/Sep/2025:08:54:16 -0400] "GET /wp-content/uploads/2022/03/FB_IMG_1647103623274-360x200.jpg HTTP/1.1" 200 15742 "https://day-new.com/?cat=11" "Mozilla/5.0 (Linux; Android 8.0.0; LDN-L21) AppleWebKit/537.36 (KHTML, like Gecko) Chrome/70.0.3538.110 Mobile Safari/537.36"
197.252.1.75 - - [16/Sep/2025:08:54:16 -0400] "GET /wp-content/uploads/2023/01/b978a94ed3237670537fd06d6f07bff9-360x200.jpg HTTP/1.1" 200 5274 "https://day-new.com/?cat=11" "Mozilla/5.0 (Linux; Android 8.0.0; LDN-L21) AppleWebKit/537.36 (KHTML, like Gecko) Chrome/70.0.3538.110 Mobile Safari/537.36"
141.94.194.132 - - [16/Sep/2025:08:54:27 -0400] "GET /?feed=rss2 HTTP/1.1" 200 12599 "-" "Mozilla/5.0 (X11; Linux i686) AppleWebKit/537.36 (KHTML, like Gecko) Chrome/30.0.1599.66 Safari/537.36"
143.14.109.173 - - [16/Sep/2025:08:54:29 -0400] "GET /index.php?rest_route=/wp/v2/pages/21 HTTP/1.1" 200 9442 "https://day-new.com/?page_id=21" "Mozilla/5.0 (Macintosh; Intel Mac OS X 12_5) AppleWebKit/537.36 (KHTML, like Gecko) Chrome/114.0.0.0 Safari/537.36 Vivaldi/5.3.2679.68"
143.14.109.173 - - [16/Sep/2025:08:54:36 -0400] "GET /?page_id=3 HTTP/1.1" 200 9856 "https://day-new.com/?page_id=21" "Mozilla/5.0 (Macintosh; Intel Mac OS X 12_5) AppleWebKit/537.36 (KHTML, like Gecko) Chrome/114.0.0.0 Safari/537.36 Vivaldi/5.3.2679.68"
143.14.109.173 - - [16/Sep/2025:08:54:43 -0400] "GET /xmlrpc.php HTTP/1.1" 500 0 "https://day-new.com/?page_id=21" "Mozilla/5.0 (Macintosh; Intel Mac OS X 12_5) AppleWebKit/537.36 (KHTML, like Gecko) Chrome/114.0.0.0 Safari/537.36 Vivaldi/5.3.2679.68"
143.14.109.173 - - [16/Sep/2025:08:54:51 -0400] "GET / HTTP/1.1" 200 11483 "-" "Mozilla/5.0 (Macintosh; Intel Mac OS X 12_5) AppleWebKit/537.36 (KHTML, like Gecko) Chrome/114.0.0.0 Safari/537.36 Vivaldi/5.3.2679.68"
143.14.109.173 - - [16/Sep/2025:08:54:57 -0400] "GET / HTTP/1.1" 200 11483 "https://day-new.com/" "Mozilla/5.0 (Macintosh; Intel Mac OS X 12_5) AppleWebKit/537.36 (KHTML, like Gecko) Chrome/114.0.0.0 Safari/537.36 Vivaldi/5.3.2679.68"
143.14.109.173 - - [16/Sep/2025:08:55:05 -0400] "GET /?feed=comments-rss2 HTTP/1.1" 200 396 "https://day-new.com/" "Mozilla/5.0 (Macintosh; Intel Mac OS X 12_5) AppleWebKit/537.36 (KHTML, like Gecko) Chrome/114.0.0.0 Safari/537.36 Vivaldi/5.3.2679.68"
143.14.109.173 - - [16/Sep/2025:08:55:12 -0400] "GET /?cat=3 HTTP/1.1" 200 9434 "https://day-new.com/" "Mozilla/5.0 (Macintosh; Intel Mac OS X 12_5) AppleWebKit/537.36 (KHTML, like Gecko) Chrome/114.0.0.0 Safari/537.36 Vivaldi/5.3.2679.68"
143.14.109.173 - - [16/Sep/2025:08:55:19 -0400] "GET /?feed=rss2 HTTP/1.1" 200 10647 "https://day-new.com/" "Mozilla/5.0 (Macintosh; Intel Mac OS X 12_5) AppleWebKit/537.36 (KHTML, like Gecko) Chrome/114.0.0.0 Safari/537.36 Vivaldi/5.3.2679.68"
143.14.109.173 - - [16/Sep/2025:08:55:27 -0400] "GET /?p=1120 HTTP/1.1" 200 13247 "https://day-new.com/" "Mozilla/5.0 (Macintosh; Intel Mac OS X 12_5) AppleWebKit/537.36 (KHTML, like Gecko) Chrome/114.0.0.0 Safari/537.36 Vivaldi/5.3.2679.68"
102.212.139.70 - - [16/Sep/2025:08:55:32 -0400] "GET /?p=1120&fbclid=IwY2xjawM2PZNleHRuA2FlbQIxMQABHtGNpG4hwKctBR4Xa0foG31VCe17qeowbKja5hi1fm11c8jumjrRnNlwfDX__aem_psgnnqUkPdpRB8gh_q6P1w HTTP/1.1" 200 13273 "https://l.facebook.com/" "Mozilla/5.0 (Linux; Android 14; SM-A155F Build/UP1A.231005.007; wv) AppleWebKit/537.36 (KHTML, like Gecko) Version/4.0 Chrome/133.0.6943.46 Mobile Safari/537.36 [FB_IAB/FB4A;FBAV/499.0.0.31.60;]"
102.212.139.70 - - [16/Sep/2025:08:55:33 -0400] "GET /wp-includes/css/dist/block-library/style-rtl.min.css?ver=6.8.2 HTTP/1.1" 200 14312 "https://day-new.com/?p=1120&fbclid=IwY2xjawM2PZNleHRuA2FlbQIxMQABHtGNpG4hwKctBR4Xa0foG31VCe17qeowbKja5hi1fm11c8jumjrRnNlwfDX__aem_psgnnqUkPdpRB8gh_q6P1w" "Mozilla/5.0 (Linux; Android 14; SM-A155F Build/UP1A.231005.007; wv) AppleWebKit/537.36 (KHTML, like Gecko) Version/4.0 Chrome/133.0.6943.46 Mobile Safari/537.36 [FB_IAB/FB4A;FBAV/499.0.0.31.60;]"
102.212.139.70 - - [16/Sep/2025:08:55:33 -0400] "GET /wp-content/plugins/contact-form-7/includes/css/styles.css?ver=5.8 HTTP/1.1" 200 878 "https://day-new.com/?p=1120&fbclid=IwY2xjawM2PZNleHRuA2FlbQIxMQABHtGNpG4hwKctBR4Xa0foG31VCe17qeowbKja5hi1fm11c8jumjrRnNlwfDX__aem_psgnnqUkPdpRB8gh_q6P1w" "Mozilla/5.0 (Linux; Android 14; SM-A155F Build/UP1A.231005.007; wv) AppleWebKit/537.36 (KHTML, like Gecko) Version/4.0 Chrome/133.0.6943.46 Mobile Safari/537.36 [FB_IAB/FB4A;FBAV/499.0.0.31.60;]"
102.212.139.70 - - [16/Sep/2025:08:55:33 -0400] "GET /wp-content/plugins/contact-form-7/includes/css/styles-rtl.css?ver=5.8 HTTP/1.1" 200 152 "https://day-new.com/?p=1120&fbclid=IwY2xjawM2PZNleHRuA2FlbQIxMQABHtGNpG4hwKctBR4Xa0foG31VCe17qeowbKja5hi1fm11c8jumjrRnNlwfDX__aem_psgnnqUkPdpRB8gh_q6P1w" "Mozilla/5.0 (Linux; Android 14; SM-A155F Build/UP1A.231005.007; wv) AppleWebKit/537.36 (KHTML, like Gecko) Version/4.0 Chrome/133.0.6943.46 Mobile Safari/537.36 [FB_IAB/FB4A;FBAV/499.0.0.31.60;]"
102.212.139.70 - - [16/Sep/2025:08:55:33 -0400] "GET /wp-content/themes/newsplus/style.css?ver=37.00 HTTP/1.1" 200 7414 "https://day-new.com/?p=1120&fbclid=IwY2xjawM2PZNleHRuA2FlbQIxMQABHtGNpG4hwKctBR4Xa0foG31VCe17qeowbKja5hi1fm11c8jumjrRnNlwfDX__aem_psgnnqUkPdpRB8gh_q6P1w" "Mozilla/5.0 (Linux; Android 14; SM-A155F Build/UP1A.231005.007; wv) AppleWebKit/537.36 (KHTML, like Gecko) Version/4.0 Chrome/133.0.6943.46 Mobile Safari/537.36 [FB_IAB/FB4A;FBAV/499.0.0.31.60;]"
102.212.139.70 - - [16/Sep/2025:08:55:33 -0400] "GET /wp-content/themes/newsplus/assets/fonts/fonts.css?ver=37.00 HTTP/1.1" 200 335 "https://day-new.com/?p=1120&fbclid=IwY2xjawM2PZNleHRuA2FlbQIxMQABHtGNpG4hwKctBR4Xa0foG31VCe17qeowbKja5hi1fm11c8jumjrRnNlwfDX__aem_psgnnqUkPdpRB8gh_q6P1w" "Mozilla/5.0 (Linux; Android 14; SM-A155F Build/UP1A.231005.007; wv) AppleWebKit/537.36 (KHTML, like Gecko) Version/4.0 Chrome/133.0.6943.46 Mobile Safari/537.36 [FB_IAB/FB4A;FBAV/499.0.0.31.60;]"
102.212.139.70 - - [16/Sep/2025:08:55:33 -0400] "GET /wp-content/themes/newsplus/assets/css/bootstrap.min.css?ver=37.00 HTTP/1.1" 200 17696 "https://day-new.com/?p=1120&fbclid=IwY2xjawM2PZNleHRuA2FlbQIxMQABHtGNpG4hwKctBR4Xa0foG31VCe17qeowbKja5hi1fm11c8jumjrRnNlwfDX__aem_psgnnqUkPdpRB8gh_q6P1w" "Mozilla/5.0 (Linux; Android 14; SM-A155F Build/UP1A.231005.007; wv) AppleWebKit/537.36 (KHTML, like Gecko) Version/4.0 Chrome/133.0.6943.46 Mobile Safari/537.36 [FB_IAB/FB4A;FBAV/499.0.0.31.60;]"
102.212.139.70 - - [16/Sep/2025:08:55:33 -0400] "GET /wp-content/themes/newsplus/assets/img/logo.png HTTP/1.1" 200 43754 "https://day-new.com/?p=1120&fbclid=IwY2xjawM2PZNleHRuA2FlbQIxMQABHtGNpG4hwKctBR4Xa0foG31VCe17qeowbKja5hi1fm11c8jumjrRnNlwfDX__aem_psgnnqUkPdpRB8gh_q6P1w" "Mozilla/5.0 (Linux; Android 14; SM-A155F Build/UP1A.231005.007; wv) AppleWebKit/537.36 (KHTML, like Gecko) Version/4.0 Chrome/133.0.6943.46 Mobile Safari/537.36 [FB_IAB/FB4A;FBAV/499.0.0.31.60;]"
102.212.139.70 - - [16/Sep/2025:08:55:33 -0400] "GET /wp-includes/js/jquery/jquery-migrate.min.js?ver=3.4.1 HTTP/1.1" 200 4678 "https://day-new.com/?p=1120&fbclid=IwY2xjawM2PZNleHRuA2FlbQIxMQABHtGNpG4hwKctBR4Xa0foG31VCe17qeowbKja5hi1fm11c8jumjrRnNlwfDX__aem_psgnnqUkPdpRB8gh_q6P1w" "Mozilla/5.0 (Linux; Android 14; SM-A155F Build/UP1A.231005.007; wv) AppleWebKit/537.36 (KHTML, like Gecko) Version/4.0 Chrome/133.0.6943.46 Mobile Safari/537.36 [FB_IAB/FB4A;FBAV/499.0.0.31.60;]"
102.212.139.70 - - [16/Sep/2025:08:55:33 -0400] "GET /wp-includes/js/jquery/jquery.min.js?ver=3.7.1 HTTP/1.1" 200 29744 "https://day-new.com/?p=1120&fbclid=IwY2xjawM2PZNleHRuA2FlbQIxMQABHtGNpG4hwKctBR4Xa0foG31VCe17qeowbKja5hi1fm11c8jumjrRnNlwfDX__aem_psgnnqUkPdpRB8gh_q6P1w" "Mozilla/5.0 (Linux; Android 14; SM-A155F Build/UP1A.231005.007; wv) AppleWebKit/537.36 (KHTML, like Gecko) Version/4.0 Chrome/133.0.6943.46 Mobile Safari/537.36 [FB_IAB/FB4A;FBAV/499.0.0.31.60;]"
102.212.139.70 - - [16/Sep/2025:08:55:33 -0400] "GET /wp-content/uploads/2023/11/FB_IMG_1741214396310.jpg HTTP/1.1" 200 28444 "https://day-new.com/?p=1120&fbclid=IwY2xjawM2PZNleHRuA2FlbQIxMQABHtGNpG4hwKctBR4Xa0foG31VCe17qeowbKja5hi1fm11c8jumjrRnNlwfDX__aem_psgnnqUkPdpRB8gh_q6P1w" "Mozilla/5.0 (Linux; Android 14; SM-A155F Build/UP1A.231005.007; wv) AppleWebKit/537.36 (KHTML, like Gecko) Version/4.0 Chrome/133.0.6943.46 Mobile Safari/537.36 [FB_IAB/FB4A;FBAV/499.0.0.31.60;]"
102.212.139.70 - - [16/Sep/2025:08:55:33 -0400] "GET /wp-content/plugins/contact-form-7/includes/swv/js/index.js?ver=5.8 HTTP/1.1" 200 3061 "https://day-new.com/?p=1120&fbclid=IwY2xjawM2PZNleHRuA2FlbQIxMQABHtGNpG4hwKctBR4Xa0foG31VCe17qeowbKja5hi1fm11c8jumjrRnNlwfDX__aem_psgnnqUkPdpRB8gh_q6P1w" "Mozilla/5.0 (Linux; Android 14; SM-A155F Build/UP1A.231005.007; wv) AppleWebKit/537.36 (KHTML, like Gecko) Version/4.0 Chrome/133.0.6943.46 Mobile Safari/537.36 [FB_IAB/FB4A;FBAV/499.0.0.31.60;]"
102.212.139.70 - - [16/Sep/2025:08:55:33 -0400] "GET /wp-content/plugins/contact-form-7/includes/js/index.js?ver=5.8 HTTP/1.1" 200 3918 "https://day-new.com/?p=1120&fbclid=IwY2xjawM2PZNleHRuA2FlbQIxMQABHtGNpG4hwKctBR4Xa0foG31VCe17qeowbKja5hi1fm11c8jumjrRnNlwfDX__aem_psgnnqUkPdpRB8gh_q6P1w" "Mozilla/5.0 (Linux; Android 14; SM-A155F Build/UP1A.231005.007; wv) AppleWebKit/537.36 (KHTML, like Gecko) Version/4.0 Chrome/133.0.6943.46 Mobile Safari/537.36 [FB_IAB/FB4A;FBAV/499.0.0.31.60;]"
102.212.139.70 - - [16/Sep/2025:08:55:33 -0400] "GET /wp-content/themes/newsplus/assets/js/main.js?ver=37.00 HTTP/1.1" 200 1317 "https://day-new.com/?p=1120&fbclid=IwY2xjawM2PZNleHRuA2FlbQIxMQABHtGNpG4hwKctBR4Xa0foG31VCe17qeowbKja5hi1fm11c8jumjrRnNlwfDX__aem_psgnnqUkPdpRB8gh_q6P1w" "Mozilla/5.0 (Linux; Android 14; SM-A155F Build/UP1A.231005.007; wv) AppleWebKit/537.36 (KHTML, like Gecko) Version/4.0 Chrome/133.0.6943.46 Mobile Safari/537.36 [FB_IAB/FB4A;FBAV/499.0.0.31.60;]"
102.212.139.70 - - [16/Sep/2025:08:55:33 -0400] "GET /wp-includes/js/comment-reply.min.js?ver=6.8.2 HTTP/1.1" 200 1247 "https://day-new.com/?p=1120&fbclid=IwY2xjawM2PZNleHRuA2FlbQIxMQABHtGNpG4hwKctBR4Xa0foG31VCe17qeowbKja5hi1fm11c8jumjrRnNlwfDX__aem_psgnnqUkPdpRB8gh_q6P1w" "Mozilla/5.0 (Linux; Android 14; SM-A155F Build/UP1A.231005.007; wv) AppleWebKit/537.36 (KHTML, like Gecko) Version/4.0 Chrome/133.0.6943.46 Mobile Safari/537.36 [FB_IAB/FB4A;FBAV/499.0.0.31.60;]"
102.212.139.70 - - [16/Sep/2025:08:55:33 -0400] "GET /wp-content/uploads/2023/11/FB_IMG_1741214396310-360x200.jpg HTTP/1.1" 200 19209 "https://day-new.com/?p=1120&fbclid=IwY2xjawM2PZNleHRuA2FlbQIxMQABHtGNpG4hwKctBR4Xa0foG31VCe17qeowbKja5hi1fm11c8jumjrRnNlwfDX__aem_psgnnqUkPdpRB8gh_q6P1w" "Mozilla/5.0 (Linux; Android 14; SM-A155F Build/UP1A.231005.007; wv) AppleWebKit/537.36 (KHTML, like Gecko) Version/4.0 Chrome/133.0.6943.46 Mobile Safari/537.36 [FB_IAB/FB4A;FBAV/499.0.0.31.60;]"
102.212.139.70 - - [16/Sep/2025:08:55:33 -0400] "GET /wp-content/uploads/2024/07/%D8%A7%D9%86%D8%AA%D8%AF%D8%A7%D8%A8-1-360x200.jpg HTTP/1.1" 200 5698 "https://day-new.com/?p=1120&fbclid=IwY2xjawM2PZNleHRuA2FlbQIxMQABHtGNpG4hwKctBR4Xa0foG31VCe17qeowbKja5hi1fm11c8jumjrRnNlwfDX__aem_psgnnqUkPdpRB8gh_q6P1w" "Mozilla/5.0 (Linux; Android 14; SM-A155F Build/UP1A.231005.007; wv) AppleWebKit/537.36 (KHTML, like Gecko) Version/4.0 Chrome/133.0.6943.46 Mobile Safari/537.36 [FB_IAB/FB4A;FBAV/499.0.0.31.60;]"
102.212.139.70 - - [16/Sep/2025:08:55:33 -0400] "GET /wp-content/uploads/2024/07/%D9%A2%D9%A0%D9%A2%D9%A4%D9%A0%D9%A7%D9%A0%D9%A5_%D9%A2%D9%A1%D9%A1%D9%A2%D9%A4%D9%A7-360x200.jpg HTTP/1.1" 200 18487 "https://day-new.com/?p=1120&fbclid=IwY2xjawM2PZNleHRuA2FlbQIxMQABHtGNpG4hwKctBR4Xa0foG31VCe17qeowbKja5hi1fm11c8jumjrRnNlwfDX__aem_psgnnqUkPdpRB8gh_q6P1w" "Mozilla/5.0 (Linux; Android 14; SM-A155F Build/UP1A.231005.007; wv) AppleWebKit/537.36 (KHTML, like Gecko) Version/4.0 Chrome/133.0.6943.46 Mobile Safari/537.36 [FB_IAB/FB4A;FBAV/499.0.0.31.60;]"
102.212.139.70 - - [16/Sep/2025:08:55:33 -0400] "GET /wp-content/uploads/2023/10/FB_IMG_1697056870482-360x200.jpg HTTP/1.1" 200 11022 "https://day-new.com/?p=1120&fbclid=IwY2xjawM2PZNleHRuA2FlbQIxMQABHtGNpG4hwKctBR4Xa0foG31VCe17qeowbKja5hi1fm11c8jumjrRnNlwfDX__aem_psgnnqUkPdpRB8gh_q6P1w" "Mozilla/5.0 (Linux; Android 14; SM-A155F Build/UP1A.231005.007; wv) AppleWebKit/537.36 (KHTML, like Gecko) Version/4.0 Chrome/133.0.6943.46 Mobile Safari/537.36 [FB_IAB/FB4A;FBAV/499.0.0.31.60;]"
102.212.139.70 - - [16/Sep/2025:08:55:33 -0400] "GET /wp-content/uploads/2023/09/8TYPHUBvPvnYqdPLGzkoERChUow-360x200.webp HTTP/1.1" 200 7398 "https://day-new.com/?p=1120&fbclid=IwY2xjawM2PZNleHRuA2FlbQIxMQABHtGNpG4hwKctBR4Xa0foG31VCe17qeowbKja5hi1fm11c8jumjrRnNlwfDX__aem_psgnnqUkPdpRB8gh_q6P1w" "Mozilla/5.0 (Linux; Android 14; SM-A155F Build/UP1A.231005.007; wv) AppleWebKit/537.36 (KHTML, like Gecko) Version/4.0 Chrome/133.0.6943.46 Mobile Safari/537.36 [FB_IAB/FB4A;FBAV/499.0.0.31.60;]"
102.212.139.70 - - [16/Sep/2025:08:55:33 -0400] "GET /wp-content/uploads/2023/08/maxresdefault-56-27-01-360x200.jpeg HTTP/1.1" 200 19685 "https://day-new.com/?p=1120&fbclid=IwY2xjawM2PZNleHRuA2FlbQIxMQABHtGNpG4hwKctBR4Xa0foG31VCe17qeowbKja5hi1fm11c8jumjrRnNlwfDX__aem_psgnnqUkPdpRB8gh_q6P1w" "Mozilla/5.0 (Linux; Android 14; SM-A155F Build/UP1A.231005.007; wv) AppleWebKit/537.36 (KHTML, like Gecko) Version/4.0 Chrome/133.0.6943.46 Mobile Safari/537.36 [FB_IAB/FB4A;FBAV/499.0.0.31.60;]"
102.212.139.70 - - [16/Sep/2025:08:55:33 -0400] "GET /wp-content/uploads/2023/04/Screenshot_%D9%A2%D9%A0%D9%A2%D9%A3%D9%A0%D9%A4%D9%A2%D9%A9-%D9%A0%D9%A3%D9%A1%D9%A0%D9%A2%D9%A0_Instagram-360x200.jpg HTTP/1.1" 200 10542 "https://day-new.com/?p=1120&fbclid=IwY2xjawM2PZNleHRuA2FlbQIxMQABHtGNpG4hwKctBR4Xa0foG31VCe17qeowbKja5hi1fm11c8jumjrRnNlwfDX__aem_psgnnqUkPdpRB8gh_q6P1w" "Mozilla/5.0 (Linux; Android 14; SM-A155F Build/UP1A.231005.007; wv) AppleWebKit/537.36 (KHTML, like Gecko) Version/4.0 Chrome/133.0.6943.46 Mobile Safari/537.36 [FB_IAB/FB4A;FBAV/499.0.0.31.60;]"
102.212.139.70 - - [16/Sep/2025:08:55:33 -0400] "GET /wp-content/uploads/2023/01/IMG_4808535701-360x200.jpg HTTP/1.1" 200 19888 "https://day-new.com/?p=1120&fbclid=IwY2xjawM2PZNleHRuA2FlbQIxMQABHtGNpG4hwKctBR4Xa0foG31VCe17qeowbKja5hi1fm11c8jumjrRnNlwfDX__aem_psgnnqUkPdpRB8gh_q6P1w" "Mozilla/5.0 (Linux; Android 14; SM-A155F Build/UP1A.231005.007; wv) AppleWebKit/537.36 (KHTML, like Gecko) Version/4.0 Chrome/133.0.6943.46 Mobile Safari/537.36 [FB_IAB/FB4A;FBAV/499.0.0.31.60;]"
102.212.139.70 - - [16/Sep/2025:08:55:33 -0400] "GET /wp-content/uploads/2023/08/Screenshot_%D9%A2%D9%A0%D9%A2%D9%A3%D9%A0%D9%A8%D9%A0%D9%A5-%D9%A1%D9%A4%D9%A4%D9%A4%D9%A3%D9%A5_Gallery-360x200.jpg HTTP/1.1" 200 14544 "https://day-new.com/?p=1120&fbclid=IwY2xjawM2PZNleHRuA2FlbQIxMQABHtGNpG4hwKctBR4Xa0foG31VCe17qeowbKja5hi1fm11c8jumjrRnNlwfDX__aem_psgnnqUkPdpRB8gh_q6P1w" "Mozilla/5.0 (Linux; Android 14; SM-A155F Build/UP1A.231005.007; wv) AppleWebKit/537.36 (KHTML, like Gecko) Version/4.0 Chrome/133.0.6943.46 Mobile Safari/537.36 [FB_IAB/FB4A;FBAV/499.0.0.31.60;]"
102.212.139.70 - - [16/Sep/2025:08:55:33 -0400] "GET /wp-content/uploads/2023/06/59474_remastered-360x200.jpg HTTP/1.1" 200 14723 "https://day-new.com/?p=1120&fbclid=IwY2xjawM2PZNleHRuA2FlbQIxMQABHtGNpG4hwKctBR4Xa0foG31VCe17qeowbKja5hi1fm11c8jumjrRnNlwfDX__aem_psgnnqUkPdpRB8gh_q6P1w" "Mozilla/5.0 (Linux; Android 14; SM-A155F Build/UP1A.231005.007; wv) AppleWebKit/537.36 (KHTML, like Gecko) Version/4.0 Chrome/133.0.6943.46 Mobile Safari/537.36 [FB_IAB/FB4A;FBAV/499.0.0.31.60;]"
102.212.139.70 - - [16/Sep/2025:08:55:34 -0400] "GET /wp-includes/js/wp-emoji-release.min.js?ver=6.8.2 HTTP/1.1" 200 4769 "https://day-new.com/?p=1120&fbclid=IwY2xjawM2PZNleHRuA2FlbQIxMQABHtGNpG4hwKctBR4Xa0foG31VCe17qeowbKja5hi1fm11c8jumjrRnNlwfDX__aem_psgnnqUkPdpRB8gh_q6P1w" "Mozilla/5.0 (Linux; Android 14; SM-A155F Build/UP1A.231005.007; wv) AppleWebKit/537.36 (KHTML, like Gecko) Version/4.0 Chrome/133.0.6943.46 Mobile Safari/537.36 [FB_IAB/FB4A;FBAV/499.0.0.31.60;]"
143.14.109.173 - - [16/Sep/2025:08:55:35 -0400] "GET /?s= HTTP/1.1" 500 1112 "https://day-new.com/" "Mozilla/5.0 (Macintosh; Intel Mac OS X 12_5) AppleWebKit/537.36 (KHTML, like Gecko) Chrome/114.0.0.0 Safari/537.36 Vivaldi/5.3.2679.68"
102.212.139.70 - - [16/Sep/2025:08:55:37 -0400] "GET /favicon.ico HTTP/1.1" 404 1251 "https://day-new.com/?p=1120&fbclid=IwY2xjawM2PZNleHRuA2FlbQIxMQABHtGNpG4hwKctBR4Xa0foG31VCe17qeowbKja5hi1fm11c8jumjrRnNlwfDX__aem_psgnnqUkPdpRB8gh_q6P1w" "Mozilla/5.0 (Linux; Android 14; SM-A155F Build/UP1A.231005.007; wv) AppleWebKit/537.36 (KHTML, like Gecko) Version/4.0 Chrome/133.0.6943.46 Mobile Safari/537.36 [FB_IAB/FB4A;FBAV/499.0.0.31.60;]"
143.14.109.173 - - [16/Sep/2025:08:55:42 -0400] "GET /?p=1025 HTTP/1.1" 200 13304 "https://day-new.com/" "Mozilla/5.0 (Macintosh; Intel Mac OS X 12_5) AppleWebKit/537.36 (KHTML, like Gecko) Chrome/114.0.0.0 Safari/537.36 Vivaldi/5.3.2679.68"
102.212.139.70 - - [16/Sep/2025:08:55:44 -0400] "GET /?cat=11 HTTP/1.1" 200 9222 "https://day-new.com/?p=1120&fbclid=IwY2xjawM2PZNleHRuA2FlbQIxMQABHtGNpG4hwKctBR4Xa0foG31VCe17qeowbKja5hi1fm11c8jumjrRnNlwfDX__aem_psgnnqUkPdpRB8gh_q6P1w" "Mozilla/5.0 (Linux; Android 14; SM-A155F Build/UP1A.231005.007; wv) AppleWebKit/537.36 (KHTML, like Gecko) Version/4.0 Chrome/133.0.6943.46 Mobile Safari/537.36 [FB_IAB/FB4A;FBAV/499.0.0.31.60;]"
102.212.139.70 - - [16/Sep/2025:08:55:44 -0400] "GET /wp-content/uploads/2023/01/b978a94ed3237670537fd06d6f07bff9-360x200.jpg HTTP/1.1" 200 5274 "https://day-new.com/?cat=11" "Mozilla/5.0 (Linux; Android 14; SM-A155F Build/UP1A.231005.007; wv) AppleWebKit/537.36 (KHTML, like Gecko) Version/4.0 Chrome/133.0.6943.46 Mobile Safari/537.36 [FB_IAB/FB4A;FBAV/499.0.0.31.60;]"
102.212.139.70 - - [16/Sep/2025:08:55:44 -0400] "GET /wp-content/uploads/2022/03/FB_IMG_1647115207559-360x200.jpg HTTP/1.1" 200 15680 "https://day-new.com/?cat=11" "Mozilla/5.0 (Linux; Android 14; SM-A155F Build/UP1A.231005.007; wv) AppleWebKit/537.36 (KHTML, like Gecko) Version/4.0 Chrome/133.0.6943.46 Mobile Safari/537.36 [FB_IAB/FB4A;FBAV/499.0.0.31.60;]"
102.212.139.70 - - [16/Sep/2025:08:55:44 -0400] "GET /wp-content/uploads/2022/03/FB_IMG_1647103623274-360x200.jpg HTTP/1.1" 200 15742 "https://day-new.com/?cat=11" "Mozilla/5.0 (Linux; Android 14; SM-A155F Build/UP1A.231005.007; wv) AppleWebKit/537.36 (KHTML, like Gecko) Version/4.0 Chrome/133.0.6943.46 Mobile Safari/537.36 [FB_IAB/FB4A;FBAV/499.0.0.31.60;]"
102.212.139.70 - - [16/Sep/2025:08:55:44 -0400] "GET /wp-content/uploads/2022/03/Screenshot_%D9%A2%D9%A0%D9%A2%D9%A2%D9%A0%D9%A3%D9%A0%D9%A8-%D9%A2%D9%A3%D9%A5%D9%A9%D9%A3%D9%A7_Facebook-360x200.jpg HTTP/1.1" 200 16648 "https://day-new.com/?cat=11" "Mozilla/5.0 (Linux; Android 14; SM-A155F Build/UP1A.231005.007; wv) AppleWebKit/537.36 (KHTML, like Gecko) Version/4.0 Chrome/133.0.6943.46 Mobile Safari/537.36 [FB_IAB/FB4A;FBAV/499.0.0.31.60;]"
102.212.139.70 - - [16/Sep/2025:08:55:44 -0400] "GET /wp-content/uploads/2022/03/DrfGMSZk_400x400-321x200.jpg HTTP/1.1" 200 14453 "https://day-new.com/?cat=11" "Mozilla/5.0 (Linux; Android 14; SM-A155F Build/UP1A.231005.007; wv) AppleWebKit/537.36 (KHTML, like Gecko) Version/4.0 Chrome/133.0.6943.46 Mobile Safari/537.36 [FB_IAB/FB4A;FBAV/499.0.0.31.60;]"
102.212.139.70 - - [16/Sep/2025:08:55:44 -0400] "GET /wp-content/uploads/2023/11/FB_IMG_1741214396310.jpg HTTP/1.1" 200 28444 "fbapp://350685531728/unknown" "[FBAN/FB4A;FBAV/499.0.0.31.60;FBBV/694011402;FBDM/{density=2.8125,width=1080,height=2125};FBLC/ar_AR;FBRV/697135881;FBCR/Libyana;FBMF/samsung;FBBD/samsung;FBPN/com.facebook.katana;FBDV/SM-A155F;FBSV/14;FBOP/1;FBCA/arm64-v8a:;]"
102.212.139.70 - - [16/Sep/2025:08:55:44 -0400] "GET /wp-content/themes/newsplus/assets/img/logo.png HTTP/1.1" 200 43754 "fbapp://350685531728/unknown" "[FBAN/FB4A;FBAV/499.0.0.31.60;FBBV/694011402;FBDM/{density=2.8125,width=1080,height=2125};FBLC/ar_AR;FBRV/697135881;FBCR/Libyana;FBMF/samsung;FBBD/samsung;FBPN/com.facebook.katana;FBDV/SM-A155F;FBSV/14;FBOP/1;FBCA/arm64-v8a:;]"
102.212.139.70 - - [16/Sep/2025:08:55:44 -0400] "GET /wp-content/uploads/2024/07/%D9%A2%D9%A0%D9%A2%D9%A4%D9%A0%D9%A7%D9%A0%D9%A5_%D9%A2%D9%A1%D9%A1%D9%A2%D9%A4%D9%A7-360x200.jpg HTTP/1.1" 200 18487 "fbapp://350685531728/unknown" "[FBAN/FB4A;FBAV/499.0.0.31.60;FBBV/694011402;FBDM/{density=2.8125,width=1080,height=2125};FBLC/ar_AR;FBRV/697135881;FBCR/Libyana;FBMF/samsung;FBBD/samsung;FBPN/com.facebook.katana;FBDV/SM-A155F;FBSV/14;FBOP/1;FBCA/arm64-v8a:;]"
102.212.139.70 - - [16/Sep/2025:08:55:44 -0400] "GET /favicon.ico HTTP/1.1" 404 1251 "fbapp://350685531728/unknown" "[FBAN/FB4A;FBAV/499.0.0.31.60;FBBV/694011402;FBDM/{density=2.8125,width=1080,height=2125};FBLC/ar_AR;FBRV/697135881;FBCR/Libyana;FBMF/samsung;FBBD/samsung;FBPN/com.facebook.katana;FBDV/SM-A155F;FBSV/14;FBOP/1;FBCA/arm64-v8a:;]"
102.212.139.70 - - [16/Sep/2025:08:55:44 -0400] "GET /wp-content/uploads/2023/06/59474_remastered-360x200.jpg HTTP/1.1" 200 14723 "fbapp://350685531728/unknown" "[FBAN/FB4A;FBAV/499.0.0.31.60;FBBV/694011402;FBDM/{density=2.8125,width=1080,height=2125};FBLC/ar_AR;FBRV/697135881;FBCR/Libyana;FBMF/samsung;FBBD/samsung;FBPN/com.facebook.katana;FBDV/SM-A155F;FBSV/14;FBOP/1;FBCA/arm64-v8a:;]"
102.212.139.70 - - [16/Sep/2025:08:55:44 -0400] "GET /wp-content/uploads/2023/11/FB_IMG_1741214396310-360x200.jpg HTTP/1.1" 200 19209 "fbapp://350685531728/unknown" "[FBAN/FB4A;FBAV/499.0.0.31.60;FBBV/694011402;FBDM/{density=2.8125,width=1080,height=2125};FBLC/ar_AR;FBRV/697135881;FBCR/Libyana;FBMF/samsung;FBBD/samsung;FBPN/com.facebook.katana;FBDV/SM-A155F;FBSV/14;FBOP/1;FBCA/arm64-v8a:;]"
143.14.109.173 - - [16/Sep/2025:08:55:49 -0400] "GET /index.php?rest_route=/ HTTP/1.1" 200 361283 "https://day-new.com/" "Mozilla/5.0 (Macintosh; Intel Mac OS X 12_5) AppleWebKit/537.36 (KHTML, like Gecko) Chrome/114.0.0.0 Safari/537.36 Vivaldi/5.3.2679.68"
102.212.139.70 - - [16/Sep/2025:08:55:54 -0400] "GET /?cat=3 HTTP/1.1" 200 9434 "https://day-new.com/?p=1120&fbclid=IwY2xjawM2PZNleHRuA2FlbQIxMQABHtGNpG4hwKctBR4Xa0foG31VCe17qeowbKja5hi1fm11c8jumjrRnNlwfDX__aem_psgnnqUkPdpRB8gh_q6P1w" "Mozilla/5.0 (Linux; Android 14; SM-A155F Build/UP1A.231005.007; wv) AppleWebKit/537.36 (KHTML, like Gecko) Version/4.0 Chrome/133.0.6943.46 Mobile Safari/537.36 [FB_IAB/FB4A;FBAV/499.0.0.31.60;]"
102.212.139.70 - - [16/Sep/2025:08:55:54 -0400] "GET /wp-content/uploads/2022/02/E4o025nX0AEvV8x-360x200.jpg HTTP/1.1" 200 12452 "https://day-new.com/?cat=3" "Mozilla/5.0 (Linux; Android 14; SM-A155F Build/UP1A.231005.007; wv) AppleWebKit/537.36 (KHTML, like Gecko) Version/4.0 Chrome/133.0.6943.46 Mobile Safari/537.36 [FB_IAB/FB4A;FBAV/499.0.0.31.60;]"
102.212.139.70 - - [16/Sep/2025:08:55:54 -0400] "GET /wp-content/uploads/2022/03/express-360x200.png HTTP/1.1" 200 91576 "https://day-new.com/?cat=3" "Mozilla/5.0 (Linux; Android 14; SM-A155F Build/UP1A.231005.007; wv) AppleWebKit/537.36 (KHTML, like Gecko) Version/4.0 Chrome/133.0.6943.46 Mobile Safari/537.36 [FB_IAB/FB4A;FBAV/499.0.0.31.60;]"
102.212.139.70 - - [16/Sep/2025:08:55:54 -0400] "GET /wp-content/uploads/2022/01/4752cfeb4a-360x200.jpg HTTP/1.1" 200 11562 "https://day-new.com/?cat=3" "Mozilla/5.0 (Linux; Android 14; SM-A155F Build/UP1A.231005.007; wv) AppleWebKit/537.36 (KHTML, like Gecko) Version/4.0 Chrome/133.0.6943.46 Mobile Safari/537.36 [FB_IAB/FB4A;FBAV/499.0.0.31.60;]"
102.212.139.70 - - [16/Sep/2025:08:55:54 -0400] "GET /wp-content/uploads/2022/01/large_19h7eNo3JXxeWqTY-360x200.jpg HTTP/1.1" 200 15010 "https://day-new.com/?cat=3" "Mozilla/5.0 (Linux; Android 14; SM-A155F Build/UP1A.231005.007; wv) AppleWebKit/537.36 (KHTML, like Gecko) Version/4.0 Chrome/133.0.6943.46 Mobile Safari/537.36 [FB_IAB/FB4A;FBAV/499.0.0.31.60;]"
102.212.139.70 - - [16/Sep/2025:08:55:54 -0400] "GET /wp-content/uploads/2021/12/%D9%A2%D9%A0%D9%A2%D9%A1%D9%A1%D9%A2%D9%A1%D9%A9_%D9%A2%D9%A3%D9%A4%D9%A7%D9%A2%D9%A4-360x200.jpg HTTP/1.1" 200 16698 "https://day-new.com/?cat=3" "Mozilla/5.0 (Linux; Android 14; SM-A155F Build/UP1A.231005.007; wv) AppleWebKit/537.36 (KHTML, like Gecko) Version/4.0 Chrome/133.0.6943.46 Mobile Safari/537.36 [FB_IAB/FB4A;FBAV/499.0.0.31.60;]"
102.212.139.70 - - [16/Sep/2025:08:55:54 -0400] "GET /wp-content/uploads/2021/11/FB_IMG_1637945970671-360x200.jpg HTTP/1.1" 200 12902 "https://day-new.com/?cat=3" "Mozilla/5.0 (Linux; Android 14; SM-A155F Build/UP1A.231005.007; wv) AppleWebKit/537.36 (KHTML, like Gecko) Version/4.0 Chrome/133.0.6943.46 Mobile Safari/537.36 [FB_IAB/FB4A;FBAV/499.0.0.31.60;]"
102.212.139.70 - - [16/Sep/2025:08:55:54 -0400] "GET /wp-content/uploads/2021/11/062c993d-aef1-4e67-8f22-3c16e417705d-360x200.jpeg HTTP/1.1" 200 13438 "https://day-new.com/?cat=3" "Mozilla/5.0 (Linux; Android 14; SM-A155F Build/UP1A.231005.007; wv) AppleWebKit/537.36 (KHTML, like Gecko) Version/4.0 Chrome/133.0.6943.46 Mobile Safari/537.36 [FB_IAB/FB4A;FBAV/499.0.0.31.60;]"
102.212.139.70 - - [16/Sep/2025:08:55:54 -0400] "GET /wp-content/uploads/2021/11/%D9%A2%D9%A0%D9%A2%D9%A1%D9%A1%D9%A1%D9%A1%D9%A2_%D9%A1%D9%A4%D9%A5%D9%A8%D9%A3%D9%A9-360x200.jpg HTTP/1.1" 200 13055 "https://day-new.com/?cat=3" "Mozilla/5.0 (Linux; Android 14; SM-A155F Build/UP1A.231005.007; wv) AppleWebKit/537.36 (KHTML, like Gecko) Version/4.0 Chrome/133.0.6943.46 Mobile Safari/537.36 [FB_IAB/FB4A;FBAV/499.0.0.31.60;]"
102.212.139.70 - - [16/Sep/2025:08:55:54 -0400] "GET /wp-content/uploads/2021/11/1200x628-5e788b3b17eb15e788b3b17eb2-360x200.jpg HTTP/1.1" 200 21682 "https://day-new.com/?cat=3" "Mozilla/5.0 (Linux; Android 14; SM-A155F Build/UP1A.231005.007; wv) AppleWebKit/537.36 (KHTML, like Gecko) Version/4.0 Chrome/133.0.6943.46 Mobile Safari/537.36 [FB_IAB/FB4A;FBAV/499.0.0.31.60;]"
102.212.139.70 - - [16/Sep/2025:08:56:01 -0400] "GET /?p=1120 HTTP/1.1" 200 13247 "https://day-new.com/?cat=3" "Mozilla/5.0 (Linux; Android 14; SM-A155F Build/UP1A.231005.007; wv) AppleWebKit/537.36 (KHTML, like Gecko) Version/4.0 Chrome/133.0.6943.46 Mobile Safari/537.36 [FB_IAB/FB4A;FBAV/499.0.0.31.60;]"
143.14.109.173 - - [16/Sep/2025:08:56:07 -0400] "GET /?p=980 HTTP/1.1" 200 13466 "https://day-new.com/" "Mozilla/5.0 (Macintosh; Intel Mac OS X 12_5) AppleWebKit/537.36 (KHTML, like Gecko) Chrome/114.0.0.0 Safari/537.36 Vivaldi/5.3.2679.68"
102.212.139.70 - - [16/Sep/2025:08:56:09 -0400] "GET /?p=1135 HTTP/1.1" 200 12838 "https://day-new.com/?p=1120" "Mozilla/5.0 (Linux; Android 14; SM-A155F Build/UP1A.231005.007; wv) AppleWebKit/537.36 (KHTML, like Gecko) Version/4.0 Chrome/133.0.6943.46 Mobile Safari/537.36 [FB_IAB/FB4A;FBAV/499.0.0.31.60;]"
102.212.139.70 - - [16/Sep/2025:08:56:09 -0400] "GET /wp-content/uploads/2024/07/%D8%A7%D9%86%D8%AA%D8%AF%D8%A7%D8%A8-1.jpg HTTP/1.1" 200 22035 "https://day-new.com/?p=1135" "Mozilla/5.0 (Linux; Android 14; SM-A155F Build/UP1A.231005.007; wv) AppleWebKit/537.36 (KHTML, like Gecko) Version/4.0 Chrome/133.0.6943.46 Mobile Safari/537.36 [FB_IAB/FB4A;FBAV/499.0.0.31.60;]"
197.252.1.75 - - [16/Sep/2025:08:56:11 -0400] "GET /?cat=11&paged=2 HTTP/1.1" 200 8471 "https://day-new.com/?cat=11" "Mozilla/5.0 (Linux; Android 8.0.0; LDN-L21) AppleWebKit/537.36 (KHTML, like Gecko) Chrome/70.0.3538.110 Mobile Safari/537.36"
197.252.1.75 - - [16/Sep/2025:08:56:11 -0400] "GET /wp-content/uploads/2021/12/%D9%A2%D9%A0%D9%A2%D9%A1%D9%A1%D9%A2%D9%A2%D9%A3_%D9%A2%D9%A3%D9%A3%D9%A8%D9%A4%D9%A8-360x200.jpg HTTP/1.1" 200 13240 "https://day-new.com/?cat=11" "Mozilla/5.0 (Linux; Android 8.0.0; LDN-L21) AppleWebKit/537.36 (KHTML, like Gecko) Chrome/70.0.3538.110 Mobile Safari/537.36"
197.252.1.75 - - [16/Sep/2025:08:56:11 -0400] "GET /wp-content/uploads/2022/01/%D9%88%D8%B8%D8%A7%D8%A6%D9%81-%D8%AE%D8%A7%D9%84%D9%8A%D8%A9-1624307510-0-360x200.jpg HTTP/1.1" 200 0 "https://day-new.com/?cat=11" "Mozilla/5.0 (Linux; Android 8.0.0; LDN-L21) AppleWebKit/537.36 (KHTML, like Gecko) Chrome/70.0.3538.110 Mobile Safari/537.36"
197.252.1.75 - - [16/Sep/2025:08:56:11 -0400] "GET /wp-content/uploads/2022/01/4752cfeb4a-360x200.jpg HTTP/1.1" 200 11562 "https://day-new.com/?cat=11" "Mozilla/5.0 (Linux; Android 8.0.0; LDN-L21) AppleWebKit/537.36 (KHTML, like Gecko) Chrome/70.0.3538.110 Mobile Safari/537.36"
143.14.109.173 - - [16/Sep/2025:08:56:16 -0400] "GET /wp-content/uploads/2021/07/ HTTP/1.1" 403 1242 "https://day-new.com/" "Mozilla/5.0 (Macintosh; Intel Mac OS X 12_5) AppleWebKit/537.36 (KHTML, like Gecko) Chrome/114.0.0.0 Safari/537.36 Vivaldi/5.3.2679.68"
102.212.139.70 - - [16/Sep/2025:08:56:19 -0400] "GET /?p=1120&fbclid=IwY2xjawM2PZNleHRuA2FlbQIxMQABHtGNpG4hwKctBR4Xa0foG31VCe17qeowbKja5hi1fm11c8jumjrRnNlwfDX__aem_psgnnqUkPdpRB8gh_q6P1w HTTP/1.1" 200 13273 "https://day-new.com/" "Mozilla/5.0 (Linux; Android 14; SM-A155F Build/UP1A.231005.007; wv) AppleWebKit/537.36 (KHTML, like Gecko) Version/4.0 Chrome/133.0.6943.46 Mobile Safari/537.36 [FB_IAB/FB4A;FBAV/499.0.0.31.60;] FBNV/5"
