134.35.252.127 - - [16/Sep/2025:09:57:20 -0400] "GET /wp-includes/js/jquery/jquery.min.js?ver=3.7.1 HTTP/1.1" 200 29744 "https://day-new.com/?p=1076&fbclid=IwY2xjawM2TAVleHRuA2FlbQIxMQABHjlS0KmXg8aHFnQkqJF42r4TdjkngnM6HMBSKA7gMIfRX2RCwyLCM5BOGNHj_aem_93Ia1wYEz7AL7_3bEK99xw" "Mozilla/5.0 (Linux; Android 11; SM-N975U Build/RP1A.200720.012; wv) AppleWebKit/537.36 (KHTML, like Gecko) Version/4.0 Chrome/139.0.7258.90 Mobile Safari/537.36 [FB_IAB/FB4A;FBAV/526.1.0.66.75;IABMV/1;] FBNV/5"
134.35.252.127 - - [16/Sep/2025:09:57:20 -0400] "GET /wp-includes/js/jquery/jquery-migrate.min.js?ver=3.4.1 HTTP/1.1" 200 4678 "https://day-new.com/?p=1076&fbclid=IwY2xjawM2TAVleHRuA2FlbQIxMQABHjlS0KmXg8aHFnQkqJF42r4TdjkngnM6HMBSKA7gMIfRX2RCwyLCM5BOGNHj_aem_93Ia1wYEz7AL7_3bEK99xw" "Mozilla/5.0 (Linux; Android 11; SM-N975U Build/RP1A.200720.012; wv) AppleWebKit/537.36 (KHTML, like Gecko) Version/4.0 Chrome/139.0.7258.90 Mobile Safari/537.36 [FB_IAB/FB4A;FBAV/526.1.0.66.75;IABMV/1;] FBNV/5"
104.28.154.109 - - [16/Sep/2025:09:57:20 -0400] "GET /?p=1076&fbclid=IwY2xjawM2TAxleHRuA2FlbQIxMQABHnD2ohWUuYOoYM4rbvM8wbNFKlFTeB1IbbPMrvaLeGgGauHgcxGvnn0eeJyU_aem_9htb9uvGanmLixlWijqU1A HTTP/1.1" 200 13462 "https://lm.facebook.com/" "Mozilla/5.0 (Linux; Android 12; M2003J15SC Build/SP1A.210812.016; wv) AppleWebKit/537.36 (KHTML, like Gecko) Version/4.0 Chrome/139.0.7258.90 Mobile Safari/537.36 [FB_IAB/FB4A;FBAV/526.1.0.66.75;IABMV/1;]"
134.35.252.127 - - [16/Sep/2025:09:57:20 -0400] "GET /wp-content/uploads/2023/09/8TYPHUBvPvnYqdPLGzkoERChUow.webp HTTP/1.1" 200 14162 "https://day-new.com/?p=1076&fbclid=IwY2xjawM2TAVleHRuA2FlbQIxMQABHjlS0KmXg8aHFnQkqJF42r4TdjkngnM6HMBSKA7gMIfRX2RCwyLCM5BOGNHj_aem_93Ia1wYEz7AL7_3bEK99xw" "Mozilla/5.0 (Linux; Android 11; SM-N975U Build/RP1A.200720.012; wv) AppleWebKit/537.36 (KHTML, like Gecko) Version/4.0 Chrome/139.0.7258.90 Mobile Safari/537.36 [FB_IAB/FB4A;FBAV/526.1.0.66.75;IABMV/1;] FBNV/5"
134.35.252.127 - - [16/Sep/2025:09:57:21 -0400] "GET /wp-content/themes/newsplus/assets/img/logo.png HTTP/1.1" 200 43754 "https://day-new.com/?p=1076&fbclid=IwY2xjawM2TAVleHRuA2FlbQIxMQABHjlS0KmXg8aHFnQkqJF42r4TdjkngnM6HMBSKA7gMIfRX2RCwyLCM5BOGNHj_aem_93Ia1wYEz7AL7_3bEK99xw" "Mozilla/5.0 (Linux; Android 11; SM-N975U Build/RP1A.200720.012; wv) AppleWebKit/537.36 (KHTML, like Gecko) Version/4.0 Chrome/139.0.7258.90 Mobile Safari/537.36 [FB_IAB/FB4A;FBAV/526.1.0.66.75;IABMV/1;] FBNV/5"
134.35.252.127 - - [16/Sep/2025:09:57:21 -0400] "GET /wp-content/plugins/contact-form-7/includes/swv/js/index.js?ver=5.8 HTTP/1.1" 200 3061 "https://day-new.com/?p=1076&fbclid=IwY2xjawM2TAVleHRuA2FlbQIxMQABHjlS0KmXg8aHFnQkqJF42r4TdjkngnM6HMBSKA7gMIfRX2RCwyLCM5BOGNHj_aem_93Ia1wYEz7AL7_3bEK99xw" "Mozilla/5.0 (Linux; Android 11; SM-N975U Build/RP1A.200720.012; wv) AppleWebKit/537.36 (KHTML, like Gecko) Version/4.0 Chrome/139.0.7258.90 Mobile Safari/537.36 [FB_IAB/FB4A;FBAV/526.1.0.66.75;IABMV/1;] FBNV/5"
104.28.154.109 - - [16/Sep/2025:09:57:21 -0400] "GET /wp-includes/css/dist/block-library/style-rtl.min.css?ver=6.8.2 HTTP/1.1" 200 14312 "https://day-new.com/?p=1076&fbclid=IwY2xjawM2TAxleHRuA2FlbQIxMQABHnD2ohWUuYOoYM4rbvM8wbNFKlFTeB1IbbPMrvaLeGgGauHgcxGvnn0eeJyU_aem_9htb9uvGanmLixlWijqU1A" "Mozilla/5.0 (Linux; Android 12; M2003J15SC Build/SP1A.210812.016; wv) AppleWebKit/537.36 (KHTML, like Gecko) Version/4.0 Chrome/139.0.7258.90 Mobile Safari/537.36 [FB_IAB/FB4A;FBAV/526.1.0.66.75;IABMV/1;]"
104.28.154.109 - - [16/Sep/2025:09:57:21 -0400] "GET /wp-content/plugins/contact-form-7/includes/css/styles.css?ver=5.8 HTTP/1.1" 200 878 "https://day-new.com/?p=1076&fbclid=IwY2xjawM2TAxleHRuA2FlbQIxMQABHnD2ohWUuYOoYM4rbvM8wbNFKlFTeB1IbbPMrvaLeGgGauHgcxGvnn0eeJyU_aem_9htb9uvGanmLixlWijqU1A" "Mozilla/5.0 (Linux; Android 12; M2003J15SC Build/SP1A.210812.016; wv) AppleWebKit/537.36 (KHTML, like Gecko) Version/4.0 Chrome/139.0.7258.90 Mobile Safari/537.36 [FB_IAB/FB4A;FBAV/526.1.0.66.75;IABMV/1;]"
104.28.154.109 - - [16/Sep/2025:09:57:21 -0400] "GET /wp-content/plugins/contact-form-7/includes/css/styles-rtl.css?ver=5.8 HTTP/1.1" 200 152 "https://day-new.com/?p=1076&fbclid=IwY2xjawM2TAxleHRuA2FlbQIxMQABHnD2ohWUuYOoYM4rbvM8wbNFKlFTeB1IbbPMrvaLeGgGauHgcxGvnn0eeJyU_aem_9htb9uvGanmLixlWijqU1A" "Mozilla/5.0 (Linux; Android 12; M2003J15SC Build/SP1A.210812.016; wv) AppleWebKit/537.36 (KHTML, like Gecko) Version/4.0 Chrome/139.0.7258.90 Mobile Safari/537.36 [FB_IAB/FB4A;FBAV/526.1.0.66.75;IABMV/1;]"
104.28.154.109 - - [16/Sep/2025:09:57:21 -0400] "GET /wp-content/themes/newsplus/assets/css/bootstrap.min.css?ver=37.00 HTTP/1.1" 200 17696 "https://day-new.com/?p=1076&fbclid=IwY2xjawM2TAxleHRuA2FlbQIxMQABHnD2ohWUuYOoYM4rbvM8wbNFKlFTeB1IbbPMrvaLeGgGauHgcxGvnn0eeJyU_aem_9htb9uvGanmLixlWijqU1A" "Mozilla/5.0 (Linux; Android 12; M2003J15SC Build/SP1A.210812.016; wv) AppleWebKit/537.36 (KHTML, like Gecko) Version/4.0 Chrome/139.0.7258.90 Mobile Safari/537.36 [FB_IAB/FB4A;FBAV/526.1.0.66.75;IABMV/1;]"
104.28.154.109 - - [16/Sep/2025:09:57:21 -0400] "GET /wp-content/themes/newsplus/assets/fonts/fonts.css?ver=37.00 HTTP/1.1" 200 335 "https://day-new.com/?p=1076&fbclid=IwY2xjawM2TAxleHRuA2FlbQIxMQABHnD2ohWUuYOoYM4rbvM8wbNFKlFTeB1IbbPMrvaLeGgGauHgcxGvnn0eeJyU_aem_9htb9uvGanmLixlWijqU1A" "Mozilla/5.0 (Linux; Android 12; M2003J15SC Build/SP1A.210812.016; wv) AppleWebKit/537.36 (KHTML, like Gecko) Version/4.0 Chrome/139.0.7258.90 Mobile Safari/537.36 [FB_IAB/FB4A;FBAV/526.1.0.66.75;IABMV/1;]"
104.28.154.109 - - [16/Sep/2025:09:57:21 -0400] "GET /wp-content/themes/newsplus/style.css?ver=37.00 HTTP/1.1" 200 7414 "https://day-new.com/?p=1076&fbclid=IwY2xjawM2TAxleHRuA2FlbQIxMQABHnD2ohWUuYOoYM4rbvM8wbNFKlFTeB1IbbPMrvaLeGgGauHgcxGvnn0eeJyU_aem_9htb9uvGanmLixlWijqU1A" "Mozilla/5.0 (Linux; Android 12; M2003J15SC Build/SP1A.210812.016; wv) AppleWebKit/537.36 (KHTML, like Gecko) Version/4.0 Chrome/139.0.7258.90 Mobile Safari/537.36 [FB_IAB/FB4A;FBAV/526.1.0.66.75;IABMV/1;]"
104.28.154.109 - - [16/Sep/2025:09:57:21 -0400] "GET /wp-includes/js/jquery/jquery.min.js?ver=3.7.1 HTTP/1.1" 200 29744 "https://day-new.com/?p=1076&fbclid=IwY2xjawM2TAxleHRuA2FlbQIxMQABHnD2ohWUuYOoYM4rbvM8wbNFKlFTeB1IbbPMrvaLeGgGauHgcxGvnn0eeJyU_aem_9htb9uvGanmLixlWijqU1A" "Mozilla/5.0 (Linux; Android 12; M2003J15SC Build/SP1A.210812.016; wv) AppleWebKit/537.36 (KHTML, like Gecko) Version/4.0 Chrome/139.0.7258.90 Mobile Safari/537.36 [FB_IAB/FB4A;FBAV/526.1.0.66.75;IABMV/1;]"
104.28.154.109 - - [16/Sep/2025:09:57:21 -0400] "GET /wp-includes/js/jquery/jquery-migrate.min.js?ver=3.4.1 HTTP/1.1" 200 4678 "https://day-new.com/?p=1076&fbclid=IwY2xjawM2TAxleHRuA2FlbQIxMQABHnD2ohWUuYOoYM4rbvM8wbNFKlFTeB1IbbPMrvaLeGgGauHgcxGvnn0eeJyU_aem_9htb9uvGanmLixlWijqU1A" "Mozilla/5.0 (Linux; Android 12; M2003J15SC Build/SP1A.210812.016; wv) AppleWebKit/537.36 (KHTML, like Gecko) Version/4.0 Chrome/139.0.7258.90 Mobile Safari/537.36 [FB_IAB/FB4A;FBAV/526.1.0.66.75;IABMV/1;]"
104.28.154.109 - - [16/Sep/2025:09:57:21 -0400] "GET /wp-content/uploads/2023/09/8TYPHUBvPvnYqdPLGzkoERChUow.webp HTTP/1.1" 200 14162 "https://day-new.com/?p=1076&fbclid=IwY2xjawM2TAxleHRuA2FlbQIxMQABHnD2ohWUuYOoYM4rbvM8wbNFKlFTeB1IbbPMrvaLeGgGauHgcxGvnn0eeJyU_aem_9htb9uvGanmLixlWijqU1A" "Mozilla/5.0 (Linux; Android 12; M2003J15SC Build/SP1A.210812.016; wv) AppleWebKit/537.36 (KHTML, like Gecko) Version/4.0 Chrome/139.0.7258.90 Mobile Safari/537.36 [FB_IAB/FB4A;FBAV/526.1.0.66.75;IABMV/1;]"
104.28.154.109 - - [16/Sep/2025:09:57:22 -0400] "GET /wp-content/themes/newsplus/assets/img/logo.png HTTP/1.1" 200 43754 "https://day-new.com/?p=1076&fbclid=IwY2xjawM2TAxleHRuA2FlbQIxMQABHnD2ohWUuYOoYM4rbvM8wbNFKlFTeB1IbbPMrvaLeGgGauHgcxGvnn0eeJyU_aem_9htb9uvGanmLixlWijqU1A" "Mozilla/5.0 (Linux; Android 12; M2003J15SC Build/SP1A.210812.016; wv) AppleWebKit/537.36 (KHTML, like Gecko) Version/4.0 Chrome/139.0.7258.90 Mobile Safari/537.36 [FB_IAB/FB4A;FBAV/526.1.0.66.75;IABMV/1;]"
104.28.154.109 - - [16/Sep/2025:09:57:22 -0400] "GET /wp-content/plugins/contact-form-7/includes/swv/js/index.js?ver=5.8 HTTP/1.1" 200 3061 "https://day-new.com/?p=1076&fbclid=IwY2xjawM2TAxleHRuA2FlbQIxMQABHnD2ohWUuYOoYM4rbvM8wbNFKlFTeB1IbbPMrvaLeGgGauHgcxGvnn0eeJyU_aem_9htb9uvGanmLixlWijqU1A" "Mozilla/5.0 (Linux; Android 12; M2003J15SC Build/SP1A.210812.016; wv) AppleWebKit/537.36 (KHTML, like Gecko) Version/4.0 Chrome/139.0.7258.90 Mobile Safari/537.36 [FB_IAB/FB4A;FBAV/526.1.0.66.75;IABMV/1;]"
104.28.154.109 - - [16/Sep/2025:09:57:23 -0400] "GET /wp-content/plugins/contact-form-7/includes/js/index.js?ver=5.8 HTTP/1.1" 200 3918 "https://day-new.com/?p=1076&fbclid=IwY2xjawM2TAxleHRuA2FlbQIxMQABHnD2ohWUuYOoYM4rbvM8wbNFKlFTeB1IbbPMrvaLeGgGauHgcxGvnn0eeJyU_aem_9htb9uvGanmLixlWijqU1A" "Mozilla/5.0 (Linux; Android 12; M2003J15SC Build/SP1A.210812.016; wv) AppleWebKit/537.36 (KHTML, like Gecko) Version/4.0 Chrome/139.0.7258.90 Mobile Safari/537.36 [FB_IAB/FB4A;FBAV/526.1.0.66.75;IABMV/1;]"
104.28.154.109 - - [16/Sep/2025:09:57:23 -0400] "GET /wp-content/themes/newsplus/assets/js/main.js?ver=37.00 HTTP/1.1" 200 1317 "https://day-new.com/?p=1076&fbclid=IwY2xjawM2TAxleHRuA2FlbQIxMQABHnD2ohWUuYOoYM4rbvM8wbNFKlFTeB1IbbPMrvaLeGgGauHgcxGvnn0eeJyU_aem_9htb9uvGanmLixlWijqU1A" "Mozilla/5.0 (Linux; Android 12; M2003J15SC Build/SP1A.210812.016; wv) AppleWebKit/537.36 (KHTML, like Gecko) Version/4.0 Chrome/139.0.7258.90 Mobile Safari/537.36 [FB_IAB/FB4A;FBAV/526.1.0.66.75;IABMV/1;]"
104.28.154.109 - - [16/Sep/2025:09:57:26 -0400] "GET /wp-includes/js/comment-reply.min.js?ver=6.8.2 HTTP/1.1" 200 1247 "https://day-new.com/?p=1076&fbclid=IwY2xjawM2TAxleHRuA2FlbQIxMQABHnD2ohWUuYOoYM4rbvM8wbNFKlFTeB1IbbPMrvaLeGgGauHgcxGvnn0eeJyU_aem_9htb9uvGanmLixlWijqU1A" "Mozilla/5.0 (Linux; Android 12; M2003J15SC Build/SP1A.210812.016; wv) AppleWebKit/537.36 (KHTML, like Gecko) Version/4.0 Chrome/139.0.7258.90 Mobile Safari/537.36 [FB_IAB/FB4A;FBAV/526.1.0.66.75;IABMV/1;]"
134.35.252.127 - - [16/Sep/2025:09:57:34 -0400] "GET /?p=1076&fbclid=IwY2xjawM2TB1leHRuA2FlbQIxMQABHjlS0KmXg8aHFnQkqJF42r4TdjkngnM6HMBSKA7gMIfRX2RCwyLCM5BOGNHj_aem_93Ia1wYEz7AL7_3bEK99xw HTTP/1.1" 200 13462 "https://lm.facebook.com/" "Mozilla/5.0 (Linux; Android 11; SM-N975U Build/RP1A.200720.012; wv) AppleWebKit/537.36 (KHTML, like Gecko) Version/4.0 Chrome/139.0.7258.90 Mobile Safari/537.36 [FB_IAB/FB4A;FBAV/526.1.0.66.75;IABMV/1;]"
134.35.252.127 - - [16/Sep/2025:09:57:35 -0400] "GET /wp-content/uploads/2023/09/8TYPHUBvPvnYqdPLGzkoERChUow.webp HTTP/1.1" 200 14162 "https://day-new.com/?p=1076&fbclid=IwY2xjawM2TB1leHRuA2FlbQIxMQABHjlS0KmXg8aHFnQkqJF42r4TdjkngnM6HMBSKA7gMIfRX2RCwyLCM5BOGNHj_aem_93Ia1wYEz7AL7_3bEK99xw" "Mozilla/5.0 (Linux; Android 11; SM-N975U Build/RP1A.200720.012; wv) AppleWebKit/537.36 (KHTML, like Gecko) Version/4.0 Chrome/139.0.7258.90 Mobile Safari/537.36 [FB_IAB/FB4A;FBAV/526.1.0.66.75;IABMV/1;]"
134.35.252.127 - - [16/Sep/2025:09:57:35 -0400] "GET /wp-content/themes/newsplus/assets/img/logo.png HTTP/1.1" 200 43754 "https://day-new.com/?p=1076&fbclid=IwY2xjawM2TB1leHRuA2FlbQIxMQABHjlS0KmXg8aHFnQkqJF42r4TdjkngnM6HMBSKA7gMIfRX2RCwyLCM5BOGNHj_aem_93Ia1wYEz7AL7_3bEK99xw" "Mozilla/5.0 (Linux; Android 11; SM-N975U Build/RP1A.200720.012; wv) AppleWebKit/537.36 (KHTML, like Gecko) Version/4.0 Chrome/139.0.7258.90 Mobile Safari/537.36 [FB_IAB/FB4A;FBAV/526.1.0.66.75;IABMV/1;]"
134.35.252.127 - - [16/Sep/2025:09:57:35 -0400] "GET /wp-content/plugins/contact-form-7/includes/swv/js/index.js?ver=5.8 HTTP/1.1" 200 3061 "https://day-new.com/?p=1076&fbclid=IwY2xjawM2TB1leHRuA2FlbQIxMQABHjlS0KmXg8aHFnQkqJF42r4TdjkngnM6HMBSKA7gMIfRX2RCwyLCM5BOGNHj_aem_93Ia1wYEz7AL7_3bEK99xw" "Mozilla/5.0 (Linux; Android 11; SM-N975U Build/RP1A.200720.012; wv) AppleWebKit/537.36 (KHTML, like Gecko) Version/4.0 Chrome/139.0.7258.90 Mobile Safari/537.36 [FB_IAB/FB4A;FBAV/526.1.0.66.75;IABMV/1;]"
134.35.252.127 - - [16/Sep/2025:09:57:35 -0400] "GET /wp-content/plugins/contact-form-7/includes/js/index.js?ver=5.8 HTTP/1.1" 200 3918 "https://day-new.com/?p=1076&fbclid=IwY2xjawM2TB1leHRuA2FlbQIxMQABHjlS0KmXg8aHFnQkqJF42r4TdjkngnM6HMBSKA7gMIfRX2RCwyLCM5BOGNHj_aem_93Ia1wYEz7AL7_3bEK99xw" "Mozilla/5.0 (Linux; Android 11; SM-N975U Build/RP1A.200720.012; wv) AppleWebKit/537.36 (KHTML, like Gecko) Version/4.0 Chrome/139.0.7258.90 Mobile Safari/537.36 [FB_IAB/FB4A;FBAV/526.1.0.66.75;IABMV/1;]"
134.35.252.127 - - [16/Sep/2025:09:57:35 -0400] "GET /wp-content/themes/newsplus/assets/js/main.js?ver=37.00 HTTP/1.1" 200 1317 "https://day-new.com/?p=1076&fbclid=IwY2xjawM2TB1leHRuA2FlbQIxMQABHjlS0KmXg8aHFnQkqJF42r4TdjkngnM6HMBSKA7gMIfRX2RCwyLCM5BOGNHj_aem_93Ia1wYEz7AL7_3bEK99xw" "Mozilla/5.0 (Linux; Android 11; SM-N975U Build/RP1A.200720.012; wv) AppleWebKit/537.36 (KHTML, like Gecko) Version/4.0 Chrome/139.0.7258.90 Mobile Safari/537.36 [FB_IAB/FB4A;FBAV/526.1.0.66.75;IABMV/1;]"
134.35.252.127 - - [16/Sep/2025:09:57:35 -0400] "GET /wp-content/uploads/2023/09/8TYPHUBvPvnYqdPLGzkoERChUow-360x200.webp HTTP/1.1" 200 7398 "https://day-new.com/?p=1076&fbclid=IwY2xjawM2TB1leHRuA2FlbQIxMQABHjlS0KmXg8aHFnQkqJF42r4TdjkngnM6HMBSKA7gMIfRX2RCwyLCM5BOGNHj_aem_93Ia1wYEz7AL7_3bEK99xw" "Mozilla/5.0 (Linux; Android 11; SM-N975U Build/RP1A.200720.012; wv) AppleWebKit/537.36 (KHTML, like Gecko) Version/4.0 Chrome/139.0.7258.90 Mobile Safari/537.36 [FB_IAB/FB4A;FBAV/526.1.0.66.75;IABMV/1;]"
104.28.154.109 - - [16/Sep/2025:09:57:38 -0400] "GET /?p=1076&fbclid=IwY2xjawM2TAxleHRuA2FlbQIxMQABHnD2ohWUuYOoYM4rbvM8wbNFKlFTeB1IbbPMrvaLeGgGauHgcxGvnn0eeJyU_aem_9htb9uvGanmLixlWijqU1A HTTP/1.1" 200 13462 "https://lm.facebook.com/" "Mozilla/5.0 (Linux; Android 12; M2003J15SC Build/SP1A.210812.016; wv) AppleWebKit/537.36 (KHTML, like Gecko) Version/4.0 Chrome/139.0.7258.90 Mobile Safari/537.36 [FB_IAB/FB4A;FBAV/526.1.0.66.75;IABMV/1;] FBNV/5"
104.28.154.109 - - [16/Sep/2025:09:57:38 -0400] "GET /wp-includes/css/dist/block-library/style-rtl.min.css?ver=6.8.2 HTTP/1.1" 200 14312 "https://day-new.com/?p=1076&fbclid=IwY2xjawM2TAxleHRuA2FlbQIxMQABHnD2ohWUuYOoYM4rbvM8wbNFKlFTeB1IbbPMrvaLeGgGauHgcxGvnn0eeJyU_aem_9htb9uvGanmLixlWijqU1A" "Mozilla/5.0 (Linux; Android 12; M2003J15SC Build/SP1A.210812.016; wv) AppleWebKit/537.36 (KHTML, like Gecko) Version/4.0 Chrome/139.0.7258.90 Mobile Safari/537.36 [FB_IAB/FB4A;FBAV/526.1.0.66.75;IABMV/1;] FBNV/5"
104.28.154.109 - - [16/Sep/2025:09:57:38 -0400] "GET /wp-content/plugins/contact-form-7/includes/css/styles.css?ver=5.8 HTTP/1.1" 200 878 "https://day-new.com/?p=1076&fbclid=IwY2xjawM2TAxleHRuA2FlbQIxMQABHnD2ohWUuYOoYM4rbvM8wbNFKlFTeB1IbbPMrvaLeGgGauHgcxGvnn0eeJyU_aem_9htb9uvGanmLixlWijqU1A" "Mozilla/5.0 (Linux; Android 12; M2003J15SC Build/SP1A.210812.016; wv) AppleWebKit/537.36 (KHTML, like Gecko) Version/4.0 Chrome/139.0.7258.90 Mobile Safari/537.36 [FB_IAB/FB4A;FBAV/526.1.0.66.75;IABMV/1;] FBNV/5"
104.28.154.109 - - [16/Sep/2025:09:57:38 -0400] "GET /wp-content/plugins/contact-form-7/includes/css/styles-rtl.css?ver=5.8 HTTP/1.1" 200 152 "https://day-new.com/?p=1076&fbclid=IwY2xjawM2TAxleHRuA2FlbQIxMQABHnD2ohWUuYOoYM4rbvM8wbNFKlFTeB1IbbPMrvaLeGgGauHgcxGvnn0eeJyU_aem_9htb9uvGanmLixlWijqU1A" "Mozilla/5.0 (Linux; Android 12; M2003J15SC Build/SP1A.210812.016; wv) AppleWebKit/537.36 (KHTML, like Gecko) Version/4.0 Chrome/139.0.7258.90 Mobile Safari/537.36 [FB_IAB/FB4A;FBAV/526.1.0.66.75;IABMV/1;] FBNV/5"
134.35.252.127 - - [16/Sep/2025:09:57:38 -0400] "GET /wp-includes/js/comment-reply.min.js?ver=6.8.2 HTTP/1.1" 200 1247 "https://day-new.com/?p=1076&fbclid=IwY2xjawM2TB1leHRuA2FlbQIxMQABHjlS0KmXg8aHFnQkqJF42r4TdjkngnM6HMBSKA7gMIfRX2RCwyLCM5BOGNHj_aem_93Ia1wYEz7AL7_3bEK99xw" "Mozilla/5.0 (Linux; Android 11; SM-N975U Build/RP1A.200720.012; wv) AppleWebKit/537.36 (KHTML, like Gecko) Version/4.0 Chrome/139.0.7258.90 Mobile Safari/537.36 [FB_IAB/FB4A;FBAV/526.1.0.66.75;IABMV/1;]"
134.35.252.127 - - [16/Sep/2025:09:57:38 -0400] "GET /wp-content/uploads/2024/07/%D8%A7%D9%86%D8%AA%D8%AF%D8%A7%D8%A8-1-360x200.jpg HTTP/1.1" 200 5698 "https://day-new.com/?p=1076&fbclid=IwY2xjawM2TB1leHRuA2FlbQIxMQABHjlS0KmXg8aHFnQkqJF42r4TdjkngnM6HMBSKA7gMIfRX2RCwyLCM5BOGNHj_aem_93Ia1wYEz7AL7_3bEK99xw" "Mozilla/5.0 (Linux; Android 11; SM-N975U Build/RP1A.200720.012; wv) AppleWebKit/537.36 (KHTML, like Gecko) Version/4.0 Chrome/139.0.7258.90 Mobile Safari/537.36 [FB_IAB/FB4A;FBAV/526.1.0.66.75;IABMV/1;]"
134.35.252.127 - - [16/Sep/2025:09:57:38 -0400] "GET /wp-content/uploads/2024/07/%D9%A2%D9%A0%D9%A2%D9%A4%D9%A0%D9%A7%D9%A0%D9%A5_%D9%A2%D9%A1%D9%A1%D9%A2%D9%A4%D9%A7-360x200.jpg HTTP/1.1" 200 18487 "https://day-new.com/?p=1076&fbclid=IwY2xjawM2TB1leHRuA2FlbQIxMQABHjlS0KmXg8aHFnQkqJF42r4TdjkngnM6HMBSKA7gMIfRX2RCwyLCM5BOGNHj_aem_93Ia1wYEz7AL7_3bEK99xw" "Mozilla/5.0 (Linux; Android 11; SM-N975U Build/RP1A.200720.012; wv) AppleWebKit/537.36 (KHTML, like Gecko) Version/4.0 Chrome/139.0.7258.90 Mobile Safari/537.36 [FB_IAB/FB4A;FBAV/526.1.0.66.75;IABMV/1;]"
134.35.252.127 - - [16/Sep/2025:09:57:38 -0400] "GET /wp-content/uploads/2023/11/FB_IMG_1741214396310-360x200.jpg HTTP/1.1" 200 19209 "https://day-new.com/?p=1076&fbclid=IwY2xjawM2TB1leHRuA2FlbQIxMQABHjlS0KmXg8aHFnQkqJF42r4TdjkngnM6HMBSKA7gMIfRX2RCwyLCM5BOGNHj_aem_93Ia1wYEz7AL7_3bEK99xw" "Mozilla/5.0 (Linux; Android 11; SM-N975U Build/RP1A.200720.012; wv) AppleWebKit/537.36 (KHTML, like Gecko) Version/4.0 Chrome/139.0.7258.90 Mobile Safari/537.36 [FB_IAB/FB4A;FBAV/526.1.0.66.75;IABMV/1;]"
134.35.252.127 - - [16/Sep/2025:09:57:38 -0400] "GET /wp-content/uploads/2023/10/FB_IMG_1697056870482-360x200.jpg HTTP/1.1" 200 11022 "https://day-new.com/?p=1076&fbclid=IwY2xjawM2TB1leHRuA2FlbQIxMQABHjlS0KmXg8aHFnQkqJF42r4TdjkngnM6HMBSKA7gMIfRX2RCwyLCM5BOGNHj_aem_93Ia1wYEz7AL7_3bEK99xw" "Mozilla/5.0 (Linux; Android 11; SM-N975U Build/RP1A.200720.012; wv) AppleWebKit/537.36 (KHTML, like Gecko) Version/4.0 Chrome/139.0.7258.90 Mobile Safari/537.36 [FB_IAB/FB4A;FBAV/526.1.0.66.75;IABMV/1;]"
104.28.154.109 - - [16/Sep/2025:09:57:39 -0400] "GET /wp-content/themes/newsplus/assets/fonts/fonts.css?ver=37.00 HTTP/1.1" 200 335 "https://day-new.com/?p=1076&fbclid=IwY2xjawM2TAxleHRuA2FlbQIxMQABHnD2ohWUuYOoYM4rbvM8wbNFKlFTeB1IbbPMrvaLeGgGauHgcxGvnn0eeJyU_aem_9htb9uvGanmLixlWijqU1A" "Mozilla/5.0 (Linux; Android 12; M2003J15SC Build/SP1A.210812.016; wv) AppleWebKit/537.36 (KHTML, like Gecko) Version/4.0 Chrome/139.0.7258.90 Mobile Safari/537.36 [FB_IAB/FB4A;FBAV/526.1.0.66.75;IABMV/1;] FBNV/5"
104.28.154.109 - - [16/Sep/2025:09:57:39 -0400] "GET /wp-content/themes/newsplus/assets/css/bootstrap.min.css?ver=37.00 HTTP/1.1" 200 17696 "https://day-new.com/?p=1076&fbclid=IwY2xjawM2TAxleHRuA2FlbQIxMQABHnD2ohWUuYOoYM4rbvM8wbNFKlFTeB1IbbPMrvaLeGgGauHgcxGvnn0eeJyU_aem_9htb9uvGanmLixlWijqU1A" "Mozilla/5.0 (Linux; Android 12; M2003J15SC Build/SP1A.210812.016; wv) AppleWebKit/537.36 (KHTML, like Gecko) Version/4.0 Chrome/139.0.7258.90 Mobile Safari/537.36 [FB_IAB/FB4A;FBAV/526.1.0.66.75;IABMV/1;] FBNV/5"
104.28.154.109 - - [16/Sep/2025:09:57:39 -0400] "GET /wp-content/themes/newsplus/style.css?ver=37.00 HTTP/1.1" 200 7414 "https://day-new.com/?p=1076&fbclid=IwY2xjawM2TAxleHRuA2FlbQIxMQABHnD2ohWUuYOoYM4rbvM8wbNFKlFTeB1IbbPMrvaLeGgGauHgcxGvnn0eeJyU_aem_9htb9uvGanmLixlWijqU1A" "Mozilla/5.0 (Linux; Android 12; M2003J15SC Build/SP1A.210812.016; wv) AppleWebKit/537.36 (KHTML, like Gecko) Version/4.0 Chrome/139.0.7258.90 Mobile Safari/537.36 [FB_IAB/FB4A;FBAV/526.1.0.66.75;IABMV/1;] FBNV/5"
134.35.252.127 - - [16/Sep/2025:09:57:39 -0400] "GET /wp-content/uploads/2023/08/maxresdefault-56-27-01-360x200.jpeg HTTP/1.1" 200 19685 "https://day-new.com/?p=1076&fbclid=IwY2xjawM2TB1leHRuA2FlbQIxMQABHjlS0KmXg8aHFnQkqJF42r4TdjkngnM6HMBSKA7gMIfRX2RCwyLCM5BOGNHj_aem_93Ia1wYEz7AL7_3bEK99xw" "Mozilla/5.0 (Linux; Android 11; SM-N975U Build/RP1A.200720.012; wv) AppleWebKit/537.36 (KHTML, like Gecko) Version/4.0 Chrome/139.0.7258.90 Mobile Safari/537.36 [FB_IAB/FB4A;FBAV/526.1.0.66.75;IABMV/1;]"
134.35.252.127 - - [16/Sep/2025:09:57:39 -0400] "GET /wp-content/uploads/2023/08/Screenshot_%D9%A2%D9%A0%D9%A2%D9%A3%D9%A0%D9%A8%D9%A0%D9%A5-%D9%A1%D9%A4%D9%A4%D9%A4%D9%A3%D9%A5_Gallery-360x200.jpg HTTP/1.1" 200 14544 "https://day-new.com/?p=1076&fbclid=IwY2xjawM2TB1leHRuA2FlbQIxMQABHjlS0KmXg8aHFnQkqJF42r4TdjkngnM6HMBSKA7gMIfRX2RCwyLCM5BOGNHj_aem_93Ia1wYEz7AL7_3bEK99xw" "Mozilla/5.0 (Linux; Android 11; SM-N975U Build/RP1A.200720.012; wv) AppleWebKit/537.36 (KHTML, like Gecko) Version/4.0 Chrome/139.0.7258.90 Mobile Safari/537.36 [FB_IAB/FB4A;FBAV/526.1.0.66.75;IABMV/1;]"
134.35.252.127 - - [16/Sep/2025:09:57:39 -0400] "GET /wp-content/uploads/2023/06/59474_remastered-360x200.jpg HTTP/1.1" 200 14723 "https://day-new.com/?p=1076&fbclid=IwY2xjawM2TB1leHRuA2FlbQIxMQABHjlS0KmXg8aHFnQkqJF42r4TdjkngnM6HMBSKA7gMIfRX2RCwyLCM5BOGNHj_aem_93Ia1wYEz7AL7_3bEK99xw" "Mozilla/5.0 (Linux; Android 11; SM-N975U Build/RP1A.200720.012; wv) AppleWebKit/537.36 (KHTML, like Gecko) Version/4.0 Chrome/139.0.7258.90 Mobile Safari/537.36 [FB_IAB/FB4A;FBAV/526.1.0.66.75;IABMV/1;]"
134.35.252.127 - - [16/Sep/2025:09:57:40 -0400] "GET /wp-content/uploads/2023/04/Screenshot_%D9%A2%D9%A0%D9%A2%D9%A3%D9%A0%D9%A4%D9%A2%D9%A9-%D9%A0%D9%A3%D9%A1%D9%A0%D9%A2%D9%A0_Instagram-360x200.jpg HTTP/1.1" 200 10542 "https://day-new.com/?p=1076&fbclid=IwY2xjawM2TB1leHRuA2FlbQIxMQABHjlS0KmXg8aHFnQkqJF42r4TdjkngnM6HMBSKA7gMIfRX2RCwyLCM5BOGNHj_aem_93Ia1wYEz7AL7_3bEK99xw" "Mozilla/5.0 (Linux; Android 11; SM-N975U Build/RP1A.200720.012; wv) AppleWebKit/537.36 (KHTML, like Gecko) Version/4.0 Chrome/139.0.7258.90 Mobile Safari/537.36 [FB_IAB/FB4A;FBAV/526.1.0.66.75;IABMV/1;]"
134.35.252.127 - - [16/Sep/2025:09:57:40 -0400] "GET /wp-content/uploads/2023/01/IMG_4808535701-360x200.jpg HTTP/1.1" 200 19888 "https://day-new.com/?p=1076&fbclid=IwY2xjawM2TB1leHRuA2FlbQIxMQABHjlS0KmXg8aHFnQkqJF42r4TdjkngnM6HMBSKA7gMIfRX2RCwyLCM5BOGNHj_aem_93Ia1wYEz7AL7_3bEK99xw" "Mozilla/5.0 (Linux; Android 11; SM-N975U Build/RP1A.200720.012; wv) AppleWebKit/537.36 (KHTML, like Gecko) Version/4.0 Chrome/139.0.7258.90 Mobile Safari/537.36 [FB_IAB/FB4A;FBAV/526.1.0.66.75;IABMV/1;]"
104.28.154.109 - - [16/Sep/2025:09:57:40 -0400] "GET /wp-includes/js/jquery/jquery.min.js?ver=3.7.1 HTTP/1.1" 200 29744 "https://day-new.com/?p=1076&fbclid=IwY2xjawM2TAxleHRuA2FlbQIxMQABHnD2ohWUuYOoYM4rbvM8wbNFKlFTeB1IbbPMrvaLeGgGauHgcxGvnn0eeJyU_aem_9htb9uvGanmLixlWijqU1A" "Mozilla/5.0 (Linux; Android 12; M2003J15SC Build/SP1A.210812.016; wv) AppleWebKit/537.36 (KHTML, like Gecko) Version/4.0 Chrome/139.0.7258.90 Mobile Safari/537.36 [FB_IAB/FB4A;FBAV/526.1.0.66.75;IABMV/1;] FBNV/5"
104.28.154.109 - - [16/Sep/2025:09:57:40 -0400] "GET /wp-includes/js/jquery/jquery-migrate.min.js?ver=3.4.1 HTTP/1.1" 200 4678 "https://day-new.com/?p=1076&fbclid=IwY2xjawM2TAxleHRuA2FlbQIxMQABHnD2ohWUuYOoYM4rbvM8wbNFKlFTeB1IbbPMrvaLeGgGauHgcxGvnn0eeJyU_aem_9htb9uvGanmLixlWijqU1A" "Mozilla/5.0 (Linux; Android 12; M2003J15SC Build/SP1A.210812.016; wv) AppleWebKit/537.36 (KHTML, like Gecko) Version/4.0 Chrome/139.0.7258.90 Mobile Safari/537.36 [FB_IAB/FB4A;FBAV/526.1.0.66.75;IABMV/1;] FBNV/5"
134.35.252.127 - - [16/Sep/2025:09:57:40 -0400] "GET /wp-includes/js/wp-emoji-release.min.js?ver=6.8.2 HTTP/1.1" 200 4769 "https://day-new.com/?p=1076&fbclid=IwY2xjawM2TB1leHRuA2FlbQIxMQABHjlS0KmXg8aHFnQkqJF42r4TdjkngnM6HMBSKA7gMIfRX2RCwyLCM5BOGNHj_aem_93Ia1wYEz7AL7_3bEK99xw" "Mozilla/5.0 (Linux; Android 11; SM-N975U Build/RP1A.200720.012; wv) AppleWebKit/537.36 (KHTML, like Gecko) Version/4.0 Chrome/139.0.7258.90 Mobile Safari/537.36 [FB_IAB/FB4A;FBAV/526.1.0.66.75;IABMV/1;]"
104.28.154.109 - - [16/Sep/2025:09:57:40 -0400] "GET /wp-content/uploads/2023/09/8TYPHUBvPvnYqdPLGzkoERChUow.webp HTTP/1.1" 200 14162 "https://day-new.com/?p=1076&fbclid=IwY2xjawM2TAxleHRuA2FlbQIxMQABHnD2ohWUuYOoYM4rbvM8wbNFKlFTeB1IbbPMrvaLeGgGauHgcxGvnn0eeJyU_aem_9htb9uvGanmLixlWijqU1A" "Mozilla/5.0 (Linux; Android 12; M2003J15SC Build/SP1A.210812.016; wv) AppleWebKit/537.36 (KHTML, like Gecko) Version/4.0 Chrome/139.0.7258.90 Mobile Safari/537.36 [FB_IAB/FB4A;FBAV/526.1.0.66.75;IABMV/1;] FBNV/5"
104.28.154.109 - - [16/Sep/2025:09:57:41 -0400] "GET /wp-content/themes/newsplus/assets/img/logo.png HTTP/1.1" 200 43754 "https://day-new.com/?p=1076&fbclid=IwY2xjawM2TAxleHRuA2FlbQIxMQABHnD2ohWUuYOoYM4rbvM8wbNFKlFTeB1IbbPMrvaLeGgGauHgcxGvnn0eeJyU_aem_9htb9uvGanmLixlWijqU1A" "Mozilla/5.0 (Linux; Android 12; M2003J15SC Build/SP1A.210812.016; wv) AppleWebKit/537.36 (KHTML, like Gecko) Version/4.0 Chrome/139.0.7258.90 Mobile Safari/537.36 [FB_IAB/FB4A;FBAV/526.1.0.66.75;IABMV/1;] FBNV/5"
104.28.154.109 - - [16/Sep/2025:09:57:41 -0400] "GET /wp-content/plugins/contact-form-7/includes/swv/js/index.js?ver=5.8 HTTP/1.1" 200 3061 "https://day-new.com/?p=1076&fbclid=IwY2xjawM2TAxleHRuA2FlbQIxMQABHnD2ohWUuYOoYM4rbvM8wbNFKlFTeB1IbbPMrvaLeGgGauHgcxGvnn0eeJyU_aem_9htb9uvGanmLixlWijqU1A" "Mozilla/5.0 (Linux; Android 12; M2003J15SC Build/SP1A.210812.016; wv) AppleWebKit/537.36 (KHTML, like Gecko) Version/4.0 Chrome/139.0.7258.90 Mobile Safari/537.36 [FB_IAB/FB4A;FBAV/526.1.0.66.75;IABMV/1;] FBNV/5"
104.28.154.109 - - [16/Sep/2025:09:57:41 -0400] "GET /wp-content/plugins/contact-form-7/includes/js/index.js?ver=5.8 HTTP/1.1" 200 3918 "https://day-new.com/?p=1076&fbclid=IwY2xjawM2TAxleHRuA2FlbQIxMQABHnD2ohWUuYOoYM4rbvM8wbNFKlFTeB1IbbPMrvaLeGgGauHgcxGvnn0eeJyU_aem_9htb9uvGanmLixlWijqU1A" "Mozilla/5.0 (Linux; Android 12; M2003J15SC Build/SP1A.210812.016; wv) AppleWebKit/537.36 (KHTML, like Gecko) Version/4.0 Chrome/139.0.7258.90 Mobile Safari/537.36 [FB_IAB/FB4A;FBAV/526.1.0.66.75;IABMV/1;] FBNV/5"
104.28.154.109 - - [16/Sep/2025:09:57:41 -0400] "GET /wp-content/themes/newsplus/assets/js/main.js?ver=37.00 HTTP/1.1" 200 1317 "https://day-new.com/?p=1076&fbclid=IwY2xjawM2TAxleHRuA2FlbQIxMQABHnD2ohWUuYOoYM4rbvM8wbNFKlFTeB1IbbPMrvaLeGgGauHgcxGvnn0eeJyU_aem_9htb9uvGanmLixlWijqU1A" "Mozilla/5.0 (Linux; Android 12; M2003J15SC Build/SP1A.210812.016; wv) AppleWebKit/537.36 (KHTML, like Gecko) Version/4.0 Chrome/139.0.7258.90 Mobile Safari/537.36 [FB_IAB/FB4A;FBAV/526.1.0.66.75;IABMV/1;] FBNV/5"
134.35.252.127 - - [16/Sep/2025:09:57:42 -0400] "GET /wp-content/uploads/2023/09/8TYPHUBvPvnYqdPLGzkoERChUow.webp HTTP/1.1" 200 14162 "fbapp://350685531728/unknown" "[FBAN/FB4A;FBAV/526.1.0.66.75;FBBV/778050530;FBDM/{density=2.625,width=1080,height=2069};FBLC/ar_AR;FBRV/783596800;FBCR/;FBMF/samsung;FBBD/samsung;FBPN/com.facebook.katana;FBDV/SM-N975U;FBSV/11;FBOP/1;FBCA/arm64-v8a:;]"
134.35.252.127 - - [16/Sep/2025:09:57:42 -0400] "GET /wp-content/themes/newsplus/assets/img/logo.png HTTP/1.1" 200 43754 "fbapp://350685531728/unknown" "[FBAN/FB4A;FBAV/526.1.0.66.75;FBBV/778050530;FBDM/{density=2.625,width=1080,height=2069};FBLC/ar_AR;FBRV/783596800;FBCR/;FBMF/samsung;FBBD/samsung;FBPN/com.facebook.katana;FBDV/SM-N975U;FBSV/11;FBOP/1;FBCA/arm64-v8a:;]"
104.28.154.109 - - [16/Sep/2025:09:57:42 -0400] "GET /wp-includes/js/comment-reply.min.js?ver=6.8.2 HTTP/1.1" 200 1247 "https://day-new.com/?p=1076&fbclid=IwY2xjawM2TAxleHRuA2FlbQIxMQABHnD2ohWUuYOoYM4rbvM8wbNFKlFTeB1IbbPMrvaLeGgGauHgcxGvnn0eeJyU_aem_9htb9uvGanmLixlWijqU1A" "Mozilla/5.0 (Linux; Android 12; M2003J15SC Build/SP1A.210812.016; wv) AppleWebKit/537.36 (KHTML, like Gecko) Version/4.0 Chrome/139.0.7258.90 Mobile Safari/537.36 [FB_IAB/FB4A;FBAV/526.1.0.66.75;IABMV/1;] FBNV/5"
134.35.252.127 - - [16/Sep/2025:09:57:58 -0400] "GET /favicon.ico HTTP/1.1" 404 1251 "https://day-new.com/?p=1076&fbclid=IwY2xjawM2TB1leHRuA2FlbQIxMQABHjlS0KmXg8aHFnQkqJF42r4TdjkngnM6HMBSKA7gMIfRX2RCwyLCM5BOGNHj_aem_93Ia1wYEz7AL7_3bEK99xw" "Mozilla/5.0 (Linux; Android 11; SM-N975U Build/RP1A.200720.012; wv) AppleWebKit/537.36 (KHTML, like Gecko) Version/4.0 Chrome/139.0.7258.90 Mobile Safari/537.36 [FB_IAB/FB4A;FBAV/526.1.0.66.75;IABMV/1;]"
176.28.255.211 - - [16/Sep/2025:09:58:09 -0400] "GET /wp-content/uploads/2023/09/8TYPHUBvPvnYqdPLGzkoERChUow.webp HTTP/1.1" 200 14162 "fbapp://350685531728/unknown" "[FBAN/FB4A;FBAV/530.0.0.48.74;FBBV/789633439;FBDM/{density=3.0,width=1080,height=2220};FBLC/ar_AR;FBRV/792245187;FBCR/Zain JO;FBMF/INFINIX;FBBD/Infinix;FBPN/com.facebook.katana;FBDV/Infinix X6882;FBSV/14;FBOP/19;FBCA/arm64-v8a:;]"
176.28.255.211 - - [16/Sep/2025:09:58:09 -0400] "GET /wp-content/themes/newsplus/assets/img/logo.png HTTP/1.1" 200 43754 "fbapp://350685531728/unknown" "[FBAN/FB4A;FBAV/530.0.0.48.74;FBBV/789633439;FBDM/{density=3.0,width=1080,height=2220};FBLC/ar_AR;FBRV/792245187;FBCR/Zain JO;FBMF/INFINIX;FBBD/Infinix;FBPN/com.facebook.katana;FBDV/Infinix X6882;FBSV/14;FBOP/19;FBCA/arm64-v8a:;]"
114.119.154.207 - - [16/Sep/2025:09:58:10 -0400] "GET /?p=891 HTTP/1.1" 200 15033 "https://day-new.com/?cat=11" "Mozilla/5.0 (Linux; Android 7.0;) AppleWebKit/537.36 (KHTML, like Gecko) Mobile Safari/537.36 (compatible; PetalBot;+https://webmaster.petalsearch.com/site/petalbot)"
94.26.209.21 - - [16/Sep/2025:09:58:30 -0400] "GET /?author=3 HTTP/1.1" 200 9628 "https://day-new.com/?p=1076&fbclid=IwY2xjawM2TB1leHRuA2FlbQIxMQABHjlS0KmXg8aHFnQkqJF42r4TdjkngnM6HMBSKA7gMIfRX2RCwyLCM5BOGNHj_aem_93Ia1wYEz7AL7_3bEK99xw" "Mozilla/5.0 (Linux; Android 11; SM-N975U Build/RP1A.200720.012; wv) AppleWebKit/537.36 (KHTML, like Gecko) Version/4.0 Chrome/139.0.7258.90 Mobile Safari/537.36 [FB_IAB/FB4A;FBAV/526.1.0.66.75;IABMV/1;]"
94.26.209.21 - - [16/Sep/2025:09:58:30 -0400] "GET /?cat=11 HTTP/1.1" 200 9222 "https://day-new.com/?p=1076&fbclid=IwY2xjawM2TB1leHRuA2FlbQIxMQABHjlS0KmXg8aHFnQkqJF42r4TdjkngnM6HMBSKA7gMIfRX2RCwyLCM5BOGNHj_aem_93Ia1wYEz7AL7_3bEK99xw" "Mozilla/5.0 (Linux; Android 11; SM-N975U Build/RP1A.200720.012; wv) AppleWebKit/537.36 (KHTML, like Gecko) Version/4.0 Chrome/139.0.7258.90 Mobile Safari/537.36 [FB_IAB/FB4A;FBAV/526.1.0.66.75;IABMV/1;]"
94.26.209.21 - - [16/Sep/2025:09:58:32 -0400] "GET /wp-content/uploads/2022/03/FB_IMG_1647115207559-360x200.jpg HTTP/1.1" 200 15680 "https://day-new.com/?cat=11" "Mozilla/5.0 (Linux; Android 11; SM-N975U Build/RP1A.200720.012; wv) AppleWebKit/537.36 (KHTML, like Gecko) Version/4.0 Chrome/139.0.7258.90 Mobile Safari/537.36 [FB_IAB/FB4A;FBAV/526.1.0.66.75;IABMV/1;]"
94.26.209.21 - - [16/Sep/2025:09:58:32 -0400] "GET /wp-content/uploads/2023/01/b978a94ed3237670537fd06d6f07bff9-360x200.jpg HTTP/1.1" 200 5274 "https://day-new.com/?cat=11" "Mozilla/5.0 (Linux; Android 11; SM-N975U Build/RP1A.200720.012; wv) AppleWebKit/537.36 (KHTML, like Gecko) Version/4.0 Chrome/139.0.7258.90 Mobile Safari/537.36 [FB_IAB/FB4A;FBAV/526.1.0.66.75;IABMV/1;]"
94.26.209.21 - - [16/Sep/2025:09:58:32 -0400] "GET /wp-content/uploads/2022/03/FB_IMG_1647103623274-360x200.jpg HTTP/1.1" 200 15742 "https://day-new.com/?cat=11" "Mozilla/5.0 (Linux; Android 11; SM-N975U Build/RP1A.200720.012; wv) AppleWebKit/537.36 (KHTML, like Gecko) Version/4.0 Chrome/139.0.7258.90 Mobile Safari/537.36 [FB_IAB/FB4A;FBAV/526.1.0.66.75;IABMV/1;]"
94.26.209.21 - - [16/Sep/2025:09:58:32 -0400] "GET /wp-content/uploads/2022/03/Screenshot_%D9%A2%D9%A0%D9%A2%D9%A2%D9%A0%D9%A3%D9%A0%D9%A8-%D9%A2%D9%A3%D9%A5%D9%A9%D9%A3%D9%A7_Facebook-360x200.jpg HTTP/1.1" 200 16648 "https://day-new.com/?cat=11" "Mozilla/5.0 (Linux; Android 11; SM-N975U Build/RP1A.200720.012; wv) AppleWebKit/537.36 (KHTML, like Gecko) Version/4.0 Chrome/139.0.7258.90 Mobile Safari/537.36 [FB_IAB/FB4A;FBAV/526.1.0.66.75;IABMV/1;]"
94.26.209.21 - - [16/Sep/2025:09:58:32 -0400] "GET /wp-content/uploads/2022/03/DrfGMSZk_400x400-321x200.jpg HTTP/1.1" 200 14453 "https://day-new.com/?cat=11" "Mozilla/5.0 (Linux; Android 11; SM-N975U Build/RP1A.200720.012; wv) AppleWebKit/537.36 (KHTML, like Gecko) Version/4.0 Chrome/139.0.7258.90 Mobile Safari/537.36 [FB_IAB/FB4A;FBAV/526.1.0.66.75;IABMV/1;]"
105.197.131.147 - - [16/Sep/2025:09:58:35 -0400] "GET /favicon.ico HTTP/1.1" 404 1251 "https://day-new.com/?p=1076&fbclid=IwY2xjawM2S5xleHRuA2FlbQIxMQABHnHGyi5Umy_2bSmrMLkIPJV_mvVAHteWYbmcPkYy-_0Hc2tmB6-OKLIMh4WN_aem_ID__QnOazvHZwfaNS31KfQ" "Mozilla/5.0 (Linux; Android 13; 23028RNCAG Build/TP1A.220624.014; wv) AppleWebKit/537.36 (KHTML, like Gecko) Version/4.0 Chrome/140.0.7339.51 Mobile Safari/537.36 [FB_IAB/FB4A;FBAV/530.0.0.48.74;IABMV/1;]"
104.28.154.203 - - [16/Sep/2025:09:58:37 -0400] "GET /?p=1076&fbclid=IwY2xjawM2TFxleHRuA2FlbQIxMQABHseF-3Lo_XZx8sUJYEFo9Z6lEt_jJhapy5FaRSQw74FjKPrdVdAR0Da3VO1G_aem_ncL2lW5Qg6K6efbI_bsPDw HTTP/1.1" 200 13462 "https://l.facebook.com/" "Mozilla/5.0 (Linux; Android 12; M2003J15SC Build/SP1A.210812.016; wv) AppleWebKit/537.36 (KHTML, like Gecko) Version/4.0 Chrome/139.0.7258.90 Mobile Safari/537.36 [FB_IAB/FB4A;FBAV/526.1.0.66.75;IABMV/1;]"
104.28.154.203 - - [16/Sep/2025:09:58:38 -0400] "GET /wp-includes/js/comment-reply.min.js?ver=6.8.2 HTTP/1.1" 200 1247 "https://day-new.com/?p=1076&fbclid=IwY2xjawM2TFxleHRuA2FlbQIxMQABHseF-3Lo_XZx8sUJYEFo9Z6lEt_jJhapy5FaRSQw74FjKPrdVdAR0Da3VO1G_aem_ncL2lW5Qg6K6efbI_bsPDw" "Mozilla/5.0 (Linux; Android 12; M2003J15SC Build/SP1A.210812.016; wv) AppleWebKit/537.36 (KHTML, like Gecko) Version/4.0 Chrome/139.0.7258.90 Mobile Safari/537.36 [FB_IAB/FB4A;FBAV/526.1.0.66.75;IABMV/1;]"
94.26.209.21 - - [16/Sep/2025:09:58:40 -0400] "GET / HTTP/1.1" 200 11483 "https://day-new.com/?cat=11" "Mozilla/5.0 (Linux; Android 11; SM-N975U Build/RP1A.200720.012; wv) AppleWebKit/537.36 (KHTML, like Gecko) Version/4.0 Chrome/139.0.7258.90 Mobile Safari/537.36 [FB_IAB/FB4A;FBAV/526.1.0.66.75;IABMV/1;]"
94.26.209.21 - - [16/Sep/2025:09:58:41 -0400] "GET /wp-content/uploads/2022/03/express-360x200.png HTTP/1.1" 200 91576 "https://day-new.com/" "Mozilla/5.0 (Linux; Android 11; SM-N975U Build/RP1A.200720.012; wv) AppleWebKit/537.36 (KHTML, like Gecko) Version/4.0 Chrome/139.0.7258.90 Mobile Safari/537.36 [FB_IAB/FB4A;FBAV/526.1.0.66.75;IABMV/1;]"
94.26.209.21 - - [16/Sep/2025:09:58:41 -0400] "GET /wp-content/uploads/2022/01/4752cfeb4a-360x200.jpg HTTP/1.1" 200 11562 "https://day-new.com/" "Mozilla/5.0 (Linux; Android 11; SM-N975U Build/RP1A.200720.012; wv) AppleWebKit/537.36 (KHTML, like Gecko) Version/4.0 Chrome/139.0.7258.90 Mobile Safari/537.36 [FB_IAB/FB4A;FBAV/526.1.0.66.75;IABMV/1;]"
94.26.209.21 - - [16/Sep/2025:09:58:41 -0400] "GET /wp-content/uploads/2022/02/E4o025nX0AEvV8x-360x200.jpg HTTP/1.1" 200 12452 "https://day-new.com/" "Mozilla/5.0 (Linux; Android 11; SM-N975U Build/RP1A.200720.012; wv) AppleWebKit/537.36 (KHTML, like Gecko) Version/4.0 Chrome/139.0.7258.90 Mobile Safari/537.36 [FB_IAB/FB4A;FBAV/526.1.0.66.75;IABMV/1;]"
94.26.209.21 - - [16/Sep/2025:09:58:41 -0400] "GET /wp-content/uploads/2021/12/%D9%A2%D9%A0%D9%A2%D9%A1%D9%A1%D9%A2%D9%A1%D9%A9_%D9%A2%D9%A3%D9%A4%D9%A7%D9%A2%D9%A4-360x200.jpg HTTP/1.1" 200 16698 "https://day-new.com/" "Mozilla/5.0 (Linux; Android 11; SM-N975U Build/RP1A.200720.012; wv) AppleWebKit/537.36 (KHTML, like Gecko) Version/4.0 Chrome/139.0.7258.90 Mobile Safari/537.36 [FB_IAB/FB4A;FBAV/526.1.0.66.75;IABMV/1;]"
94.26.209.21 - - [16/Sep/2025:09:58:41 -0400] "GET /wp-content/uploads/2022/01/large_19h7eNo3JXxeWqTY-360x200.jpg HTTP/1.1" 200 15010 "https://day-new.com/" "Mozilla/5.0 (Linux; Android 11; SM-N975U Build/RP1A.200720.012; wv) AppleWebKit/537.36 (KHTML, like Gecko) Version/4.0 Chrome/139.0.7258.90 Mobile Safari/537.36 [FB_IAB/FB4A;FBAV/526.1.0.66.75;IABMV/1;]"
94.26.209.21 - - [16/Sep/2025:09:58:41 -0400] "GET /wp-content/uploads/2022/03/Aramcoooo-360x200.jpg HTTP/1.1" 200 17493 "https://day-new.com/" "Mozilla/5.0 (Linux; Android 11; SM-N975U Build/RP1A.200720.012; wv) AppleWebKit/537.36 (KHTML, like Gecko) Version/4.0 Chrome/139.0.7258.90 Mobile Safari/537.36 [FB_IAB/FB4A;FBAV/526.1.0.66.75;IABMV/1;]"
94.26.209.21 - - [16/Sep/2025:09:58:41 -0400] "GET /wp-content/uploads/2021/09/fb_img_1628500355899.webp HTTP/1.1" 200 6910 "https://day-new.com/" "Mozilla/5.0 (Linux; Android 11; SM-N975U Build/RP1A.200720.012; wv) AppleWebKit/537.36 (KHTML, like Gecko) Version/4.0 Chrome/139.0.7258.90 Mobile Safari/537.36 [FB_IAB/FB4A;FBAV/526.1.0.66.75;IABMV/1;]"
94.26.209.21 - - [16/Sep/2025:09:58:41 -0400] "GET /wp-content/uploads/2021/07/Img_4567883641-360x200.png HTTP/1.1" 200 50214 "https://day-new.com/" "Mozilla/5.0 (Linux; Android 11; SM-N975U Build/RP1A.200720.012; wv) AppleWebKit/537.36 (KHTML, like Gecko) Version/4.0 Chrome/139.0.7258.90 Mobile Safari/537.36 [FB_IAB/FB4A;FBAV/526.1.0.66.75;IABMV/1;]"
94.26.209.21 - - [16/Sep/2025:09:58:43 -0400] "GET /wp-content/uploads/2021/07/arabstoday-%D9%88%D8%B2%D8%A7%D8%B1%D8%A9-%D8%A7%D9%84%D8%AF%D8%A7%D8%AE%D9%84%D9%8A%D8%A9-%D8%A7%D9%84%D9%8A%D9%85%D9%86%D9%8A%D8%A9-360x200.jpg HTTP/1.1" 200 15703 "https://day-new.com/" "Mozilla/5.0 (Linux; Android 11; SM-N975U Build/RP1A.200720.012; wv) AppleWebKit/537.36 (KHTML, like Gecko) Version/4.0 Chrome/139.0.7258.90 Mobile Safari/537.36 [FB_IAB/FB4A;FBAV/526.1.0.66.75;IABMV/1;]"
94.26.209.21 - - [16/Sep/2025:09:58:43 -0400] "GET /wp-content/uploads/2021/07/3903A-360x200.jpeg HTTP/1.1" 200 14529 "https://day-new.com/" "Mozilla/5.0 (Linux; Android 11; SM-N975U Build/RP1A.200720.012; wv) AppleWebKit/537.36 (KHTML, like Gecko) Version/4.0 Chrome/139.0.7258.90 Mobile Safari/537.36 [FB_IAB/FB4A;FBAV/526.1.0.66.75;IABMV/1;]"
94.26.209.21 - - [16/Sep/2025:09:58:45 -0400] "GET /wp-content/uploads/2021/07/25-07-21-11767624-360x200.jpg HTTP/1.1" 200 19951 "https://day-new.com/" "Mozilla/5.0 (Linux; Android 11; SM-N975U Build/RP1A.200720.012; wv) AppleWebKit/537.36 (KHTML, like Gecko) Version/4.0 Chrome/139.0.7258.90 Mobile Safari/537.36 [FB_IAB/FB4A;FBAV/526.1.0.66.75;IABMV/1;]"
94.26.209.21 - - [16/Sep/2025:09:58:45 -0400] "GET /wp-content/uploads/2021/07/%D8%AD%D8%B1%D8%A8-%D9%83%D9%85%D9%8A%D9%86-%D9%84%D9%84%D8%AC%D9%8A%D8%B4-%D8%A7%D9%84%D9%8A%D9%85%D9%86%D9%8A-%D8%A7%D8%B3%D8%AA%D9%87%D8%AF%D9%81-%D9%85%D8%AC%D9%85%D9%88%D8%B9%D8%A9-%D9%85%D9%86-%D8%B9%D9%86%D8%A7%D8%B5%D8%B1-%D9%85%D9%8A%D9%84%D9%8A%D8%B4%D9%8A%D8%A7_%D8%A7%D9%84%D8%AD%D9%88%D8%AB%D9%8A-%D8%BA%D8%B1%D8%A8-%D9%85%D8%A7%D8%B1%D8%A8-1024x576-1-360x200.jpg HTTP/1.1" 200 8896 "https://day-new.com/" "Mozilla/5.0 (Linux; Android 11; SM-N975U Build/RP1A.200720.012; wv) AppleWebKit/537.36 (KHTML, like Gecko) Version/4.0 Chrome/139.0.7258.90 Mobile Safari/537.36 [FB_IAB/FB4A;FBAV/526.1.0.66.75;IABMV/1;]"
94.26.209.21 - - [16/Sep/2025:09:58:45 -0400] "GET /wp-content/uploads/2022/08/%D9%A2%D9%A0%D9%A2%D9%A2%D9%A0%D9%A8%D9%A1%D9%A7_%D9%A1%D9%A0%D9%A2%D9%A4%D9%A0%D9%A0-360x200.jpg HTTP/1.1" 200 25727 "https://day-new.com/" "Mozilla/5.0 (Linux; Android 11; SM-N975U Build/RP1A.200720.012; wv) AppleWebKit/537.36 (KHTML, like Gecko) Version/4.0 Chrome/139.0.7258.90 Mobile Safari/537.36 [FB_IAB/FB4A;FBAV/526.1.0.66.75;IABMV/1;]"
94.26.209.21 - - [16/Sep/2025:09:58:45 -0400] "GET /wp-content/uploads/2021/07/000000000-1-360x200.jpg HTTP/1.1" 200 19788 "https://day-new.com/" "Mozilla/5.0 (Linux; Android 11; SM-N975U Build/RP1A.200720.012; wv) AppleWebKit/537.36 (KHTML, like Gecko) Version/4.0 Chrome/139.0.7258.90 Mobile Safari/537.36 [FB_IAB/FB4A;FBAV/526.1.0.66.75;IABMV/1;]"
94.26.209.21 - - [16/Sep/2025:09:58:45 -0400] "GET /wp-content/uploads/2022/06/%D9%A2%D9%A0%D9%A2%D9%A2%D9%A0%D9%A4%D9%A2%D9%A4_%D9%A0%D9%A3%D9%A0%D9%A0%D9%A5%D9%A4-360x200.jpg HTTP/1.1" 200 20662 "https://day-new.com/" "Mozilla/5.0 (Linux; Android 11; SM-N975U Build/RP1A.200720.012; wv) AppleWebKit/537.36 (KHTML, like Gecko) Version/4.0 Chrome/139.0.7258.90 Mobile Safari/537.36 [FB_IAB/FB4A;FBAV/526.1.0.66.75;IABMV/1;]"
94.26.209.21 - - [16/Sep/2025:09:58:45 -0400] "GET /wp-content/uploads/2022/05/%D9%A2%D9%A0%D9%A2%D9%A2%D9%A0%D9%A4%D9%A2%D9%A4_%D9%A0%D9%A3%D9%A0%D9%A0%D9%A5%D9%A4-360x200.jpg HTTP/1.1" 200 20662 "https://day-new.com/" "Mozilla/5.0 (Linux; Android 11; SM-N975U Build/RP1A.200720.012; wv) AppleWebKit/537.36 (KHTML, like Gecko) Version/4.0 Chrome/139.0.7258.90 Mobile Safari/537.36 [FB_IAB/FB4A;FBAV/526.1.0.66.75;IABMV/1;]"
94.26.209.21 - - [16/Sep/2025:09:58:45 -0400] "GET /wp-content/uploads/2022/03/618eaa524c59b76c8d5fec21-360x200.jpg HTTP/1.1" 200 13051 "https://day-new.com/" "Mozilla/5.0 (Linux; Android 11; SM-N975U Build/RP1A.200720.012; wv) AppleWebKit/537.36 (KHTML, like Gecko) Version/4.0 Chrome/139.0.7258.90 Mobile Safari/537.36 [FB_IAB/FB4A;FBAV/526.1.0.66.75;IABMV/1;]"
94.26.209.21 - - [16/Sep/2025:09:58:46 -0400] "GET /wp-content/uploads/2021/07/5955676-1860787529-%D9%A1-360x200.jpg HTTP/1.1" 200 70829 "https://day-new.com/" "Mozilla/5.0 (Linux; Android 11; SM-N975U Build/RP1A.200720.012; wv) AppleWebKit/537.36 (KHTML, like Gecko) Version/4.0 Chrome/139.0.7258.90 Mobile Safari/537.36 [FB_IAB/FB4A;FBAV/526.1.0.66.75;IABMV/1;]"
94.26.209.21 - - [16/Sep/2025:09:58:46 -0400] "GET /?p=1025 HTTP/1.1" 200 13304 "https://day-new.com/" "Mozilla/5.0 (Linux; Android 11; SM-N975U Build/RP1A.200720.012; wv) AppleWebKit/537.36 (KHTML, like Gecko) Version/4.0 Chrome/139.0.7258.90 Mobile Safari/537.36 [FB_IAB/FB4A;FBAV/526.1.0.66.75;IABMV/1;]"
94.26.209.21 - - [16/Sep/2025:09:58:46 -0400] "GET /wp-content/uploads/2021/07/2019_4_29_16_1_57_955.jpg HTTP/1.1" 200 30846 "https://day-new.com/" "Mozilla/5.0 (Linux; Android 11; SM-N975U Build/RP1A.200720.012; wv) AppleWebKit/537.36 (KHTML, like Gecko) Version/4.0 Chrome/139.0.7258.90 Mobile Safari/537.36 [FB_IAB/FB4A;FBAV/526.1.0.66.75;IABMV/1;]"
94.26.209.21 - - [16/Sep/2025:09:58:46 -0400] "GET /wp-content/uploads/2021/03/2017_10_14_16_7_31_800.jpg HTTP/1.1" 200 37107 "https://day-new.com/" "Mozilla/5.0 (Linux; Android 11; SM-N975U Build/RP1A.200720.012; wv) AppleWebKit/537.36 (KHTML, like Gecko) Version/4.0 Chrome/139.0.7258.90 Mobile Safari/537.36 [FB_IAB/FB4A;FBAV/526.1.0.66.75;IABMV/1;]"
94.26.209.21 - - [16/Sep/2025:09:58:47 -0400] "GET /?p=1025 HTTP/1.1" 200 13304 "https://day-new.com/" "Mozilla/5.0 (Linux; Android 11; SM-N975U Build/RP1A.200720.012; wv) AppleWebKit/537.36 (KHTML, like Gecko) Version/4.0 Chrome/139.0.7258.90 Mobile Safari/537.36 [FB_IAB/FB4A;FBAV/526.1.0.66.75;IABMV/1;]"
94.26.209.21 - - [16/Sep/2025:09:58:47 -0400] "GET /wp-content/uploads/2021/03/5ee40a0a4236041519339080.jpg HTTP/1.1" 200 182216 "https://day-new.com/" "Mozilla/5.0 (Linux; Android 11; SM-N975U Build/RP1A.200720.012; wv) AppleWebKit/537.36 (KHTML, like Gecko) Version/4.0 Chrome/139.0.7258.90 Mobile Safari/537.36 [FB_IAB/FB4A;FBAV/526.1.0.66.75;IABMV/1;]"
94.26.209.21 - - [16/Sep/2025:09:58:48 -0400] "GET /wp-content/uploads/2022/07/av2w4613_copy_0-1-360x200.jpg HTTP/1.1" 200 14996 "https://day-new.com/" "Mozilla/5.0 (Linux; Android 11; SM-N975U Build/RP1A.200720.012; wv) AppleWebKit/537.36 (KHTML, like Gecko) Version/4.0 Chrome/139.0.7258.90 Mobile Safari/537.36 [FB_IAB/FB4A;FBAV/526.1.0.66.75;IABMV/1;]"
94.26.209.21 - - [16/Sep/2025:09:58:48 -0400] "GET /wp-content/uploads/2022/05/07-10-20-104985565-360x200.jpg HTTP/1.1" 200 16904 "https://day-new.com/" "Mozilla/5.0 (Linux; Android 11; SM-N975U Build/RP1A.200720.012; wv) AppleWebKit/537.36 (KHTML, like Gecko) Version/4.0 Chrome/139.0.7258.90 Mobile Safari/537.36 [FB_IAB/FB4A;FBAV/526.1.0.66.75;IABMV/1;]"
94.26.209.21 - - [16/Sep/2025:09:58:48 -0400] "GET /wp-content/uploads/2022/05/Screenshot_%D9%A2%D9%A0%D9%A2%D9%A2%D9%A0%D9%A5%D9%A0%D9%A2-%D9%A1%D9%A8%D9%A0%D9%A6%D9%A5%D9%A4_Facebook-360x200.jpg HTTP/1.1" 200 15274 "https://day-new.com/" "Mozilla/5.0 (Linux; Android 11; SM-N975U Build/RP1A.200720.012; wv) AppleWebKit/537.36 (KHTML, like Gecko) Version/4.0 Chrome/139.0.7258.90 Mobile Safari/537.36 [FB_IAB/FB4A;FBAV/526.1.0.66.75;IABMV/1;]"
94.26.209.21 - - [16/Sep/2025:09:58:48 -0400] "GET /wp-content/uploads/2022/11/IMG-20221126-WA0000-360x200.jpg HTTP/1.1" 200 22189 "https://day-new.com/" "Mozilla/5.0 (Linux; Android 11; SM-N975U Build/RP1A.200720.012; wv) AppleWebKit/537.36 (KHTML, like Gecko) Version/4.0 Chrome/139.0.7258.90 Mobile Safari/537.36 [FB_IAB/FB4A;FBAV/526.1.0.66.75;IABMV/1;]"
94.26.209.21 - - [16/Sep/2025:09:58:48 -0400] "GET /?p=1025 HTTP/1.1" 200 13304 "https://day-new.com/" "Mozilla/5.0 (Linux; Android 11; SM-N975U Build/RP1A.200720.012; wv) AppleWebKit/537.36 (KHTML, like Gecko) Version/4.0 Chrome/139.0.7258.90 Mobile Safari/537.36 [FB_IAB/FB4A;FBAV/526.1.0.66.75;IABMV/1;]"
94.26.209.21 - - [16/Sep/2025:09:58:49 -0400] "GET /?p=1025 HTTP/1.1" 200 13304 "https://day-new.com/" "Mozilla/5.0 (Linux; Android 11; SM-N975U Build/RP1A.200720.012; wv) AppleWebKit/537.36 (KHTML, like Gecko) Version/4.0 Chrome/139.0.7258.90 Mobile Safari/537.36 [FB_IAB/FB4A;FBAV/526.1.0.66.75;IABMV/1;]"
94.26.209.21 - - [16/Sep/2025:09:58:49 -0400] "GET /wp-content/uploads/2022/01/IMG-20220112-WA0000-360x200.jpg HTTP/1.1" 200 21289 "https://day-new.com/" "Mozilla/5.0 (Linux; Android 11; SM-N975U Build/RP1A.200720.012; wv) AppleWebKit/537.36 (KHTML, like Gecko) Version/4.0 Chrome/139.0.7258.90 Mobile Safari/537.36 [FB_IAB/FB4A;FBAV/526.1.0.66.75;IABMV/1;]"
94.26.209.21 - - [16/Sep/2025:09:58:49 -0400] "GET /wp-content/uploads/2021/08/received_522965552343762-360x200.jpeg HTTP/1.1" 200 11410 "https://day-new.com/" "Mozilla/5.0 (Linux; Android 11; SM-N975U Build/RP1A.200720.012; wv) AppleWebKit/537.36 (KHTML, like Gecko) Version/4.0 Chrome/139.0.7258.90 Mobile Safari/537.36 [FB_IAB/FB4A;FBAV/526.1.0.66.75;IABMV/1;]"
94.26.209.21 - - [16/Sep/2025:09:58:49 -0400] "GET /?p=1025 HTTP/1.1" 200 13304 "https://day-new.com/" "Mozilla/5.0 (Linux; Android 11; SM-N975U Build/RP1A.200720.012; wv) AppleWebKit/537.36 (KHTML, like Gecko) Version/4.0 Chrome/139.0.7258.90 Mobile Safari/537.36 [FB_IAB/FB4A;FBAV/526.1.0.66.75;IABMV/1;]"
94.26.209.21 - - [16/Sep/2025:09:58:49 -0400] "GET /?p=1025 HTTP/1.1" 200 13304 "https://day-new.com/" "Mozilla/5.0 (Linux; Android 11; SM-N975U Build/RP1A.200720.012; wv) AppleWebKit/537.36 (KHTML, like Gecko) Version/4.0 Chrome/139.0.7258.90 Mobile Safari/537.36 [FB_IAB/FB4A;FBAV/526.1.0.66.75;IABMV/1;]"
94.26.209.21 - - [16/Sep/2025:09:58:50 -0400] "GET /wp-content/uploads/2021/04/2maTZNVCLx0n.jpg HTTP/1.1" 200 109332 "https://day-new.com/" "Mozilla/5.0 (Linux; Android 11; SM-N975U Build/RP1A.200720.012; wv) AppleWebKit/537.36 (KHTML, like Gecko) Version/4.0 Chrome/139.0.7258.90 Mobile Safari/537.36 [FB_IAB/FB4A;FBAV/526.1.0.66.75;IABMV/1;]"
94.26.209.21 - - [16/Sep/2025:09:58:50 -0400] "GET /?p=1025 HTTP/1.1" 200 13304 "https://day-new.com/" "Mozilla/5.0 (Linux; Android 11; SM-N975U Build/RP1A.200720.012; wv) AppleWebKit/537.36 (KHTML, like Gecko) Version/4.0 Chrome/139.0.7258.90 Mobile Safari/537.36 [FB_IAB/FB4A;FBAV/526.1.0.66.75;IABMV/1;]"
94.26.209.21 - - [16/Sep/2025:09:58:52 -0400] "GET /wp-content/uploads/2022/03/IMG-20220211-WA0001-360x200.jpg HTTP/1.1" 200 12312 "https://day-new.com/" "Mozilla/5.0 (Linux; Android 11; SM-N975U Build/RP1A.200720.012; wv) AppleWebKit/537.36 (KHTML, like Gecko) Version/4.0 Chrome/139.0.7258.90 Mobile Safari/537.36 [FB_IAB/FB4A;FBAV/526.1.0.66.75;IABMV/1;]"
94.26.209.21 - - [16/Sep/2025:09:58:52 -0400] "GET /wp-content/uploads/2021/04/9969222_1615284232.jpg HTTP/1.1" 200 19768 "https://day-new.com/" "Mozilla/5.0 (Linux; Android 11; SM-N975U Build/RP1A.200720.012; wv) AppleWebKit/537.36 (KHTML, like Gecko) Version/4.0 Chrome/139.0.7258.90 Mobile Safari/537.36 [FB_IAB/FB4A;FBAV/526.1.0.66.75;IABMV/1;]"
94.26.209.21 - - [16/Sep/2025:09:58:52 -0400] "GET /wp-content/uploads/2021/04/1769870_1618308063.jpg HTTP/1.1" 200 35202 "https://day-new.com/" "Mozilla/5.0 (Linux; Android 11; SM-N975U Build/RP1A.200720.012; wv) AppleWebKit/537.36 (KHTML, like Gecko) Version/4.0 Chrome/139.0.7258.90 Mobile Safari/537.36 [FB_IAB/FB4A;FBAV/526.1.0.66.75;IABMV/1;]"
94.26.209.21 - - [16/Sep/2025:09:58:53 -0400] "GET /wp-content/uploads/2023/04/Screenshot_%D9%A2%D9%A0%D9%A2%D9%A3%D9%A0%D9%A4%D9%A2%D9%A9-%D9%A0%D9%A3%D9%A1%D9%A0%D9%A2%D9%A0_Instagram.jpg HTTP/1.1" 200 530287 "https://day-new.com/?p=1025" "Mozilla/5.0 (Linux; Android 11; SM-N975U Build/RP1A.200720.012; wv) AppleWebKit/537.36 (KHTML, like Gecko) Version/4.0 Chrome/139.0.7258.90 Mobile Safari/537.36 [FB_IAB/FB4A;FBAV/526.1.0.66.75;IABMV/1;]"
104.28.159.175 - - [16/Sep/2025:09:58:59 -0400] "GET /?p=1076&fbclid=IwY2xjawM2TFxleHRuA2FlbQIxMQABHseF-3Lo_XZx8sUJYEFo9Z6lEt_jJhapy5FaRSQw74FjKPrdVdAR0Da3VO1G_aem_ncL2lW5Qg6K6efbI_bsPDw HTTP/1.1" 200 13462 "https://l.facebook.com/" "Mozilla/5.0 (Linux; Android 12; M2003J15SC Build/SP1A.210812.016; wv) AppleWebKit/537.36 (KHTML, like Gecko) Version/4.0 Chrome/139.0.7258.90 Mobile Safari/537.36 [FB_IAB/FB4A;FBAV/526.1.0.66.75;IABMV/1;] FBNV/5"
105.197.131.147 - - [16/Sep/2025:09:58:59 -0400] "GET /?cat=11 HTTP/1.1" 200 9222 "https://day-new.com/?p=1076&fbclid=IwY2xjawM2S5xleHRuA2FlbQIxMQABHnHGyi5Umy_2bSmrMLkIPJV_mvVAHteWYbmcPkYy-_0Hc2tmB6-OKLIMh4WN_aem_ID__QnOazvHZwfaNS31KfQ" "Mozilla/5.0 (Linux; Android 13; 23028RNCAG Build/TP1A.220624.014; wv) AppleWebKit/537.36 (KHTML, like Gecko) Version/4.0 Chrome/140.0.7339.51 Mobile Safari/537.36 [FB_IAB/FB4A;FBAV/530.0.0.48.74;IABMV/1;]"
104.28.159.175 - - [16/Sep/2025:09:59:00 -0400] "GET /wp-includes/css/dist/block-library/style-rtl.min.css?ver=6.8.2 HTTP/1.1" 200 14312 "https://day-new.com/?p=1076&fbclid=IwY2xjawM2TFxleHRuA2FlbQIxMQABHseF-3Lo_XZx8sUJYEFo9Z6lEt_jJhapy5FaRSQw74FjKPrdVdAR0Da3VO1G_aem_ncL2lW5Qg6K6efbI_bsPDw" "Mozilla/5.0 (Linux; Android 12; M2003J15SC Build/SP1A.210812.016; wv) AppleWebKit/537.36 (KHTML, like Gecko) Version/4.0 Chrome/139.0.7258.90 Mobile Safari/537.36 [FB_IAB/FB4A;FBAV/526.1.0.66.75;IABMV/1;] FBNV/5"
104.28.159.175 - - [16/Sep/2025:09:59:00 -0400] "GET /wp-content/plugins/contact-form-7/includes/css/styles.css?ver=5.8 HTTP/1.1" 200 878 "https://day-new.com/?p=1076&fbclid=IwY2xjawM2TFxleHRuA2FlbQIxMQABHseF-3Lo_XZx8sUJYEFo9Z6lEt_jJhapy5FaRSQw74FjKPrdVdAR0Da3VO1G_aem_ncL2lW5Qg6K6efbI_bsPDw" "Mozilla/5.0 (Linux; Android 12; M2003J15SC Build/SP1A.210812.016; wv) AppleWebKit/537.36 (KHTML, like Gecko) Version/4.0 Chrome/139.0.7258.90 Mobile Safari/537.36 [FB_IAB/FB4A;FBAV/526.1.0.66.75;IABMV/1;] FBNV/5"
104.28.159.175 - - [16/Sep/2025:09:59:00 -0400] "GET /wp-content/plugins/contact-form-7/includes/css/styles-rtl.css?ver=5.8 HTTP/1.1" 200 152 "https://day-new.com/?p=1076&fbclid=IwY2xjawM2TFxleHRuA2FlbQIxMQABHseF-3Lo_XZx8sUJYEFo9Z6lEt_jJhapy5FaRSQw74FjKPrdVdAR0Da3VO1G_aem_ncL2lW5Qg6K6efbI_bsPDw" "Mozilla/5.0 (Linux; Android 12; M2003J15SC Build/SP1A.210812.016; wv) AppleWebKit/537.36 (KHTML, like Gecko) Version/4.0 Chrome/139.0.7258.90 Mobile Safari/537.36 [FB_IAB/FB4A;FBAV/526.1.0.66.75;IABMV/1;] FBNV/5"
