66.249.90.129 - - [16/Sep/2025:16:49:53 -0400] "GET /wp-content/uploads/2022/02/c5b96bfb-fb5f-45c8-a558-9477a6bf3fa1-1-360x200.jpg HTTP/1.1" 200 16928 "https://aldolynews.com/" "Mozilla/5.0 (Linux; Android 4.0.4; Galaxy Nexus Build/IMM76B) AppleWebKit/537.36 (KHTML, like Gecko; Mediapartners-Google) Chrome/139.0.7258.127 Mobile Safari/537.36"
66.249.90.129 - - [16/Sep/2025:16:49:53 -0400] "GET /wp-content/uploads/2022/02/11-02-22-736196010-360x200.jpg HTTP/1.1" 200 19173 "https://aldolynews.com/" "Mozilla/5.0 (Linux; Android 4.0.4; Galaxy Nexus Build/IMM76B) AppleWebKit/537.36 (KHTML, like Gecko; Mediapartners-Google) Chrome/139.0.7258.127 Mobile Safari/537.36"
66.249.90.129 - - [16/Sep/2025:16:49:53 -0400] "GET /wp-content/uploads/2022/02/IMG-20220227-WA0011-360x200.jpg HTTP/1.1" 200 21519 "https://aldolynews.com/" "Mozilla/5.0 (Linux; Android 4.0.4; Galaxy Nexus Build/IMM76B) AppleWebKit/537.36 (KHTML, like Gecko; Mediapartners-Google) Chrome/139.0.7258.127 Mobile Safari/537.36"
66.249.90.129 - - [16/Sep/2025:16:49:57 -0400] "GET /wp-includes/js/wp-emoji-release.min.js?ver=6.8.2 HTTP/1.1" 200 4769 "https://aldolynews.com/others/179/" "Mozilla/5.0 (Linux; Android 4.0.4; Galaxy Nexus Build/IMM76B) AppleWebKit/537.36 (KHTML, like Gecko; Mediapartners-Google) Chrome/139.0.7258.127 Mobile Safari/537.36"
66.249.90.128 - - [16/Sep/2025:16:50:00 -0400] "GET /others/228/ HTTP/1.1" 200 13949 "-" "Mozilla/5.0 (Linux; Android 4.0.4; Galaxy Nexus Build/IMM76B) AppleWebKit/537.36 (KHTML, like Gecko; Mediapartners-Google) Chrome/139.0.7258.127 Mobile Safari/537.36"
66.249.90.128 - - [16/Sep/2025:16:50:01 -0400] "GET /others/228/ HTTP/1.1" 200 13979 "-" "Mozilla/5.0 (Macintosh; Intel Mac OS X 10_7_3) AppleWebKit/537.36 (KHTML, like Gecko, Mediapartners-Google) Chrome/139.0.7258.127 Safari/537.36"
66.249.90.128 - - [16/Sep/2025:16:50:02 -0400] "GET /wp-content/uploads/2022/02/FB_IMG_1644780815289-1-800x600.jpg HTTP/1.1" 200 60346 "https://aldolynews.com/others/228/" "Mozilla/5.0 (Macintosh; Intel Mac OS X 10_7_3) AppleWebKit/537.36 (KHTML, like Gecko, Mediapartners-Google) Chrome/139.0.7258.127 Safari/537.36"
66.249.90.128 - - [16/Sep/2025:16:50:03 -0400] "GET /wp-includes/js/wp-emoji-release.min.js?ver=6.8.2 HTTP/1.1" 200 4769 "https://aldolynews.com/others/179/" "Mozilla/5.0 (Macintosh; Intel Mac OS X 10_7_3) AppleWebKit/537.36 (KHTML, like Gecko, Mediapartners-Google) Chrome/139.0.7258.127 Safari/537.36"
66.249.90.130 - - [16/Sep/2025:16:51:02 -0400] "GET /others/webfonts/fa-brands-400.woff2 HTTP/1.1" 404 7155 "https://aldolynews.com/others/179/" "Mozilla/5.0 (Linux; Android 4.0.4; Galaxy Nexus Build/IMM76B) AppleWebKit/537.36 (KHTML, like Gecko; Mediapartners-Google) Chrome/139.0.7258.127 Mobile Safari/537.36"
66.249.90.128 - - [16/Sep/2025:16:51:02 -0400] "GET /others/webfonts/fa-solid-900.woff2 HTTP/1.1" 404 7146 "https://aldolynews.com/others/179/" "Mozilla/5.0 (Linux; Android 4.0.4; Galaxy Nexus Build/IMM76B) AppleWebKit/537.36 (KHTML, like Gecko; Mediapartners-Google) Chrome/139.0.7258.127 Mobile Safari/537.36"
66.249.90.129 - - [16/Sep/2025:16:51:03 -0400] "GET /others/webfonts/fa-brands-400.woff HTTP/1.1" 404 7147 "https://aldolynews.com/others/179/" "Mozilla/5.0 (Linux; Android 4.0.4; Galaxy Nexus Build/IMM76B) AppleWebKit/537.36 (KHTML, like Gecko; Mediapartners-Google) Chrome/139.0.7258.127 Mobile Safari/537.36"
66.249.90.128 - - [16/Sep/2025:16:51:03 -0400] "GET /others/webfonts/fa-solid-900.woff HTTP/1.1" 404 7158 "https://aldolynews.com/others/179/" "Mozilla/5.0 (Linux; Android 4.0.4; Galaxy Nexus Build/IMM76B) AppleWebKit/537.36 (KHTML, like Gecko; Mediapartners-Google) Chrome/139.0.7258.127 Mobile Safari/537.36"
66.249.90.128 - - [16/Sep/2025:16:51:03 -0400] "GET /others/webfonts/fa-solid-900.ttf HTTP/1.1" 404 7151 "https://aldolynews.com/others/179/" "Mozilla/5.0 (Linux; Android 4.0.4; Galaxy Nexus Build/IMM76B) AppleWebKit/537.36 (KHTML, like Gecko; Mediapartners-Google) Chrome/139.0.7258.127 Mobile Safari/537.36"
66.249.90.128 - - [16/Sep/2025:16:51:04 -0400] "GET /others/webfonts/fa-brands-400.ttf HTTP/1.1" 404 7157 "https://aldolynews.com/others/179/" "Mozilla/5.0 (Linux; Android 4.0.4; Galaxy Nexus Build/IMM76B) AppleWebKit/537.36 (KHTML, like Gecko; Mediapartners-Google) Chrome/139.0.7258.127 Mobile Safari/537.36"
66.249.90.128 - - [16/Sep/2025:16:51:04 -0400] "GET /others/webfonts/fa-solid-900.woff2 HTTP/1.1" 404 7152 "https://aldolynews.com/others/179/" "Mozilla/5.0 (Macintosh; Intel Mac OS X 10_7_3) AppleWebKit/537.36 (KHTML, like Gecko, Mediapartners-Google) Chrome/139.0.7258.127 Safari/537.36"
66.249.90.128 - - [16/Sep/2025:16:51:04 -0400] "GET /others/webfonts/fa-brands-400.woff2 HTTP/1.1" 404 7146 "https://aldolynews.com/others/179/" "Mozilla/5.0 (Macintosh; Intel Mac OS X 10_7_3) AppleWebKit/537.36 (KHTML, like Gecko, Mediapartners-Google) Chrome/139.0.7258.127 Safari/537.36"
66.249.90.128 - - [16/Sep/2025:16:51:04 -0400] "GET /others/179/Greta_Arabic_Regular.woff HTTP/1.1" 404 7147 "https://aldolynews.com/others/179/" "Mozilla/5.0 (Macintosh; Intel Mac OS X 10_7_3) AppleWebKit/537.36 (KHTML, like Gecko, Mediapartners-Google) Chrome/139.0.7258.127 Safari/537.36"
66.249.90.128 - - [16/Sep/2025:16:51:04 -0400] "GET /others/webfonts/fa-brands-400.woff2 HTTP/1.1" 404 7123 "https://aldolynews.com/others/294/" "Mozilla/5.0 (Linux; Android 4.0.4; Galaxy Nexus Build/IMM76B) AppleWebKit/537.36 (KHTML, like Gecko; Mediapartners-Google) Chrome/139.0.7258.127 Mobile Safari/537.36"
66.249.90.128 - - [16/Sep/2025:16:51:04 -0400] "GET /others/webfonts/fa-solid-900.woff2 HTTP/1.1" 404 7117 "https://aldolynews.com/others/294/" "Mozilla/5.0 (Linux; Android 4.0.4; Galaxy Nexus Build/IMM76B) AppleWebKit/537.36 (KHTML, like Gecko; Mediapartners-Google) Chrome/139.0.7258.127 Mobile Safari/537.36"
66.249.90.129 - - [16/Sep/2025:16:51:05 -0400] "GET /others/webfonts/fa-brands-400.woff HTTP/1.1" 404 7151 "https://aldolynews.com/others/179/" "Mozilla/5.0 (Macintosh; Intel Mac OS X 10_7_3) AppleWebKit/537.36 (KHTML, like Gecko, Mediapartners-Google) Chrome/139.0.7258.127 Safari/537.36"
66.249.90.128 - - [16/Sep/2025:16:51:05 -0400] "GET /others/webfonts/fa-solid-900.woff HTTP/1.1" 404 7148 "https://aldolynews.com/others/179/" "Mozilla/5.0 (Macintosh; Intel Mac OS X 10_7_3) AppleWebKit/537.36 (KHTML, like Gecko, Mediapartners-Google) Chrome/139.0.7258.127 Safari/537.36"
66.249.90.128 - - [16/Sep/2025:16:51:05 -0400] "GET /others/179/Greta_Arabic_Regular.otf HTTP/1.1" 404 7078 "https://aldolynews.com/others/179/" "Mozilla/5.0 (Macintosh; Intel Mac OS X 10_7_3) AppleWebKit/537.36 (KHTML, like Gecko, Mediapartners-Google) Chrome/139.0.7258.127 Safari/537.36"
66.249.90.128 - - [16/Sep/2025:16:51:05 -0400] "GET /others/webfonts/fa-brands-400.woff HTTP/1.1" 404 7147 "https://aldolynews.com/others/294/" "Mozilla/5.0 (Linux; Android 4.0.4; Galaxy Nexus Build/IMM76B) AppleWebKit/537.36 (KHTML, like Gecko; Mediapartners-Google) Chrome/139.0.7258.127 Mobile Safari/537.36"
66.249.90.130 - - [16/Sep/2025:16:51:05 -0400] "GET /others/webfonts/fa-solid-900.woff HTTP/1.1" 404 7158 "https://aldolynews.com/others/294/" "Mozilla/5.0 (Linux; Android 4.0.4; Galaxy Nexus Build/IMM76B) AppleWebKit/537.36 (KHTML, like Gecko; Mediapartners-Google) Chrome/139.0.7258.127 Mobile Safari/537.36"
66.249.90.129 - - [16/Sep/2025:16:51:06 -0400] "GET /others/webfonts/fa-brands-400.ttf HTTP/1.1" 404 7147 "https://aldolynews.com/others/179/" "Mozilla/5.0 (Macintosh; Intel Mac OS X 10_7_3) AppleWebKit/537.36 (KHTML, like Gecko, Mediapartners-Google) Chrome/139.0.7258.127 Safari/537.36"
66.249.90.128 - - [16/Sep/2025:16:51:05 -0400] "GET /others/webfonts/fa-brands-400.woff2 HTTP/1.1" 404 7118 "https://aldolynews.com/others/294/" "Mozilla/5.0 (Macintosh; Intel Mac OS X 10_7_3) AppleWebKit/537.36 (KHTML, like Gecko, Mediapartners-Google) Chrome/139.0.7258.127 Safari/537.36"
66.249.90.129 - - [16/Sep/2025:16:51:06 -0400] "GET /others/294/Greta_Arabic_Regular.woff HTTP/1.1" 404 7148 "https://aldolynews.com/others/294/" "Mozilla/5.0 (Macintosh; Intel Mac OS X 10_7_3) AppleWebKit/537.36 (KHTML, like Gecko, Mediapartners-Google) Chrome/139.0.7258.127 Safari/537.36"
66.249.90.129 - - [16/Sep/2025:16:51:06 -0400] "GET /others/webfonts/fa-solid-900.woff2 HTTP/1.1" 404 7152 "https://aldolynews.com/others/294/" "Mozilla/5.0 (Macintosh; Intel Mac OS X 10_7_3) AppleWebKit/537.36 (KHTML, like Gecko, Mediapartners-Google) Chrome/139.0.7258.127 Safari/537.36"
66.249.90.129 - - [16/Sep/2025:16:51:06 -0400] "GET /others/webfonts/fa-solid-900.ttf HTTP/1.1" 404 7159 "https://aldolynews.com/others/179/" "Mozilla/5.0 (Macintosh; Intel Mac OS X 10_7_3) AppleWebKit/537.36 (KHTML, like Gecko, Mediapartners-Google) Chrome/139.0.7258.127 Safari/537.36"
66.249.90.129 - - [16/Sep/2025:16:51:07 -0400] "GET /others/webfonts/fa-brands-400.ttf HTTP/1.1" 404 7157 "https://aldolynews.com/others/294/" "Mozilla/5.0 (Linux; Android 4.0.4; Galaxy Nexus Build/IMM76B) AppleWebKit/537.36 (KHTML, like Gecko; Mediapartners-Google) Chrome/139.0.7258.127 Mobile Safari/537.36"
66.249.90.129 - - [16/Sep/2025:16:51:06 -0400] "GET /webfonts/fa-solid-900.woff2 HTTP/1.1" 404 7148 "https://aldolynews.com/" "Mozilla/5.0 (Linux; Android 4.0.4; Galaxy Nexus Build/IMM76B) AppleWebKit/537.36 (KHTML, like Gecko; Mediapartners-Google) Chrome/139.0.7258.127 Mobile Safari/537.36"
66.249.90.128 - - [16/Sep/2025:16:51:07 -0400] "GET /others/webfonts/fa-brands-400.woff HTTP/1.1" 404 7116 "https://aldolynews.com/others/294/" "Mozilla/5.0 (Macintosh; Intel Mac OS X 10_7_3) AppleWebKit/537.36 (KHTML, like Gecko, Mediapartners-Google) Chrome/139.0.7258.127 Safari/537.36"
66.249.90.129 - - [16/Sep/2025:16:51:07 -0400] "GET /others/webfonts/fa-solid-900.woff HTTP/1.1" 404 7148 "https://aldolynews.com/others/294/" "Mozilla/5.0 (Macintosh; Intel Mac OS X 10_7_3) AppleWebKit/537.36 (KHTML, like Gecko, Mediapartners-Google) Chrome/139.0.7258.127 Safari/537.36"
66.249.90.128 - - [16/Sep/2025:16:51:07 -0400] "GET /others/webfonts/fa-solid-900.ttf HTTP/1.1" 404 7151 "https://aldolynews.com/others/294/" "Mozilla/5.0 (Linux; Android 4.0.4; Galaxy Nexus Build/IMM76B) AppleWebKit/537.36 (KHTML, like Gecko; Mediapartners-Google) Chrome/139.0.7258.127 Mobile Safari/537.36"
66.249.90.128 - - [16/Sep/2025:16:51:07 -0400] "GET /Greta_Arabic_Regular.woff HTTP/1.1" 404 7099 "https://aldolynews.com/" "Mozilla/5.0 (Macintosh; Intel Mac OS X 10_7_3) AppleWebKit/537.36 (KHTML, like Gecko, Mediapartners-Google) Chrome/139.0.7258.127 Safari/537.36"
66.249.90.129 - - [16/Sep/2025:16:51:07 -0400] "GET /webfonts/fa-solid-900.woff2 HTTP/1.1" 404 7150 "https://aldolynews.com/" "Mozilla/5.0 (Macintosh; Intel Mac OS X 10_7_3) AppleWebKit/537.36 (KHTML, like Gecko, Mediapartners-Google) Chrome/139.0.7258.127 Safari/537.36"
66.249.90.128 - - [16/Sep/2025:16:51:07 -0400] "GET /others/294/Greta_Arabic_Regular.otf HTTP/1.1" 404 7141 "https://aldolynews.com/others/294/" "Mozilla/5.0 (Macintosh; Intel Mac OS X 10_7_3) AppleWebKit/537.36 (KHTML, like Gecko, Mediapartners-Google) Chrome/139.0.7258.127 Safari/537.36"
66.249.90.128 - - [16/Sep/2025:16:51:07 -0400] "GET /webfonts/fa-brands-400.woff2 HTTP/1.1" 404 7151 "https://aldolynews.com/" "Mozilla/5.0 (Macintosh; Intel Mac OS X 10_7_3) AppleWebKit/537.36 (KHTML, like Gecko, Mediapartners-Google) Chrome/139.0.7258.127 Safari/537.36"
66.249.90.129 - - [16/Sep/2025:16:51:08 -0400] "GET /others/webfonts/fa-brands-400.woff2 HTTP/1.1" 404 7155 "https://aldolynews.com/others/228/" "Mozilla/5.0 (Linux; Android 4.0.4; Galaxy Nexus Build/IMM76B) AppleWebKit/537.36 (KHTML, like Gecko; Mediapartners-Google) Chrome/139.0.7258.127 Mobile Safari/537.36"
66.249.90.129 - - [16/Sep/2025:16:51:08 -0400] "GET /others/webfonts/fa-solid-900.woff2 HTTP/1.1" 404 7146 "https://aldolynews.com/others/228/" "Mozilla/5.0 (Linux; Android 4.0.4; Galaxy Nexus Build/IMM76B) AppleWebKit/537.36 (KHTML, like Gecko; Mediapartners-Google) Chrome/139.0.7258.127 Mobile Safari/537.36"
66.249.90.129 - - [16/Sep/2025:16:51:09 -0400] "GET /others/webfonts/fa-brands-400.ttf HTTP/1.1" 404 7147 "https://aldolynews.com/others/294/" "Mozilla/5.0 (Macintosh; Intel Mac OS X 10_7_3) AppleWebKit/537.36 (KHTML, like Gecko, Mediapartners-Google) Chrome/139.0.7258.127 Safari/537.36"
66.249.90.129 - - [16/Sep/2025:16:51:09 -0400] "GET /others/webfonts/fa-solid-900.ttf HTTP/1.1" 404 7159 "https://aldolynews.com/others/294/" "Mozilla/5.0 (Macintosh; Intel Mac OS X 10_7_3) AppleWebKit/537.36 (KHTML, like Gecko, Mediapartners-Google) Chrome/139.0.7258.127 Safari/537.36"
66.249.90.128 - - [16/Sep/2025:16:51:09 -0400] "GET /webfonts/fa-solid-900.woff HTTP/1.1" 404 7153 "https://aldolynews.com/" "Mozilla/5.0 (Linux; Android 4.0.4; Galaxy Nexus Build/IMM76B) AppleWebKit/537.36 (KHTML, like Gecko; Mediapartners-Google) Chrome/139.0.7258.127 Mobile Safari/537.36"
66.249.90.129 - - [16/Sep/2025:16:51:09 -0400] "GET /Greta_Arabic_Regular.otf HTTP/1.1" 404 7144 "https://aldolynews.com/" "Mozilla/5.0 (Macintosh; Intel Mac OS X 10_7_3) AppleWebKit/537.36 (KHTML, like Gecko, Mediapartners-Google) Chrome/139.0.7258.127 Safari/537.36"
66.249.90.128 - - [16/Sep/2025:16:51:09 -0400] "GET /others/webfonts/fa-brands-400.woff2 HTTP/1.1" 404 7146 "https://aldolynews.com/others/228/" "Mozilla/5.0 (Macintosh; Intel Mac OS X 10_7_3) AppleWebKit/537.36 (KHTML, like Gecko, Mediapartners-Google) Chrome/139.0.7258.127 Safari/537.36"
66.249.90.129 - - [16/Sep/2025:16:51:09 -0400] "GET /others/webfonts/fa-solid-900.woff2 HTTP/1.1" 404 7152 "https://aldolynews.com/others/228/" "Mozilla/5.0 (Macintosh; Intel Mac OS X 10_7_3) AppleWebKit/537.36 (KHTML, like Gecko, Mediapartners-Google) Chrome/139.0.7258.127 Safari/537.36"
66.249.90.128 - - [16/Sep/2025:16:51:09 -0400] "GET /webfonts/fa-solid-900.woff HTTP/1.1" 404 7149 "https://aldolynews.com/" "Mozilla/5.0 (Macintosh; Intel Mac OS X 10_7_3) AppleWebKit/537.36 (KHTML, like Gecko, Mediapartners-Google) Chrome/139.0.7258.127 Safari/537.36"
66.249.90.129 - - [16/Sep/2025:16:51:09 -0400] "GET /others/228/Greta_Arabic_Regular.woff HTTP/1.1" 404 7112 "https://aldolynews.com/others/228/" "Mozilla/5.0 (Macintosh; Intel Mac OS X 10_7_3) AppleWebKit/537.36 (KHTML, like Gecko, Mediapartners-Google) Chrome/139.0.7258.127 Safari/537.36"
66.249.90.128 - - [16/Sep/2025:16:51:10 -0400] "GET /webfonts/fa-brands-400.woff HTTP/1.1" 404 7150 "https://aldolynews.com/" "Mozilla/5.0 (Macintosh; Intel Mac OS X 10_7_3) AppleWebKit/537.36 (KHTML, like Gecko, Mediapartners-Google) Chrome/139.0.7258.127 Safari/537.36"
66.249.90.128 - - [16/Sep/2025:16:51:10 -0400] "GET /others/webfonts/fa-brands-400.woff HTTP/1.1" 404 7147 "https://aldolynews.com/others/228/" "Mozilla/5.0 (Linux; Android 4.0.4; Galaxy Nexus Build/IMM76B) AppleWebKit/537.36 (KHTML, like Gecko; Mediapartners-Google) Chrome/139.0.7258.127 Mobile Safari/537.36"
66.249.90.128 - - [16/Sep/2025:16:51:11 -0400] "GET /others/webfonts/fa-solid-900.woff HTTP/1.1" 404 7158 "https://aldolynews.com/others/228/" "Mozilla/5.0 (Linux; Android 4.0.4; Galaxy Nexus Build/IMM76B) AppleWebKit/537.36 (KHTML, like Gecko; Mediapartners-Google) Chrome/139.0.7258.127 Mobile Safari/537.36"
66.249.90.128 - - [16/Sep/2025:16:51:11 -0400] "GET /others/webfonts/fa-brands-400.woff HTTP/1.1" 404 7151 "https://aldolynews.com/others/228/" "Mozilla/5.0 (Macintosh; Intel Mac OS X 10_7_3) AppleWebKit/537.36 (KHTML, like Gecko, Mediapartners-Google) Chrome/139.0.7258.127 Safari/537.36"
66.249.90.128 - - [16/Sep/2025:16:51:12 -0400] "GET /webfonts/fa-solid-900.ttf HTTP/1.1" 404 7156 "https://aldolynews.com/" "Mozilla/5.0 (Macintosh; Intel Mac OS X 10_7_3) AppleWebKit/537.36 (KHTML, like Gecko, Mediapartners-Google) Chrome/139.0.7258.127 Safari/537.36"
66.249.90.128 - - [16/Sep/2025:16:51:12 -0400] "GET /others/webfonts/fa-solid-900.woff HTTP/1.1" 404 7148 "https://aldolynews.com/others/228/" "Mozilla/5.0 (Macintosh; Intel Mac OS X 10_7_3) AppleWebKit/537.36 (KHTML, like Gecko, Mediapartners-Google) Chrome/139.0.7258.127 Safari/537.36"
66.249.90.128 - - [16/Sep/2025:16:51:11 -0400] "GET /webfonts/fa-solid-900.ttf HTTP/1.1" 404 7146 "https://aldolynews.com/" "Mozilla/5.0 (Linux; Android 4.0.4; Galaxy Nexus Build/IMM76B) AppleWebKit/537.36 (KHTML, like Gecko; Mediapartners-Google) Chrome/139.0.7258.127 Mobile Safari/537.36"
66.249.90.128 - - [16/Sep/2025:16:51:12 -0400] "GET /webfonts/fa-brands-400.ttf HTTP/1.1" 404 7149 "https://aldolynews.com/" "Mozilla/5.0 (Macintosh; Intel Mac OS X 10_7_3) AppleWebKit/537.36 (KHTML, like Gecko, Mediapartners-Google) Chrome/139.0.7258.127 Safari/537.36"
66.249.90.128 - - [16/Sep/2025:16:51:12 -0400] "GET /others/228/Greta_Arabic_Regular.otf HTTP/1.1" 404 7141 "https://aldolynews.com/others/228/" "Mozilla/5.0 (Macintosh; Intel Mac OS X 10_7_3) AppleWebKit/537.36 (KHTML, like Gecko, Mediapartners-Google) Chrome/139.0.7258.127 Safari/537.36"
66.249.90.128 - - [16/Sep/2025:16:51:12 -0400] "GET /others/webfonts/fa-brands-400.ttf HTTP/1.1" 404 7157 "https://aldolynews.com/others/228/" "Mozilla/5.0 (Linux; Android 4.0.4; Galaxy Nexus Build/IMM76B) AppleWebKit/537.36 (KHTML, like Gecko; Mediapartners-Google) Chrome/139.0.7258.127 Mobile Safari/537.36"
66.249.90.128 - - [16/Sep/2025:16:51:12 -0400] "GET /others/webfonts/fa-solid-900.ttf HTTP/1.1" 404 7151 "https://aldolynews.com/others/228/" "Mozilla/5.0 (Linux; Android 4.0.4; Galaxy Nexus Build/IMM76B) AppleWebKit/537.36 (KHTML, like Gecko; Mediapartners-Google) Chrome/139.0.7258.127 Mobile Safari/537.36"
66.249.90.128 - - [16/Sep/2025:16:51:13 -0400] "GET /others/webfonts/fa-brands-400.ttf HTTP/1.1" 404 7147 "https://aldolynews.com/others/228/" "Mozilla/5.0 (Macintosh; Intel Mac OS X 10_7_3) AppleWebKit/537.36 (KHTML, like Gecko, Mediapartners-Google) Chrome/139.0.7258.127 Safari/537.36"
66.249.90.128 - - [16/Sep/2025:16:51:13 -0400] "GET /others/webfonts/fa-solid-900.ttf HTTP/1.1" 404 7159 "https://aldolynews.com/others/228/" "Mozilla/5.0 (Macintosh; Intel Mac OS X 10_7_3) AppleWebKit/537.36 (KHTML, like Gecko, Mediapartners-Google) Chrome/139.0.7258.127 Safari/537.36"
66.249.90.128 - - [16/Sep/2025:16:51:16 -0400] "GET /others/webfonts/fa-brands-400.woff2 HTTP/1.1" 404 7155 "https://aldolynews.com/others/179/" "Mozilla/5.0 (Linux; Android 4.0.4; Galaxy Nexus Build/IMM76B) AppleWebKit/537.36 (KHTML, like Gecko; Mediapartners-Google) Chrome/139.0.7258.127 Mobile Safari/537.36"
66.249.90.129 - - [16/Sep/2025:16:51:16 -0400] "GET /others/webfonts/fa-solid-900.woff2 HTTP/1.1" 404 7146 "https://aldolynews.com/others/179/" "Mozilla/5.0 (Linux; Android 4.0.4; Galaxy Nexus Build/IMM76B) AppleWebKit/537.36 (KHTML, like Gecko; Mediapartners-Google) Chrome/139.0.7258.127 Mobile Safari/537.36"
66.249.90.129 - - [16/Sep/2025:16:51:17 -0400] "GET /others/webfonts/fa-solid-900.woff2 HTTP/1.1" 404 7152 "https://aldolynews.com/others/179/" "Mozilla/5.0 (Macintosh; Intel Mac OS X 10_7_3) AppleWebKit/537.36 (KHTML, like Gecko, Mediapartners-Google) Chrome/139.0.7258.127 Safari/537.36"
66.249.90.128 - - [16/Sep/2025:16:51:17 -0400] "GET /others/webfonts/fa-brands-400.woff HTTP/1.1" 404 7117 "https://aldolynews.com/others/179/" "Mozilla/5.0 (Linux; Android 4.0.4; Galaxy Nexus Build/IMM76B) AppleWebKit/537.36 (KHTML, like Gecko; Mediapartners-Google) Chrome/139.0.7258.127 Mobile Safari/537.36"
66.249.90.129 - - [16/Sep/2025:16:51:17 -0400] "GET /others/webfonts/fa-brands-400.woff2 HTTP/1.1" 404 7146 "https://aldolynews.com/others/179/" "Mozilla/5.0 (Macintosh; Intel Mac OS X 10_7_3) AppleWebKit/537.36 (KHTML, like Gecko, Mediapartners-Google) Chrome/139.0.7258.127 Safari/537.36"
66.249.90.128 - - [16/Sep/2025:16:51:17 -0400] "GET /others/webfonts/fa-solid-900.woff HTTP/1.1" 404 7158 "https://aldolynews.com/others/179/" "Mozilla/5.0 (Linux; Android 4.0.4; Galaxy Nexus Build/IMM76B) AppleWebKit/537.36 (KHTML, like Gecko; Mediapartners-Google) Chrome/139.0.7258.127 Mobile Safari/537.36"
66.249.90.128 - - [16/Sep/2025:16:51:17 -0400] "GET /others/179/Greta_Arabic_Regular.woff HTTP/1.1" 404 7147 "https://aldolynews.com/others/179/" "Mozilla/5.0 (Macintosh; Intel Mac OS X 10_7_3) AppleWebKit/537.36 (KHTML, like Gecko, Mediapartners-Google) Chrome/139.0.7258.127 Safari/537.36"
66.249.90.129 - - [16/Sep/2025:16:51:17 -0400] "GET /others/webfonts/fa-solid-900.woff HTTP/1.1" 404 7148 "https://aldolynews.com/others/179/" "Mozilla/5.0 (Macintosh; Intel Mac OS X 10_7_3) AppleWebKit/537.36 (KHTML, like Gecko, Mediapartners-Google) Chrome/139.0.7258.127 Safari/537.36"
66.249.90.129 - - [16/Sep/2025:16:51:17 -0400] "GET /others/webfonts/fa-brands-400.ttf HTTP/1.1" 404 7157 "https://aldolynews.com/others/179/" "Mozilla/5.0 (Linux; Android 4.0.4; Galaxy Nexus Build/IMM76B) AppleWebKit/537.36 (KHTML, like Gecko; Mediapartners-Google) Chrome/139.0.7258.127 Mobile Safari/537.36"
66.249.90.129 - - [16/Sep/2025:16:51:18 -0400] "GET /others/webfonts/fa-brands-400.woff HTTP/1.1" 404 7151 "https://aldolynews.com/others/179/" "Mozilla/5.0 (Macintosh; Intel Mac OS X 10_7_3) AppleWebKit/537.36 (KHTML, like Gecko, Mediapartners-Google) Chrome/139.0.7258.127 Safari/537.36"
66.249.90.129 - - [16/Sep/2025:16:51:18 -0400] "GET /others/webfonts/fa-solid-900.ttf HTTP/1.1" 404 7151 "https://aldolynews.com/others/179/" "Mozilla/5.0 (Linux; Android 4.0.4; Galaxy Nexus Build/IMM76B) AppleWebKit/537.36 (KHTML, like Gecko; Mediapartners-Google) Chrome/139.0.7258.127 Mobile Safari/537.36"
66.249.90.129 - - [16/Sep/2025:16:51:18 -0400] "GET /others/179/Greta_Arabic_Regular.otf HTTP/1.1" 404 7142 "https://aldolynews.com/others/179/" "Mozilla/5.0 (Macintosh; Intel Mac OS X 10_7_3) AppleWebKit/537.36 (KHTML, like Gecko, Mediapartners-Google) Chrome/139.0.7258.127 Safari/537.36"
66.249.90.128 - - [16/Sep/2025:16:51:18 -0400] "GET /others/webfonts/fa-solid-900.ttf HTTP/1.1" 404 7159 "https://aldolynews.com/others/179/" "Mozilla/5.0 (Macintosh; Intel Mac OS X 10_7_3) AppleWebKit/537.36 (KHTML, like Gecko, Mediapartners-Google) Chrome/139.0.7258.127 Safari/537.36"
66.249.90.129 - - [16/Sep/2025:16:51:19 -0400] "GET /others/webfonts/fa-brands-400.ttf HTTP/1.1" 404 7122 "https://aldolynews.com/others/179/" "Mozilla/5.0 (Macintosh; Intel Mac OS X 10_7_3) AppleWebKit/537.36 (KHTML, like Gecko, Mediapartners-Google) Chrome/139.0.7258.127 Safari/537.36"
66.249.90.128 - - [16/Sep/2025:16:51:18 -0400] "GET /others/294/Greta_Arabic_Regular.woff HTTP/1.1" 404 7148 "https://aldolynews.com/others/294/" "Mozilla/5.0 (Macintosh; Intel Mac OS X 10_7_3) AppleWebKit/537.36 (KHTML, like Gecko, Mediapartners-Google) Chrome/139.0.7258.127 Safari/537.36"
66.249.90.128 - - [16/Sep/2025:16:51:18 -0400] "GET /others/webfonts/fa-brands-400.woff2 HTTP/1.1" 404 7155 "https://aldolynews.com/others/294/" "Mozilla/5.0 (Linux; Android 4.0.4; Galaxy Nexus Build/IMM76B) AppleWebKit/537.36 (KHTML, like Gecko; Mediapartners-Google) Chrome/139.0.7258.127 Mobile Safari/537.36"
66.249.90.129 - - [16/Sep/2025:16:51:18 -0400] "GET /others/webfonts/fa-solid-900.woff2 HTTP/1.1" 404 7152 "https://aldolynews.com/others/294/" "Mozilla/5.0 (Macintosh; Intel Mac OS X 10_7_3) AppleWebKit/537.36 (KHTML, like Gecko, Mediapartners-Google) Chrome/139.0.7258.127 Safari/537.36"
66.249.90.128 - - [16/Sep/2025:16:51:19 -0400] "GET /others/webfonts/fa-solid-900.woff2 HTTP/1.1" 404 7110 "https://aldolynews.com/others/294/" "Mozilla/5.0 (Linux; Android 4.0.4; Galaxy Nexus Build/IMM76B) AppleWebKit/537.36 (KHTML, like Gecko; Mediapartners-Google) Chrome/139.0.7258.127 Mobile Safari/537.36"
66.249.90.128 - - [16/Sep/2025:16:51:18 -0400] "GET /others/webfonts/fa-brands-400.woff2 HTTP/1.1" 404 7146 "https://aldolynews.com/others/294/" "Mozilla/5.0 (Macintosh; Intel Mac OS X 10_7_3) AppleWebKit/537.36 (KHTML, like Gecko, Mediapartners-Google) Chrome/139.0.7258.127 Safari/537.36"
47.128.50.196 - - [16/Sep/2025:16:51:19 -0400] "GET / HTTP/1.1" 200 8367 "-" "Mozilla/5.0 (Linux; Android 5.0) AppleWebKit/537.36 (KHTML, like Gecko) Mobile Safari/537.36 (compatible; Bytespider; spider-feedback@bytedance.com)"
47.128.50.196 - - [16/Sep/2025:16:51:22 -0400] "GET /wp-includes/css/dist/block-library/style-rtl.min.css?ver=6.8.2 HTTP/1.1" 200 14312 "https://aldolynews.com/" "Mozilla/5.0 (Linux; Android 5.0) AppleWebKit/537.36 (KHTML, like Gecko) Mobile Safari/537.36 (compatible; Bytespider; spider-feedback@bytedance.com)"
47.128.50.196 - - [16/Sep/2025:16:51:22 -0400] "GET /wp-content/plugins/contact-form-7/includes/css/styles.css?ver=5.5.6.1 HTTP/1.1" 200 848 "https://aldolynews.com/" "Mozilla/5.0 (Linux; Android 5.0) AppleWebKit/537.36 (KHTML, like Gecko) Mobile Safari/537.36 (compatible; Bytespider; spider-feedback@bytedance.com)"
47.128.50.196 - - [16/Sep/2025:16:51:22 -0400] "GET /wp-content/plugins/contact-form-7/includes/css/styles-rtl.css?ver=5.5.6.1 HTTP/1.1" 200 152 "https://aldolynews.com/" "Mozilla/5.0 (Linux; Android 5.0) AppleWebKit/537.36 (KHTML, like Gecko) Mobile Safari/537.36 (compatible; Bytespider; spider-feedback@bytedance.com)"
47.128.50.196 - - [16/Sep/2025:16:51:22 -0400] "GET /wp-content/themes/newsplus/assets/css/bootstrap.min.css?ver=37.00 HTTP/1.1" 200 17696 "https://aldolynews.com/" "Mozilla/5.0 (Linux; Android 5.0) AppleWebKit/537.36 (KHTML, like Gecko) Mobile Safari/537.36 (compatible; Bytespider; spider-feedback@bytedance.com)"
47.128.50.196 - - [16/Sep/2025:16:51:22 -0400] "GET /wp-content/themes/newsplus/assets/fonts/fonts.css?ver=37.00 HTTP/1.1" 200 335 "https://aldolynews.com/" "Mozilla/5.0 (Linux; Android 5.0) AppleWebKit/537.36 (KHTML, like Gecko) Mobile Safari/537.36 (compatible; Bytespider; spider-feedback@bytedance.com)"
47.128.50.196 - - [16/Sep/2025:16:51:22 -0400] "GET /wp-content/themes/newsplus/style.css?ver=37.00 HTTP/1.1" 200 7414 "https://aldolynews.com/" "Mozilla/5.0 (Linux; Android 5.0) AppleWebKit/537.36 (KHTML, like Gecko) Mobile Safari/537.36 (compatible; Bytespider; spider-feedback@bytedance.com)"
66.249.90.128 - - [16/Sep/2025:16:51:20 -0400] "GET /Greta_Arabic_Regular.woff HTTP/1.1" 404 7138 "https://aldolynews.com/" "Mozilla/5.0 (Macintosh; Intel Mac OS X 10_7_3) AppleWebKit/537.36 (KHTML, like Gecko, Mediapartners-Google) Chrome/139.0.7258.127 Safari/537.36"
47.128.50.196 - - [16/Sep/2025:16:51:23 -0400] "GET /wp-content/themes/newsplus/assets/img/logo.png HTTP/1.1" 206 500 "https://aldolynews.com/" "Mozilla/5.0 (Linux; Android 5.0) AppleWebKit/537.36 (KHTML, like Gecko) Mobile Safari/537.36 (compatible; Bytespider; spider-feedback@bytedance.com)"
66.249.90.128 - - [16/Sep/2025:16:51:20 -0400] "GET /webfonts/fa-solid-900.woff2 HTTP/1.1" 404 7148 "https://aldolynews.com/" "Mozilla/5.0 (Linux; Android 4.0.4; Galaxy Nexus Build/IMM76B) AppleWebKit/537.36 (KHTML, like Gecko; Mediapartners-Google) Chrome/139.0.7258.127 Mobile Safari/537.36"
47.128.50.196 - - [16/Sep/2025:16:51:23 -0400] "GET /wp-content/uploads/2022/03/204811-%D9%A1-360x200.jpg HTTP/1.1" 206 500 "https://aldolynews.com/" "Mozilla/5.0 (Linux; Android 5.0) AppleWebKit/537.36 (KHTML, like Gecko) Mobile Safari/537.36 (compatible; Bytespider; spider-feedback@bytedance.com)"
47.128.50.196 - - [16/Sep/2025:16:51:23 -0400] "GET /wp-content/uploads/2022/05/%D9%85%D8%B7%D9%84%D9%88%D8%A8-%D8%B3%D8%A7%D8%A6%D9%82-%D9%84%D8%AF%D9%89-%D8%B9%D8%A7%D8%A6%D9%84%D9%87-360x200.jpg HTTP/1.1" 206 500 "https://aldolynews.com/" "Mozilla/5.0 (Linux; Android 5.0) AppleWebKit/537.36 (KHTML, like Gecko) Mobile Safari/537.36 (compatible; Bytespider; spider-feedback@bytedance.com)"
47.128.50.196 - - [16/Sep/2025:16:51:23 -0400] "GET /wp-content/uploads/2022/03/IMG-20220301-WA0025-360x200.jpg HTTP/1.1" 206 500 "https://aldolynews.com/" "Mozilla/5.0 (Linux; Android 5.0) AppleWebKit/537.36 (KHTML, like Gecko) Mobile Safari/537.36 (compatible; Bytespider; spider-feedback@bytedance.com)"
66.249.90.129 - - [16/Sep/2025:16:51:20 -0400] "GET /others/webfonts/fa-solid-900.woff HTTP/1.1" 404 7148 "https://aldolynews.com/others/294/" "Mozilla/5.0 (Macintosh; Intel Mac OS X 10_7_3) AppleWebKit/537.36 (KHTML, like Gecko, Mediapartners-Google) Chrome/139.0.7258.127 Safari/537.36"
66.249.90.129 - - [16/Sep/2025:16:51:20 -0400] "GET /others/294/Greta_Arabic_Regular.otf HTTP/1.1" 404 7141 "https://aldolynews.com/others/294/" "Mozilla/5.0 (Macintosh; Intel Mac OS X 10_7_3) AppleWebKit/537.36 (KHTML, like Gecko, Mediapartners-Google) Chrome/139.0.7258.127 Safari/537.36"
47.128.50.196 - - [16/Sep/2025:16:51:23 -0400] "GET /wp-content/uploads/2022/02/11-02-22-736196010-360x200.jpg HTTP/1.1" 206 500 "https://aldolynews.com/" "Mozilla/5.0 (Linux; Android 5.0) AppleWebKit/537.36 (KHTML, like Gecko) Mobile Safari/537.36 (compatible; Bytespider; spider-feedback@bytedance.com)"
47.128.50.196 - - [16/Sep/2025:16:51:23 -0400] "GET /wp-content/uploads/2022/02/26-02-22-823541520-360x200.jpg HTTP/1.1" 206 500 "https://aldolynews.com/" "Mozilla/5.0 (Linux; Android 5.0) AppleWebKit/537.36 (KHTML, like Gecko) Mobile Safari/537.36 (compatible; Bytespider; spider-feedback@bytedance.com)"
47.128.50.196 - - [16/Sep/2025:16:51:23 -0400] "GET /wp-content/uploads/2022/02/c5b96bfb-fb5f-45c8-a558-9477a6bf3fa1-1-360x200.jpg HTTP/1.1" 206 500 "https://aldolynews.com/" "Mozilla/5.0 (Linux; Android 5.0) AppleWebKit/537.36 (KHTML, like Gecko) Mobile Safari/537.36 (compatible; Bytespider; spider-feedback@bytedance.com)"
47.128.50.196 - - [16/Sep/2025:16:51:23 -0400] "GET /wp-content/uploads/2022/02/IMG-20220227-WA0011-360x200.jpg HTTP/1.1" 206 500 "https://aldolynews.com/" "Mozilla/5.0 (Linux; Android 5.0) AppleWebKit/537.36 (KHTML, like Gecko) Mobile Safari/537.36 (compatible; Bytespider; spider-feedback@bytedance.com)"
66.249.90.128 - - [16/Sep/2025:16:51:20 -0400] "GET /others/webfonts/fa-brands-400.woff HTTP/1.1" 404 7147 "https://aldolynews.com/others/294/" "Mozilla/5.0 (Linux; Android 4.0.4; Galaxy Nexus Build/IMM76B) AppleWebKit/537.36 (KHTML, like Gecko; Mediapartners-Google) Chrome/139.0.7258.127 Mobile Safari/537.36"
66.249.90.129 - - [16/Sep/2025:16:51:20 -0400] "GET /webfonts/fa-solid-900.woff2 HTTP/1.1" 404 7150 "https://aldolynews.com/" "Mozilla/5.0 (Macintosh; Intel Mac OS X 10_7_3) AppleWebKit/537.36 (KHTML, like Gecko, Mediapartners-Google) Chrome/139.0.7258.127 Safari/537.36"
66.249.90.128 - - [16/Sep/2025:16:51:20 -0400] "GET /webfonts/fa-brands-400.woff2 HTTP/1.1" 404 7151 "https://aldolynews.com/" "Mozilla/5.0 (Macintosh; Intel Mac OS X 10_7_3) AppleWebKit/537.36 (KHTML, like Gecko, Mediapartners-Google) Chrome/139.0.7258.127 Safari/537.36"
66.249.90.128 - - [16/Sep/2025:16:51:21 -0400] "GET /others/webfonts/fa-solid-900.woff HTTP/1.1" 404 7158 "https://aldolynews.com/others/294/" "Mozilla/5.0 (Linux; Android 4.0.4; Galaxy Nexus Build/IMM76B) AppleWebKit/537.36 (KHTML, like Gecko; Mediapartners-Google) Chrome/139.0.7258.127 Mobile Safari/537.36"
66.249.90.128 - - [16/Sep/2025:16:51:21 -0400] "GET /others/webfonts/fa-brands-400.woff2 HTTP/1.1" 404 7155 "https://aldolynews.com/others/228/" "Mozilla/5.0 (Linux; Android 4.0.4; Galaxy Nexus Build/IMM76B) AppleWebKit/537.36 (KHTML, like Gecko; Mediapartners-Google) Chrome/139.0.7258.127 Mobile Safari/537.36"
66.249.90.128 - - [16/Sep/2025:16:51:21 -0400] "GET /others/webfonts/fa-brands-400.woff2 HTTP/1.1" 404 7146 "https://aldolynews.com/others/228/" "Mozilla/5.0 (Macintosh; Intel Mac OS X 10_7_3) AppleWebKit/537.36 (KHTML, like Gecko, Mediapartners-Google) Chrome/139.0.7258.127 Safari/537.36"
66.249.90.129 - - [16/Sep/2025:16:51:21 -0400] "GET /others/webfonts/fa-brands-400.woff HTTP/1.1" 404 7151 "https://aldolynews.com/others/294/" "Mozilla/5.0 (Macintosh; Intel Mac OS X 10_7_3) AppleWebKit/537.36 (KHTML, like Gecko, Mediapartners-Google) Chrome/139.0.7258.127 Safari/537.36"
66.249.90.128 - - [16/Sep/2025:16:51:21 -0400] "GET /others/webfonts/fa-solid-900.woff2 HTTP/1.1" 404 7152 "https://aldolynews.com/others/228/" "Mozilla/5.0 (Macintosh; Intel Mac OS X 10_7_3) AppleWebKit/537.36 (KHTML, like Gecko, Mediapartners-Google) Chrome/139.0.7258.127 Safari/537.36"
66.249.90.128 - - [16/Sep/2025:16:51:21 -0400] "GET /others/228/Greta_Arabic_Regular.woff HTTP/1.1" 404 7148 "https://aldolynews.com/others/228/" "Mozilla/5.0 (Macintosh; Intel Mac OS X 10_7_3) AppleWebKit/537.36 (KHTML, like Gecko, Mediapartners-Google) Chrome/139.0.7258.127 Safari/537.36"
66.249.90.129 - - [16/Sep/2025:16:51:21 -0400] "GET /others/webfonts/fa-solid-900.woff2 HTTP/1.1" 404 7146 "https://aldolynews.com/others/228/" "Mozilla/5.0 (Linux; Android 4.0.4; Galaxy Nexus Build/IMM76B) AppleWebKit/537.36 (KHTML, like Gecko; Mediapartners-Google) Chrome/139.0.7258.127 Mobile Safari/537.36"
66.249.90.129 - - [16/Sep/2025:16:51:23 -0400] "GET /webfonts/fa-solid-900.woff HTTP/1.1" 404 7153 "https://aldolynews.com/" "Mozilla/5.0 (Linux; Android 4.0.4; Galaxy Nexus Build/IMM76B) AppleWebKit/537.36 (KHTML, like Gecko; Mediapartners-Google) Chrome/139.0.7258.127 Mobile Safari/537.36"
66.249.90.128 - - [16/Sep/2025:16:51:22 -0400] "GET /Greta_Arabic_Regular.otf HTTP/1.1" 404 7144 "https://aldolynews.com/" "Mozilla/5.0 (Macintosh; Intel Mac OS X 10_7_3) AppleWebKit/537.36 (KHTML, like Gecko, Mediapartners-Google) Chrome/139.0.7258.127 Safari/537.36"
66.249.90.128 - - [16/Sep/2025:16:51:23 -0400] "GET /others/webfonts/fa-brands-400.ttf HTTP/1.1" 404 7157 "https://aldolynews.com/others/294/" "Mozilla/5.0 (Linux; Android 4.0.4; Galaxy Nexus Build/IMM76B) AppleWebKit/537.36 (KHTML, like Gecko; Mediapartners-Google) Chrome/139.0.7258.127 Mobile Safari/537.36"
47.128.50.196 - - [16/Sep/2025:16:51:23 -0400] "GET / HTTP/1.1" 200 35515 "https://aldolynews.com/" "Mozilla/5.0 (Linux; Android 5.0) AppleWebKit/537.36 (KHTML, like Gecko) Mobile Safari/537.36 (compatible; Bytespider; spider-feedback@bytedance.com)"
66.249.90.129 - - [16/Sep/2025:16:51:23 -0400] "GET /others/webfonts/fa-solid-900.ttf HTTP/1.1" 404 7159 "https://aldolynews.com/others/294/" "Mozilla/5.0 (Macintosh; Intel Mac OS X 10_7_3) AppleWebKit/537.36 (KHTML, like Gecko, Mediapartners-Google) Chrome/139.0.7258.127 Safari/537.36"
66.249.90.128 - - [16/Sep/2025:16:51:23 -0400] "GET /webfonts/fa-solid-900.woff HTTP/1.1" 404 7149 "https://aldolynews.com/" "Mozilla/5.0 (Macintosh; Intel Mac OS X 10_7_3) AppleWebKit/537.36 (KHTML, like Gecko, Mediapartners-Google) Chrome/139.0.7258.127 Safari/537.36"
66.249.90.129 - - [16/Sep/2025:16:51:23 -0400] "GET /webfonts/fa-brands-400.woff HTTP/1.1" 404 7150 "https://aldolynews.com/" "Mozilla/5.0 (Macintosh; Intel Mac OS X 10_7_3) AppleWebKit/537.36 (KHTML, like Gecko, Mediapartners-Google) Chrome/139.0.7258.127 Safari/537.36"
66.249.90.128 - - [16/Sep/2025:16:51:24 -0400] "GET /others/webfonts/fa-brands-400.woff HTTP/1.1" 404 7147 "https://aldolynews.com/others/228/" "Mozilla/5.0 (Linux; Android 4.0.4; Galaxy Nexus Build/IMM76B) AppleWebKit/537.36 (KHTML, like Gecko; Mediapartners-Google) Chrome/139.0.7258.127 Mobile Safari/537.36"
66.249.90.129 - - [16/Sep/2025:16:51:24 -0400] "GET /others/webfonts/fa-solid-900.ttf HTTP/1.1" 404 7151 "https://aldolynews.com/others/294/" "Mozilla/5.0 (Linux; Android 4.0.4; Galaxy Nexus Build/IMM76B) AppleWebKit/537.36 (KHTML, like Gecko; Mediapartners-Google) Chrome/139.0.7258.127 Mobile Safari/537.36"
66.249.90.129 - - [16/Sep/2025:16:51:26 -0400] "GET /webfonts/fa-solid-900.ttf HTTP/1.1" 404 7146 "https://aldolynews.com/" "Mozilla/5.0 (Linux; Android 4.0.4; Galaxy Nexus Build/IMM76B) AppleWebKit/537.36 (KHTML, like Gecko; Mediapartners-Google) Chrome/139.0.7258.127 Mobile Safari/537.36"
66.249.90.129 - - [16/Sep/2025:16:51:25 -0400] "GET /others/webfonts/fa-brands-400.ttf HTTP/1.1" 404 7147 "https://aldolynews.com/others/294/" "Mozilla/5.0 (Macintosh; Intel Mac OS X 10_7_3) AppleWebKit/537.36 (KHTML, like Gecko, Mediapartners-Google) Chrome/139.0.7258.127 Safari/537.36"
66.249.90.129 - - [16/Sep/2025:16:51:25 -0400] "GET /others/webfonts/fa-solid-900.woff HTTP/1.1" 404 7148 "https://aldolynews.com/others/228/" "Mozilla/5.0 (Macintosh; Intel Mac OS X 10_7_3) AppleWebKit/537.36 (KHTML, like Gecko, Mediapartners-Google) Chrome/139.0.7258.127 Safari/537.36"
66.249.90.129 - - [16/Sep/2025:16:51:25 -0400] "GET /others/228/Greta_Arabic_Regular.otf HTTP/1.1" 404 7141 "https://aldolynews.com/others/228/" "Mozilla/5.0 (Macintosh; Intel Mac OS X 10_7_3) AppleWebKit/537.36 (KHTML, like Gecko, Mediapartners-Google) Chrome/139.0.7258.127 Safari/537.36"
66.249.90.128 - - [16/Sep/2025:16:51:25 -0400] "GET /others/webfonts/fa-brands-400.woff HTTP/1.1" 404 7151 "https://aldolynews.com/others/228/" "Mozilla/5.0 (Macintosh; Intel Mac OS X 10_7_3) AppleWebKit/537.36 (KHTML, like Gecko, Mediapartners-Google) Chrome/139.0.7258.127 Safari/537.36"
66.249.90.128 - - [16/Sep/2025:16:51:25 -0400] "GET /others/webfonts/fa-solid-900.woff HTTP/1.1" 404 7158 "https://aldolynews.com/others/228/" "Mozilla/5.0 (Linux; Android 4.0.4; Galaxy Nexus Build/IMM76B) AppleWebKit/537.36 (KHTML, like Gecko; Mediapartners-Google) Chrome/139.0.7258.127 Mobile Safari/537.36"
66.249.90.129 - - [16/Sep/2025:16:51:27 -0400] "GET /webfonts/fa-brands-400.ttf HTTP/1.1" 404 7149 "https://aldolynews.com/" "Mozilla/5.0 (Macintosh; Intel Mac OS X 10_7_3) AppleWebKit/537.36 (KHTML, like Gecko, Mediapartners-Google) Chrome/139.0.7258.127 Safari/537.36"
66.249.90.128 - - [16/Sep/2025:16:51:26 -0400] "GET /webfonts/fa-solid-900.ttf HTTP/1.1" 404 7156 "https://aldolynews.com/" "Mozilla/5.0 (Macintosh; Intel Mac OS X 10_7_3) AppleWebKit/537.36 (KHTML, like Gecko, Mediapartners-Google) Chrome/139.0.7258.127 Safari/537.36"
66.249.90.128 - - [16/Sep/2025:16:51:27 -0400] "GET /others/webfonts/fa-brands-400.ttf HTTP/1.1" 404 7157 "https://aldolynews.com/others/228/" "Mozilla/5.0 (Linux; Android 4.0.4; Galaxy Nexus Build/IMM76B) AppleWebKit/537.36 (KHTML, like Gecko; Mediapartners-Google) Chrome/139.0.7258.127 Mobile Safari/537.36"
66.249.90.128 - - [16/Sep/2025:16:51:27 -0400] "GET /others/webfonts/fa-solid-900.ttf HTTP/1.1" 404 7159 "https://aldolynews.com/others/228/" "Mozilla/5.0 (Macintosh; Intel Mac OS X 10_7_3) AppleWebKit/537.36 (KHTML, like Gecko, Mediapartners-Google) Chrome/139.0.7258.127 Safari/537.36"
66.249.90.128 - - [16/Sep/2025:16:51:28 -0400] "GET /others/webfonts/fa-solid-900.ttf HTTP/1.1" 404 7111 "https://aldolynews.com/others/228/" "Mozilla/5.0 (Linux; Android 4.0.4; Galaxy Nexus Build/IMM76B) AppleWebKit/537.36 (KHTML, like Gecko; Mediapartners-Google) Chrome/139.0.7258.127 Mobile Safari/537.36"
66.249.90.128 - - [16/Sep/2025:16:51:28 -0400] "GET /others/webfonts/fa-brands-400.ttf HTTP/1.1" 404 7147 "https://aldolynews.com/others/228/" "Mozilla/5.0 (Macintosh; Intel Mac OS X 10_7_3) AppleWebKit/537.36 (KHTML, like Gecko, Mediapartners-Google) Chrome/139.0.7258.127 Safari/537.36"
66.249.90.129 - - [16/Sep/2025:16:51:31 -0400] "GET /others/webfonts/fa-solid-900.woff2 HTTP/1.1" 404 7152 "https://aldolynews.com/others/179/" "Mozilla/5.0 (Macintosh; Intel Mac OS X 10_7_3) AppleWebKit/537.36 (KHTML, like Gecko, Mediapartners-Google) Chrome/139.0.7258.127 Safari/537.36"
66.249.90.130 - - [16/Sep/2025:16:51:31 -0400] "GET /others/webfonts/fa-brands-400.woff2 HTTP/1.1" 404 7112 "https://aldolynews.com/others/179/" "Mozilla/5.0 (Macintosh; Intel Mac OS X 10_7_3) AppleWebKit/537.36 (KHTML, like Gecko, Mediapartners-Google) Chrome/139.0.7258.127 Safari/537.36"
66.249.90.130 - - [16/Sep/2025:16:51:31 -0400] "GET /others/179/Greta_Arabic_Regular.woff HTTP/1.1" 404 7147 "https://aldolynews.com/others/179/" "Mozilla/5.0 (Macintosh; Intel Mac OS X 10_7_3) AppleWebKit/537.36 (KHTML, like Gecko, Mediapartners-Google) Chrome/139.0.7258.127 Safari/537.36"
66.249.90.128 - - [16/Sep/2025:16:51:32 -0400] "GET /others/webfonts/fa-solid-900.woff HTTP/1.1" 404 7110 "https://aldolynews.com/others/179/" "Mozilla/5.0 (Macintosh; Intel Mac OS X 10_7_3) AppleWebKit/537.36 (KHTML, like Gecko, Mediapartners-Google) Chrome/139.0.7258.127 Safari/537.36"
66.249.90.130 - - [16/Sep/2025:16:51:32 -0400] "GET /others/webfonts/fa-brands-400.woff HTTP/1.1" 404 7151 "https://aldolynews.com/others/179/" "Mozilla/5.0 (Macintosh; Intel Mac OS X 10_7_3) AppleWebKit/537.36 (KHTML, like Gecko, Mediapartners-Google) Chrome/139.0.7258.127 Safari/537.36"
66.249.90.128 - - [16/Sep/2025:16:51:32 -0400] "GET /others/webfonts/fa-brands-400.woff2 HTTP/1.1" 404 7155 "https://aldolynews.com/others/179/" "Mozilla/5.0 (Linux; Android 4.0.4; Galaxy Nexus Build/IMM76B) AppleWebKit/537.36 (KHTML, like Gecko; Mediapartners-Google) Chrome/139.0.7258.127 Mobile Safari/537.36"
66.249.90.129 - - [16/Sep/2025:16:51:32 -0400] "GET /others/179/Greta_Arabic_Regular.otf HTTP/1.1" 404 7142 "https://aldolynews.com/others/179/" "Mozilla/5.0 (Macintosh; Intel Mac OS X 10_7_3) AppleWebKit/537.36 (KHTML, like Gecko, Mediapartners-Google) Chrome/139.0.7258.127 Safari/537.36"
66.249.90.130 - - [16/Sep/2025:16:51:32 -0400] "GET /others/webfonts/fa-solid-900.woff2 HTTP/1.1" 404 7146 "https://aldolynews.com/others/179/" "Mozilla/5.0 (Linux; Android 4.0.4; Galaxy Nexus Build/IMM76B) AppleWebKit/537.36 (KHTML, like Gecko; Mediapartners-Google) Chrome/139.0.7258.127 Mobile Safari/537.36"
66.249.90.128 - - [16/Sep/2025:16:51:33 -0400] "GET /others/webfonts/fa-solid-900.ttf HTTP/1.1" 404 7159 "https://aldolynews.com/others/179/" "Mozilla/5.0 (Macintosh; Intel Mac OS X 10_7_3) AppleWebKit/537.36 (KHTML, like Gecko, Mediapartners-Google) Chrome/139.0.7258.127 Safari/537.36"
66.249.90.129 - - [16/Sep/2025:16:51:33 -0400] "GET /others/webfonts/fa-brands-400.ttf HTTP/1.1" 404 7147 "https://aldolynews.com/others/179/" "Mozilla/5.0 (Macintosh; Intel Mac OS X 10_7_3) AppleWebKit/537.36 (KHTML, like Gecko, Mediapartners-Google) Chrome/139.0.7258.127 Safari/537.36"
66.249.90.128 - - [16/Sep/2025:16:51:33 -0400] "GET /others/webfonts/fa-brands-400.woff HTTP/1.1" 404 7147 "https://aldolynews.com/others/179/" "Mozilla/5.0 (Linux; Android 4.0.4; Galaxy Nexus Build/IMM76B) AppleWebKit/537.36 (KHTML, like Gecko; Mediapartners-Google) Chrome/139.0.7258.127 Mobile Safari/537.36"
66.249.90.128 - - [16/Sep/2025:16:51:33 -0400] "GET /others/webfonts/fa-solid-900.woff2 HTTP/1.1" 404 7152 "https://aldolynews.com/others/294/" "Mozilla/5.0 (Macintosh; Intel Mac OS X 10_7_3) AppleWebKit/537.36 (KHTML, like Gecko, Mediapartners-Google) Chrome/139.0.7258.127 Safari/537.36"
66.249.90.128 - - [16/Sep/2025:16:51:33 -0400] "GET /others/294/Greta_Arabic_Regular.woff HTTP/1.1" 404 7148 "https://aldolynews.com/others/294/" "Mozilla/5.0 (Macintosh; Intel Mac OS X 10_7_3) AppleWebKit/537.36 (KHTML, like Gecko, Mediapartners-Google) Chrome/139.0.7258.127 Safari/537.36"
66.249.90.128 - - [16/Sep/2025:16:51:33 -0400] "GET /others/webfonts/fa-brands-400.woff2 HTTP/1.1" 404 7146 "https://aldolynews.com/others/294/" "Mozilla/5.0 (Macintosh; Intel Mac OS X 10_7_3) AppleWebKit/537.36 (KHTML, like Gecko, Mediapartners-Google) Chrome/139.0.7258.127 Safari/537.36"
66.249.90.130 - - [16/Sep/2025:16:51:33 -0400] "GET /others/webfonts/fa-brands-400.woff2 HTTP/1.1" 404 7155 "https://aldolynews.com/others/294/" "Mozilla/5.0 (Linux; Android 4.0.4; Galaxy Nexus Build/IMM76B) AppleWebKit/537.36 (KHTML, like Gecko; Mediapartners-Google) Chrome/139.0.7258.127 Mobile Safari/537.36"
66.249.90.129 - - [16/Sep/2025:16:51:33 -0400] "GET /others/webfonts/fa-solid-900.woff HTTP/1.1" 404 7158 "https://aldolynews.com/others/179/" "Mozilla/5.0 (Linux; Android 4.0.4; Galaxy Nexus Build/IMM76B) AppleWebKit/537.36 (KHTML, like Gecko; Mediapartners-Google) Chrome/139.0.7258.127 Mobile Safari/537.36"
66.249.90.128 - - [16/Sep/2025:16:51:33 -0400] "GET /others/webfonts/fa-solid-900.woff2 HTTP/1.1" 404 7146 "https://aldolynews.com/others/294/" "Mozilla/5.0 (Linux; Android 4.0.4; Galaxy Nexus Build/IMM76B) AppleWebKit/537.36 (KHTML, like Gecko; Mediapartners-Google) Chrome/139.0.7258.127 Mobile Safari/537.36"
66.249.90.128 - - [16/Sep/2025:16:51:35 -0400] "GET /Greta_Arabic_Regular.woff HTTP/1.1" 404 7138 "https://aldolynews.com/" "Mozilla/5.0 (Macintosh; Intel Mac OS X 10_7_3) AppleWebKit/537.36 (KHTML, like Gecko, Mediapartners-Google) Chrome/139.0.7258.127 Safari/537.36"
66.249.90.130 - - [16/Sep/2025:16:51:35 -0400] "GET /others/webfonts/fa-brands-400.ttf HTTP/1.1" 404 7157 "https://aldolynews.com/others/179/" "Mozilla/5.0 (Linux; Android 4.0.4; Galaxy Nexus Build/IMM76B) AppleWebKit/537.36 (KHTML, like Gecko; Mediapartners-Google) Chrome/139.0.7258.127 Mobile Safari/537.36"
66.249.90.130 - - [16/Sep/2025:16:51:35 -0400] "GET /webfonts/fa-solid-900.woff2 HTTP/1.1" 404 7150 "https://aldolynews.com/" "Mozilla/5.0 (Macintosh; Intel Mac OS X 10_7_3) AppleWebKit/537.36 (KHTML, like Gecko, Mediapartners-Google) Chrome/139.0.7258.127 Safari/537.36"
66.249.90.130 - - [16/Sep/2025:16:51:35 -0400] "GET /others/webfonts/fa-brands-400.woff HTTP/1.1" 404 7151 "https://aldolynews.com/others/294/" "Mozilla/5.0 (Macintosh; Intel Mac OS X 10_7_3) AppleWebKit/537.36 (KHTML, like Gecko, Mediapartners-Google) Chrome/139.0.7258.127 Safari/537.36"
66.249.90.130 - - [16/Sep/2025:16:51:35 -0400] "GET /webfonts/fa-brands-400.woff2 HTTP/1.1" 404 7151 "https://aldolynews.com/" "Mozilla/5.0 (Macintosh; Intel Mac OS X 10_7_3) AppleWebKit/537.36 (KHTML, like Gecko, Mediapartners-Google) Chrome/139.0.7258.127 Safari/537.36"
66.249.90.128 - - [16/Sep/2025:16:51:35 -0400] "GET /others/webfonts/fa-brands-400.woff HTTP/1.1" 404 7147 "https://aldolynews.com/others/294/" "Mozilla/5.0 (Linux; Android 4.0.4; Galaxy Nexus Build/IMM76B) AppleWebKit/537.36 (KHTML, like Gecko; Mediapartners-Google) Chrome/139.0.7258.127 Mobile Safari/537.36"
66.249.90.130 - - [16/Sep/2025:16:51:35 -0400] "GET /others/294/Greta_Arabic_Regular.otf HTTP/1.1" 404 7106 "https://aldolynews.com/others/294/" "Mozilla/5.0 (Macintosh; Intel Mac OS X 10_7_3) AppleWebKit/537.36 (KHTML, like Gecko, Mediapartners-Google) Chrome/139.0.7258.127 Safari/537.36"
66.249.90.129 - - [16/Sep/2025:16:51:35 -0400] "GET /others/webfonts/fa-solid-900.woff HTTP/1.1" 404 7148 "https://aldolynews.com/others/294/" "Mozilla/5.0 (Macintosh; Intel Mac OS X 10_7_3) AppleWebKit/537.36 (KHTML, like Gecko, Mediapartners-Google) Chrome/139.0.7258.127 Safari/537.36"
66.249.90.130 - - [16/Sep/2025:16:51:35 -0400] "GET /others/webfonts/fa-solid-900.ttf HTTP/1.1" 404 7151 "https://aldolynews.com/others/179/" "Mozilla/5.0 (Linux; Android 4.0.4; Galaxy Nexus Build/IMM76B) AppleWebKit/537.36 (KHTML, like Gecko; Mediapartners-Google) Chrome/139.0.7258.127 Mobile Safari/537.36"
66.249.90.129 - - [16/Sep/2025:16:51:36 -0400] "GET /webfonts/fa-solid-900.woff2 HTTP/1.1" 404 7113 "https://aldolynews.com/" "Mozilla/5.0 (Linux; Android 4.0.4; Galaxy Nexus Build/IMM76B) AppleWebKit/537.36 (KHTML, like Gecko; Mediapartners-Google) Chrome/139.0.7258.127 Mobile Safari/537.36"
66.249.90.130 - - [16/Sep/2025:16:51:35 -0400] "GET /others/webfonts/fa-solid-900.woff HTTP/1.1" 404 7158 "https://aldolynews.com/others/294/" "Mozilla/5.0 (Linux; Android 4.0.4; Galaxy Nexus Build/IMM76B) AppleWebKit/537.36 (KHTML, like Gecko; Mediapartners-Google) Chrome/139.0.7258.127 Mobile Safari/537.36"
66.249.90.128 - - [16/Sep/2025:16:51:37 -0400] "GET /others/228/Greta_Arabic_Regular.woff HTTP/1.1" 404 7148 "https://aldolynews.com/others/228/" "Mozilla/5.0 (Macintosh; Intel Mac OS X 10_7_3) AppleWebKit/537.36 (KHTML, like Gecko, Mediapartners-Google) Chrome/139.0.7258.127 Safari/537.36"
66.249.90.130 - - [16/Sep/2025:16:51:37 -0400] "GET /others/webfonts/fa-brands-400.ttf HTTP/1.1" 404 7157 "https://aldolynews.com/others/294/" "Mozilla/5.0 (Linux; Android 4.0.4; Galaxy Nexus Build/IMM76B) AppleWebKit/537.36 (KHTML, like Gecko; Mediapartners-Google) Chrome/139.0.7258.127 Mobile Safari/537.36"
66.249.90.130 - - [16/Sep/2025:16:51:37 -0400] "GET /others/webfonts/fa-brands-400.ttf HTTP/1.1" 404 7147 "https://aldolynews.com/others/294/" "Mozilla/5.0 (Macintosh; Intel Mac OS X 10_7_3) AppleWebKit/537.36 (KHTML, like Gecko, Mediapartners-Google) Chrome/139.0.7258.127 Safari/537.36"
66.249.90.130 - - [16/Sep/2025:16:51:37 -0400] "GET /webfonts/fa-solid-900.woff HTTP/1.1" 404 7149 "https://aldolynews.com/" "Mozilla/5.0 (Macintosh; Intel Mac OS X 10_7_3) AppleWebKit/537.36 (KHTML, like Gecko, Mediapartners-Google) Chrome/139.0.7258.127 Safari/537.36"
66.249.90.130 - - [16/Sep/2025:16:51:37 -0400] "GET /Greta_Arabic_Regular.otf HTTP/1.1" 404 7144 "https://aldolynews.com/" "Mozilla/5.0 (Macintosh; Intel Mac OS X 10_7_3) AppleWebKit/537.36 (KHTML, like Gecko, Mediapartners-Google) Chrome/139.0.7258.127 Safari/537.36"
66.249.90.130 - - [16/Sep/2025:16:51:37 -0400] "GET /others/webfonts/fa-brands-400.woff2 HTTP/1.1" 404 7146 "https://aldolynews.com/others/228/" "Mozilla/5.0 (Macintosh; Intel Mac OS X 10_7_3) AppleWebKit/537.36 (KHTML, like Gecko, Mediapartners-Google) Chrome/139.0.7258.127 Safari/537.36"
66.249.90.130 - - [16/Sep/2025:16:51:37 -0400] "GET /others/webfonts/fa-solid-900.ttf HTTP/1.1" 404 7159 "https://aldolynews.com/others/294/" "Mozilla/5.0 (Macintosh; Intel Mac OS X 10_7_3) AppleWebKit/537.36 (KHTML, like Gecko, Mediapartners-Google) Chrome/139.0.7258.127 Safari/537.36"
66.249.90.130 - - [16/Sep/2025:16:51:37 -0400] "GET /others/webfonts/fa-solid-900.woff2 HTTP/1.1" 404 7152 "https://aldolynews.com/others/228/" "Mozilla/5.0 (Macintosh; Intel Mac OS X 10_7_3) AppleWebKit/537.36 (KHTML, like Gecko, Mediapartners-Google) Chrome/139.0.7258.127 Safari/537.36"
66.249.90.128 - - [16/Sep/2025:16:51:37 -0400] "GET /webfonts/fa-brands-400.woff HTTP/1.1" 404 7150 "https://aldolynews.com/" "Mozilla/5.0 (Macintosh; Intel Mac OS X 10_7_3) AppleWebKit/537.36 (KHTML, like Gecko, Mediapartners-Google) Chrome/139.0.7258.127 Safari/537.36"
66.249.90.130 - - [16/Sep/2025:16:51:38 -0400] "GET /webfonts/fa-solid-900.woff HTTP/1.1" 404 7114 "https://aldolynews.com/" "Mozilla/5.0 (Linux; Android 4.0.4; Galaxy Nexus Build/IMM76B) AppleWebKit/537.36 (KHTML, like Gecko; Mediapartners-Google) Chrome/139.0.7258.127 Mobile Safari/537.36"
